81.86.65.21 - - [23/Feb/2007:11:27:50 +0000] "GET /oempro/system/data/templates/enhanced_english/media/css/styles_help.css HTTP/1.1" 304 - "http://www.som-cap.com/oempro/admin/campaign_browse.php" "Mozilla/4.0 (compatible; MSIE 7.0; Windows NT 5.1)"
81.86.65.21 - - [23/Feb/2007:11:27:50 +0000] "GET /oempro/system/data/templates/enhanced_english/media/scripts/functions_administrator.js HTTP/1.1" 304 - "http://www.som-cap.com/oempro/admin/campaign_browse.php" "Mozilla/4.0 (compatible; MSIE 7.0; Windows NT 5.1)"
81.86.65.21 - - [23/Feb/2007:11:27:50 +0000] "GET /oempro/system/data/templates/enhanced_english/media/scripts/menu.js HTTP/1.1" 304 - "http://www.som-cap.com/oempro/admin/campaign_browse.php" "Mozilla/4.0 (compatible; MSIE 7.0; Windows NT 5.1)"
81.86.65.21 - - [23/Feb/2007:11:27:50 +0000] "GET /oempro/system/data/templates/enhanced_english/media/scripts/help.js HTTP/1.1" 304 - "http://www.som-cap.com/oempro/admin/campaign_browse.php" "Mozilla/4.0 (compatible; MSIE 7.0; Windows NT 5.1)"
81.86.65.21 - - [23/Feb/2007:11:27:50 +0000] "GET /oempro/system/data/templates/enhanced_english/media/scripts/help_texts.js HTTP/1.1" 304 - "http://www.som-cap.com/oempro/admin/campaign_browse.php" "Mozilla/4.0 (compatible; MSIE 7.0; Windows NT 5.1)"
81.86.65.21 - - [23/Feb/2007:11:28:01 +0000] "GET /oempro/admin/campaign_details.php?CampaignID=69 HTTP/1.1" 200 16232 "-" "Mozilla/4.0 (compatible; MSIE 7.0; Windows NT 5.1)"
81.86.65.21 - - [23/Feb/2007:11:28:09 +0000] "GET /oempro/admin/campaign_details.php?CampaignID=69&Step=3 HTTP/1.1" 200 42396 "http://www.som-cap.com/oempro/admin/campaign_details.php?CampaignID=69" "Mozilla/4.0 (compatible; MSIE 7.0; Windows NT 5.1)"
81.86.65.21 - - [23/Feb/2007:11:28:26 +0000] "GET /oempro/admin/list_browse.php HTTP/1.1" 200 28434 "http://www.som-cap.com/oempro/admin/campaign_details.php?CampaignID=69&Step=3" "Mozilla/4.0 (compatible; MSIE 7.0; Windows NT 5.1)"
81.86.65.21 - - [23/Feb/2007:11:28:34 +0000] "GET /oempro/admin/list_details.php?MailListID=12 HTTP/1.1" 200 43548 "-" "Mozilla/4.0 (compatible; MSIE 7.0; Windows NT 5.1)"
81.86.65.21 - - [23/Feb/2007:11:28:35 +0000] "GET /oempro/system/data/templates/enhanced_english/media/css/tab-view.css HTTP/1.1" 304 - "http://www.som-cap.com/oempro/admin/list_details.php?MailListID=12" "Mozilla/4.0 (compatible; MSIE 7.0; Windows NT 5.1)"
81.86.65.21 - - [23/Feb/2007:11:28:35 +0000] "GET /oempro/system/data/templates/enhanced_english/media/scripts/tab-view.js HTTP/1.1" 304 - "http://www.som-cap.com/oempro/admin/list_details.php?MailListID=12" "Mozilla/4.0 (compatible; MSIE 7.0; Windows NT 5.1)"
81.86.65.21 - - [23/Feb/2007:11:28:35 +0000] "GET /oempro/system/data/templates/enhanced_english/media/images/theme/icon_notmandatory.gif HTTP/1.1" 304 - "http://www.som-cap.com/oempro/admin/list_details.php?MailListID=12" "Mozilla/4.0 (compatible; MSIE 7.0; Windows NT 5.1)"
81.86.65.21 - - [23/Feb/2007:11:28:35 +0000] "GET /oempro/system/data/templates/enhanced_english/media/images/theme/icon_notunique.gif HTTP/1.1" 304 - "http://www.som-cap.com/oempro/admin/list_details.php?MailListID=12" "Mozilla/4.0 (compatible; MSIE 7.0; Windows NT 5.1)"
81.86.65.21 - - [23/Feb/2007:11:28:35 +0000] "GET /oempro/system/data/templates/enhanced_english/media/images/theme/icon_adminonly.gif HTTP/1.1" 304 - "http://www.som-cap.com/oempro/admin/list_details.php?MailListID=12" "Mozilla/4.0 (compatible; MSIE 7.0; Windows NT 5.1)"
81.86.65.21 - - [23/Feb/2007:11:28:35 +0000] "GET /oempro/system/data/templates/enhanced_english/media/images/theme/tab_right_inactive.gif HTTP/1.1" 304 - "http://www.som-cap.com/oempro/admin/list_details.php?MailListID=12" "Mozilla/4.0 (compatible; MSIE 7.0; Windows NT 5.1)"
81.86.65.21 - - [23/Feb/2007:11:28:35 +0000] "GET /oempro/system/data/templates/enhanced_english/media/images/theme/tab_left_active.gif HTTP/1.1" 304 - "http://www.som-cap.com/oempro/admin/list_details.php?MailListID=12" "Mozilla/4.0 (compatible; MSIE 7.0; Windows NT 5.1)"
81.86.65.21 - - [23/Feb/2007:11:28:35 +0000] "GET /oempro/system/data/templates/enhanced_english/media/images/theme/tab_right_active.gif HTTP/1.1" 304 - "http://www.som-cap.com/oempro/admin/list_details.php?MailListID=12" "Mozilla/4.0 (compatible; MSIE 7.0; Windows NT 5.1)"
81.86.65.21 - - [23/Feb/2007:11:28:35 +0000] "GET /oempro/system/data/templates/enhanced_english/media/images/theme/tab_left_inactive.gif HTTP/1.1" 304 - "http://www.som-cap.com/oempro/admin/list_details.php?MailListID=12" "Mozilla/4.0 (compatible; MSIE 7.0; Windows NT 5.1)"
81.86.65.21 - - [23/Feb/2007:11:28:45 +0000] "GET /oempro/system/data/templates/enhanced_english/media/images/theme/tab_left_over.gif HTTP/1.1" 304 - "http://www.som-cap.com/oempro/admin/list_details.php?MailListID=12" "Mozilla/4.0 (compatible; MSIE 7.0; Windows NT 5.1)"
81.86.65.21 - - [23/Feb/2007:11:28:45 +0000] "GET /oempro/system/data/templates/enhanced_english/media/images/theme/tab_right_over.gif HTTP/1.1" 304 - "http://www.som-cap.com/oempro/admin/list_details.php?MailListID=12" "Mozilla/4.0 (compatible; MSIE 7.0; Windows NT 5.1)"
81.86.65.21 - - [23/Feb/2007:11:28:51 +0000] "GET /oempro/admin/list_browse.php HTTP/1.1" 200 28434 "http://www.som-cap.com/oempro/admin/list_details.php?MailListID=12" "Mozilla/4.0 (compatible; MSIE 7.0; Windows NT 5.1)"
81.86.65.21 - - [23/Feb/2007:11:28:57 +0000] "GET /oempro/admin/list_details.php?MailListID=18 HTTP/1.1" 200 39725 "-" "Mozilla/4.0 (compatible; MSIE 7.0; Windows NT 5.1)"
81.86.65.21 - - [23/Feb/2007:11:29:08 +0000] "GET /oempro/admin/main.php HTTP/1.1" 200 25404 "http://www.som-cap.com/oempro/admin/list_details.php?MailListID=18" "Mozilla/4.0 (compatible; MSIE 7.0; Windows NT 5.1)"
81.86.65.21 - - [23/Feb/2007:11:29:09 +0000] "GET /oempro/system/data/templates/enhanced_english/media/scripts/AC_RunActiveContent.js HTTP/1.1" 404 657 "http://www.som-cap.com/oempro/admin/main.php" "Mozilla/4.0 (compatible; MSIE 7.0; Windows NT 5.1)"
81.86.65.21 - - [23/Feb/2007:11:29:09 +0000] "GET /oempro/system/data/templates/enhanced_english/media/scripts/AC_ActiveX.js HTTP/1.1" 404 657 "http://www.som-cap.com/oempro/admin/main.php" "Mozilla/4.0 (compatible; MSIE 7.0; Windows NT 5.1)"
81.86.65.21 - - [23/Feb/2007:11:29:09 +0000] "GET /oempro/system/data/templates/enhanced_english/media/css/styles_quickstats.css HTTP/1.1" 304 - "http://www.som-cap.com/oempro/admin/main.php" "Mozilla/4.0 (compatible; MSIE 7.0; Windows NT 5.1)"
81.86.65.21 - - [23/Feb/2007:11:29:10 +0000] "GET /oempro/system/data/templates/enhanced_english/media/images/charts/octethGrapher.swf?source=http%3A%2F%2Fwww.som-cap.com%2Foempro%2Fadmin%2Fmain.php%3FDraw%3DCampaignSending HTTP/1.1" 304 - "-" "Mozilla/4.0 (compatible; MSIE 7.0; Windows NT 5.1)"
81.86.65.21 - - [23/Feb/2007:11:29:10 +0000] "GET /oempro/system/data/templates/enhanced_english/media/images/charts/octethGrapher.swf?source=http%3A%2F%2Fwww.som-cap.com%2Foempro%2Fadmin%2Fmain.php%3FDraw%3DSubscription HTTP/1.1" 304 - "-" "Mozilla/4.0 (compatible; MSIE 7.0; Windows NT 5.1)"
81.86.65.21 - - [23/Feb/2007:11:29:10 +0000] "GET /oempro/system/data/templates/enhanced_english/media/images/charts/octethGrapher.swf?source=http%3A%2F%2Fwww.som-cap.com%2Foempro%2Fadmin%2Fmain.php%3FDraw%3DBounce HTTP/1.1" 304 - "-" "Mozilla/4.0 (compatible; MSIE 7.0; Windows NT 5.1)"
217.199.165.64 - - [23/Feb/2007:11:29:12 +0000] "GET /oempro/cron_sendengine.php HTTP/1.0" 200 32 "-" "PHP/4.1.2"
81.86.65.21 - - [23/Feb/2007:11:29:13 +0000] "GET /oempro/admin/main.php?Draw=CampaignSending HTTP/1.1" 200 724 "-" "Mozilla/4.0 (compatible; MSIE 7.0; Windows NT 5.1)"
217.199.165.64 - - [23/Feb/2007:11:29:13 +0000] "GET /oempro/cron_requestprocess.php HTTP/1.0" 200 1987 "-" "PHP/4.1.2"
217.199.165.64 - - [23/Feb/2007:11:29:14 +0000] "GET /oempro/cron_periodic.php HTTP/1.0" 200 39 "-" "PHP/4.1.2"
217.199.165.64 - - [23/Feb/2007:11:29:15 +0000] "GET /oempro/cron_statustracker.php HTTP/1.0" 200 28 "-" "PHP/4.1.2"
217.199.165.64 - - [23/Feb/2007:11:29:15 +0000] "GET /oempro/cron_optreminder.php HTTP/1.0" 200 99 "-" "PHP/4.1.2"
217.199.165.64 - - [23/Feb/2007:11:29:15 +0000] "GET /oempro/cron_followup.php HTTP/1.0" 200 41 "-" "PHP/4.1.2"
217.199.165.64 - - [23/Feb/2007:11:29:16 +0000] "GET /oempro/cron_bounce.php HTTP/1.0" 200 1959 "-" "PHP/4.1.2"
81.86.65.21 - - [23/Feb/2007:11:29:16 +0000] "GET /oempro/admin/main.php?Draw=Subscription HTTP/1.1" 200 1405 "-" "Mozilla/4.0 (compatible; MSIE 7.0; Windows NT 5.1)"
217.199.165.64 - - [23/Feb/2007:11:29:16 +0000] "GET /oempro/cron_optinoutpurge.php HTTP/1.0" 200 71 "-" "PHP/4.1.2"
81.86.65.21 - - [23/Feb/2007:11:29:17 +0000] "GET /oempro/admin/main.php?Draw=Bounce HTTP/1.1" 200 838 "-" "Mozilla/4.0 (compatible; MSIE 7.0; Windows NT 5.1)"
217.199.165.64 - - [23/Feb/2007:11:29:17 +0000] "GET /oempro/cron_notconfirmedadmins.php HTTP/1.0" 200 45 "-" "PHP/4.1.2"
81.86.65.21 - - [23/Feb/2007:11:29:17 +0000] "GET /oempro/crons.php?1172229783869 HTTP/1.1" 200 4344 "http://www.som-cap.com/oempro/admin/main.php" "Mozilla/4.0 (compatible; MSIE 7.0; Windows NT 5.1)"
145.61.28.1 - - [23/Feb/2007:11:29:59 +0000] "GET /oempro/read.php?EncryptedMemberID=NDAwNg%3D%3D&CampaignID=69&CampaignStatisticsID=40&Demo=0&Email=n.van.zijl@robeco.nl HTTP/1.0" 200 43 "-" "Mozilla/4.0 (compatible; Lotus-Notes/6.0; Windows-NT)"
195.46.217.162 - - [23/Feb/2007:11:30:25 +0000] "GET /oempro/read.php?EncryptedMemberID=NDAxNg%3D%3D&CampaignID=69&CampaignStatisticsID=40&Demo=0&Email=a.loison@lvmh.fr HTTP/1.0" 200 43 "-" "Mozilla/4.0 (compatible; Lotus-Notes/6.0; Windows-NT)"
195.46.217.162 - - [23/Feb/2007:11:30:26 +0000] "GET /oempro/read.php?EncryptedMemberID=NDAxNg%3D%3D&CampaignID=69&CampaignStatisticsID=40&Demo=0&Email=a.loison@lvmh.fr HTTP/1.0" 200 43 "-" "Mozilla/4.0 (compatible; Lotus-Notes/6.0; Windows-NT)"
80.254.181.14 - - [23/Feb/2007:11:32:02 +0000] "GET /oempro/read.php?EncryptedMemberID=MTUwNA%3D%3D&CampaignID=69&CampaignStatisticsID=40&Demo=0&Email=ac@capvent.com HTTP/1.1" 200 55 "-" "PocoMail/4.1.3650"
81.86.65.21 - - [23/Feb/2007:11:32:32 +0000] "GET /oempro/read.php?EncryptedMemberID=Mzk5NQ%3D%3D&CampaignID=67&CampaignStatisticsID=38&Demo=0&Email=james@som-cap.com HTTP/1.1" 200 55 "-" "Mozilla/4.0 (compatible; MSIE 7.0; Windows NT 5.1)"
195.46.217.162 - - [23/Feb/2007:11:33:18 +0000] "GET /oempro/read.php?EncryptedMemberID=NDAxNg%3D%3D&CampaignID=69&CampaignStatisticsID=40&Demo=0&Email=a.loison@lvmh.fr HTTP/1.0" 200 43 "-" "Mozilla/4.0 (compatible; Lotus-Notes/6.0; Windows-NT)"
195.46.217.162 - - [23/Feb/2007:11:36:03 +0000] "GET /oempro/read.php?EncryptedMemberID=NDAxNg%3D%3D&CampaignID=69&CampaignStatisticsID=40&Demo=0&Email=a.loison@lvmh.fr HTTP/1.0" 200 43 "-" "Mozilla/4.0 (compatible; Lotus-Notes/6.0; Windows-NT)"
195.46.217.162 - - [23/Feb/2007:11:36:03 +0000] "GET /oempro/read.php?EncryptedMemberID=NDAxNg%3D%3D&CampaignID=69&CampaignStatisticsID=40&Demo=0&Email=a.loison@lvmh.fr HTTP/1.0" 200 43 "-" "Mozilla/4.0 (compatible; Lotus-Notes/6.0; Windows-NT)"
210.249.143.7 - - [23/Feb/2007:11:36:04 +0000] "GET /oempro/read.php?EncryptedMemberID=MjQ3Ng%3D%3D&CampaignID=69&CampaignStatisticsID=40&Demo=0&Email=iwaih@sumitomotrust.co.jp HTTP/1.0" 200 43 "-" "Mozilla/4.0 (compatible; MSIE 6.0; Windows NT 5.0)"
210.249.143.7 - - [23/Feb/2007:11:36:04 +0000] "GET /oempro/read.php?EncryptedMemberID=MjQ3Ng%3D%3D&CampaignID=69&CampaignStatisticsID=40&Demo=0&Email=iwaih@sumitomotrust.co.jp HTTP/1.0" 200 43 "-" "Mozilla/4.0 (compatible; MSIE 6.0; Windows NT 5.0)"
81.86.65.21 - - [23/Feb/2007:11:36:23 +0000] "GET /oempro/read.php?EncryptedMemberID=MTg%3D&CampaignID=68&CampaignStatisticsID=39&Demo=0&Email=somerset@dial.pipex.com HTTP/1.1" 200 55 "-" "Mozilla/4.0 (compatible; MSIE 6.0; Windows NT 5.0; yie6-uk; .NET CLR 1.1.4322)"
81.86.65.21 - - [23/Feb/2007:11:36:55 +0000] "GET /oempro/read.php?EncryptedMemberID=NDAyMw%3D%3D&CampaignID=69&CampaignStatisticsID=40&Demo=0&Email=james@som-cap.com HTTP/1.1" 200 55 "-" "Mozilla/4.0 (compatible; MSIE 7.0; Windows NT 5.1; .NET CLR 1.1.4322; InfoPath.1)"
195.46.217.162 - - [23/Feb/2007:11:37:32 +0000] "GET /oempro/read.php?EncryptedMemberID=NDAxNg%3D%3D&CampaignID=69&CampaignStatisticsID=40&Demo=0&Email=a.loison@lvmh.fr HTTP/1.0" 200 43 "-" "Mozilla/4.0 (compatible; Lotus-Notes/6.0; Windows-NT)"
194.7.114.2 - - [23/Feb/2007:11:37:56 +0000] "GET /oempro/read.php?EncryptedMemberID=Mjg4Mg%3D%3D&CampaignID=69&CampaignStatisticsID=40&Demo=0&Email=marc.moonens@fortis.com HTTP/1.1" 200 55 "-" "Mozilla/4.0 (compatible; MSIE 6.0; Windows NT 5.1; .NET CLR 1.1.4322)"
194.7.114.2 - - [23/Feb/2007:11:37:57 +0000] "GET /oempro/read.php?EncryptedMemberID=Mjg4Mg%3D%3D&CampaignID=69&CampaignStatisticsID=40&Demo=0&Email=marc.moonens@fortis.com HTTP/1.1" 200 55 "-" "Mozilla/4.0 (compatible; MSIE 6.0; Windows NT 5.1; .NET CLR 1.1.4322)"
195.138.203.130 - - [23/Feb/2007:11:39:09 +0000] "GET /oempro/read.php?EncryptedMemberID=MjA4OA%3D%3D&CampaignID=69&CampaignStatisticsID=40&Demo=0&Email=donat.aufdermaur@horizon21.com HTTP/1.1" 200 55 "-" "Mozilla/4.0 (compatible; MSIE 6.0; Windows NT 5.2; SV1; .NET CLR 1.1.4322; InfoPath.1)"
210.249.143.7 - - [23/Feb/2007:11:46:16 +0000] "GET /oempro/read.php?EncryptedMemberID=MjQ3Ng%3D%3D&CampaignID=69&CampaignStatisticsID=40&Demo=0&Email=iwaih@sumitomotrust.co.jp HTTP/1.0" 200 43 "-" "Mozilla/4.0 (compatible; MSIE 6.0; Windows NT 5.0)"
69.25.212.171 - - [23/Feb/2007:11:52:05 +0000] "GET /favicon.ico HTTP/1.1" 404 657 "-" "curl/7.12.1 (i386-redhat-linux-gnu) libcurl/7.12.1 OpenSSL/0.9.7a zlib/1.2.1.2 libidn/0.5.6"
87.139.34.121 - - [23/Feb/2007:11:53:38 +0000] "GET /oempro/read.php?EncryptedMemberID=MTczMQ%3D%3D&CampaignID=69&CampaignStatisticsID=40&Demo=0&Email=berthold@wegasupport.de HTTP/1.0" 200 43 "-" "Mozilla/4.0 (compatible; MSIE 6.0; Windows NT 5.2; SV1; .NET CLR 1.1.4322; .NET CLR 2.0.50727)"
87.139.34.121 - - [23/Feb/2007:11:53:56 +0000] "GET /oempro/read.php?EncryptedMemberID=MTczMQ%3D%3D&CampaignID=69&CampaignStatisticsID=40&Demo=0&Email=berthold@wegasupport.de HTTP/1.0" 200 43 "-" "Mozilla/4.0 (compatible; MSIE 6.0; Windows NT 5.2; SV1; .NET CLR 1.1.4322; .NET CLR 2.0.50727)"
81.86.65.21 - - [23/Feb/2007:11:59:50 +0000] "GET /oempro/admin/campaign_browse.php HTTP/1.1" 200 35904 "http://www.som-cap.com/oempro/admin/main.php" "Mozilla/4.0 (compatible; MSIE 7.0; Windows NT 5.1)"
81.86.65.21 - - [23/Feb/2007:11:59:55 +0000] "GET /oempro/admin/campaign_tracker.php?CampaignID=69 HTTP/1.1" 200 18341 "-" "Mozilla/4.0 (compatible; MSIE 7.0; Windows NT 5.1)"
81.86.65.21 - - [23/Feb/2007:11:59:56 +0000] "GET /oempro/system/data/templates/enhanced_english/media/images/theme/button_restart.gif HTTP/1.1" 304 - "http://www.som-cap.com/oempro/admin/campaign_tracker.php?CampaignID=69" "Mozilla/4.0 (compatible; MSIE 7.0; Windows NT 5.1)"
81.86.65.21 - - [23/Feb/2007:11:59:56 +0000] "GET /oempro/system/data/templates/enhanced_english/media/images/charts/octethGrapher.swf?source=http%3A%2F%2Fwww.som-cap.com%2Foempro%2Fadmin%2Fcampaign_tracker.php%3FMode%3DSnapShotXML%26CampaignStatisticsID%3D40&refreshrate=3 HTTP/1.1" 200 12031 "-" "Mozilla/4.0 (compatible; MSIE 7.0; Windows NT 5.1)"
81.86.65.21 - - [23/Feb/2007:11:59:58 +0000] "GET /oempro/admin/campaign_tracker.php?Mode=SnapShotXML&CampaignStatisticsID=40 HTTP/1.1" 200 498 "-" "Mozilla/4.0 (compatible; MSIE 7.0; Windows NT 5.1)"
81.86.65.21 - - [23/Feb/2007:12:00:02 +0000] "GET /oempro/admin/campaign_tracker.php?Mode=SnapShotXML&CampaignStatisticsID=40 HTTP/1.1" 200 498 "-" "Mozilla/4.0 (compatible; MSIE 7.0; Windows NT 5.1)"
81.86.65.21 - - [23/Feb/2007:12:00:06 +0000] "GET /oempro/admin/campaign_tracker.php?Mode=SnapShotXML&CampaignStatisticsID=40 HTTP/1.1" 200 498 "-" "Mozilla/4.0 (compatible; MSIE 7.0; Windows NT 5.1)"
81.86.65.21 - - [23/Feb/2007:12:00:17 +0000] "GET /oempro/admin/campaign_tracker_details.php?CampaignID=69&CampaignStatisticsID=40&Command=Reads HTTP/1.1" 200 24951 "-" "Mozilla/4.0 (compatible; MSIE 7.0; Windows NT 5.1)"
81.86.65.21 - - [23/Feb/2007:12:00:17 +0000] "GET /oempro/system/data/templates/enhanced_english/media/images/charts/octethGrapher.swf?source=http%3A%2F%2Fwww.som-cap.com%2Foempro%2Fadmin%2Fcampaign_tracker_details.php%3FCampaignID%3D69%26CampaignStatisticsID%3D40%26Command%3DReadRatioXML HTTP/1.1" 200 12031 "-" "Mozilla/4.0 (compatible; MSIE 7.0; Windows NT 5.1)"
81.86.65.21 - - [23/Feb/2007:12:00:17 +0000] "GET /oempro/admin/campaign_tracker.php?Mode=SnapShotXML&CampaignStatisticsID=40 HTTP/1.1" 200 498 "-" "Mozilla/4.0 (compatible; MSIE 7.0; Windows NT 5.1)"
81.86.65.21 - - [23/Feb/2007:12:00:17 +0000] "GET /oempro/system/data/templates/enhanced_english/media/images/charts/octethGrapher.swf?source=http%3A%2F%2Fwww.som-cap.com%2Foempro%2Fadmin%2Fcampaign_tracker_details.php%3FCampaignID%3D69%26CampaignStatisticsID%3D40%26Command%3DUniqueReadsXML HTTP/1.1" 200 12031 "-" "Mozilla/4.0 (compatible; MSIE 7.0; Windows NT 5.1)"
81.86.65.21 - - [23/Feb/2007:12:00:17 +0000] "GET /oempro/system/data/templates/enhanced_english/media/images/charts/octethGrapher.swf?source=http%3A%2F%2Fwww.som-cap.com%2Foempro%2Fadmin%2Fcampaign_tracker_details.php%3FCampaignID%3D69%26CampaignStatisticsID%3D40%26Command%3DReadsXML HTTP/1.1" 200 12031 "-" "Mozilla/4.0 (compatible; MSIE 7.0; Windows NT 5.1)"
81.86.65.21 - - [23/Feb/2007:12:00:21 +0000] "GET /oempro/admin/campaign_tracker_details.php?CampaignID=69&CampaignStatisticsID=40&Command=ReadRatioXML HTTP/1.1" 200 457 "-" "Mozilla/4.0 (compatible; MSIE 7.0; Windows NT 5.1)"
81.86.65.21 - - [23/Feb/2007:12:00:21 +0000] "GET /oempro/admin/campaign_tracker_details.php?CampaignID=69&CampaignStatisticsID=40&Command=ReadsXML HTTP/1.1" 200 4030 "-" "Mozilla/4.0 (compatible; MSIE 7.0; Windows NT 5.1)"
81.86.65.21 - - [23/Feb/2007:12:00:22 +0000] "GET /oempro/admin/campaign_tracker_details.php?CampaignID=69&CampaignStatisticsID=40&Command=UniqueReadsXML HTTP/1.1" 200 4029 "-" "Mozilla/4.0 (compatible; MSIE 7.0; Windows NT 5.1)"
81.86.65.21 - - [23/Feb/2007:12:01:05 +0000] "GET /oempro/admin/list_browse.php HTTP/1.1" 200 28434 "http://www.som-cap.com/oempro/admin/campaign_tracker_details.php?CampaignID=69&CampaignStatisticsID=40&Command=Reads" "Mozilla/4.0 (compatible; MSIE 7.0; Windows NT 5.1)"
81.86.65.21 - - [23/Feb/2007:12:01:10 +0000] "GET /oempro/admin/campaign_browse.php HTTP/1.1" 200 35904 "http://www.som-cap.com/oempro/admin/list_browse.php" "Mozilla/4.0 (compatible; MSIE 7.0; Windows NT 5.1)"
81.86.65.21 - - [23/Feb/2007:12:01:14 +0000] "GET /oempro/admin/list_browse.php HTTP/1.1" 200 28434 "http://www.som-cap.com/oempro/admin/campaign_browse.php" "Mozilla/4.0 (compatible; MSIE 7.0; Windows NT 5.1)"
81.86.65.21 - - [23/Feb/2007:12:01:38 +0000] "GET /oempro/read.php?EncryptedMemberID=Mzk5NQ%3D%3D&CampaignID=67&CampaignStatisticsID=38&Demo=0&Email=james@som-cap.com HTTP/1.1" 200 55 "-" "Mozilla/4.0 (compatible; MSIE 7.0; Windows NT 5.1)"
195.138.203.130 - - [23/Feb/2007:12:05:30 +0000] "GET /oempro/read.php?EncryptedMemberID=MjA4OA%3D%3D&CampaignID=69&CampaignStatisticsID=40&Demo=0&Email=donat.aufdermaur@horizon21.com HTTP/1.1" 200 55 "-" "Mozilla/4.0 (compatible; MSIE 6.0; Windows NT 5.2; SV1; .NET CLR 1.1.4322; InfoPath.1)"
81.86.65.21 - - [23/Feb/2007:12:07:04 +0000] "GET /oempro/read.php?EncryptedMemberID=Mzk5NQ%3D%3D&CampaignID=67&CampaignStatisticsID=38&Demo=0&Email=james@som-cap.com HTTP/1.1" 200 55 "-" "Mozilla/4.0 (compatible; MSIE 7.0; Windows NT 5.1)"
81.86.65.21 - - [23/Feb/2007:12:08:10 +0000] "GET /oempro/read.php?EncryptedMemberID=Mzk5NQ%3D%3D&CampaignID=67&CampaignStatisticsID=38&Demo=0&Email=james@som-cap.com HTTP/1.1" 200 55 "-" "Mozilla/4.0 (compatible; MSIE 7.0; Windows NT 5.1)"
81.86.65.21 - - [23/Feb/2007:12:12:54 +0000] "GET /oempro/read.php?EncryptedMemberID=Mzk5NQ%3D%3D&CampaignID=67&CampaignStatisticsID=38&Demo=0&Email=james@som-cap.com HTTP/1.1" 200 55 "-" "Mozilla/4.0 (compatible; MSIE 7.0; Windows NT 5.1)"
194.126.223.130 - - [23/Feb/2007:12:13:25 +0000] "GET /oempro/read.php?EncryptedMemberID=Mjc0Nw%3D%3D&CampaignID=69&CampaignStatisticsID=40&Demo=0&Email=kkn@pka.dk HTTP/1.1" 200 55 "-" "Mozilla/4.0 (compatible; MSIE 6.0; Windows NT 5.1; SV1; .NET CLR 1.1.4322; .NET CLR 2.0.50727)"
194.126.223.130 - - [23/Feb/2007:12:13:54 +0000] "GET /oempro/read.php?EncryptedMemberID=Mjc0Nw%3D%3D&CampaignID=69&CampaignStatisticsID=40&Demo=0&Email=kkn@pka.dk HTTP/1.1" 200 55 "-" "Mozilla/4.0 (compatible; MSIE 6.0; Windows NT 5.1; SV1; .NET CLR 1.1.4322; .NET CLR 2.0.50727)"
81.86.65.21 - - [23/Feb/2007:12:16:34 +0000] "GET /oempro/read.php?EncryptedMemberID=Mzk5NQ%3D%3D&CampaignID=67&CampaignStatisticsID=38&Demo=0&Email=james@som-cap.com HTTP/1.1" 200 55 "-" "Mozilla/4.0 (compatible; MSIE 7.0; Windows NT 5.1)"
194.7.114.2 - - [23/Feb/2007:12:21:21 +0000] "GET /oempro/read.php?EncryptedMemberID=Mjg4Mg%3D%3D&CampaignID=69&CampaignStatisticsID=40&Demo=0&Email=marc.moonens@fortis.com HTTP/1.1" 200 55 "-" "Mozilla/4.0 (compatible; MSIE 5.5; Windows NT 4.0; T312461; .NET CLR 1.1.4322)"
81.86.65.21 - - [23/Feb/2007:12:26:11 +0000] "GET /oempro/read.php?EncryptedMemberID=Mzk5NQ%3D%3D&CampaignID=67&CampaignStatisticsID=38&Demo=0&Email=james@som-cap.com HTTP/1.1" 200 55 "-" "Mozilla/4.0 (compatible; MSIE 7.0; Windows NT 5.1)"
81.86.65.21 - - [23/Feb/2007:12:29:56 +0000] "GET /oempro/read.php?EncryptedMemberID=MTg%3D&CampaignID=68&CampaignStatisticsID=39&Demo=0&Email=somerset@dial.pipex.com HTTP/1.1" 200 55 "-" "Mozilla/4.0 (compatible; MSIE 6.0; Windows NT 5.0; yie6-uk; .NET CLR 1.1.4322)"
212.243.110.82 - - [23/Feb/2007:12:31:01 +0000] "GET /oempro/read.php?EncryptedMemberID=NDAwNQ%3D%3D&CampaignID=69&CampaignStatisticsID=40&Demo=0&Email=andreas.theiler@aaa-net.com HTTP/1.0" 200 43 "-" "Mozilla/4.0 (compatible; Lotus-Notes/6.0; Windows-NT)"
212.243.110.82 - - [23/Feb/2007:12:31:01 +0000] "GET /oempro/read.php?EncryptedMemberID=NDAwNQ%3D%3D&CampaignID=69&CampaignStatisticsID=40&Demo=0&Email=andreas.theiler@aaa-net.com HTTP/1.0" 200 43 "-" "Mozilla/4.0 (compatible; Lotus-Notes/6.0; Windows-NT)"
195.65.220.34 - - [23/Feb/2007:12:55:50 +0000] "GET /oempro/read.php?EncryptedMemberID=MzI4Nw%3D%3D&CampaignID=69&CampaignStatisticsID=40&Demo=0&Email=pnewsome@unigestion.com HTTP/1.1" 200 55 "-" "Mozilla/4.0 (compatible; MSIE 6.0; Windows NT 5.2; SV1; .NET CLR 1.1.4322)"
195.65.220.34 - - [23/Feb/2007:12:56:03 +0000] "GET /oempro/read.php?EncryptedMemberID=MzI4Nw%3D%3D&CampaignID=69&CampaignStatisticsID=40&Demo=0&Email=pnewsome@unigestion.com HTTP/1.1" 200 55 "-" "Mozilla/4.0 (compatible; MSIE 6.0; Windows NT 5.2; SV1; .NET CLR 1.1.4322)"
213.41.72.24 - - [23/Feb/2007:12:56:07 +0000] "GET /oempro/read.php?EncryptedMemberID=MzE4MQ%3D%3D&CampaignID=69&CampaignStatisticsID=40&Demo=0&Email=patricia.jeanjean@caissedesdepots.fr HTTP/1.1" 200 55 "-" "Mozilla/4.0 (compatible; MSIE 6.0; Windows NT 5.1; .NET CLR 1.1.4322)"
81.86.65.21 - - [23/Feb/2007:13:02:50 +0000] "GET /oempro/read.php?EncryptedMemberID=Mzk5NQ%3D%3D&CampaignID=67&CampaignStatisticsID=38&Demo=0&Email=james@som-cap.com HTTP/1.1" 200 55 "-" "Mozilla/4.0 (compatible; MSIE 7.0; Windows NT 5.1)"
81.86.65.21 - - [23/Feb/2007:13:03:18 +0000] "GET /oempro/read.php?EncryptedMemberID=Mzk5NQ%3D%3D&CampaignID=67&CampaignStatisticsID=38&Demo=0&Email=james@som-cap.com HTTP/1.1" 200 55 "-" "Mozilla/4.0 (compatible; MSIE 7.0; Windows NT 5.1)"
81.86.65.21 - - [23/Feb/2007:13:04:56 +0000] "GET /oempro/read.php?EncryptedMemberID=Mzk5NQ%3D%3D&CampaignID=67&CampaignStatisticsID=38&Demo=0&Email=james@som-cap.com HTTP/1.1" 200 55 "-" "Mozilla/4.0 (compatible; MSIE 7.0; Windows NT 5.1)"
81.86.65.21 - - [23/Feb/2007:13:05:01 +0000] "GET /oempro/read.php?EncryptedMemberID=Mzk5NQ%3D%3D&CampaignID=67&CampaignStatisticsID=38&Demo=0&Email=james@som-cap.com HTTP/1.1" 200 55 "-" "Mozilla/4.0 (compatible; MSIE 7.0; Windows NT 5.1)"
81.86.65.21 - - [23/Feb/2007:13:05:28 +0000] "GET /oempro/read.php?EncryptedMemberID=Mzk5NQ%3D%3D&CampaignID=67&CampaignStatisticsID=38&Demo=0&Email=james@som-cap.com HTTP/1.1" 200 55 "-" "Mozilla/4.0 (compatible; MSIE 7.0; Windows NT 5.1)"
212.243.110.82 - - [23/Feb/2007:13:30:26 +0000] "GET /oempro/read.php?EncryptedMemberID=NDAwNA%3D%3D&CampaignID=69&CampaignStatisticsID=40&Demo=0&Email=marcel.nauer@aaa-net.com HTTP/1.0" 200 43 "-" "Mozilla/4.0 (compatible; Lotus-Notes/6.0; Windows-NT)"
209.11.93.5 - - [23/Feb/2007:13:41:01 +0000] "GET /oempro/read.php?EncryptedMemberID=NDAwOQ%3D%3D&CampaignID=69&CampaignStatisticsID=40&Demo=0&Email=molly.burba@fortiscapitalusa.com HTTP/1.0" 200 43 "-" "Mozilla/4.0 (compatible; MSIE 6.0; Windows NT 5.1; SV1; .NET CLR 1.1.4322)"
212.243.110.82 - - [23/Feb/2007:13:42:46 +0000] "GET /oempro/read.php?EncryptedMemberID=NDAwNA%3D%3D&CampaignID=69&CampaignStatisticsID=40&Demo=0&Email=marcel.nauer@aaa-net.com HTTP/1.0" 200 43 "-" "Mozilla/4.0 (compatible; Lotus-Notes/6.0; Windows-NT)"
65.211.12.195 - - [23/Feb/2007:13:55:11 +0000] "GET /oempro/read.php?EncryptedMemberID=MzUyMg%3D%3D&CampaignID=69&CampaignStatisticsID=40&Demo=0&Email=sb@hoegh-capital.com HTTP/1.1" 200 55 "-" "Mozilla/4.0 (compatible; MSIE 6.0; Windows NT 5.1; SV1)"
65.211.12.195 - - [23/Feb/2007:13:55:30 +0000] "GET /oempro/read.php?EncryptedMemberID=MzUyMg%3D%3D&CampaignID=69&CampaignStatisticsID=40&Demo=0&Email=sb@hoegh-capital.com HTTP/1.1" 200 55 "-" "Mozilla/4.0 (compatible; MSIE 6.0; Windows NT 5.1; SV1)"
212.49.210.174 - - [23/Feb/2007:14:02:46 +0000] "GET /oempro/read.php?EncryptedMemberID=MzUyMg%3D%3D&CampaignID=69&CampaignStatisticsID=40&Demo=0&Email=sb@hoegh-capital.com HTTP/1.1" 200 55 "-" "Mozilla/4.0 (compatible; MSIE 6.0; Windows NT 5.1; SV1; .NET CLR 1.1.4322; InfoPath.1; .NET CLR 2.0.50727)"
209.137.141.20 - - [23/Feb/2007:14:11:07 +0000] "GET /oempro/read.php?EncryptedMemberID=MjQzMQ%3D%3D&CampaignID=69&CampaignStatisticsID=40&Demo=0&Email=h-sadanaga@nliinter.com HTTP/1.1" 200 55 "-" "Mozilla/4.0 (compatible; MSIE 7.0; Windows NT 5.1; .NET CLR 1.1.4322)"
81.86.65.21 - - [23/Feb/2007:14:12:07 +0000] "GET /oempro/read.php?EncryptedMemberID=MzUyMg%3D%3D&CampaignID=69&CampaignStatisticsID=40&Demo=0&Email=sb@hoegh-capital.com HTTP/1.1" 200 55 "-" "Mozilla/4.0 (compatible; MSIE 7.0; Windows NT 5.1; .NET CLR 1.1.4322; InfoPath.1)"
81.86.65.21 - - [23/Feb/2007:14:14:11 +0000] "GET /oempro/read.php?EncryptedMemberID=MzUyMg%3D%3D&CampaignID=69&CampaignStatisticsID=40&Demo=0&Email=sb@hoegh-capital.com HTTP/1.1" 200 55 "-" "Mozilla/4.0 (compatible; MSIE 7.0; Windows NT 5.1; .NET CLR 1.1.4322; InfoPath.1)"
212.59.33.101 - - [23/Feb/2007:14:14:44 +0000] "GET /oempro/read.php?EncryptedMemberID=MjcyOQ%3D%3D&CampaignID=69&CampaignStatisticsID=40&Demo=0&Email=kersten-alexis.diemar@ampega.de HTTP/1.0" 200 43 "-" "Mozilla/4.0 (compatible; MSIE 6.0; Windows NT 5.0)"
81.86.65.21 - - [23/Feb/2007:14:15:58 +0000] "GET /oempro/read.php?EncryptedMemberID=NDAyMw%3D%3D&CampaignID=68&CampaignStatisticsID=39&Demo=0&Email=james@som-cap.com HTTP/1.1" 200 55 "-" "Mozilla/4.0 (compatible; MSIE 7.0; Windows NT 5.1; .NET CLR 1.1.4322; InfoPath.1)"
209.137.141.20 - - [23/Feb/2007:14:16:09 +0000] "GET /oempro/read.php?EncryptedMemberID=MjQzMQ%3D%3D&CampaignID=69&CampaignStatisticsID=40&Demo=0&Email=h-sadanaga@nliinter.com HTTP/1.1" 200 55 "-" "Mozilla/4.0 (compatible; MSIE 6.0; Windows NT 5.1; SV1; .NET CLR 1.1.4322)"
212.59.33.101 - - [23/Feb/2007:14:19:18 +0000] "GET /oempro/read.php?EncryptedMemberID=MjcyOQ%3D%3D&CampaignID=69&CampaignStatisticsID=40&Demo=0&Email=kersten-alexis.diemar@ampega.de HTTP/1.0" 200 43 "-" "Mozilla/4.0 (compatible; MSIE 6.0; Windows NT 5.0)"
38.117.179.2 - - [23/Feb/2007:14:21:12 +0000] "GET /oempro/read.php?EncryptedMemberID=MTkwMQ%3D%3D&CampaignID=69&CampaignStatisticsID=40&Demo=0&Email=chuie@khronos.com HTTP/1.1" 200 55 "-" "Mozilla/4.0 (compatible; MSIE 6.0; Windows NT 5.1; SV1; KHRONOS_IT; .NET CLR 1.1.4322; .NET CLR 2.0.50727; InfoPath.1)"
81.86.65.21 - - [23/Feb/2007:14:25:24 +0000] "GET /oempro/read.php?EncryptedMemberID=NDAyNA%3D%3D&CampaignID=68&CampaignStatisticsID=39&Demo=0&Email=marie@som-cap.com HTTP/1.1" 200 55 "-" "Mozilla/4.0 (compatible; MSIE 7.0; Windows NT 5.1)"
81.86.65.21 - - [23/Feb/2007:14:26:55 +0000] "GET /oempro/admin/list_browse.php HTTP/1.1" 302 5 "http://www.som-cap.com/oempro/admin/list_browse.php" "Mozilla/4.0 (compatible; MSIE 7.0; Windows NT 5.1)"
81.86.65.21 - - [23/Feb/2007:14:26:56 +0000] "GET /oempro/admin/index.php?FromURL=/oempro/admin/list_browse.php HTTP/1.1" 200 7398 "http://www.som-cap.com/oempro/admin/list_browse.php" "Mozilla/4.0 (compatible; MSIE 7.0; Windows NT 5.1)"
81.86.65.21 - - [23/Feb/2007:14:26:59 +0000] "POST /oempro/admin/index.php HTTP/1.1" 302 5 "http://www.som-cap.com/oempro/admin/index.php?FromURL=/oempro/admin/list_browse.php" "Mozilla/4.0 (compatible; MSIE 7.0; Windows NT 5.1)"
81.86.65.21 - - [23/Feb/2007:14:27:01 +0000] "GET /oempro/admin/bridge.php?GoToURL=%2Foempro%2Fadmin%2Flist_browse.php HTTP/1.1" 200 10290 "http://www.som-cap.com/oempro/admin/index.php?FromURL=/oempro/admin/list_browse.php" "Mozilla/4.0 (compatible; MSIE 7.0; Windows NT 5.1)"
81.86.65.21 - - [23/Feb/2007:14:27:05 +0000] "GET /oempro/admin/list_browse.php HTTP/1.1" 200 28434 "-" "Mozilla/4.0 (compatible; MSIE 7.0; Windows NT 5.1)"
81.86.65.21 - - [23/Feb/2007:14:27:05 +0000] "GET /oempro/system/data/templates/enhanced_english/media/css/styles_screen.css HTTP/1.1" 304 - "http://www.som-cap.com/oempro/admin/list_browse.php" "Mozilla/4.0 (compatible; MSIE 7.0; Windows NT 5.1)"
81.86.65.21 - - [23/Feb/2007:14:27:05 +0000] "GET /oempro/system/data/templates/enhanced_english/media/css/styles_menu.css HTTP/1.1" 304 - "http://www.som-cap.com/oempro/admin/list_browse.php" "Mozilla/4.0 (compatible; MSIE 7.0; Windows NT 5.1)"
81.86.65.21 - - [23/Feb/2007:14:27:05 +0000] "GET /oempro/system/data/templates/enhanced_english/media/css/styles_help.css HTTP/1.1" 304 - "http://www.som-cap.com/oempro/admin/list_browse.php" "Mozilla/4.0 (compatible; MSIE 7.0; Windows NT 5.1)"
81.86.65.21 - - [23/Feb/2007:14:27:05 +0000] "GET /oempro/system/data/templates/enhanced_english/media/scripts/functions_administrator.js HTTP/1.1" 304 - "http://www.som-cap.com/oempro/admin/list_browse.php" "Mozilla/4.0 (compatible; MSIE 7.0; Windows NT 5.1)"
81.86.65.21 - - [23/Feb/2007:14:27:05 +0000] "GET /oempro/system/data/templates/enhanced_english/media/scripts/menu.js HTTP/1.1" 304 - "http://www.som-cap.com/oempro/admin/list_browse.php" "Mozilla/4.0 (compatible; MSIE 7.0; Windows NT 5.1)"
81.86.65.21 - - [23/Feb/2007:14:27:05 +0000] "GET /oempro/system/data/templates/enhanced_english/media/scripts/help.js HTTP/1.1" 304 - "http://www.som-cap.com/oempro/admin/list_browse.php" "Mozilla/4.0 (compatible; MSIE 7.0; Windows NT 5.1)"
81.86.65.21 - - [23/Feb/2007:14:27:05 +0000] "GET /oempro/system/data/templates/enhanced_english/media/scripts/help_texts.js HTTP/1.1" 304 - "http://www.som-cap.com/oempro/admin/list_browse.php" "Mozilla/4.0 (compatible; MSIE 7.0; Windows NT 5.1)"
81.86.65.21 - - [23/Feb/2007:14:27:05 +0000] "GET /oempro/system/data/templates/enhanced_english/media/images/theme/013.gif HTTP/1.1" 304 - "http://www.som-cap.com/oempro/admin/list_browse.php" "Mozilla/4.0 (compatible; MSIE 7.0; Windows NT 5.1)"
81.86.65.21 - - [23/Feb/2007:14:27:05 +0000] "GET /oempro/system/data/templates/enhanced_english/media/images/theme/015.gif HTTP/1.1" 304 - "http://www.som-cap.com/oempro/admin/list_browse.php" "Mozilla/4.0 (compatible; MSIE 7.0; Windows NT 5.1)"
81.86.65.21 - - [23/Feb/2007:14:27:05 +0000] "GET /oempro/system/data/templates/enhanced_english/media/images/theme/016.gif HTTP/1.1" 304 - "http://www.som-cap.com/oempro/admin/list_browse.php" "Mozilla/4.0 (compatible; MSIE 7.0; Windows NT 5.1)"
81.86.65.21 - - [23/Feb/2007:14:27:05 +0000] "GET /oempro/system/data/templates/enhanced_english/media/images/theme/036.gif HTTP/1.1" 304 - "http://www.som-cap.com/oempro/admin/list_browse.php" "Mozilla/4.0 (compatible; MSIE 7.0; Windows NT 5.1)"
81.86.65.21 - - [23/Feb/2007:14:27:05 +0000] "GET /oempro/system/data/templates/enhanced_english/media/images/theme/020.gif HTTP/1.1" 304 - "http://www.som-cap.com/oempro/admin/list_browse.php" "Mozilla/4.0 (compatible; MSIE 7.0; Windows NT 5.1)"
81.86.65.21 - - [23/Feb/2007:14:27:05 +0000] "GET /oempro/system/data/templates/enhanced_english/media/images/theme/022.gif HTTP/1.1" 304 - "http://www.som-cap.com/oempro/admin/list_browse.php" "Mozilla/4.0 (compatible; MSIE 7.0; Windows NT 5.1)"
81.86.65.21 - - [23/Feb/2007:14:27:05 +0000] "GET /oempro/system/data/templates/enhanced_english/media/images/theme/027.gif HTTP/1.1" 304 - "http://www.som-cap.com/oempro/admin/list_browse.php" "Mozilla/4.0 (compatible; MSIE 7.0; Windows NT 5.1)"
81.86.65.21 - - [23/Feb/2007:14:27:05 +0000] "GET /oempro/system/data/templates/enhanced_english/media/images/theme/023.gif HTTP/1.1" 304 - "http://www.som-cap.com/oempro/admin/list_browse.php" "Mozilla/4.0 (compatible; MSIE 7.0; Windows NT 5.1)"
81.86.65.21 - - [23/Feb/2007:14:27:05 +0000] "GET /oempro/system/data/templates/enhanced_english/media/images/theme/017.gif HTTP/1.1" 304 - "http://www.som-cap.com/oempro/admin/list_browse.php" "Mozilla/4.0 (compatible; MSIE 7.0; Windows NT 5.1)"
81.86.65.21 - - [23/Feb/2007:14:27:05 +0000] "GET /oempro/system/data/templates/enhanced_english/media/images/theme/021.gif HTTP/1.1" 304 - "http://www.som-cap.com/oempro/admin/list_browse.php" "Mozilla/4.0 (compatible; MSIE 7.0; Windows NT 5.1)"
81.86.65.21 - - [23/Feb/2007:14:27:05 +0000] "GET /oempro/system/data/templates/enhanced_english/media/images/theme/025.gif HTTP/1.1" 304 - "http://www.som-cap.com/oempro/admin/list_browse.php" "Mozilla/4.0 (compatible; MSIE 7.0; Windows NT 5.1)"
81.86.65.21 - - [23/Feb/2007:14:27:05 +0000] "GET /oempro/system/data/templates/enhanced_english/media/images/theme/008.gif HTTP/1.1" 304 - "http://www.som-cap.com/oempro/admin/list_browse.php" "Mozilla/4.0 (compatible; MSIE 7.0; Windows NT 5.1)"
81.86.65.21 - - [23/Feb/2007:14:27:05 +0000] "GET /oempro/system/data/templates/enhanced_english/media/images/theme/024.gif HTTP/1.1" 304 - "http://www.som-cap.com/oempro/admin/list_browse.php" "Mozilla/4.0 (compatible; MSIE 7.0; Windows NT 5.1)"
81.86.65.21 - - [23/Feb/2007:14:27:05 +0000] "GET /oempro/system/data/templates/enhanced_english/media/images/theme/018.gif HTTP/1.1" 304 - "http://www.som-cap.com/oempro/admin/list_browse.php" "Mozilla/4.0 (compatible; MSIE 7.0; Windows NT 5.1)"
81.86.65.21 - - [23/Feb/2007:14:27:05 +0000] "GET /oempro/system/data/templates/enhanced_english/media/images/theme/019.gif HTTP/1.1" 304 - "http://www.som-cap.com/oempro/admin/list_browse.php" "Mozilla/4.0 (compatible; MSIE 7.0; Windows NT 5.1)"
81.86.65.21 - - [23/Feb/2007:14:27:05 +0000] "GET /oempro/system/data/templates/enhanced_english/media/images/theme/029.gif HTTP/1.1" 304 - "http://www.som-cap.com/oempro/admin/list_browse.php" "Mozilla/4.0 (compatible; MSIE 7.0; Windows NT 5.1)"
81.86.65.21 - - [23/Feb/2007:14:27:06 +0000] "GET /oempro/system/data/templates/enhanced_english/media/images/theme/030.gif HTTP/1.1" 304 - "http://www.som-cap.com/oempro/admin/list_browse.php" "Mozilla/4.0 (compatible; MSIE 7.0; Windows NT 5.1)"
81.86.65.21 - - [23/Feb/2007:14:27:06 +0000] "GET /oempro/system/data/templates/enhanced_english/media/images/theme/026.gif HTTP/1.1" 304 - "http://www.som-cap.com/oempro/admin/list_browse.php" "Mozilla/4.0 (compatible; MSIE 7.0; Windows NT 5.1)"
81.86.65.21 - - [23/Feb/2007:14:29:05 +0000] "GET /oempro/admin/stat_campaignsummaryreport.php HTTP/1.1" 200 12265 "http://www.som-cap.com/oempro/admin/list_browse.php" "Mozilla/4.0 (compatible; MSIE 7.0; Windows NT 5.1)"
81.86.65.21 - - [23/Feb/2007:14:29:11 +0000] "GET /oempro/admin/stat_campaigns.php HTTP/1.1" 200 14962 "http://www.som-cap.com/oempro/admin/stat_campaignsummaryreport.php" "Mozilla/4.0 (compatible; MSIE 7.0; Windows NT 5.1)"
81.86.65.21 - - [23/Feb/2007:14:29:19 +0000] "GET /oempro/admin/campaign_browse.php HTTP/1.1" 200 35904 "http://www.som-cap.com/oempro/admin/stat_campaigns.php" "Mozilla/4.0 (compatible; MSIE 7.0; Windows NT 5.1)"
81.86.65.21 - - [23/Feb/2007:14:29:25 +0000] "GET /oempro/admin/campaign_tracker.php?CampaignID=69 HTTP/1.1" 200 18343 "-" "Mozilla/4.0 (compatible; MSIE 7.0; Windows NT 5.1)"
81.86.65.21 - - [23/Feb/2007:14:29:29 +0000] "GET /oempro/admin/campaign_tracker.php?Mode=SnapShotXML&CampaignStatisticsID=40 HTTP/1.1" 200 499 "-" "Mozilla/4.0 (compatible; MSIE 7.0; Windows NT 5.1)"
81.86.65.21 - - [23/Feb/2007:14:29:32 +0000] "GET /oempro/admin/campaign_tracker.php?Mode=SnapShotXML&CampaignStatisticsID=40 HTTP/1.1" 200 499 "-" "Mozilla/4.0 (compatible; MSIE 7.0; Windows NT 5.1)"
81.86.65.21 - - [23/Feb/2007:14:29:36 +0000] "GET /oempro/admin/campaign_tracker.php?Mode=SnapShotXML&CampaignStatisticsID=40 HTTP/1.1" 200 499 "-" "Mozilla/4.0 (compatible; MSIE 7.0; Windows NT 5.1)"
81.86.65.21 - - [23/Feb/2007:14:29:39 +0000] "GET /oempro/admin/campaign_tracker.php?Mode=SnapShotXML&CampaignStatisticsID=40 HTTP/1.1" 200 499 "-" "Mozilla/4.0 (compatible; MSIE 7.0; Windows NT 5.1)"
81.86.65.21 - - [23/Feb/2007:14:29:51 +0000] "GET /oempro/admin/campaign_tracker_details.php?CampaignID=69&CampaignStatisticsID=40&Command=Reads HTTP/1.1" 200 30592 "-" "Mozilla/4.0 (compatible; MSIE 7.0; Windows NT 5.1)"
81.86.65.21 - - [23/Feb/2007:14:29:51 +0000] "GET /oempro/admin/campaign_tracker.php?Mode=SnapShotXML&CampaignStatisticsID=40 HTTP/1.1" 200 499 "-" "Mozilla/4.0 (compatible; MSIE 7.0; Windows NT 5.1)"
81.86.65.21 - - [23/Feb/2007:14:29:55 +0000] "GET /oempro/admin/campaign_tracker_details.php?CampaignID=69&CampaignStatisticsID=40&Command=UniqueReadsXML HTTP/1.1" 200 4030 "-" "Mozilla/4.0 (compatible; MSIE 7.0; Windows NT 5.1)"
81.86.65.21 - - [23/Feb/2007:14:29:56 +0000] "GET /oempro/admin/campaign_tracker_details.php?CampaignID=69&CampaignStatisticsID=40&Command=ReadRatioXML HTTP/1.1" 200 458 "-" "Mozilla/4.0 (compatible; MSIE 7.0; Windows NT 5.1)"
81.86.65.21 - - [23/Feb/2007:14:29:56 +0000] "GET /oempro/admin/campaign_tracker_details.php?CampaignID=69&CampaignStatisticsID=40&Command=ReadsXML HTTP/1.1" 200 4030 "-" "Mozilla/4.0 (compatible; MSIE 7.0; Windows NT 5.1)"
86.141.197.229 - - [23/Feb/2007:14:37:49 +0000] "GET /oempro/read.php?EncryptedMemberID=MzE0MQ%3D%3D&CampaignID=69&CampaignStatisticsID=40&Demo=0&Email=og@kgjg.com HTTP/1.0" 200 43 "-" "Mozilla/4.0 (compatible; Lotus-Notes/6.0; Windows-NT)"
38.117.179.2 - - [23/Feb/2007:14:41:26 +0000] "GET /oempro/read.php?EncryptedMemberID=MTkwMQ%3D%3D&CampaignID=69&CampaignStatisticsID=40&Demo=0&Email=chuie@khronos.com HTTP/1.1" 200 55 "-" "Mozilla/4.0 (compatible; MSIE 6.0; Windows NT 5.1; SV1; KHRONOS_IT; .NET CLR 1.1.4322; .NET CLR 2.0.50727; InfoPath.1)"
86.141.197.229 - - [23/Feb/2007:14:41:26 +0000] "GET /oempro/read.php?EncryptedMemberID=MzE0MQ%3D%3D&CampaignID=69&CampaignStatisticsID=40&Demo=0&Email=og@kgjg.com HTTP/1.0" 200 43 "-" "Mozilla/4.0 (compatible; Lotus-Notes/6.0; Windows-NT)"
86.141.197.229 - - [23/Feb/2007:14:41:37 +0000] "GET /oempro/read.php?EncryptedMemberID=MzE0MQ%3D%3D&CampaignID=69&CampaignStatisticsID=40&Demo=0&Email=og@kgjg.com HTTP/1.0" 200 43 "-" "Mozilla/4.0 (compatible; Lotus-Notes/6.0; Windows-NT)"
208.253.48.3 - - [23/Feb/2007:14:44:00 +0000] "GET /oempro/read.php?EncryptedMemberID=MzY2OA%3D%3D&CampaignID=69&CampaignStatisticsID=40&Demo=0&Email=stephane.chevrier@axa-im.com HTTP/1.0" 200 43 "-" "Mozilla/4.0 (compatible; MSIE 6.0; Windows NT 5.1; SV1; .NET CLR 1.1.4322)"
208.253.48.3 - - [23/Feb/2007:14:45:52 +0000] "GET /oempro/read.php?EncryptedMemberID=MzY2OA%3D%3D&CampaignID=69&CampaignStatisticsID=40&Demo=0&Email=stephane.chevrier@axa-im.com HTTP/1.0" 200 43 "-" "Mozilla/4.0 (compatible; MSIE 6.0; Windows NT 5.1; SV1; .NET CLR 1.1.4322)"
208.253.48.3 - - [23/Feb/2007:14:46:43 +0000] "GET /oempro/read.php?EncryptedMemberID=MzY2OA%3D%3D&CampaignID=69&CampaignStatisticsID=40&Demo=0&Email=stephane.chevrier@axa-im.com HTTP/1.0" 200 43 "-" "Mozilla/4.0 (compatible; MSIE 6.0; Windows NT 5.1; SV1; .NET CLR 1.1.4322)"
81.86.65.21 - - [23/Feb/2007:14:48:40 +0000] "GET /oempro/read.php?EncryptedMemberID=NDAyNA%3D%3D&CampaignID=68&CampaignStatisticsID=39&Demo=0&Email=marie@som-cap.com HTTP/1.1" 200 55 "-" "Mozilla/4.0 (compatible; MSIE 7.0; Windows NT 5.1)"
81.86.65.21 - - [23/Feb/2007:14:48:41 +0000] "GET /oempro/read.php?EncryptedMemberID=NDAyNA%3D%3D&CampaignID=68&CampaignStatisticsID=39&Demo=0&Email=marie@som-cap.com HTTP/1.1" 200 55 "-" "Mozilla/4.0 (compatible; MSIE 7.0; Windows NT 5.1)"
217.110.211.138 - - [23/Feb/2007:15:00:30 +0000] "GET /oempro/read.php?EncryptedMemberID=MTYxMw%3D%3D&CampaignID=69&CampaignStatisticsID=40&Demo=0&Email=andreas.kirner-moenkemeier@braunschreiber.com HTTP/1.1" 200 55 "-" "Mozilla/4.0 (compatible; MSIE 7.0; Windows NT 5.1; .NET CLR 1.1.4322; .NET CLR 2.0.50727)"
38.117.179.2 - - [23/Feb/2007:15:38:13 +0000] "GET /oempro/read.php?EncryptedMemberID=MTkwMQ%3D%3D&CampaignID=69&CampaignStatisticsID=40&Demo=0&Email=chuie@khronos.com HTTP/1.1" 200 55 "-" "Mozilla/4.0 (compatible; MSIE 6.0; Windows NT 5.1; SV1; KHRONOS_IT; .NET CLR 1.1.4322; .NET CLR 2.0.50727; InfoPath.1)"
38.117.179.2 - - [23/Feb/2007:15:38:15 +0000] "GET /oempro/read.php?EncryptedMemberID=MTkwMQ%3D%3D&CampaignID=69&CampaignStatisticsID=40&Demo=0&Email=chuie@khronos.com HTTP/1.1" 200 55 "-" "Mozilla/4.0 (compatible; MSIE 6.0; Windows NT 5.1; SV1; KHRONOS_IT; .NET CLR 1.1.4322; .NET CLR 2.0.50727; InfoPath.1)"
38.117.179.2 - - [23/Feb/2007:15:39:49 +0000] "GET /oempro/read.php?EncryptedMemberID=MTc5Ng%3D%3D&CampaignID=69&CampaignStatisticsID=40&Demo=0&Email=bzaratzian@khronos.com HTTP/1.1" 200 55 "-" "Mozilla/4.0 (compatible; MSIE 6.0; Windows NT 5.1; SV1; .NET CLR 1.1.4322; .NET CLR 2.0.50727; InfoPath.1)"
38.117.179.2 - - [23/Feb/2007:16:31:46 +0000] "GET /oempro/read.php?EncryptedMemberID=MTkwMQ%3D%3D&CampaignID=69&CampaignStatisticsID=40&Demo=0&Email=chuie@khronos.com HTTP/1.1" 200 55 "-" "Mozilla/4.0 (compatible; MSIE 6.0; Windows NT 5.1; SV1; KHRONOS_IT; .NET CLR 1.1.4322; .NET CLR 2.0.50727; InfoPath.1)"
38.117.179.2 - - [23/Feb/2007:16:31:47 +0000] "GET /oempro/read.php?EncryptedMemberID=MTkwMQ%3D%3D&CampaignID=69&CampaignStatisticsID=40&Demo=0&Email=chuie@khronos.com HTTP/1.1" 200 55 "-" "Mozilla/4.0 (compatible; MSIE 6.0; Windows NT 5.1; SV1; KHRONOS_IT; .NET CLR 1.1.4322; .NET CLR 2.0.50727; InfoPath.1)"
81.86.65.21 - - [23/Feb/2007:16:40:41 +0000] "GET /oempro/read.php?EncryptedMemberID=NDAyMw%3D%3D&CampaignID=69&CampaignStatisticsID=40&Demo=0&Email=james@som-cap.com HTTP/1.1" 200 55 "-" "Mozilla/4.0 (compatible; MSIE 7.0; Windows NT 5.1; .NET CLR 1.1.4322; InfoPath.1)"
212.59.33.101 - - [23/Feb/2007:16:44:57 +0000] "GET /oempro/read.php?EncryptedMemberID=MjcyOQ%3D%3D&CampaignID=69&CampaignStatisticsID=40&Demo=0&Email=kersten-alexis.diemar@ampega.de HTTP/1.0" 200 43 "-" "Mozilla/4.0 (compatible; MSIE 6.0; Windows NT 5.0)"
212.59.33.101 - - [23/Feb/2007:16:45:00 +0000] "GET /oempro/read.php?EncryptedMemberID=MjcyOQ%3D%3D&CampaignID=69&CampaignStatisticsID=40&Demo=0&Email=kersten-alexis.diemar@ampega.de HTTP/1.0" 200 43 "-" "Mozilla/4.0 (compatible; MSIE 6.0; Windows NT 5.0)"
81.86.65.21 - - [23/Feb/2007:16:45:32 +0000] "GET /oempro/read.php?EncryptedMemberID=NDAyMw%3D%3D&CampaignID=68&CampaignStatisticsID=39&Demo=0&Email=james@som-cap.com HTTP/1.1" 200 55 "-" "Mozilla/4.0 (compatible; MSIE 7.0; Windows NT 5.1; .NET CLR 1.1.4322; InfoPath.1)"
212.59.33.101 - - [23/Feb/2007:16:45:36 +0000] "GET /oempro/read.php?EncryptedMemberID=MjcyOQ%3D%3D&CampaignID=69&CampaignStatisticsID=40&Demo=0&Email=kersten-alexis.diemar@ampega.de HTTP/1.0" 200 43 "-" "Mozilla/4.0 (compatible; MSIE 6.0; Windows NT 5.0)"
81.86.65.21 - - [23/Feb/2007:16:54:22 +0000] "GET /oempro/admin HTTP/1.1" 301 252 "-" "Mozilla/4.0 (compatible; MSIE 7.0; Windows NT 5.1)"
81.86.65.21 - - [23/Feb/2007:16:54:22 +0000] "GET /oempro/admin/ HTTP/1.1" 304 - "-" "Mozilla/4.0 (compatible; MSIE 7.0; Windows NT 5.1)"
81.86.65.21 - - [23/Feb/2007:16:54:23 +0000] "GET /oempro/admin/index.php HTTP/1.1" 200 7363 "-" "Mozilla/4.0 (compatible; MSIE 7.0; Windows NT 5.1)"
81.86.65.21 - - [23/Feb/2007:16:54:23 +0000] "GET /oempro/system/data/templates/enhanced_english/media/css/styles_menu.css HTTP/1.1" 304 - "http://www.som-cap.com/oempro/admin/index.php" "Mozilla/4.0 (compatible; MSIE 7.0; Windows NT 5.1)"
81.86.65.21 - - [23/Feb/2007:16:54:23 +0000] "GET /oempro/system/data/templates/enhanced_english/media/css/styles_screen.css HTTP/1.1" 304 - "http://www.som-cap.com/oempro/admin/index.php" "Mozilla/4.0 (compatible; MSIE 7.0; Windows NT 5.1)"
81.86.65.21 - - [23/Feb/2007:16:54:23 +0000] "GET /oempro/system/data/templates/enhanced_english/media/css/styles_help.css HTTP/1.1" 304 - "http://www.som-cap.com/oempro/admin/index.php" "Mozilla/4.0 (compatible; MSIE 7.0; Windows NT 5.1)"
81.86.65.21 - - [23/Feb/2007:16:54:23 +0000] "GET /oempro/system/data/templates/enhanced_english/media/scripts/functions_administrator.js HTTP/1.1" 304 - "http://www.som-cap.com/oempro/admin/index.php" "Mozilla/4.0 (compatible; MSIE 7.0; Windows NT 5.1)"
81.86.65.21 - - [23/Feb/2007:16:54:24 +0000] "GET /oempro/system/data/templates/enhanced_english/media/scripts/menu.js HTTP/1.1" 304 - "http://www.som-cap.com/oempro/admin/index.php" "Mozilla/4.0 (compatible; MSIE 7.0; Windows NT 5.1)"
81.86.65.21 - - [23/Feb/2007:16:54:24 +0000] "GET /oempro/system/data/templates/enhanced_english/media/scripts/help.js HTTP/1.1" 304 - "http://www.som-cap.com/oempro/admin/index.php" "Mozilla/4.0 (compatible; MSIE 7.0; Windows NT 5.1)"
81.86.65.21 - - [23/Feb/2007:16:54:24 +0000] "GET /oempro/system/data/templates/enhanced_english/media/scripts/help_texts.js HTTP/1.1" 304 - "http://www.som-cap.com/oempro/admin/index.php" "Mozilla/4.0 (compatible; MSIE 7.0; Windows NT 5.1)"
81.86.65.21 - - [23/Feb/2007:16:54:24 +0000] "GET /oempro/system/data/templates/enhanced_english/media/images/theme/013.gif HTTP/1.1" 304 - "http://www.som-cap.com/oempro/admin/index.php" "Mozilla/4.0 (compatible; MSIE 7.0; Windows NT 5.1)"
81.86.65.21 - - [23/Feb/2007:16:54:24 +0000] "GET /oempro/system/data/templates/enhanced_english/media/images/theme/015.gif HTTP/1.1" 304 - "http://www.som-cap.com/oempro/admin/index.php" "Mozilla/4.0 (compatible; MSIE 7.0; Windows NT 5.1)"
81.86.65.21 - - [23/Feb/2007:16:54:24 +0000] "GET /oempro/system/data/templates/enhanced_english/media/images/theme/016.gif HTTP/1.1" 304 - "http://www.som-cap.com/oempro/admin/index.php" "Mozilla/4.0 (compatible; MSIE 7.0; Windows NT 5.1)"
81.86.65.21 - - [23/Feb/2007:16:54:24 +0000] "GET /oempro/system/data/templates/enhanced_english/media/images/theme/036.gif HTTP/1.1" 304 - "http://www.som-cap.com/oempro/admin/index.php" "Mozilla/4.0 (compatible; MSIE 7.0; Windows NT 5.1)"
81.86.65.21 - - [23/Feb/2007:16:54:24 +0000] "GET /oempro/system/data/templates/enhanced_english/media/images/theme/020.gif HTTP/1.1" 304 - "http://www.som-cap.com/oempro/admin/index.php" "Mozilla/4.0 (compatible; MSIE 7.0; Windows NT 5.1)"
81.86.65.21 - - [23/Feb/2007:16:54:24 +0000] "GET /oempro/system/data/templates/enhanced_english/media/images/theme/027.gif HTTP/1.1" 304 - "http://www.som-cap.com/oempro/admin/index.php" "Mozilla/4.0 (compatible; MSIE 7.0; Windows NT 5.1)"
81.86.65.21 - - [23/Feb/2007:16:54:24 +0000] "GET /oempro/system/data/templates/enhanced_english/media/images/theme/022.gif HTTP/1.1" 304 - "http://www.som-cap.com/oempro/admin/index.php" "Mozilla/4.0 (compatible; MSIE 7.0; Windows NT 5.1)"
81.86.65.21 - - [23/Feb/2007:16:54:24 +0000] "GET /oempro/system/data/templates/enhanced_english/media/images/theme/023.gif HTTP/1.1" 304 - "http://www.som-cap.com/oempro/admin/index.php" "Mozilla/4.0 (compatible; MSIE 7.0; Windows NT 5.1)"
81.86.65.21 - - [23/Feb/2007:16:54:24 +0000] "GET /oempro/system/data/templates/enhanced_english/media/images/theme/025.gif HTTP/1.1" 304 - "http://www.som-cap.com/oempro/admin/index.php" "Mozilla/4.0 (compatible; MSIE 7.0; Windows NT 5.1)"
81.86.65.21 - - [23/Feb/2007:16:54:24 +0000] "GET /oempro/system/data/templates/enhanced_english/media/images/theme/024.gif HTTP/1.1" 304 - "http://www.som-cap.com/oempro/admin/index.php" "Mozilla/4.0 (compatible; MSIE 7.0; Windows NT 5.1)"
81.86.65.21 - - [23/Feb/2007:16:54:24 +0000] "GET /oempro/system/data/templates/enhanced_english/media/images/theme/018.gif HTTP/1.1" 304 - "http://www.som-cap.com/oempro/admin/index.php" "Mozilla/4.0 (compatible; MSIE 7.0; Windows NT 5.1)"
81.86.65.21 - - [23/Feb/2007:16:54:24 +0000] "GET /oempro/system/data/templates/enhanced_english/media/images/theme/019.gif HTTP/1.1" 304 - "http://www.som-cap.com/oempro/admin/index.php" "Mozilla/4.0 (compatible; MSIE 7.0; Windows NT 5.1)"
81.86.65.21 - - [23/Feb/2007:16:54:24 +0000] "GET /oempro/system/data/templates/enhanced_english/media/images/theme/029.gif HTTP/1.1" 304 - "http://www.som-cap.com/oempro/admin/index.php" "Mozilla/4.0 (compatible; MSIE 7.0; Windows NT 5.1)"
81.86.65.21 - - [23/Feb/2007:16:54:24 +0000] "GET /oempro/system/data/templates/enhanced_english/media/images/theme/030.gif HTTP/1.1" 304 - "http://www.som-cap.com/oempro/admin/index.php" "Mozilla/4.0 (compatible; MSIE 7.0; Windows NT 5.1)"
81.86.65.21 - - [23/Feb/2007:16:54:25 +0000] "GET /oempro/system/data/templates/enhanced_english/media/images/theme/017.gif HTTP/1.1" 304 - "http://www.som-cap.com/oempro/admin/index.php" "Mozilla/4.0 (compatible; MSIE 7.0; Windows NT 5.1)"
81.86.65.21 - - [23/Feb/2007:16:54:25 +0000] "GET /oempro/system/data/templates/enhanced_english/media/images/theme/021.gif HTTP/1.1" 304 - "http://www.som-cap.com/oempro/admin/index.php" "Mozilla/4.0 (compatible; MSIE 7.0; Windows NT 5.1)"
81.86.65.21 - - [23/Feb/2007:16:54:25 +0000] "GET /oempro/system/data/templates/enhanced_english/media/images/theme/026.gif HTTP/1.1" 304 - "http://www.som-cap.com/oempro/admin/index.php" "Mozilla/4.0 (compatible; MSIE 7.0; Windows NT 5.1)"
81.86.65.21 - - [23/Feb/2007:16:54:46 +0000] "POST /oempro/admin/index.php HTTP/1.1" 302 5 "http://www.som-cap.com/oempro/admin/index.php" "Mozilla/4.0 (compatible; MSIE 7.0; Windows NT 5.1)"
