67.107.55.98 - - [05/Mar/2007:20:06:15 +0000] "GET /images/logo.gif HTTP/1.1" 200 1574 "http://www.som-cap.com/data.htm" "Mozilla/4.0 (compatible; MSIE 6.0; Windows NT 5.1; SV1; .NET CLR 1.1.4322; InfoPath.1)"
62.172.72.131 - - [05/Mar/2007:20:06:18 +0000] "GET /oempro/read.php?EncryptedMemberID=Mjg5OA%3D%3D&CampaignID=79&CampaignStatisticsID=45&Demo=0&Email=mark.calnan@eu.watsonwyatt.com HTTP/1.1" 200 55 "-" "Mozilla/4.0 (compatible; MSIE 6.0; Windows NT 5.1; SV1; .NET CLR 1.0.3705; .NET CLR 1.1.4322; .NET CLR 2.0.50727)"
67.107.55.98 - - [05/Mar/2007:20:06:24 +0000] "GET /biography.htm HTTP/1.1" 200 4087 "http://www.som-cap.com/data.htm" "Mozilla/4.0 (compatible; MSIE 6.0; Windows NT 5.1; SV1; .NET CLR 1.1.4322; InfoPath.1)"
67.107.55.98 - - [05/Mar/2007:20:06:24 +0000] "GET /images/James%20Miller-2.jpg HTTP/1.1" 200 7075 "http://www.som-cap.com/biography.htm" "Mozilla/4.0 (compatible; MSIE 6.0; Windows NT 5.1; SV1; .NET CLR 1.1.4322; InfoPath.1)"
209.213.211.14 - - [05/Mar/2007:20:06:38 +0000] "GET /oempro/read.php?EncryptedMemberID=MzAzMg%3D%3D&CampaignID=79&CampaignStatisticsID=45&Demo=0&Email=mlee@charterventures.com HTTP/1.1" 200 55 "-" "Mozilla/4.0 (compatible; MSIE 6.0; Windows NT 5.1; SV1; .NET CLR 1.1.4322)"
67.107.55.98 - - [05/Mar/2007:20:06:43 +0000] "GET /index.htm HTTP/1.1" 200 3426 "http://www.som-cap.com/biography.htm" "Mozilla/4.0 (compatible; MSIE 6.0; Windows NT 5.1; SV1; .NET CLR 1.1.4322; InfoPath.1)"
67.107.55.98 - - [05/Mar/2007:20:06:45 +0000] "GET /background.htm HTTP/1.1" 200 4144 "http://www.som-cap.com/index.htm" "Mozilla/4.0 (compatible; MSIE 6.0; Windows NT 5.1; SV1; .NET CLR 1.1.4322; InfoPath.1)"
67.107.55.98 - - [05/Mar/2007:20:06:49 +0000] "GET /trackrecord.htm HTTP/1.1" 200 4429 "http://www.som-cap.com/background.htm" "Mozilla/4.0 (compatible; MSIE 6.0; Windows NT 5.1; SV1; .NET CLR 1.1.4322; InfoPath.1)"
67.107.55.98 - - [05/Mar/2007:20:06:49 +0000] "GET /images/6pic.gif HTTP/1.1" 200 9094 "http://www.som-cap.com/trackrecord.htm" "Mozilla/4.0 (compatible; MSIE 6.0; Windows NT 5.1; SV1; .NET CLR 1.1.4322; InfoPath.1)"
67.107.55.98 - - [05/Mar/2007:20:06:49 +0000] "GET /images/5pic.gif HTTP/1.1" 200 9274 "http://www.som-cap.com/trackrecord.htm" "Mozilla/4.0 (compatible; MSIE 6.0; Windows NT 5.1; SV1; .NET CLR 1.1.4322; InfoPath.1)"
67.107.55.98 - - [05/Mar/2007:20:06:49 +0000] "GET /images/4pic.gif HTTP/1.1" 200 10003 "http://www.som-cap.com/trackrecord.htm" "Mozilla/4.0 (compatible; MSIE 6.0; Windows NT 5.1; SV1; .NET CLR 1.1.4322; InfoPath.1)"
67.107.55.98 - - [05/Mar/2007:20:06:49 +0000] "GET /images/3pic.gif HTTP/1.1" 200 10964 "http://www.som-cap.com/trackrecord.htm" "Mozilla/4.0 (compatible; MSIE 6.0; Windows NT 5.1; SV1; .NET CLR 1.1.4322; InfoPath.1)"
67.107.55.98 - - [05/Mar/2007:20:06:50 +0000] "GET /images/2pic.gif HTTP/1.1" 200 10701 "http://www.som-cap.com/trackrecord.htm" "Mozilla/4.0 (compatible; MSIE 6.0; Windows NT 5.1; SV1; .NET CLR 1.1.4322; InfoPath.1)"
67.107.55.98 - - [05/Mar/2007:20:06:50 +0000] "GET /images/1pic.gif HTTP/1.1" 200 12857 "http://www.som-cap.com/trackrecord.htm" "Mozilla/4.0 (compatible; MSIE 6.0; Windows NT 5.1; SV1; .NET CLR 1.1.4322; InfoPath.1)"
64.105.150.10 - - [05/Mar/2007:20:07:32 +0000] "GET /oempro/link.php?URL=aHR0cDovL3d3dy5zb20tY2FwLmNvbS9vZW1wcm8vbGluay5waHA%2FVVJMPWFIUjBjRG92TDNkM2R5NXpiMjB0WTJGd0xtTnZiUzlrWVhSaExtaDBiUT09JmFtcDtOYW1lPSZhbXA7RW5jcnlwdGVkTWVtYmVySUQ9TkRBeU5BPT0mYW1wO0NhbXBhaWduSUQ9NzcmYW1wO0NhbXBhaWduU3RhdGlzdGljc0lEPTQzJmFtcDtEZW1vPTAmYW1wO0VtYWlsPW1hcmllQHNvbS1jYXAuY29t&Name=&EncryptedMemberID=MzQyOA%3D%3D&CampaignID=79&CampaignStatisticsID=45&Demo=0&Email=robert@prismfund.com HTTP/1.1" 302 5 "-" "Mozilla/4.0 (compatible; MSIE 6.0; Windows NT 5.1; SV1; .NET CLR 2.0.50727)"
64.105.150.10 - - [05/Mar/2007:20:07:33 +0000] "GET /oempro/link.php?URL=aHR0cDovL3d3dy5zb20tY2FwLmNvbS9kYXRhLmh0bQ==&Name=&EncryptedMemberID=NDAyNA==&CampaignID=77&CampaignStatisticsID=43&Demo=0&Email=marie@som-cap.com HTTP/1.1" 302 5 "-" "Mozilla/4.0 (compatible; MSIE 6.0; Windows NT 5.1; SV1; .NET CLR 2.0.50727)"
64.105.150.10 - - [05/Mar/2007:20:07:33 +0000] "GET /data.htm HTTP/1.1" 200 6628 "-" "Mozilla/4.0 (compatible; MSIE 6.0; Windows NT 5.1; SV1; .NET CLR 2.0.50727)"
64.105.150.10 - - [05/Mar/2007:20:07:34 +0000] "GET /styles.css HTTP/1.1" 200 497 "http://www.som-cap.com/data.htm" "Mozilla/4.0 (compatible; MSIE 6.0; Windows NT 5.1; SV1; .NET CLR 2.0.50727)"
64.105.150.10 - - [05/Mar/2007:20:07:34 +0000] "GET /images/inbg.jpg HTTP/1.1" 200 32265 "http://www.som-cap.com/data.htm" "Mozilla/4.0 (compatible; MSIE 6.0; Windows NT 5.1; SV1; .NET CLR 2.0.50727)"
64.105.150.10 - - [05/Mar/2007:20:07:34 +0000] "GET /images/logo.gif HTTP/1.1" 200 1574 "http://www.som-cap.com/data.htm" "Mozilla/4.0 (compatible; MSIE 6.0; Windows NT 5.1; SV1; .NET CLR 2.0.50727)"
67.107.55.98 - - [05/Mar/2007:20:07:40 +0000] "POST /cgi-bin/123Formmail.pl HTTP/1.1" 302 225 "http://www.som-cap.com/data.htm" "Mozilla/4.0 (compatible; MSIE 6.0; Windows NT 5.1; SV1; .NET CLR 1.1.4322; InfoPath.1)"
67.107.55.98 - - [05/Mar/2007:20:07:40 +0000] "GET /submit.htm HTTP/1.1" 200 2625 "http://www.som-cap.com/data.htm" "Mozilla/4.0 (compatible; MSIE 6.0; Windows NT 5.1; SV1; .NET CLR 1.1.4322; InfoPath.1)"
67.107.55.98 - - [05/Mar/2007:20:07:40 +0000] "GET /images/spacer.gif HTTP/1.1" 200 43 "http://www.som-cap.com/submit.htm" "Mozilla/4.0 (compatible; MSIE 6.0; Windows NT 5.1; SV1; .NET CLR 1.1.4322; InfoPath.1)"
64.105.150.10 - - [05/Mar/2007:20:07:49 +0000] "GET /images/Private%20Equity%20Data%20Service%20Feb%2007.pdf HTTP/1.1" 200 29186 "http://www.som-cap.com/data.htm" "Mozilla/4.0 (compatible; MSIE 6.0; Windows NT 5.1; SV1; .NET CLR 2.0.50727)"
64.74.79.5 - - [05/Mar/2007:20:07:49 +0000] "GET /oempro/read.php?EncryptedMemberID=MzQ5MQ%3D%3D&CampaignID=79&CampaignStatisticsID=45&Demo=0&Email=ryan.stepanian@lycap.com HTTP/1.1" 200 55 "-" "Mozilla/4.0 (compatible; MSIE 6.0; Windows NT 5.1; MyIE2; SV1; .NET CLR 1.1.4322)"
81.86.65.21 - - [05/Mar/2007:20:07:51 +0000] "GET /oempro/read.php?EncryptedMemberID=MTQ3OA%3D%3D&CampaignID=79&CampaignStatisticsID=&Demo=1&Email=richard_baker@mlc.com.au HTTP/1.1" 200 55 "-" "Mozilla/4.0 (compatible; MSIE 7.0; Windows NT 5.1)"
38.114.132.138 - - [05/Mar/2007:20:08:19 +0000] "GET /oempro/read.php?EncryptedMemberID=MzI5NQ%3D%3D&CampaignID=79&CampaignStatisticsID=45&Demo=0&Email=preddy@pantheonventures.com HTTP/1.0" 200 43 "-" "Mozilla/4.0 (compatible; MSIE 6.0; Windows NT 5.1; SV1; .NET CLR 1.1.4322)"
38.114.132.138 - - [05/Mar/2007:20:08:20 +0000] "GET /oempro/read.php?EncryptedMemberID=MzI5NQ%3D%3D&CampaignID=79&CampaignStatisticsID=45&Demo=0&Email=preddy@pantheonventures.com HTTP/1.0" 200 43 "-" "Mozilla/4.0 (compatible; MSIE 6.0; Windows NT 5.1; SV1; .NET CLR 1.1.4322)"
12.42.44.66 - - [05/Mar/2007:20:08:29 +0000] "GET /oempro/read.php?EncryptedMemberID=MjU3OQ%3D%3D&CampaignID=79&CampaignStatisticsID=45&Demo=0&Email=jlb@cpeaton.com HTTP/1.1" 200 55 "-" "Mozilla/4.0 (compatible; MSIE 6.0; Windows NT 5.1; SV1; .NET CLR 1.1.4322)"
81.86.65.21 - - [05/Mar/2007:20:08:37 +0000] "GET /oempro/read.php?EncryptedMemberID=MTQ3OA%3D%3D&CampaignID=79&CampaignStatisticsID=&Demo=1&Email=richard_baker@mlc.com.au HTTP/1.1" 200 55 "-" "Mozilla/4.0 (compatible; MSIE 7.0; Windows NT 5.1)"
65.167.99.2 - - [05/Mar/2007:20:08:44 +0000] "GET /oempro/read.php?EncryptedMemberID=MzQ2NA%3D%3D&CampaignID=79&CampaignStatisticsID=45&Demo=0&Email=roy.corr@guggenheimpartners.com HTTP/1.0" 200 43 "-" "Mozilla/4.0 (compatible; MSIE 6.0; Windows NT 5.0; .NET CLR 1.1.4322; .NET CLR 2.0.50727)"
64.74.79.5 - - [05/Mar/2007:20:08:56 +0000] "GET /oempro/read.php?EncryptedMemberID=MzQ5MQ%3D%3D&CampaignID=79&CampaignStatisticsID=45&Demo=0&Email=ryan.stepanian@lycap.com HTTP/1.1" 200 55 "-" "Mozilla/4.0 (compatible; MSIE 6.0; Windows NT 5.1; MyIE2; SV1; .NET CLR 1.1.4322)"
64.74.79.5 - - [05/Mar/2007:20:08:59 +0000] "GET /oempro/read.php?EncryptedMemberID=MzQ5MQ%3D%3D&CampaignID=79&CampaignStatisticsID=45&Demo=0&Email=ryan.stepanian@lycap.com HTTP/1.1" 200 55 "-" "Mozilla/4.0 (compatible; MSIE 6.0; Windows NT 5.1; MyIE2; SV1; .NET CLR 1.1.4322)"
38.114.132.138 - - [05/Mar/2007:20:09:06 +0000] "GET /oempro/read.php?EncryptedMemberID=MzI5NQ%3D%3D&CampaignID=79&CampaignStatisticsID=45&Demo=0&Email=preddy@pantheonventures.com HTTP/1.0" 200 43 "-" "Mozilla/4.0 (compatible; MSIE 6.0; Windows NT 5.1; SV1)"
71.16.107.82 - - [05/Mar/2007:20:09:25 +0000] "GET /oempro/read.php?EncryptedMemberID=MjEzMg%3D%3D&CampaignID=79&CampaignStatisticsID=45&Demo=0&Email=edehm@square1bank.com HTTP/1.0" 200 43 "-" "Mozilla/4.0 (compatible; MSIE 6.0; Windows NT 5.1; SV1; .NET CLR 1.1.4322; .NET CLR 2.0.50727)"
81.86.65.21 - - [05/Mar/2007:20:09:25 +0000] "GET /oempro/read.php?EncryptedMemberID=MTQ3OA%3D%3D&CampaignID=79&CampaignStatisticsID=&Demo=1&Email=richard_baker@mlc.com.au HTTP/1.1" 200 55 "-" "Mozilla/4.0 (compatible; MSIE 7.0; Windows NT 5.1)"
208.255.90.221 - - [05/Mar/2007:20:09:30 +0000] "GET /oempro/read.php?EncryptedMemberID=MzM5NA%3D%3D&CampaignID=79&CampaignStatisticsID=45&Demo=0&Email=rlangan@nixonpeabody.com HTTP/1.0" 200 43 "-" "Mozilla/4.0 (compatible; MSIE 6.0; Windows NT 5.1; SV1; .NET CLR 1.1.4322; InfoPath.1)"
65.167.99.2 - - [05/Mar/2007:20:09:33 +0000] "GET /oempro/read.php?EncryptedMemberID=MzQ2NA%3D%3D&CampaignID=79&CampaignStatisticsID=45&Demo=0&Email=roy.corr@guggenheimpartners.com HTTP/1.0" 200 43 "-" "Mozilla/4.0 (compatible; MSIE 6.0; Windows NT 5.0; .NET CLR 1.1.4322; .NET CLR 2.0.50727)"
71.16.107.82 - - [05/Mar/2007:20:09:44 +0000] "GET /oempro/read.php?EncryptedMemberID=MjEzMg%3D%3D&CampaignID=79&CampaignStatisticsID=45&Demo=0&Email=edehm@square1bank.com HTTP/1.0" 200 43 "-" "Mozilla/4.0 (compatible; MSIE 6.0; Windows NT 5.1; SV1; .NET CLR 1.1.4322; .NET CLR 2.0.50727)"
64.84.16.172 - - [05/Mar/2007:20:10:04 +0000] "GET /oempro/read.php?EncryptedMemberID=MzUzOA&CampaignID=79&CampaignStatisticsID=45&Demo=0&Email=EMAIL HTTP/1.0" 200 43 "-" "-"
67.86.124.187 - - [05/Mar/2007:20:10:22 +0000] "GET /oempro/read.php?EncryptedMemberID=MTc5Mg%3D%3D&CampaignID=79&CampaignStatisticsID=45&Demo=0&Email=burstein@mtvlp.com HTTP/1.1" 200 55 "-" "Mozilla/4.0 (compatible; MSIE 7.0; Windows NT 5.1; .NET CLR 1.1.4322)"
38.114.132.138 - - [05/Mar/2007:20:10:57 +0000] "GET /oempro/read.php?EncryptedMemberID=MzI5NQ%3D%3D&CampaignID=79&CampaignStatisticsID=45&Demo=0&Email=preddy@pantheonventures.com HTTP/1.0" 200 43 "-" "Mozilla/4.0 (compatible; MSIE 6.0; Windows NT 5.1; SV1)"
38.114.132.138 - - [05/Mar/2007:20:11:00 +0000] "GET /oempro/read.php?EncryptedMemberID=MzI5NQ%3D%3D&CampaignID=79&CampaignStatisticsID=45&Demo=0&Email=preddy@pantheonventures.com HTTP/1.0" 200 43 "-" "Mozilla/4.0 (compatible; MSIE 6.0; Windows NT 5.1; SV1)"
38.114.132.138 - - [05/Mar/2007:20:11:01 +0000] "GET /oempro/read.php?EncryptedMemberID=MzI5NQ%3D%3D&CampaignID=79&CampaignStatisticsID=45&Demo=0&Email=preddy@pantheonventures.com HTTP/1.0" 200 43 "-" "Mozilla/4.0 (compatible; MSIE 6.0; Windows NT 5.1; SV1)"
69.25.39.22 - - [05/Mar/2007:20:11:03 +0000] "GET /oempro/read.php?EncryptedMemberID=MzUxNw%3D%3D&CampaignID=79&CampaignStatisticsID=45&Demo=0&Email=sanjay.mansukhani@watsonwyatt.com HTTP/1.1" 200 55 "-" "Mozilla/4.0 (compatible; MSIE 6.0; Windows NT 5.1; SV1; .NET CLR 1.1.4322)"
38.114.132.138 - - [05/Mar/2007:20:11:03 +0000] "GET /oempro/read.php?EncryptedMemberID=MzI5NQ%3D%3D&CampaignID=79&CampaignStatisticsID=45&Demo=0&Email=preddy@pantheonventures.com HTTP/1.0" 200 43 "-" "Mozilla/4.0 (compatible; MSIE 6.0; Windows NT 5.1; SV1)"
69.25.39.22 - - [05/Mar/2007:20:11:09 +0000] "GET /oempro/read.php?EncryptedMemberID=MzUxNw%3D%3D&CampaignID=79&CampaignStatisticsID=45&Demo=0&Email=sanjay.mansukhani@watsonwyatt.com HTTP/1.1" 200 55 "-" "Mozilla/4.0 (compatible; MSIE 6.0; Windows NT 5.1; SV1; .NET CLR 1.1.4322)"
165.236.130.98 - - [05/Mar/2007:20:11:31 +0000] "GET /oempro/read.php?EncryptedMemberID=MjU4OQ%3D%3D&CampaignID=79&CampaignStatisticsID=45&Demo=0&Email=jmichael@peppertreefund.com HTTP/1.1" 200 55 "-" "Mozilla/4.0 (compatible; MSIE 7.0; Windows NT 5.1; .NET CLR 1.0.3705; .NET CLR 1.1.4322)"
64.240.124.2 - - [05/Mar/2007:20:11:37 +0000] "GET /oempro/read.php?EncryptedMemberID=MzA2OA%3D%3D&CampaignID=79&CampaignStatisticsID=45&Demo=0&Email=myeomans@ddjcap.com HTTP/1.1" 200 55 "-" "Mozilla/4.0 (compatible; MSIE 7.0; Windows NT 5.1; .NET CLR 1.1.4322)"
69.129.4.226 - - [05/Mar/2007:20:11:50 +0000] "GET /oempro/read.php?EncryptedMemberID=Mjc0Ng%3D%3D&CampaignID=79&CampaignStatisticsID=45&Demo=0&Email=kkenealey@masonwells.com HTTP/1.1" 200 55 "-" "Mozilla/4.0 (compatible; MSIE 7.0; Windows NT 5.1; .NET CLR 1.1.4322; .NET CLR 2.0.50727; .NET CLR 3.0.04506.30)"
204.80.61.114 - - [05/Mar/2007:20:12:10 +0000] "GET /oempro/read.php?EncryptedMemberID=MTcxNA%3D%3D&CampaignID=79&CampaignStatisticsID=45&Demo=0&Email=bdhughes@osc.state.ny.us HTTP/1.0" 200 43 "-" "Mozilla/4.0 (compatible; Lotus-Notes/6.0; Windows-NT)"
64.74.79.5 - - [05/Mar/2007:20:12:16 +0000] "GET /oempro/read.php?EncryptedMemberID=MzQ5MQ%3D%3D&CampaignID=79&CampaignStatisticsID=45&Demo=0&Email=ryan.stepanian@lycap.com HTTP/1.1" 200 55 "-" "Mozilla/4.0 (compatible; MSIE 6.0; Windows NT 5.1; MyIE2; SV1; .NET CLR 1.1.4322)"
64.74.79.5 - - [05/Mar/2007:20:12:24 +0000] "GET /oempro/read.php?EncryptedMemberID=MzQ5MQ%3D%3D&CampaignID=79&CampaignStatisticsID=45&Demo=0&Email=ryan.stepanian@lycap.com HTTP/1.1" 200 55 "-" "Mozilla/4.0 (compatible; MSIE 6.0; Windows NT 5.1; MyIE2; SV1; .NET CLR 1.1.4322)"
38.114.132.138 - - [05/Mar/2007:20:12:40 +0000] "GET /oempro/read.php?EncryptedMemberID=MzI5NQ%3D%3D&CampaignID=79&CampaignStatisticsID=45&Demo=0&Email=preddy@pantheonventures.com HTTP/1.0" 200 43 "-" "Mozilla/4.0 (compatible; MSIE 6.0; Windows NT 5.1; Pantheon Ventures Limited)"
143.58.124.11 - - [05/Mar/2007:20:12:51 +0000] "GET /oempro/read.php?EncryptedMemberID=MjQ1MQ%3D%3D&CampaignID=79&CampaignStatisticsID=45&Demo=0&Email=ikleutgens@mayerbrownrowe.com HTTP/1.1" 200 55 "-" "Mozilla/4.0 (compatible; MSIE 6.0; Windows NT 5.1; SV1; .NET CLR 1.1.4322; .NET CLR 2.0.50727)"
38.114.132.138 - - [05/Mar/2007:20:12:51 +0000] "GET /oempro/read.php?EncryptedMemberID=MzI5NQ%3D%3D&CampaignID=79&CampaignStatisticsID=45&Demo=0&Email=preddy@pantheonventures.com HTTP/1.0" 200 43 "-" "Mozilla/4.0 (compatible; MSIE 6.0; Windows NT 5.1; Pantheon Ventures Limited)"
71.16.107.82 - - [05/Mar/2007:20:13:21 +0000] "GET /oempro/read.php?EncryptedMemberID=MjEzMg%3D%3D&CampaignID=79&CampaignStatisticsID=45&Demo=0&Email=edehm@square1bank.com HTTP/1.0" 200 43 "-" "Mozilla/4.0 (compatible; MSIE 6.0; Windows NT 5.1; SV1; .NET CLR 1.1.4322; .NET CLR 2.0.50727)"
209.212.79.3 - - [05/Mar/2007:20:13:32 +0000] "GET /oempro/read.php?EncryptedMemberID=MjAyNQ%3D%3D&CampaignID=79&CampaignStatisticsID=45&Demo=0&Email=ddempsey@bentleylp.com HTTP/1.1" 200 55 "-" "Mozilla/4.0 (compatible; MSIE 6.0; Windows NT 5.0)"
38.114.132.138 - - [05/Mar/2007:20:13:39 +0000] "GET /oempro/read.php?EncryptedMemberID=MzI5NQ%3D%3D&CampaignID=79&CampaignStatisticsID=45&Demo=0&Email=preddy@pantheonventures.com HTTP/1.0" 200 43 "-" "Mozilla/4.0 (compatible; MSIE 6.0; Windows NT 5.1; Pantheon Ventures Limited)"
198.234.34.226 - - [05/Mar/2007:20:14:03 +0000] "GET /oempro/read.php?EncryptedMemberID=MTc1Mg%3D%3D&CampaignID=79&CampaignStatisticsID=45&Demo=0&Email=bluke@op-f.org HTTP/1.1" 200 55 "-" "Mozilla/4.0 (compatible; MSIE 6.0; Windows NT 5.1; SV1; .NET CLR 1.0.3705; .NET CLR 1.1.4322; .NET CLR 2.0.50727)"
70.88.225.89 - - [05/Mar/2007:20:14:22 +0000] "GET /oempro/read.php?EncryptedMemberID=MTY3Mw%3D%3D&CampaignID=79&CampaignStatisticsID=45&Demo=0&Email=ashton@montagunewhall.com HTTP/1.1" 200 55 "-" "Mozilla/4.0 (compatible; MSIE 6.0; Windows NT 5.1; SV1; .NET CLR 1.1.4322)"
165.236.130.98 - - [05/Mar/2007:20:15:02 +0000] "GET /oempro/read.php?EncryptedMemberID=MjU4OQ%3D%3D&CampaignID=79&CampaignStatisticsID=45&Demo=0&Email=jmichael@peppertreefund.com HTTP/1.1" 200 55 "-" "Mozilla/4.0 (compatible; MSIE 7.0; Windows NT 5.1; .NET CLR 1.0.3705; .NET CLR 1.1.4322)"
70.107.245.64 - - [05/Mar/2007:20:15:21 +0000] "GET /oempro/read.php?EncryptedMemberID=MzM5OQ%3D%3D&CampaignID=79&CampaignStatisticsID=45&Demo=0&Email=rm@britcap.com HTTP/1.1" 200 55 "-" "Mozilla/4.0 (compatible; MSIE 7.0; Windows NT 5.1; (R1 1.5); .NET CLR 1.1.4322)"
70.107.245.64 - - [05/Mar/2007:20:15:27 +0000] "GET /oempro/read.php?EncryptedMemberID=MzM5OQ%3D%3D&CampaignID=79&CampaignStatisticsID=45&Demo=0&Email=rm@britcap.com HTTP/1.1" 200 55 "-" "Mozilla/4.0 (compatible; MSIE 7.0; Windows NT 5.1; (R1 1.5); .NET CLR 1.1.4322)"
65.223.81.120 - - [05/Mar/2007:20:15:55 +0000] "GET /oempro/read.php?EncryptedMemberID=MzY0Mw%3D%3D&CampaignID=79&CampaignStatisticsID=45&Demo=0&Email=ssimonian@gabrielvp.com HTTP/1.1" 200 55 "-" "Mozilla/4.0 (compatible; MSIE 7.0; Windows NT 5.1; .NET CLR 1.1.4322)"
64.190.19.2 - - [05/Mar/2007:20:16:24 +0000] "GET /oempro/read.php?EncryptedMemberID=MzQwNg%3D%3D&CampaignID=79&CampaignStatisticsID=45&Demo=0&Email=rmoseley@llmcapital.com HTTP/1.1" 200 55 "-" "Mozilla/4.0 (compatible; MSIE 6.0; Windows NT 5.1; SV1)"
199.67.140.42 - - [05/Mar/2007:20:16:27 +0000] "GET /oempro/read.php?EncryptedMemberID=MjYyMQ%3D%3D&CampaignID=79&CampaignStatisticsID=45&Demo=0&Email=john.r.barber@ssmb.com HTTP/1.1" 200 55 "-" "Mozilla/4.0 (compatible; MSIE 6.0; Windows NT 5.0; .NET CLR 2.0.50727)"
199.67.140.42 - - [05/Mar/2007:20:16:28 +0000] "GET /oempro/read.php?EncryptedMemberID=MjYyMQ%3D%3D&CampaignID=79&CampaignStatisticsID=45&Demo=0&Email=john.r.barber@ssmb.com HTTP/1.1" 200 55 "-" "Mozilla/4.0 (compatible; MSIE 6.0; Windows NT 5.0; .NET CLR 2.0.50727)"
195.6.48.191 - - [05/Mar/2007:20:16:30 +0000] "GET /oempro/read.php?EncryptedMemberID=MzM1Nw%3D%3D&CampaignID=79&CampaignStatisticsID=45&Demo=0&Email=research@hdf-finance.fr HTTP/1.0" 200 43 "-" "Mozilla/4.0 (compatible; Lotus-Notes/6.0; Windows-NT)"
12.42.44.66 - - [05/Mar/2007:20:16:35 +0000] "GET /oempro/read.php?EncryptedMemberID=MjU3OQ%3D%3D&CampaignID=79&CampaignStatisticsID=45&Demo=0&Email=jlb@cpeaton.com HTTP/1.1" 200 55 "-" "Mozilla/4.0 (compatible; MSIE 6.0; Windows NT 5.1; SV1; .NET CLR 1.1.4322)"
195.6.48.191 - - [05/Mar/2007:20:16:36 +0000] "GET /oempro/read.php?EncryptedMemberID=MzM1Nw%3D%3D&CampaignID=79&CampaignStatisticsID=45&Demo=0&Email=research@hdf-finance.fr HTTP/1.0" 200 43 "-" "Mozilla/4.0 (compatible; Lotus-Notes/6.0; Windows-NT)"
67.97.45.10 - - [05/Mar/2007:20:16:43 +0000] "GET /oempro/read.php?EncryptedMemberID=MzQ3Mg%3D%3D&CampaignID=79&CampaignStatisticsID=45&Demo=0&Email=rstein@astorllc.com HTTP/1.1" 200 55 "-" "Mozilla/4.0 (compatible; MSIE 7.0; Windows NT 5.1; .NET CLR 1.1.4322; InfoPath.1)"
12.42.44.66 - - [05/Mar/2007:20:16:59 +0000] "GET /oempro/read.php?EncryptedMemberID=MjU3OQ%3D%3D&CampaignID=79&CampaignStatisticsID=45&Demo=0&Email=jlb@cpeaton.com HTTP/1.1" 200 55 "-" "Mozilla/4.0 (compatible; MSIE 6.0; Windows NT 5.1; SV1; .NET CLR 1.1.4322)"
165.236.130.98 - - [05/Mar/2007:20:17:05 +0000] "GET /oempro/read.php?EncryptedMemberID=MjU4OQ%3D%3D&CampaignID=79&CampaignStatisticsID=45&Demo=0&Email=jmichael@peppertreefund.com HTTP/1.1" 200 55 "-" "Mozilla/4.0 (compatible; MSIE 7.0; Windows NT 5.1; .NET CLR 1.0.3705; .NET CLR 1.1.4322)"
165.236.130.98 - - [05/Mar/2007:20:18:24 +0000] "GET /oempro/read.php?EncryptedMemberID=MjU4OQ%3D%3D&CampaignID=79&CampaignStatisticsID=45&Demo=0&Email=jmichael@peppertreefund.com HTTP/1.1" 200 55 "-" "Mozilla/4.0 (compatible; MSIE 7.0; Windows NT 5.1; .NET CLR 1.0.3705; .NET CLR 1.1.4322)"
63.138.40.228 - - [05/Mar/2007:20:18:25 +0000] "GET /oempro/read.php?EncryptedMemberID=MzAyOA%3D%3D&CampaignID=79&CampaignStatisticsID=45&Demo=0&Email=mkinner@quilvestusa.com HTTP/1.1" 200 55 "-" "Mozilla/4.0 (compatible; MSIE 6.0; Windows NT 5.1; SV1; .NET CLR 1.1.4322)"
65.110.174.162 - - [05/Mar/2007:20:18:58 +0000] "GET /data.htm HTTP/1.1" 200 6628 "-" "Mozilla/4.0 (compatible; MSIE 6.0; Windows NT 5.1; SV1; InfoPath.1; .NET CLR 1.1.4322; .NET CLR 2.0.50727)"
65.110.174.162 - - [05/Mar/2007:20:18:58 +0000] "GET /images/inbg.jpg HTTP/1.1" 200 32265 "http://www.som-cap.com/data.htm" "Mozilla/4.0 (compatible; MSIE 6.0; Windows NT 5.1; SV1; InfoPath.1; .NET CLR 1.1.4322; .NET CLR 2.0.50727)"
65.110.174.162 - - [05/Mar/2007:20:18:59 +0000] "GET /images/logo.gif HTTP/1.1" 200 1574 "http://www.som-cap.com/data.htm" "Mozilla/4.0 (compatible; MSIE 6.0; Windows NT 5.1; SV1; InfoPath.1; .NET CLR 1.1.4322; .NET CLR 2.0.50727)"
65.110.174.162 - - [05/Mar/2007:20:18:59 +0000] "GET /styles.css HTTP/1.1" 200 497 "http://www.som-cap.com/data.htm" "Mozilla/4.0 (compatible; MSIE 6.0; Windows NT 5.1; SV1; InfoPath.1; .NET CLR 1.1.4322; .NET CLR 2.0.50727)"
65.110.174.162 - - [05/Mar/2007:20:19:05 +0000] "GET /trackrecord.htm HTTP/1.1" 200 4429 "http://www.som-cap.com/data.htm" "Mozilla/4.0 (compatible; MSIE 6.0; Windows NT 5.1; SV1; InfoPath.1; .NET CLR 1.1.4322; .NET CLR 2.0.50727)"
65.110.174.162 - - [05/Mar/2007:20:19:06 +0000] "GET /images/6pic.gif HTTP/1.1" 200 9094 "http://www.som-cap.com/trackrecord.htm" "Mozilla/4.0 (compatible; MSIE 6.0; Windows NT 5.1; SV1; InfoPath.1; .NET CLR 1.1.4322; .NET CLR 2.0.50727)"
65.110.174.162 - - [05/Mar/2007:20:19:06 +0000] "GET /images/5pic.gif HTTP/1.1" 200 9274 "http://www.som-cap.com/trackrecord.htm" "Mozilla/4.0 (compatible; MSIE 6.0; Windows NT 5.1; SV1; InfoPath.1; .NET CLR 1.1.4322; .NET CLR 2.0.50727)"
65.110.174.162 - - [05/Mar/2007:20:19:06 +0000] "GET /images/3pic.gif HTTP/1.1" 200 10964 "http://www.som-cap.com/trackrecord.htm" "Mozilla/4.0 (compatible; MSIE 6.0; Windows NT 5.1; SV1; InfoPath.1; .NET CLR 1.1.4322; .NET CLR 2.0.50727)"
65.110.174.162 - - [05/Mar/2007:20:19:06 +0000] "GET /images/4pic.gif HTTP/1.1" 200 10003 "http://www.som-cap.com/trackrecord.htm" "Mozilla/4.0 (compatible; MSIE 6.0; Windows NT 5.1; SV1; InfoPath.1; .NET CLR 1.1.4322; .NET CLR 2.0.50727)"
65.110.174.162 - - [05/Mar/2007:20:19:06 +0000] "GET /images/2pic.gif HTTP/1.1" 200 10701 "http://www.som-cap.com/trackrecord.htm" "Mozilla/4.0 (compatible; MSIE 6.0; Windows NT 5.1; SV1; InfoPath.1; .NET CLR 1.1.4322; .NET CLR 2.0.50727)"
65.110.174.162 - - [05/Mar/2007:20:19:07 +0000] "GET /images/1pic.gif HTTP/1.1" 200 12857 "http://www.som-cap.com/trackrecord.htm" "Mozilla/4.0 (compatible; MSIE 6.0; Windows NT 5.1; SV1; InfoPath.1; .NET CLR 1.1.4322; .NET CLR 2.0.50727)"
65.110.174.162 - - [05/Mar/2007:20:19:19 +0000] "GET /images/Private%20Equity%20Data%20Service%20Feb%2007.pdf HTTP/1.1" 200 29186 "http://www.som-cap.com/data.htm" "Mozilla/4.0 (compatible; MSIE 6.0; Windows NT 5.1; SV1; InfoPath.1; .NET CLR 1.1.4322; .NET CLR 2.0.50727)"
68.20.191.154 - - [05/Mar/2007:20:19:29 +0000] "GET /oempro/read.php?EncryptedMemberID=MjU4OA%3D%3D&CampaignID=79&CampaignStatisticsID=45&Demo=0&Email=jmg@goensebounds.com HTTP/1.1" 200 55 "-" "Mozilla/4.0 (compatible; MSIE 6.0; Windows NT 5.1; SV1; .NET CLR 1.1.4322)"
63.138.156.18 - - [05/Mar/2007:20:19:31 +0000] "GET /oempro/read.php?EncryptedMemberID=MjgzMA%3D%3D&CampaignID=79&CampaignStatisticsID=45&Demo=0&Email=lobel@sentinelpartners.com HTTP/1.1" 200 55 "-" "Mozilla/4.0 (compatible; MSIE 7.0; Windows NT 5.1; .NET CLR 1.1.4322; .NET CLR 2.0.50727; .NET CLR 3.0.04506.30)"
71.16.107.82 - - [05/Mar/2007:20:19:55 +0000] "GET /oempro/read.php?EncryptedMemberID=MjEzMg%3D%3D&CampaignID=79&CampaignStatisticsID=45&Demo=0&Email=edehm@square1bank.com HTTP/1.0" 200 43 "-" "Mozilla/4.0 (compatible; MSIE 6.0; Windows NT 5.1; SV1; .NET CLR 1.1.4322; .NET CLR 2.0.50727)"
63.138.156.18 - - [05/Mar/2007:20:20:15 +0000] "GET /oempro/read.php?EncryptedMemberID=MjgzMA%3D%3D&CampaignID=79&CampaignStatisticsID=45&Demo=0&Email=lobel@sentinelpartners.com HTTP/1.1" 200 55 "-" "Mozilla/4.0 (compatible; MSIE 7.0; Windows NT 5.1; .NET CLR 1.1.4322; .NET CLR 2.0.50727; .NET CLR 3.0.04506.30)"
63.138.156.18 - - [05/Mar/2007:20:20:15 +0000] "GET /oempro/read.php?EncryptedMemberID=MjgzMA%3D%3D&CampaignID=79&CampaignStatisticsID=45&Demo=0&Email=lobel@sentinelpartners.com HTTP/1.1" 200 55 "-" "Mozilla/4.0 (compatible; MSIE 7.0; Windows NT 5.1; .NET CLR 1.1.4322; .NET CLR 2.0.50727; .NET CLR 3.0.04506.30)"
72.5.136.5 - - [05/Mar/2007:20:20:20 +0000] "GET /oempro/read.php?EncryptedMemberID=Mzc4OQ%3D%3D&CampaignID=79&CampaignStatisticsID=45&Demo=0&Email=tjmaloney@lincolnshiremgmt.com HTTP/1.1" 200 55 "-" "Mozilla/4.0 (compatible; MSIE 6.0; Windows NT 5.1; SV1; .NET CLR 1.0.3705)"
63.161.123.186 - - [05/Mar/2007:20:20:20 +0000] "GET /oempro/read.php?EncryptedMemberID=MzQ1NA%3D%3D&CampaignID=79&CampaignStatisticsID=45&Demo=0&Email=ronald.ulich@lmginv.com HTTP/1.1" 200 55 "-" "Mozilla/4.0 (compatible; MSIE 5.5; Windows NT 5.0; T312461)"
205.158.144.90 - - [05/Mar/2007:20:20:45 +0000] "GET /oempro/read.php?EncryptedMemberID=Mjk1MA%3D%3D&CampaignID=79&CampaignStatisticsID=45&Demo=0&Email=mbronfein@sterlingpartners.us HTTP/1.1" 200 55 "-" "Mozilla/4.0 (compatible; MSIE 6.0; Windows NT 5.1; SV1; .NET CLR 1.1.4322)"
63.138.40.228 - - [05/Mar/2007:20:21:12 +0000] "GET /oempro/read.php?EncryptedMemberID=MzAyOA%3D%3D&CampaignID=79&CampaignStatisticsID=45&Demo=0&Email=mkinner@quilvestusa.com HTTP/1.1" 200 55 "-" "Mozilla/4.0 (compatible; MSIE 6.0; Windows NT 5.1; SV1; .NET CLR 1.1.4322)"
12.42.44.66 - - [05/Mar/2007:20:22:11 +0000] "GET /oempro/read.php?EncryptedMemberID=MjU3OQ%3D%3D&CampaignID=79&CampaignStatisticsID=45&Demo=0&Email=jlb@cpeaton.com HTTP/1.1" 200 55 "-" "Mozilla/4.0 (compatible; MSIE 6.0; Windows NT 5.1; SV1; .NET CLR 1.1.4322)"
81.86.65.21 - - [05/Mar/2007:20:22:35 +0000] "GET /oempro/admin/campaign_browse.php HTTP/1.1" 200 49817 "http://www.som-cap.com/oempro/admin/settings_cron.php" "Mozilla/4.0 (compatible; MSIE 7.0; Windows NT 5.1)"
81.86.65.21 - - [05/Mar/2007:20:22:35 +0000] "GET /oempro/system/data/templates/enhanced_english/media/css/styles_screen.css HTTP/1.1" 304 - "http://www.som-cap.com/oempro/admin/campaign_browse.php" "Mozilla/4.0 (compatible; MSIE 7.0; Windows NT 5.1)"
81.86.65.21 - - [05/Mar/2007:20:22:35 +0000] "GET /oempro/system/data/templates/enhanced_english/media/css/styles_menu.css HTTP/1.1" 304 - "http://www.som-cap.com/oempro/admin/campaign_browse.php" "Mozilla/4.0 (compatible; MSIE 7.0; Windows NT 5.1)"
81.86.65.21 - - [05/Mar/2007:20:22:35 +0000] "GET /oempro/system/data/templates/enhanced_english/media/css/styles_help.css HTTP/1.1" 304 - "http://www.som-cap.com/oempro/admin/campaign_browse.php" "Mozilla/4.0 (compatible; MSIE 7.0; Windows NT 5.1)"
81.86.65.21 - - [05/Mar/2007:20:22:35 +0000] "GET /oempro/system/data/templates/enhanced_english/media/scripts/functions_administrator.js HTTP/1.1" 304 - "http://www.som-cap.com/oempro/admin/campaign_browse.php" "Mozilla/4.0 (compatible; MSIE 7.0; Windows NT 5.1)"
81.86.65.21 - - [05/Mar/2007:20:22:36 +0000] "GET /oempro/system/data/templates/enhanced_english/media/scripts/menu.js HTTP/1.1" 304 - "http://www.som-cap.com/oempro/admin/campaign_browse.php" "Mozilla/4.0 (compatible; MSIE 7.0; Windows NT 5.1)"
81.86.65.21 - - [05/Mar/2007:20:22:36 +0000] "GET /oempro/system/data/templates/enhanced_english/media/scripts/help.js HTTP/1.1" 304 - "http://www.som-cap.com/oempro/admin/campaign_browse.php" "Mozilla/4.0 (compatible; MSIE 7.0; Windows NT 5.1)"
69.221.195.2 - - [05/Mar/2007:20:22:36 +0000] "GET /oempro/read.php?EncryptedMemberID=Mzc5NA%3D%3D&CampaignID=79&CampaignStatisticsID=45&Demo=0&Email=tmackenzie@meritcapital.com HTTP/1.1" 200 55 "-" "Mozilla/4.0 (compatible; MSIE 7.0; Windows NT 5.1; .NET CLR 1.1.4322; InfoPath.1)"
81.86.65.21 - - [05/Mar/2007:20:22:36 +0000] "GET /oempro/system/data/templates/enhanced_english/media/scripts/help_texts.js HTTP/1.1" 304 - "http://www.som-cap.com/oempro/admin/campaign_browse.php" "Mozilla/4.0 (compatible; MSIE 7.0; Windows NT 5.1)"
81.86.65.21 - - [05/Mar/2007:20:22:53 +0000] "GET /oempro/admin/campaign_tracker.php?CampaignID=79 HTTP/1.1" 200 18763 "-" "Mozilla/4.0 (compatible; MSIE 7.0; Windows NT 5.1)"
81.86.65.21 - - [05/Mar/2007:20:22:55 +0000] "GET /oempro/system/data/templates/enhanced_english/media/images/theme/button_stop.gif HTTP/1.1" 200 342 "http://www.som-cap.com/oempro/admin/campaign_tracker.php?CampaignID=79" "Mozilla/4.0 (compatible; MSIE 7.0; Windows NT 5.1)"
81.86.65.21 - - [05/Mar/2007:20:22:55 +0000] "GET /oempro/system/data/templates/enhanced_english/media/images/charts/octethGrapher.swf?source=http%3A%2F%2Fwww.som-cap.com%2Foempro%2Fadmin%2Fcampaign_tracker.php%3FMode%3DSnapShotXML%26CampaignStatisticsID%3D45&refreshrate=3 HTTP/1.1" 200 12031 "-" "Mozilla/4.0 (compatible; MSIE 7.0; Windows NT 5.1)"
81.86.65.21 - - [05/Mar/2007:20:23:07 +0000] "GET /oempro/admin/campaign_tracker.php?Mode=SnapShotXML&CampaignStatisticsID=45 HTTP/1.1" 200 502 "-" "Mozilla/4.0 (compatible; MSIE 7.0; Windows NT 5.1)"
80.1.224.4 - - [05/Mar/2007:20:23:11 +0000] "GET /oempro/read.php?EncryptedMemberID=MTk1NA%3D%3D&CampaignID=79&CampaignStatisticsID=45&Demo=0&Email=d.tate@nova-cap.com HTTP/1.0" 200 43 "-" "Mozilla/4.0 (compatible; MSIE 7.0; Windows NT 5.1; Mailinfo [639558]; .NET CLR 1.1.4322)"
81.86.65.21 - - [05/Mar/2007:20:23:32 +0000] "GET /oempro/admin/campaign_tracker.php?Mode=SnapShotXML&CampaignStatisticsID=45 HTTP/1.1" 200 502 "-" "Mozilla/4.0 (compatible; MSIE 7.0; Windows NT 5.1)"
38.114.132.138 - - [05/Mar/2007:20:23:32 +0000] "GET /oempro/read.php?EncryptedMemberID=MzI5NQ%3D%3D&CampaignID=79&CampaignStatisticsID=45&Demo=0&Email=preddy@pantheonventures.com HTTP/1.0" 200 43 "-" "Mozilla/4.0 (compatible; MSIE 6.0; Windows NT 5.1; SV1; .NET CLR 1.1.4322)"
65.125.55.106 - - [05/Mar/2007:20:23:32 +0000] "GET /oempro/read.php?EncryptedMemberID=MzYxMQ%3D%3D&CampaignID=79&CampaignStatisticsID=45&Demo=0&Email=snayar@hspnews.com HTTP/1.1" 200 55 "-" "Mozilla/4.0 (compatible; MSIE 7.0; Windows NT 5.1; .NET CLR 1.1.4322)"
65.206.26.226 - - [05/Mar/2007:20:23:37 +0000] "GET /oempro/read.php?EncryptedMemberID=MzEzMg%3D%3D&CampaignID=79&CampaignStatisticsID=45&Demo=0&Email=nsomers@svip.com HTTP/1.1" 200 55 "-" "Mozilla/4.0 (compatible; MSIE 6.0; Windows NT 5.0; .NET CLR 1.1.4322)"
212.209.133.18 - - [05/Mar/2007:20:23:37 +0000] "GET /oempro/read.php?EncryptedMemberID=Mzg0Nw%3D%3D&CampaignID=79&CampaignStatisticsID=45&Demo=0&Email=urwitz@segulah.se HTTP/1.1" 200 55 "-" "Mozilla/4.0 (compatible; MSIE 6.0; Windows NT 5.1; SV1)"
80.1.224.4 - - [05/Mar/2007:20:23:43 +0000] "GET /oempro/read.php?EncryptedMemberID=MTk1NA%3D%3D&CampaignID=79&CampaignStatisticsID=45&Demo=0&Email=d.tate@nova-cap.com HTTP/1.0" 200 43 "-" "Mozilla/4.0 (compatible; MSIE 7.0; Windows NT 5.1; Mailinfo [639558]; .NET CLR 1.1.4322)"
71.16.107.82 - - [05/Mar/2007:20:25:15 +0000] "GET /oempro/read.php?EncryptedMemberID=MjEzMg%3D%3D&CampaignID=79&CampaignStatisticsID=45&Demo=0&Email=edehm@square1bank.com HTTP/1.0" 200 43 "-" "Mozilla/4.0 (compatible; MSIE 6.0; Windows NT 5.1; SV1; .NET CLR 1.1.4322; .NET CLR 2.0.50727)"
65.221.3.7 - - [05/Mar/2007:20:25:39 +0000] "GET /oempro/read.php?EncryptedMemberID=MTgzNA%3D%3D&CampaignID=79&CampaignStatisticsID=45&Demo=0&Email=ccook@cambridgeassociates.com HTTP/1.0" 200 43 "-" "Mozilla/4.0 (compatible; Lotus-Notes/5.0; Windows-NT)"
212.109.69.15 - - [05/Mar/2007:20:25:46 +0000] "GET /oempro/link.php?URL=aHR0cDovL3d3dy5zb20tY2FwLmNvbS9vZW1wcm8vbGluay5waHA%2FVVJMPWFIUjBjRG92TDNkM2R5NXpiMjB0WTJGd0xtTnZiUzlrWVhSaExtaDBiUT09JmFtcDtOYW1lPSZhbXA7RW5jcnlwdGVkTWVtYmVySUQ9TkRBeU5BPT0mYW1wO0NhbXBhaWduSUQ9NzcmYW1wO0NhbXBhaWduU3RhdGlzdGljc0lEPTQzJmFtcDtEZW1vPTAmYW1wO0VtYWlsPW1hcmllQHNvbS1jYXAuY29t&Name=&EncryptedMemberID=MzAyMA%3D%3D&CampaignID=79&CampaignStatisticsID=45&Demo=0&Email=mizrahi@mizrahiassociates.com HTTP/1.1" 302 5 "-" "Mozilla/4.0 (compatible; MSIE 6.0; Windows NT 5.1; SV1; .NET CLR 1.1.4322; .NET CLR 2.0.50727)"
64.52.113.203 - - [05/Mar/2007:20:26:29 +0000] "GET /oempro/read.php?EncryptedMemberID=MjY0OA%3D%3D&CampaignID=79&CampaignStatisticsID=45&Demo=0&Email=joshua@747capital.com HTTP/1.1" 200 55 "-" "Mozilla/4.0 (compatible; MSIE 7.0; Windows NT 5.1; .NET CLR 1.1.4322)"
80.1.224.4 - - [05/Mar/2007:20:26:29 +0000] "GET /oempro/read.php?EncryptedMemberID=MTk1NA%3D%3D&CampaignID=79&CampaignStatisticsID=45&Demo=0&Email=d.tate@nova-cap.com HTTP/1.1" 200 55 "-" "Mozilla/4.0 (compatible; MSIE 7.0; Windows NT 5.1; Mailinfo [639558]; .NET CLR 1.1.4322)"
208.251.127.102 - - [05/Mar/2007:20:26:31 +0000] "GET /oempro/read.php?EncryptedMemberID=MzY5Mg%3D%3D&CampaignID=79&CampaignStatisticsID=45&Demo=0&Email=stilaye@lacera.com HTTP/1.0" 200 43 "-" "Mozilla/4.0 (compatible; MSIE 6.0; Windows NT 5.0; .NET CLR 1.1.4322)"
81.86.65.21 - - [05/Mar/2007:20:26:31 +0000] "GET /oempro/admin/campaign_tracker.php?CampaignID=79 HTTP/1.1" 200 18763 "-" "Mozilla/4.0 (compatible; MSIE 7.0; Windows NT 5.1)"
81.86.65.21 - - [05/Mar/2007:20:26:33 +0000] "GET /oempro/admin/ HTTP/1.1" 304 - "-" "Mozilla/4.0 (compatible; MSIE 7.0; Windows NT 5.1)"
65.206.26.226 - - [05/Mar/2007:20:26:33 +0000] "GET /oempro/read.php?EncryptedMemberID=MzEzMg%3D%3D&CampaignID=79&CampaignStatisticsID=45&Demo=0&Email=nsomers@svip.com HTTP/1.1" 200 55 "-" "Mozilla/4.0 (compatible; MSIE 6.0; Windows NT 5.0; .NET CLR 1.1.4322)"
80.1.224.4 - - [05/Mar/2007:20:27:58 +0000] "GET /oempro/read.php?EncryptedMemberID=MTk1NA%3D%3D&CampaignID=79&CampaignStatisticsID=45&Demo=0&Email=d.tate@nova-cap.com HTTP/1.0" 200 43 "-" "Mozilla/4.0 (compatible; MSIE 7.0; Windows NT 5.1; Mailinfo [639558]; .NET CLR 1.1.4322)"
208.251.127.102 - - [05/Mar/2007:20:28:03 +0000] "GET /oempro/read.php?EncryptedMemberID=MzY5Mg%3D%3D&CampaignID=79&CampaignStatisticsID=45&Demo=0&Email=stilaye@lacera.com HTTP/1.0" 200 43 "-" "Mozilla/4.0 (compatible; MSIE 6.0; Windows NT 5.0; .NET CLR 1.1.4322)"
80.1.224.4 - - [05/Mar/2007:20:28:06 +0000] "GET /oempro/read.php?EncryptedMemberID=MTk1NA%3D%3D&CampaignID=79&CampaignStatisticsID=45&Demo=0&Email=d.tate@nova-cap.com HTTP/1.1" 200 55 "-" "Mozilla/4.0 (compatible; MSIE 7.0; Windows NT 5.1; Mailinfo [639558]; .NET CLR 1.1.4322)"
216.95.215.88 - - [05/Mar/2007:20:28:07 +0000] "GET /oempro/read.php?EncryptedMemberID=MjE0Mw%3D%3D&CampaignID=79&CampaignStatisticsID=45&Demo=0&Email=ehershberg@oncap.com HTTP/1.1" 200 55 "-" "Mozilla/4.0 (compatible; MSIE 6.0; Windows NT 5.1; SV1; .NET CLR 1.1.4322; .NET CLR 2.0.50727)"
81.149.48.108 - - [05/Mar/2007:20:30:10 +0000] "GET /oempro/link.php?URL=aHR0cDovL3d3dy5zb20tY2FwLmNvbS9vZW1wcm8vbGluay5waHA%2FVVJMPWFIUjBjRG92TDNkM2R5NXpiMjB0WTJGd0xtTnZiUzg9JmFtcDtOYW1lPSZhbXA7RW5jcnlwdGVkTWVtYmVySUQ9TkRBeU5BPT0mYW1wO0NhbXBhaWduSUQ9NzcmYW1wO0NhbXBhaWduU3RhdGlzdGljc0lEPTQzJmFtcDtEZW1vPTAmYW1wO0VtYWlsPW1hcmllQHNvbS1jYXAuY29t&Name=&EncryptedMemberID=MzY2NQ%3D%3D&CampaignID=79&CampaignStatisticsID=45&Demo=0&Email=stephan@stargatecapital.co.uk HTTP/1.1" 200 - "-" "Mozilla/4.0 (compatible; MSIE 6.0; Windows NT 5.1; SV1; .NET CLR 1.0.3705)"
198.240.213.25 - - [05/Mar/2007:20:30:56 +0000] "GET /oempro/read.php?EncryptedMemberID=MTY2Mw%3D%3D&CampaignID=79&CampaignStatisticsID=45&Demo=0&Email=arielsergio.goekmen@credit-suisse.com HTTP/1.1" 200 - "-" "Mozilla/4.0 (compatible; MSIE 6.0; Windows NT 5.1; SV1; i-NavFourF; .NET CLR 1.1.4322; .NET CLR 2.0.50727)"
80.1.224.4 - - [05/Mar/2007:20:30:52 +0000] "GET /oempro/read.php?EncryptedMemberID=MTk1NA%3D%3D&CampaignID=79&CampaignStatisticsID=45&Demo=0&Email=d.tate@nova-cap.com HTTP/1.1" 200 - "-" "Mozilla/4.0 (compatible; MSIE 7.0; Windows NT 5.1; Mailinfo [639558]; .NET CLR 1.1.4322)"
212.109.69.15 - - [05/Mar/2007:20:30:59 +0000] "GET /oempro/link.php?URL=aHR0cDovL3d3dy5zb20tY2FwLmNvbS9kYXRhLmh0bQ==&Name=&EncryptedMemberID=NDAyNA==&CampaignID=77&CampaignStatisticsID=43&Demo=0&Email=marie@som-cap.com HTTP/1.1" 200 - "-" "Mozilla/4.0 (compatible; MSIE 6.0; Windows NT 5.1; SV1; .NET CLR 1.1.4322; .NET CLR 2.0.50727)"
76.184.223.184 - - [05/Mar/2007:20:31:30 +0000] "GET /oempro/read.php?EncryptedMemberID=MzgwMQ%3D%3D&CampaignID=79&CampaignStatisticsID=45&Demo=0&Email=todd@boydco.net HTTP/1.1" 200 - "-" "Mozilla/4.0 (compatible; MSIE 7.0; Windows NT 5.1; .NET CLR 1.1.4322; InfoPath.1; .NET CLR 2.0.50727)"
81.86.65.21 - - [05/Mar/2007:20:31:39 +0000] "GET /oempro/admin/index.php HTTP/1.1" 200 - "-" "Mozilla/4.0 (compatible; MSIE 7.0; Windows NT 5.1)"
80.1.224.4 - - [05/Mar/2007:20:31:33 +0000] "GET /oempro/read.php?EncryptedMemberID=MTk1NA%3D%3D&CampaignID=79&CampaignStatisticsID=45&Demo=0&Email=d.tate@nova-cap.com HTTP/1.1" 200 - "-" "Mozilla/4.0 (compatible; MSIE 7.0; Windows NT 5.1; Mailinfo [639558]; .NET CLR 1.1.4322)"
212.109.69.15 - - [05/Mar/2007:20:31:29 +0000] "GET /oempro/link.php?URL=aHR0cDovL3d3dy5zb20tY2FwLmNvbS9vZW1wcm8vbGluay5waHA%2FVVJMPWFIUjBjRG92TDNkM2R5NXpiMjB0WTJGd0xtTnZiUzlrWVhSaExtaDBiUT09JmFtcDtOYW1lPSZhbXA7RW5jcnlwdGVkTWVtYmVySUQ9TkRBeU5BPT0mYW1wO0NhbXBhaWduSUQ9NzcmYW1wO0NhbXBhaWduU3RhdGlzdGljc0lEPTQzJmFtcDtEZW1vPTAmYW1wO0VtYWlsPW1hcmllQHNvbS1jYXAuY29t&Name=&EncryptedMemberID=MzAyMA%3D%3D&CampaignID=79&CampaignStatisticsID=45&Demo=0&Email=mizrahi@mizrahiassociates.com HTTP/1.1" 200 - "-" "Mozilla/4.0 (compatible; MSIE 6.0; Windows NT 5.1; SV1; .NET CLR 1.1.4322; .NET CLR 2.0.50727)"
76.184.223.184 - - [05/Mar/2007:20:31:29 +0000] "GET /oempro/read.php?EncryptedMemberID=MzgwMQ%3D%3D&CampaignID=79&CampaignStatisticsID=45&Demo=0&Email=todd@boydco.net HTTP/1.1" 200 - "-" "Mozilla/4.0 (compatible; MSIE 7.0; Windows NT 5.1; .NET CLR 1.1.4322; InfoPath.1; .NET CLR 2.0.50727)"
198.240.213.25 - - [05/Mar/2007:20:31:29 +0000] "GET /oempro/read.php?EncryptedMemberID=MTY2Mw%3D%3D&CampaignID=79&CampaignStatisticsID=45&Demo=0&Email=arielsergio.goekmen@credit-suisse.com HTTP/1.1" 200 - "-" "Mozilla/4.0 (compatible; MSIE 6.0; Windows NT 5.1; SV1; i-NavFourF; .NET CLR 1.1.4322; .NET CLR 2.0.50727)"
208.69.84.165 - - [05/Mar/2007:20:31:33 +0000] "GET /oempro/read.php?EncryptedMemberID=MzYxNg%3D%3D&CampaignID=79&CampaignStatisticsID=45&Demo=0&Email=sophia.wong@geahk.ge.com HTTP/1.1" 200 - "-" "Mozilla/4.0 (compatible; MSIE 6.0; Windows NT 5.1; .NET CLR 1.1.4322)"
82.124.146.43 - - [05/Mar/2007:20:32:07 +0000] "GET /contact.htm HTTP/1.1" 200 2786 "http://www.som-cap.com/data.htm" "Mozilla/5.0 (Windows; U; Windows NT 5.1; fr; rv:1.8.1.2) Gecko/20070219 Firefox/2.0.0.2"
80.1.224.4 - - [05/Mar/2007:20:31:35 +0000] "GET /oempro/read.php?EncryptedMemberID=MTk1NA%3D%3D&CampaignID=79&CampaignStatisticsID=45&Demo=0&Email=d.tate@nova-cap.com HTTP/1.1" 200 - "-" "Mozilla/4.0 (compatible; MSIE 7.0; Windows NT 5.1; Mailinfo [639558]; .NET CLR 1.1.4322)"
81.149.48.108 - - [05/Mar/2007:20:32:27 +0000] "GET /oempro/read.php?EncryptedMemberID=MzY2NQ%3D%3D&CampaignID=79&CampaignStatisticsID=45&Demo=0&Email=stephan@stargatecapital.co.uk HTTP/1.1" 200 - "-" "Mozilla/4.0 (compatible; MSIE 6.0; Windows NT 5.1; SV1; .NET CLR 1.0.3705)"
80.1.224.4 - - [05/Mar/2007:20:32:27 +0000] "GET /oempro/read.php?EncryptedMemberID=MTk1NA%3D%3D&CampaignID=79&CampaignStatisticsID=45&Demo=0&Email=d.tate@nova-cap.com HTTP/1.1" 200 - "-" "Mozilla/4.0 (compatible; MSIE 7.0; Windows NT 5.1; Mailinfo [639558]; .NET CLR 1.1.4322)"
62.140.214.82 - - [05/Mar/2007:20:32:28 +0000] "GET /oempro/read.php?EncryptedMemberID=Mzg3Ng%3D%3D&CampaignID=79&CampaignStatisticsID=45&Demo=0&Email=vjormakka@argoglobal.com HTTP/1.1" 200 - "-" "Mozilla/4.0 (compatible; MSIE 6.0; Windows NT 5.1; SV1; .NET CLR 1.1.4322)"
81.86.65.21 - - [05/Mar/2007:20:32:36 +0000] "GET /oempro/cron_sendengine.php HTTP/1.1" 200 - "-" "Mozilla/4.0 (compatible; MSIE 7.0; Windows NT 5.1)"
82.124.146.43 - - [05/Mar/2007:20:32:45 +0000] "GET /oempro/read.php?EncryptedMemberID=MjIzMQ%3D%3D&CampaignID=79&CampaignStatisticsID=45&Demo=0&Email=francois.roux@rouxcapital.com HTTP/1.1" 200 - "-" "Mozilla/4.0 (compatible; MSIE 6.0; Windows NT 5.1; SV1)"
81.86.65.21 - - [05/Mar/2007:20:32:56 +0000] "GET /oempro/admin HTTP/1.1" 301 252 "-" "Mozilla/4.0 (compatible; MSIE 7.0; Windows NT 5.1)"
81.86.65.21 - - [05/Mar/2007:20:33:03 +0000] "GET /oempro/admin/ HTTP/1.1" 304 - "-" "Mozilla/4.0 (compatible; MSIE 7.0; Windows NT 5.1)"
63.138.40.228 - - [05/Mar/2007:20:33:04 +0000] "GET /oempro/read.php?EncryptedMemberID=MzAyOA%3D%3D&CampaignID=79&CampaignStatisticsID=45&Demo=0&Email=mkinner@quilvestusa.com HTTP/1.1" 200 - "-" "Mozilla/4.0 (compatible; MSIE 6.0; Windows NT 5.1; SV1; .NET CLR 1.1.4322)"
81.86.65.21 - - [05/Mar/2007:20:33:05 +0000] "GET /oempro/admin/index.php HTTP/1.1" 200 - "-" "Mozilla/4.0 (compatible; MSIE 7.0; Windows NT 5.1)"
82.124.146.43 - - [05/Mar/2007:20:33:19 +0000] "GET /oempro/read.php?EncryptedMemberID=MjIzMQ%3D%3D&CampaignID=79&CampaignStatisticsID=45&Demo=0&Email=francois.roux@rouxcapital.com HTTP/1.1" 200 - "-" "Mozilla/4.0 (compatible; MSIE 6.0; Windows NT 5.1; SV1)"
81.86.65.21 - - [05/Mar/2007:20:33:53 +0000] "GET / HTTP/1.1" 304 - "-" "Mozilla/4.0 (compatible; MSIE 7.0; Windows NT 5.1)"
81.86.65.21 - - [05/Mar/2007:20:33:54 +0000] "GET /styles.css HTTP/1.1" 304 - "http://www.som-cap.com/" "Mozilla/4.0 (compatible; MSIE 7.0; Windows NT 5.1)"
81.86.65.21 - - [05/Mar/2007:20:33:54 +0000] "GET /images/logo.gif HTTP/1.1" 304 - "http://www.som-cap.com/" "Mozilla/4.0 (compatible; MSIE 7.0; Windows NT 5.1)"
86.136.184.108 - - [05/Mar/2007:20:34:13 +0000] "GET / HTTP/1.1" 200 3426 "-" "Mozilla/4.0 (compatible; MSIE 7.0; Windows NT 5.1; .NET CLR 1.0.3705; .NET CLR 1.1.4322; Media Center PC 4.0)"
81.86.65.21 - - [05/Mar/2007:20:34:16 +0000] "GET /images/inbg.jpg HTTP/1.1" 304 - "http://www.som-cap.com/" "Mozilla/4.0 (compatible; MSIE 7.0; Windows NT 5.1)"
86.136.184.108 - - [05/Mar/2007:20:34:38 +0000] "GET /styles.css HTTP/1.1" 200 497 "http://www.som-cap.com/" "Mozilla/4.0 (compatible; MSIE 7.0; Windows NT 5.1; .NET CLR 1.0.3705; .NET CLR 1.1.4322; Media Center PC 4.0)"
86.136.184.108 - - [05/Mar/2007:20:34:39 +0000] "GET /images/logo.gif HTTP/1.1" 200 1574 "http://www.som-cap.com/" "Mozilla/4.0 (compatible; MSIE 7.0; Windows NT 5.1; .NET CLR 1.0.3705; .NET CLR 1.1.4322; Media Center PC 4.0)"
86.136.184.108 - - [05/Mar/2007:20:34:40 +0000] "GET /images/inbg.jpg HTTP/1.1" 200 32265 "http://www.som-cap.com/" "Mozilla/4.0 (compatible; MSIE 7.0; Windows NT 5.1; .NET CLR 1.0.3705; .NET CLR 1.1.4322; Media Center PC 4.0)"
81.86.65.21 - - [05/Mar/2007:20:34:40 +0000] "GET /oempro/read.php?EncryptedMemberID=MTQ3OA%3D%3D&CampaignID=79&CampaignStatisticsID=&Demo=1&Email=richard_baker@mlc.com.au HTTP/1.1" 200 - "-" "Mozilla/4.0 (compatible; MSIE 7.0; Windows NT 5.1)"
81.86.65.21 - - [05/Mar/2007:20:34:41 +0000] "GET /background.htm HTTP/1.1" 304 - "http://www.som-cap.com/" "Mozilla/4.0 (compatible; MSIE 7.0; Windows NT 5.1)"
86.136.184.108 - - [05/Mar/2007:20:35:09 +0000] "GET /trackrecord.htm HTTP/1.1" 200 4429 "http://www.som-cap.com/" "Mozilla/4.0 (compatible; MSIE 7.0; Windows NT 5.1; .NET CLR 1.0.3705; .NET CLR 1.1.4322; Media Center PC 4.0)"
86.136.184.108 - - [05/Mar/2007:20:35:11 +0000] "GET /images/6pic.gif HTTP/1.1" 200 9094 "http://www.som-cap.com/trackrecord.htm" "Mozilla/4.0 (compatible; MSIE 7.0; Windows NT 5.1; .NET CLR 1.0.3705; .NET CLR 1.1.4322; Media Center PC 4.0)"
86.136.184.108 - - [05/Mar/2007:20:35:11 +0000] "GET /images/5pic.gif HTTP/1.1" 200 9274 "http://www.som-cap.com/trackrecord.htm" "Mozilla/4.0 (compatible; MSIE 7.0; Windows NT 5.1; .NET CLR 1.0.3705; .NET CLR 1.1.4322; Media Center PC 4.0)"
86.136.184.108 - - [05/Mar/2007:20:35:12 +0000] "GET /images/4pic.gif HTTP/1.1" 200 10003 "http://www.som-cap.com/trackrecord.htm" "Mozilla/4.0 (compatible; MSIE 7.0; Windows NT 5.1; .NET CLR 1.0.3705; .NET CLR 1.1.4322; Media Center PC 4.0)"
86.136.184.108 - - [05/Mar/2007:20:35:13 +0000] "GET /images/3pic.gif HTTP/1.1" 200 10964 "http://www.som-cap.com/trackrecord.htm" "Mozilla/4.0 (compatible; MSIE 7.0; Windows NT 5.1; .NET CLR 1.0.3705; .NET CLR 1.1.4322; Media Center PC 4.0)"
86.136.184.108 - - [05/Mar/2007:20:35:13 +0000] "GET /images/2pic.gif HTTP/1.1" 200 10701 "http://www.som-cap.com/trackrecord.htm" "Mozilla/4.0 (compatible; MSIE 7.0; Windows NT 5.1; .NET CLR 1.0.3705; .NET CLR 1.1.4322; Media Center PC 4.0)"
86.136.184.108 - - [05/Mar/2007:20:35:14 +0000] "GET /images/1pic.gif HTTP/1.1" 200 12857 "http://www.som-cap.com/trackrecord.htm" "Mozilla/4.0 (compatible; MSIE 7.0; Windows NT 5.1; .NET CLR 1.0.3705; .NET CLR 1.1.4322; Media Center PC 4.0)"
80.1.224.4 - - [05/Mar/2007:20:36:30 +0000] "GET /oempro/read.php?EncryptedMemberID=MTk1NA%3D%3D&CampaignID=79&CampaignStatisticsID=45&Demo=0&Email=d.tate@nova-cap.com HTTP/1.1" 200 - "-" "Mozilla/4.0 (compatible; MSIE 7.0; Windows NT 5.1; Mailinfo [639558]; .NET CLR 1.1.4322)"
62.140.214.82 - - [05/Mar/2007:20:36:30 +0000] "GET /oempro/read.php?EncryptedMemberID=Mzg3Ng%3D%3D&CampaignID=79&CampaignStatisticsID=45&Demo=0&Email=vjormakka@argoglobal.com HTTP/1.1" 200 - "-" "Mozilla/4.0 (compatible; MSIE 6.0; Windows NT 5.1; SV1; .NET CLR 1.1.4322)"
208.251.127.102 - - [05/Mar/2007:20:36:33 +0000] "GET /oempro/read.php?EncryptedMemberID=MzY5Mg%3D%3D&CampaignID=79&CampaignStatisticsID=45&Demo=0&Email=stilaye@lacera.com HTTP/1.0" 200 - "-" "Mozilla/4.0 (compatible; MSIE 6.0; Windows NT 5.0; .NET CLR 1.1.4322)"
208.251.127.102 - - [05/Mar/2007:20:37:19 +0000] "GET /oempro/read.php?EncryptedMemberID=MzY5Mg%3D%3D&CampaignID=79&CampaignStatisticsID=45&Demo=0&Email=stilaye@lacera.com HTTP/1.0" 200 - "-" "Mozilla/4.0 (compatible; MSIE 6.0; Windows NT 5.0; .NET CLR 1.1.4322)"
71.150.90.62 - - [05/Mar/2007:20:37:19 +0000] "GET /oempro/read.php?EncryptedMemberID=MTg2NQ%3D%3D&CampaignID=79&CampaignStatisticsID=45&Demo=0&Email=childres@edgewatercapital.com HTTP/1.1" 200 - "-" "Mozilla/4.0 (compatible; MSIE 7.0; Windows NT 5.1)"
208.69.84.165 - - [05/Mar/2007:20:37:19 +0000] "GET /oempro/read.php?EncryptedMemberID=MzYxNg%3D%3D&CampaignID=79&CampaignStatisticsID=45&Demo=0&Email=sophia.wong@geahk.ge.com HTTP/1.1" 200 - "-" "Mozilla/4.0 (compatible; MSIE 6.0; Windows NT 5.1; .NET CLR 1.1.4322)"
76.184.223.184 - - [05/Mar/2007:20:37:28 +0000] "GET /oempro/read.php?EncryptedMemberID=MzgwMQ%3D%3D&CampaignID=79&CampaignStatisticsID=45&Demo=0&Email=todd@boydco.net HTTP/1.1" 200 - "-" "Mozilla/4.0 (compatible; MSIE 7.0; Windows NT 5.1; .NET CLR 1.1.4322; InfoPath.1; .NET CLR 2.0.50727)"
81.149.48.108 - - [05/Mar/2007:20:38:08 +0000] "GET /oempro/read.php?EncryptedMemberID=MzY2NQ%3D%3D&CampaignID=79&CampaignStatisticsID=45&Demo=0&Email=stephan@stargatecapital.co.uk HTTP/1.1" 200 - "-" "Mozilla/4.0 (compatible; MSIE 6.0; Windows NT 5.1; SV1; .NET CLR 1.0.3705)"
76.184.223.184 - - [05/Mar/2007:20:38:08 +0000] "GET /oempro/read.php?EncryptedMemberID=MzgwMQ%3D%3D&CampaignID=79&CampaignStatisticsID=45&Demo=0&Email=todd@boydco.net HTTP/1.1" 200 - "-" "Mozilla/4.0 (compatible; MSIE 7.0; Windows NT 5.1; .NET CLR 1.1.4322; InfoPath.1; .NET CLR 2.0.50727)"
81.86.65.21 - - [05/Mar/2007:20:38:08 +0000] "GET /oempro/admin/index.php HTTP/1.1" 200 - "-" "Mozilla/4.0 (compatible; MSIE 7.0; Windows NT 5.1)"
208.251.127.102 - - [05/Mar/2007:20:38:10 +0000] "GET /oempro/read.php?EncryptedMemberID=MTk0NA%3D%3D&CampaignID=79&CampaignStatisticsID=45&Demo=0&Email=cwagner@lacera.com HTTP/1.0" 200 - "-" "Mozilla/4.0 (compatible; MSIE 6.0; Windows NT 5.0; .NET CLR 1.1.4322)"
198.240.212.26 - - [05/Mar/2007:20:38:09 +0000] "GET /oempro/read.php?EncryptedMemberID=MTY2Mw%3D%3D&CampaignID=79&CampaignStatisticsID=45&Demo=0&Email=arielsergio.goekmen@credit-suisse.com HTTP/1.1" 200 - "-" "Mozilla/4.0 (compatible; MSIE 6.0; Windows NT 5.1; SV1; i-NavFourF; .NET CLR 1.1.4322; InfoPath.1; .NET CLR 2.0.50727)"
62.140.214.82 - - [05/Mar/2007:20:38:08 +0000] "GET /oempro/read.php?EncryptedMemberID=Mzg3Ng%3D%3D&CampaignID=79&CampaignStatisticsID=45&Demo=0&Email=vjormakka@argoglobal.com HTTP/1.1" 200 - "-" "Mozilla/4.0 (compatible; MSIE 6.0; Windows NT 5.1; SV1; .NET CLR 1.1.4322)"
198.240.212.26 - - [05/Mar/2007:20:38:08 +0000] "GET /oempro/read.php?EncryptedMemberID=MTY2Mw%3D%3D&CampaignID=79&CampaignStatisticsID=45&Demo=0&Email=arielsergio.goekmen@credit-suisse.com HTTP/1.1" 200 - "-" "Mozilla/4.0 (compatible; MSIE 6.0; Windows NT 5.1; SV1; i-NavFourF; .NET CLR 1.1.4322; InfoPath.1; .NET CLR 2.0.50727)"
208.251.127.102 - - [05/Mar/2007:20:38:55 +0000] "GET /oempro/read.php?EncryptedMemberID=MzY5Mg%3D%3D&CampaignID=79&CampaignStatisticsID=45&Demo=0&Email=stilaye@lacera.com HTTP/1.0" 200 - "-" "Mozilla/4.0 (compatible; MSIE 6.0; Windows NT 5.0; .NET CLR 1.1.4322)"
212.209.133.18 - - [05/Mar/2007:20:39:09 +0000] "GET /oempro/read.php?EncryptedMemberID=Mzg0Nw%3D%3D&CampaignID=79&CampaignStatisticsID=45&Demo=0&Email=urwitz@segulah.se HTTP/1.1" 200 - "-" "Mozilla/4.0 (compatible; MSIE 6.0; Windows NT 5.1; SV1)"
209.212.79.3 - - [05/Mar/2007:20:40:18 +0000] "GET /oempro/read.php?EncryptedMemberID=MjAyNQ%3D%3D&CampaignID=79&CampaignStatisticsID=45&Demo=0&Email=ddempsey@bentleylp.com HTTP/1.1" 200 - "-" "Mozilla/4.0 (compatible; MSIE 6.0; Windows NT 5.0)"
198.240.213.25 - - [05/Mar/2007:20:40:20 +0000] "GET /oempro/read.php?EncryptedMemberID=MTY2Mw%3D%3D&CampaignID=79&CampaignStatisticsID=45&Demo=0&Email=arielsergio.goekmen@credit-suisse.com HTTP/1.1" 200 - "-" "Mozilla/4.0 (compatible; MSIE 6.0; Windows NT 5.1; SV1; i-NavFourF; .NET CLR 1.1.4322; .NET CLR 2.0.50727)"
198.240.213.25 - - [05/Mar/2007:20:42:50 +0000] "GET /oempro/read.php?EncryptedMemberID=MTY2Mw%3D%3D&CampaignID=79&CampaignStatisticsID=45&Demo=0&Email=arielsergio.goekmen@credit-suisse.com HTTP/1.1" 200 - "-" "Mozilla/4.0 (compatible; MSIE 6.0; Windows NT 5.1; SV1; i-NavFourF; .NET CLR 1.1.4322; .NET CLR 2.0.50727)"
65.205.246.194 - - [05/Mar/2007:20:44:30 +0000] "GET /oempro/read.php?EncryptedMemberID=MjQxMw%3D%3D&CampaignID=79&CampaignStatisticsID=45&Demo=0&Email=hjones@offithall.com HTTP/1.1" 200 - "-" "Mozilla/4.0 (compatible; MSIE 6.0; Windows NT 5.1; SV1; .NET CLR 1.1.4322; .NET CLR 2.0.50727; InfoPath.1)"
208.251.127.102 - - [05/Mar/2007:20:44:32 +0000] "GET /oempro/read.php?EncryptedMemberID=MTk0NA%3D%3D&CampaignID=79&CampaignStatisticsID=45&Demo=0&Email=cwagner@lacera.com HTTP/1.0" 200 - "-" "Mozilla/4.0 (compatible; MSIE 6.0; Windows NT 5.0; .NET CLR 1.1.4322)"
