194.209.42.83 - - [06/Mar/2007:13:17:04 +0000] "GET /oempro/read.php?EncryptedMemberID=Mzc3Ng%3D%3D&CampaignID=79&CampaignStatisticsID=45&Demo=0&Email=tim.creed@adveq.com HTTP/1.1" 200 55 "-" "Mozilla/4.0 (compatible; MSIE 6.0; Windows NT 5.2; SV1; .NET CLR 1.1.4322; InfoPath.1; .NET CLR 2.0.50727)"
164.38.132.100 - - [06/Mar/2007:13:17:50 +0000] "GET /oempro/read.php?EncryptedMemberID=MjIwMw%3D%3D&CampaignID=79&CampaignStatisticsID=45&Demo=0&Email=fenchurchst.sales@pcworldstores.co.uk HTTP/1.1" 200 55 "http://webmail.dixons.co.uk/w?Nh.DBE.E6m.TG3YTug.EDvEg.C12ftRQE.J" "Mozilla/4.0 (compatible; MSIE 6.0; Windows NT 5.1; SV1)"
81.86.65.21 - - [06/Mar/2007:13:18:23 +0000] "GET /oempro/read.php?EncryptedMemberID=MTQ3OA%3D%3D&CampaignID=72&CampaignStatisticsID=&Demo=1&Email=richard_baker@mlc.com.au HTTP/1.1" 200 55 "-" "Mozilla/4.0 (compatible; MSIE 7.0; Windows NT 5.1)"
81.86.65.21 - - [06/Mar/2007:13:18:25 +0000] "GET /oempro/read.php?EncryptedMemberID=NDAyNA%3D%3D&CampaignID=77&CampaignStatisticsID=43&Demo=0&Email=marie@som-cap.com HTTP/1.1" 200 55 "-" "Mozilla/4.0 (compatible; MSIE 7.0; Windows NT 5.1)"
81.86.65.21 - - [06/Mar/2007:13:18:27 +0000] "GET /oempro/read.php?EncryptedMemberID=MTQ3OA%3D%3D&CampaignID=72&CampaignStatisticsID=&Demo=1&Email=richard_baker@mlc.com.au HTTP/1.1" 200 55 "-" "Mozilla/4.0 (compatible; MSIE 7.0; Windows NT 5.1)"
194.7.114.2 - - [06/Mar/2007:13:21:03 +0000] "GET /oempro/read.php?EncryptedMemberID=MTc3OQ%3D%3D&CampaignID=79&CampaignStatisticsID=45&Demo=0&Email=brigitte.boone@fortisbank.com HTTP/1.1" 200 55 "-" "Mozilla/4.0 (compatible; MSIE 6.0; Windows NT 5.1; .NET CLR 1.1.4322)"
195.65.220.34 - - [06/Mar/2007:13:23:49 +0000] "GET /oempro/read.php?EncryptedMemberID=MzI4Nw%3D%3D&CampaignID=79&CampaignStatisticsID=45&Demo=0&Email=pnewsome@unigestion.com HTTP/1.1" 200 55 "-" "Mozilla/4.0 (compatible; MSIE 6.0; Windows NT 5.2; SV1; .NET CLR 1.1.4322)"
64.105.163.210 - - [06/Mar/2007:13:24:33 +0000] "GET /oempro/read.php?EncryptedMemberID=MjA0Mg%3D%3D&CampaignID=79&CampaignStatisticsID=45&Demo=0&Email=dgeliebter@carrotcapital.com HTTP/1.1" 200 55 "-" "Mozilla/5.0 (Macintosh; U; Intel Mac OS X; en) AppleWebKit/418.9.1 (KHTML, like Gecko)"
194.7.114.2 - - [06/Mar/2007:13:24:36 +0000] "GET /oempro/read.php?EncryptedMemberID=MTc3OQ%3D%3D&CampaignID=79&CampaignStatisticsID=45&Demo=0&Email=brigitte.boone@fortisbank.com HTTP/1.1" 200 55 "-" "Mozilla/4.0 (compatible; MSIE 6.0; Windows NT 5.1; SV1; .NET CLR 1.1.4322; .NET CLR 2.0.50727)"
62.203.255.67 - - [06/Mar/2007:13:26:03 +0000] "GET /oempro/read.php?EncryptedMemberID=MTk3OA%3D%3D&CampaignID=79&CampaignStatisticsID=45&Demo=0&Email=david.alexander@ironbridgecp.com HTTP/1.1" 200 55 "-" "Mozilla/4.0 (compatible; MSIE 7.0; Windows NT 5.1; .NET CLR 1.0.3705; .NET CLR 1.1.4322; Media Center PC 4.0)"
62.203.255.67 - - [06/Mar/2007:13:27:14 +0000] "GET /oempro/read.php?EncryptedMemberID=MTk3OA%3D%3D&CampaignID=79&CampaignStatisticsID=45&Demo=0&Email=david.alexander@ironbridgecp.com HTTP/1.1" 200 55 "-" "Mozilla/4.0 (compatible; MSIE 7.0; Windows NT 5.1; .NET CLR 1.0.3705; .NET CLR 1.1.4322; Media Center PC 4.0)"
62.172.72.131 - - [06/Mar/2007:13:29:13 +0000] "GET /oempro/read.php?EncryptedMemberID=Mjg5OA%3D%3D&CampaignID=79&CampaignStatisticsID=45&Demo=0&Email=mark.calnan@eu.watsonwyatt.com HTTP/1.1" 200 55 "-" "Mozilla/4.0 (compatible; MSIE 6.0; Windows NT 5.1; SV1; .NET CLR 1.0.3705; .NET CLR 1.1.4322; .NET CLR 2.0.50727)"
62.172.72.131 - - [06/Mar/2007:13:29:14 +0000] "GET /oempro/read.php?EncryptedMemberID=Mjg5OA%3D%3D&CampaignID=79&CampaignStatisticsID=45&Demo=0&Email=mark.calnan@eu.watsonwyatt.com HTTP/1.1" 200 55 "-" "Mozilla/4.0 (compatible; MSIE 6.0; Windows NT 5.1; SV1; .NET CLR 1.0.3705; .NET CLR 1.1.4322; .NET CLR 2.0.50727)"
135.196.48.86 - - [06/Mar/2007:13:29:44 +0000] "GET /oempro/read.php?EncryptedMemberID=MTk3OA%3D%3D&CampaignID=79&CampaignStatisticsID=45&Demo=0&Email=david.alexander@ironbridgecp.com HTTP/1.1" 200 55 "-" "Mozilla/4.0 (compatible; MSIE 7.0; Windows NT 5.1; .NET CLR 1.1.4322)"
135.196.48.86 - - [06/Mar/2007:13:29:50 +0000] "GET /oempro/read.php?EncryptedMemberID=MTk3OA%3D%3D&CampaignID=79&CampaignStatisticsID=45&Demo=0&Email=david.alexander@ironbridgecp.com HTTP/1.1" 200 55 "-" "Mozilla/4.0 (compatible; MSIE 7.0; Windows NT 5.1; .NET CLR 1.1.4322)"
135.196.48.86 - - [06/Mar/2007:13:29:50 +0000] "GET /oempro/read.php?EncryptedMemberID=MTk3OA%3D%3D&CampaignID=79&CampaignStatisticsID=45&Demo=0&Email=david.alexander@ironbridgecp.com HTTP/1.1" 200 55 "-" "Mozilla/4.0 (compatible; MSIE 7.0; Windows NT 5.1; .NET CLR 1.1.4322)"
85.133.32.138 - - [06/Mar/2007:13:31:11 +0000] "GET /oempro/read.php?EncryptedMemberID=MzkxMw%3D%3D&CampaignID=79&CampaignStatisticsID=45&Demo=0&Email=wh@mvision.com HTTP/1.1" 200 55 "-" "Mozilla/4.0 (compatible; MSIE 6.0; Windows NT 5.2; SV1; .NET CLR 1.1.4322; InfoPath.1; .NET CLR 2.0.50727)"
62.203.255.67 - - [06/Mar/2007:13:31:15 +0000] "GET /oempro/read.php?EncryptedMemberID=MTk3OA%3D%3D&CampaignID=79&CampaignStatisticsID=45&Demo=0&Email=david.alexander@ironbridgecp.com HTTP/1.1" 200 55 "-" "Mozilla/4.0 (compatible; MSIE 7.0; Windows NT 5.1; .NET CLR 1.0.3705; .NET CLR 1.1.4322; Media Center PC 4.0)"
62.203.255.67 - - [06/Mar/2007:13:31:15 +0000] "GET /oempro/read.php?EncryptedMemberID=MTk3OA%3D%3D&CampaignID=79&CampaignStatisticsID=45&Demo=0&Email=david.alexander@ironbridgecp.com HTTP/1.1" 200 55 "-" "Mozilla/4.0 (compatible; MSIE 7.0; Windows NT 5.1; .NET CLR 1.0.3705; .NET CLR 1.1.4322; Media Center PC 4.0)"
62.203.255.67 - - [06/Mar/2007:13:31:28 +0000] "GET /oempro/read.php?EncryptedMemberID=MTk3OA%3D%3D&CampaignID=79&CampaignStatisticsID=45&Demo=0&Email=david.alexander@ironbridgecp.com HTTP/1.1" 200 55 "-" "Mozilla/4.0 (compatible; MSIE 7.0; Windows NT 5.1; .NET CLR 1.0.3705; .NET CLR 1.1.4322; Media Center PC 4.0)"
62.203.255.67 - - [06/Mar/2007:13:31:28 +0000] "GET /oempro/read.php?EncryptedMemberID=MTk3OA%3D%3D&CampaignID=79&CampaignStatisticsID=45&Demo=0&Email=david.alexander@ironbridgecp.com HTTP/1.1" 200 55 "-" "Mozilla/4.0 (compatible; MSIE 7.0; Windows NT 5.1; .NET CLR 1.0.3705; .NET CLR 1.1.4322; Media Center PC 4.0)"
194.7.114.2 - - [06/Mar/2007:13:34:43 +0000] "GET /oempro/read.php?EncryptedMemberID=MTc3OQ%3D%3D&CampaignID=79&CampaignStatisticsID=45&Demo=0&Email=brigitte.boone@fortisbank.com HTTP/1.1" 200 55 "-" "Mozilla/4.0 (compatible; MSIE 5.5; Windows NT 4.0; .NET CLR 1.1.4322)"
86.101.100.199 - - [06/Mar/2007:13:35:44 +0000] "GET /oempro/read.php?EncryptedMemberID=MzI0MA%3D%3D&CampaignID=79&CampaignStatisticsID=45&Demo=0&Email=peter@zouk.com HTTP/1.1" 200 55 "-" "Mozilla/4.0 (compatible; MSIE 7.0; Windows NT 5.1; .NET CLR 1.0.3705)"
65.43.190.147 - - [06/Mar/2007:13:36:16 +0000] "GET /oempro/read.php?EncryptedMemberID=MjU0NQ%3D%3D&CampaignID=79&CampaignStatisticsID=45&Demo=0&Email=jeh@mmcmass.com HTTP/1.1" 200 55 "-" "Mozilla/4.0 (compatible; MSIE 7.0; Windows NT 5.1; .NET CLR 1.1.4322; .NET CLR 2.0.50727)"
212.153.12.70 - - [06/Mar/2007:13:36:56 +0000] "GET /oempro/read.php?EncryptedMemberID=MjE3NA%3D%3D&CampaignID=79&CampaignStatisticsID=45&Demo=0&Email=erwin.simons@dlapiper.com HTTP/1.0" 200 43 "-" "Mozilla/4.0 (compatible; MSIE 6.0; Windows NT 5.1; SV1; .NET CLR 1.1.4322; .NET CLR 2.0.50727)"
212.153.12.70 - - [06/Mar/2007:13:36:57 +0000] "GET /oempro/read.php?EncryptedMemberID=MjE3NA%3D%3D&CampaignID=79&CampaignStatisticsID=45&Demo=0&Email=erwin.simons@dlapiper.com HTTP/1.0" 200 43 "-" "Mozilla/4.0 (compatible; MSIE 6.0; Windows NT 5.1; SV1; .NET CLR 1.1.4322; .NET CLR 2.0.50727)"
212.153.12.70 - - [06/Mar/2007:13:37:11 +0000] "GET /oempro/read.php?EncryptedMemberID=MjE3NA%3D%3D&CampaignID=79&CampaignStatisticsID=45&Demo=0&Email=erwin.simons@dlapiper.com HTTP/1.0" 200 43 "-" "Mozilla/4.0 (compatible; MSIE 6.0; Windows NT 5.1; SV1; .NET CLR 1.1.4322; .NET CLR 2.0.50727)"
85.133.32.138 - - [06/Mar/2007:13:38:38 +0000] "GET /oempro/read.php?EncryptedMemberID=MzkxMw%3D%3D&CampaignID=79&CampaignStatisticsID=45&Demo=0&Email=wh@mvision.com HTTP/1.1" 200 55 "-" "Mozilla/4.0 (compatible; MSIE 6.0; Windows NT 5.2; SV1; .NET CLR 1.1.4322; InfoPath.1; .NET CLR 2.0.50727)"
85.133.32.138 - - [06/Mar/2007:13:38:41 +0000] "GET /oempro/read.php?EncryptedMemberID=MzkxMw%3D%3D&CampaignID=79&CampaignStatisticsID=45&Demo=0&Email=wh@mvision.com HTTP/1.1" 200 55 "-" "Mozilla/4.0 (compatible; MSIE 6.0; Windows NT 5.2; SV1; .NET CLR 1.1.4322; InfoPath.1; .NET CLR 2.0.50727)"
194.7.114.2 - - [06/Mar/2007:13:38:47 +0000] "GET /oempro/read.php?EncryptedMemberID=MTc3OQ%3D%3D&CampaignID=79&CampaignStatisticsID=45&Demo=0&Email=brigitte.boone@fortisbank.com HTTP/1.1" 200 55 "-" "Mozilla/4.0 (compatible; MSIE 5.5; Windows NT 4.0; .NET CLR 1.1.4322)"
65.43.190.147 - - [06/Mar/2007:13:38:55 +0000] "GET /oempro/read.php?EncryptedMemberID=MjU0NQ%3D%3D&CampaignID=79&CampaignStatisticsID=45&Demo=0&Email=jeh@mmcmass.com HTTP/1.1" 200 55 "-" "Mozilla/4.0 (compatible; MSIE 7.0; Windows NT 5.1; .NET CLR 1.1.4322; .NET CLR 2.0.50727)"
65.43.190.147 - - [06/Mar/2007:13:38:55 +0000] "GET /oempro/read.php?EncryptedMemberID=MjU0NQ%3D%3D&CampaignID=79&CampaignStatisticsID=45&Demo=0&Email=jeh@mmcmass.com HTTP/1.1" 200 55 "-" "Mozilla/4.0 (compatible; MSIE 7.0; Windows NT 5.1; .NET CLR 1.1.4322; .NET CLR 2.0.50727)"
85.133.32.138 - - [06/Mar/2007:13:39:03 +0000] "GET /oempro/read.php?EncryptedMemberID=MzkxMw%3D%3D&CampaignID=79&CampaignStatisticsID=45&Demo=0&Email=wh@mvision.com HTTP/1.1" 200 55 "-" "Mozilla/4.0 (compatible; MSIE 6.0; Windows NT 5.2; SV1; .NET CLR 1.1.4322; InfoPath.1; .NET CLR 2.0.50727)"
65.43.190.147 - - [06/Mar/2007:13:39:04 +0000] "GET /oempro/link.php?URL=aHR0cDovL3d3dy5zb20tY2FwLmNvbS9vZW1wcm8vbGluay5waHA%2FVVJMPWFIUjBjRG92TDNkM2R5NXpiMjB0WTJGd0xtTnZiUzlrWVhSaExtaDBiUT09JmFtcDtOYW1lPSZhbXA7RW5jcnlwdGVkTWVtYmVySUQ9TkRBeU5BPT0mYW1wO0NhbXBhaWduSUQ9NzcmYW1wO0NhbXBhaWduU3RhdGlzdGljc0lEPTQzJmFtcDtEZW1vPTAmYW1wO0VtYWlsPW1hcmllQHNvbS1jYXAuY29t&Name=&EncryptedMemberID=MjU0NQ%3D%3D&CampaignID=79&CampaignStatisticsID=45&Demo=0&Email=jeh@mmcmass.com HTTP/1.1" 302 5 "-" "Mozilla/4.0 (compatible; MSIE 7.0; Windows NT 5.1; .NET CLR 1.1.4322; .NET CLR 2.0.50727)"
65.43.190.147 - - [06/Mar/2007:13:39:05 +0000] "GET /oempro/link.php?URL=aHR0cDovL3d3dy5zb20tY2FwLmNvbS9kYXRhLmh0bQ==&Name=&EncryptedMemberID=NDAyNA==&CampaignID=77&CampaignStatisticsID=43&Demo=0&Email=marie@som-cap.com HTTP/1.1" 302 5 "-" "Mozilla/4.0 (compatible; MSIE 7.0; Windows NT 5.1; .NET CLR 1.1.4322; .NET CLR 2.0.50727)"
65.43.190.147 - - [06/Mar/2007:13:39:05 +0000] "GET /data.htm HTTP/1.1" 200 6628 "-" "Mozilla/4.0 (compatible; MSIE 7.0; Windows NT 5.1; .NET CLR 1.1.4322; .NET CLR 2.0.50727)"
65.43.190.147 - - [06/Mar/2007:13:39:05 +0000] "GET /styles.css HTTP/1.1" 200 497 "http://www.som-cap.com/data.htm" "Mozilla/4.0 (compatible; MSIE 7.0; Windows NT 5.1; .NET CLR 1.1.4322; .NET CLR 2.0.50727)"
65.43.190.147 - - [06/Mar/2007:13:39:05 +0000] "GET /images/inbg.jpg HTTP/1.1" 200 32265 "http://www.som-cap.com/data.htm" "Mozilla/4.0 (compatible; MSIE 7.0; Windows NT 5.1; .NET CLR 1.1.4322; .NET CLR 2.0.50727)"
65.43.190.147 - - [06/Mar/2007:13:39:05 +0000] "GET /images/logo.gif HTTP/1.1" 200 1574 "http://www.som-cap.com/data.htm" "Mozilla/4.0 (compatible; MSIE 7.0; Windows NT 5.1; .NET CLR 1.1.4322; .NET CLR 2.0.50727)"
65.43.190.147 - - [06/Mar/2007:13:39:06 +0000] "GET /favicon.ico HTTP/1.1" 404 657 "-" "Mozilla/4.0 (compatible; MSIE 7.0; Windows NT 5.1; .NET CLR 1.1.4322; .NET CLR 2.0.50727)"
65.43.190.147 - - [06/Mar/2007:13:39:18 +0000] "GET /images/Private%20Equity%20Data%20Service%20Feb%2007.pdf HTTP/1.1" 200 29186 "http://www.som-cap.com/data.htm" "Mozilla/4.0 (compatible; MSIE 7.0; Windows NT 5.1; .NET CLR 1.1.4322; .NET CLR 2.0.50727)"
65.43.190.147 - - [06/Mar/2007:13:39:55 +0000] "GET /images/06%20H1%20Report.pdf HTTP/1.1" 200 41233 "http://www.som-cap.com/data.htm" "Mozilla/4.0 (compatible; MSIE 7.0; Windows NT 5.1; .NET CLR 1.1.4322; .NET CLR 2.0.50727)"
65.43.190.147 - - [06/Mar/2007:13:43:42 +0000] "GET /oempro/read.php?EncryptedMemberID=MjU0NQ%3D%3D&CampaignID=79&CampaignStatisticsID=45&Demo=0&Email=jeh@mmcmass.com HTTP/1.1" 200 55 "-" "Mozilla/4.0 (compatible; MSIE 7.0; Windows NT 5.1; .NET CLR 1.1.4322; .NET CLR 2.0.50727)"
65.43.190.147 - - [06/Mar/2007:13:44:46 +0000] "GET /oempro/read.php?EncryptedMemberID=MjU0NQ%3D%3D&CampaignID=79&CampaignStatisticsID=45&Demo=0&Email=jeh@mmcmass.com HTTP/1.1" 200 55 "-" "Mozilla/4.0 (compatible; MSIE 7.0; Windows NT 5.1; .NET CLR 1.1.4322; .NET CLR 2.0.50727)"
65.43.190.147 - - [06/Mar/2007:13:45:03 +0000] "GET /oempro/read.php?EncryptedMemberID=MjU0NQ%3D%3D&CampaignID=79&CampaignStatisticsID=45&Demo=0&Email=jeh@mmcmass.com HTTP/1.1" 200 55 "-" "Mozilla/4.0 (compatible; MSIE 7.0; Windows NT 5.1; .NET CLR 1.1.4322; .NET CLR 2.0.50727)"
63.161.123.186 - - [06/Mar/2007:13:46:14 +0000] "GET /oempro/read.php?EncryptedMemberID=MzQ1NA%3D%3D&CampaignID=79&CampaignStatisticsID=45&Demo=0&Email=ronald.ulich@lmginv.com HTTP/1.1" 200 55 "-" "Mozilla/4.0 (compatible; MSIE 5.5; Windows NT 5.0; T312461)"
85.133.32.138 - - [06/Mar/2007:13:47:32 +0000] "GET /oempro/read.php?EncryptedMemberID=MzkxMw%3D%3D&CampaignID=79&CampaignStatisticsID=45&Demo=0&Email=wh@mvision.com HTTP/1.1" 200 55 "-" "Mozilla/4.0 (compatible; MSIE 6.0; Windows NT 5.2; SV1; .NET CLR 1.1.4322; InfoPath.1; .NET CLR 2.0.50727)"
85.133.32.138 - - [06/Mar/2007:13:47:56 +0000] "GET / HTTP/1.1" 200 3426 "-" "Mozilla/4.0 (compatible; MSIE 6.0; Windows NT 5.2; SV1; .NET CLR 1.1.4322; InfoPath.1; .NET CLR 2.0.50727)"
85.133.32.138 - - [06/Mar/2007:13:47:56 +0000] "GET /styles.css HTTP/1.1" 200 497 "http://www.som-cap.com/" "Mozilla/4.0 (compatible; MSIE 6.0; Windows NT 5.2; SV1; .NET CLR 1.1.4322; InfoPath.1; .NET CLR 2.0.50727)"
85.133.32.138 - - [06/Mar/2007:13:47:56 +0000] "GET /images/inbg.jpg HTTP/1.1" 200 32265 "http://www.som-cap.com/" "Mozilla/4.0 (compatible; MSIE 6.0; Windows NT 5.2; SV1; .NET CLR 1.1.4322; InfoPath.1; .NET CLR 2.0.50727)"
85.133.32.138 - - [06/Mar/2007:13:47:56 +0000] "GET /images/logo.gif HTTP/1.1" 200 1574 "http://www.som-cap.com/" "Mozilla/4.0 (compatible; MSIE 6.0; Windows NT 5.2; SV1; .NET CLR 1.1.4322; InfoPath.1; .NET CLR 2.0.50727)"
209.27.63.170 - - [06/Mar/2007:13:53:09 +0000] "GET /oempro/read.php?EncryptedMemberID=MjQwMA%3D%3D&CampaignID=79&CampaignStatisticsID=45&Demo=0&Email=henry.smith@maplesandcalder.com HTTP/1.0" 200 43 "-" "Mozilla/4.0 (compatible; MSIE 6.0; Windows NT 5.0; .NET CLR 1.1.4322)"
81.86.65.21 - - [06/Mar/2007:13:54:18 +0000] "GET /oempro/read.php?EncryptedMemberID=NDAyNA%3D%3D&CampaignID=79&CampaignStatisticsID=45&Demo=0&Email=marie@som-cap.com HTTP/1.1" 200 55 "-" "Mozilla/4.0 (compatible; MSIE 7.0; Windows NT 5.1)"
194.7.114.2 - - [06/Mar/2007:13:54:40 +0000] "GET /oempro/read.php?EncryptedMemberID=MTc3OQ%3D%3D&CampaignID=79&CampaignStatisticsID=45&Demo=0&Email=brigitte.boone@fortisbank.com HTTP/1.1" 200 55 "-" "Mozilla/4.0 (compatible; MSIE 6.0; Windows NT 5.1; .NET CLR 1.1.4322)"
194.7.114.2 - - [06/Mar/2007:13:54:41 +0000] "GET /oempro/read.php?EncryptedMemberID=MTc3OQ%3D%3D&CampaignID=79&CampaignStatisticsID=45&Demo=0&Email=brigitte.boone@fortisbank.com HTTP/1.1" 200 55 "-" "Mozilla/4.0 (compatible; MSIE 6.0; Windows NT 5.1; .NET CLR 1.1.4322)"
62.25.99.120 - - [06/Mar/2007:13:58:37 +0000] "GET /oempro/read.php?EncryptedMemberID=MTk3OA%3D%3D&CampaignID=79&CampaignStatisticsID=45&Demo=0&Email=david.alexander@ironbridgecp.com HTTP/1.1" 200 55 "http://b4.mail.yahoo.com/ym/quoinmedia.com/ShowLetter?MsgId=4819_23324210_453882_2284_33005_0_12570_64661_4213957068&Idx=1&YY=21014&y5beta=yes&y5beta=yes&inc=25&order=down&sort=date&pos=0&view=a&head=b&box=Inbox" "Mozilla/4.0 (compatible; MSIE 6.0; Windows NT 5.0)"
62.140.193.42 - - [06/Mar/2007:13:58:39 +0000] "GET /oempro/link.php?URL=aHR0cDovL3d3dy5zb20tY2FwLmNvbS9vZW1wcm8vbGluay5waHA%2FVVJMPWFIUjBjRG92TDNkM2R5NXpiMjB0WTJGd0xtTnZiUzlrWVhSaExtaDBiUT09JmFtcDtOYW1lPSZhbXA7RW5jcnlwdGVkTWVtYmVySUQ9TkRBeU5BPT0mYW1wO0NhbXBhaWduSUQ9NzcmYW1wO0NhbXBhaWduU3RhdGlzdGljc0lEPTQzJmFtcDtEZW1vPTAmYW1wO0VtYWlsPW1hcmllQHNvbS1jYXAuY29t&Name=&EncryptedMemberID=MTk1Mg%3D%3D&CampaignID=79&CampaignStatisticsID=45&Demo=0&Email=d.philippides@lcfr.co.uk HTTP/1.1" 302 5 "-" "Mozilla/4.0 (compatible; MSIE 6.0; Windows NT 5.1; SV1; .NET CLR 1.1.4322)"
62.140.193.42 - - [06/Mar/2007:13:58:40 +0000] "GET /oempro/link.php?URL=aHR0cDovL3d3dy5zb20tY2FwLmNvbS9kYXRhLmh0bQ==&Name=&EncryptedMemberID=NDAyNA==&CampaignID=77&CampaignStatisticsID=43&Demo=0&Email=marie@som-cap.com HTTP/1.1" 302 5 "-" "Mozilla/4.0 (compatible; MSIE 6.0; Windows NT 5.1; SV1; .NET CLR 1.1.4322)"
62.140.193.42 - - [06/Mar/2007:13:58:40 +0000] "GET /data.htm HTTP/1.1" 200 6628 "-" "Mozilla/4.0 (compatible; MSIE 6.0; Windows NT 5.1; SV1; .NET CLR 1.1.4322)"
62.140.193.42 - - [06/Mar/2007:13:58:40 +0000] "GET /styles.css HTTP/1.1" 200 497 "http://www.som-cap.com/data.htm" "Mozilla/4.0 (compatible; MSIE 6.0; Windows NT 5.1; SV1; .NET CLR 1.1.4322)"
62.140.193.42 - - [06/Mar/2007:13:58:40 +0000] "GET /images/inbg.jpg HTTP/1.1" 200 32265 "http://www.som-cap.com/data.htm" "Mozilla/4.0 (compatible; MSIE 6.0; Windows NT 5.1; SV1; .NET CLR 1.1.4322)"
62.140.193.42 - - [06/Mar/2007:13:58:40 +0000] "GET /images/logo.gif HTTP/1.1" 200 1574 "http://www.som-cap.com/data.htm" "Mozilla/4.0 (compatible; MSIE 6.0; Windows NT 5.1; SV1; .NET CLR 1.1.4322)"
62.140.193.42 - - [06/Mar/2007:13:58:43 +0000] "GET /index.htm HTTP/1.1" 200 3426 "http://www.som-cap.com/data.htm" "Mozilla/4.0 (compatible; MSIE 6.0; Windows NT 5.1; SV1; .NET CLR 1.1.4322)"
62.140.193.42 - - [06/Mar/2007:13:58:46 +0000] "GET /background.htm HTTP/1.1" 200 4144 "http://www.som-cap.com/index.htm" "Mozilla/4.0 (compatible; MSIE 6.0; Windows NT 5.1; SV1; .NET CLR 1.1.4322)"
62.140.193.42 - - [06/Mar/2007:13:58:54 +0000] "GET /biography.htm HTTP/1.1" 200 4087 "http://www.som-cap.com/background.htm" "Mozilla/4.0 (compatible; MSIE 6.0; Windows NT 5.1; SV1; .NET CLR 1.1.4322)"
62.140.193.42 - - [06/Mar/2007:13:58:54 +0000] "GET /images/James%20Miller-2.jpg HTTP/1.1" 200 7075 "http://www.som-cap.com/biography.htm" "Mozilla/4.0 (compatible; MSIE 6.0; Windows NT 5.1; SV1; .NET CLR 1.1.4322)"
62.140.193.42 - - [06/Mar/2007:13:59:50 +0000] "GET /trackrecord.htm HTTP/1.1" 200 4429 "http://www.som-cap.com/biography.htm" "Mozilla/4.0 (compatible; MSIE 6.0; Windows NT 5.1; SV1; .NET CLR 1.1.4322)"
62.140.193.42 - - [06/Mar/2007:13:59:50 +0000] "GET /images/6pic.gif HTTP/1.1" 200 9094 "http://www.som-cap.com/trackrecord.htm" "Mozilla/4.0 (compatible; MSIE 6.0; Windows NT 5.1; SV1; .NET CLR 1.1.4322)"
62.140.193.42 - - [06/Mar/2007:13:59:50 +0000] "GET /images/5pic.gif HTTP/1.1" 200 9274 "http://www.som-cap.com/trackrecord.htm" "Mozilla/4.0 (compatible; MSIE 6.0; Windows NT 5.1; SV1; .NET CLR 1.1.4322)"
62.140.193.42 - - [06/Mar/2007:13:59:50 +0000] "GET /images/4pic.gif HTTP/1.1" 200 10003 "http://www.som-cap.com/trackrecord.htm" "Mozilla/4.0 (compatible; MSIE 6.0; Windows NT 5.1; SV1; .NET CLR 1.1.4322)"
62.140.193.42 - - [06/Mar/2007:13:59:50 +0000] "GET /images/3pic.gif HTTP/1.1" 200 10964 "http://www.som-cap.com/trackrecord.htm" "Mozilla/4.0 (compatible; MSIE 6.0; Windows NT 5.1; SV1; .NET CLR 1.1.4322)"
62.140.193.42 - - [06/Mar/2007:13:59:50 +0000] "GET /images/2pic.gif HTTP/1.1" 200 10701 "http://www.som-cap.com/trackrecord.htm" "Mozilla/4.0 (compatible; MSIE 6.0; Windows NT 5.1; SV1; .NET CLR 1.1.4322)"
62.140.193.42 - - [06/Mar/2007:13:59:50 +0000] "GET /images/1pic.gif HTTP/1.1" 200 12857 "http://www.som-cap.com/trackrecord.htm" "Mozilla/4.0 (compatible; MSIE 6.0; Windows NT 5.1; SV1; .NET CLR 1.1.4322)"
212.203.90.101 - - [06/Mar/2007:13:59:59 +0000] "GET /oempro/read.php?EncryptedMemberID=MzQ2Mw%3D%3D&CampaignID=79&CampaignStatisticsID=45&Demo=0&Email=roy.baumann@partnersgroup.net HTTP/1.1" 200 55 "-" "Mozilla/4.0 (compatible; MSIE 6.0; Windows NT 5.1; SV1)"
62.140.193.42 - - [06/Mar/2007:14:00:07 +0000] "GET /contact.htm HTTP/1.1" 200 2786 "http://www.som-cap.com/data.htm" "Mozilla/4.0 (compatible; MSIE 6.0; Windows NT 5.1; SV1; .NET CLR 1.1.4322)"
212.203.90.101 - - [06/Mar/2007:14:00:17 +0000] "GET /oempro/read.php?EncryptedMemberID=MzQ2Mw%3D%3D&CampaignID=79&CampaignStatisticsID=45&Demo=0&Email=roy.baumann@partnersgroup.net HTTP/1.1" 200 55 "-" "Mozilla/4.0 (compatible; MSIE 6.0; Windows NT 5.1; SV1)"
62.203.255.67 - - [06/Mar/2007:14:01:15 +0000] "GET /oempro/read.php?EncryptedMemberID=MTk3OA%3D%3D&CampaignID=79&CampaignStatisticsID=45&Demo=0&Email=david.alexander@ironbridgecp.com HTTP/1.1" 200 55 "-" "Mozilla/4.0 (compatible; MSIE 7.0; Windows NT 5.1; .NET CLR 1.0.3705; .NET CLR 1.1.4322; Media Center PC 4.0)"
81.86.65.21 - - [06/Mar/2007:14:04:55 +0000] "GET /oempro/read.php?EncryptedMemberID=NDAyNA%3D%3D&CampaignID=79&CampaignStatisticsID=45&Demo=0&Email=marie@som-cap.com HTTP/1.1" 200 55 "-" "Mozilla/4.0 (compatible; MSIE 7.0; Windows NT 5.1)"
81.86.65.21 - - [06/Mar/2007:14:05:17 +0000] "GET /oempro/read.php?EncryptedMemberID=NDAyNA%3D%3D&CampaignID=79&CampaignStatisticsID=45&Demo=0&Email=marie@som-cap.com HTTP/1.1" 200 55 "-" "Mozilla/4.0 (compatible; MSIE 7.0; Windows NT 5.1)"
81.86.65.21 - - [06/Mar/2007:14:05:42 +0000] "GET /oempro/read.php?EncryptedMemberID=NDAyNA%3D%3D&CampaignID=79&CampaignStatisticsID=45&Demo=0&Email=marie@som-cap.com HTTP/1.1" 200 55 "-" "Mozilla/4.0 (compatible; MSIE 7.0; Windows NT 5.1)"
80.88.250.65 - - [06/Mar/2007:14:07:49 +0000] "GET /oempro/read.php?EncryptedMemberID=Mjk5NA%3D%3D&CampaignID=79&CampaignStatisticsID=45&Demo=0&Email=michael.miller@arabbanking.com HTTP/1.1" 200 55 "-" "Mozilla/4.0 (compatible; MSIE 6.0; Windows NT 5.1; SV1; InfoPath.1; .NET CLR 1.1.4322)"
84.49.8.91 - - [06/Mar/2007:14:08:06 +0000] "GET /oempro/read.php?EncryptedMemberID=MjM3MA%3D%3D&CampaignID=79&CampaignStatisticsID=45&Demo=0&Email=hans@fcapital.no HTTP/1.1" 200 55 "-" "Mozilla/4.0 (compatible; MSIE 7.0; Windows NT 5.1; .NET CLR 1.1.4322; .NET CLR 2.0.50727)"
80.88.250.65 - - [06/Mar/2007:14:08:29 +0000] "GET /oempro/link.php?URL=aHR0cDovL3d3dy5zb20tY2FwLmNvbS9vZW1wcm8vbGluay5waHA%2FVVJMPWFIUjBjRG92TDNkM2R5NXpiMjB0WTJGd0xtTnZiUzlrWVhSaExtaDBiUT09JmFtcDtOYW1lPSZhbXA7RW5jcnlwdGVkTWVtYmVySUQ9TkRBeU5BPT0mYW1wO0NhbXBhaWduSUQ9NzcmYW1wO0NhbXBhaWduU3RhdGlzdGljc0lEPTQzJmFtcDtEZW1vPTAmYW1wO0VtYWlsPW1hcmllQHNvbS1jYXAuY29t&Name=&EncryptedMemberID=Mjk5NA%3D%3D&CampaignID=79&CampaignStatisticsID=45&Demo=0&Email=michael.miller@arabbanking.com HTTP/1.1" 302 5 "-" "Mozilla/4.0 (compatible; MSIE 6.0; Windows NT 5.1; SV1; InfoPath.1; .NET CLR 1.1.4322)"
80.88.250.65 - - [06/Mar/2007:14:08:32 +0000] "GET /oempro/link.php?URL=aHR0cDovL3d3dy5zb20tY2FwLmNvbS9kYXRhLmh0bQ==&Name=&EncryptedMemberID=NDAyNA==&CampaignID=77&CampaignStatisticsID=43&Demo=0&Email=marie@som-cap.com HTTP/1.1" 302 5 "-" "Mozilla/4.0 (compatible; MSIE 6.0; Windows NT 5.1; SV1; InfoPath.1; .NET CLR 1.1.4322)"
66.83.107.130 - - [06/Mar/2007:14:12:15 +0000] "GET /oempro/read.php?EncryptedMemberID=MzYyOQ%3D%3D&CampaignID=79&CampaignStatisticsID=45&Demo=0&Email=sprim@parishcapital.com HTTP/1.1" 200 55 "-" "Mozilla/4.0 (compatible; MSIE 6.0; Windows NT 5.1; SV1; .NET CLR 1.1.4322)"
65.211.12.195 - - [06/Mar/2007:14:17:54 +0000] "GET /oempro/read.php?EncryptedMemberID=MzUyMg%3D%3D&CampaignID=79&CampaignStatisticsID=45&Demo=0&Email=sb@hoegh-capital.com HTTP/1.1" 200 55 "-" "Mozilla/4.0 (compatible; MSIE 6.0; Windows NT 5.1; SV1)"
62.69.42.91 - - [06/Mar/2007:14:18:32 +0000] "GET /oempro/read.php?EncryptedMemberID=MzU1NA%3D%3D&CampaignID=79&CampaignStatisticsID=45&Demo=0&Email=semmes@euroamericanfunds.com HTTP/1.1" 200 55 "-" "Mozilla/4.0 (compatible; MSIE 7.0; Windows NT 5.1; .NET CLR 1.1.4322; .NET CLR 2.0.50727)"
62.69.42.91 - - [06/Mar/2007:14:18:32 +0000] "GET /oempro/read.php?EncryptedMemberID=MzU1NA%3D%3D&CampaignID=79&CampaignStatisticsID=45&Demo=0&Email=semmes@euroamericanfunds.com HTTP/1.1" 200 55 "-" "Mozilla/4.0 (compatible; MSIE 7.0; Windows NT 5.1; .NET CLR 1.1.4322; .NET CLR 2.0.50727)"
82.135.125.30 - - [06/Mar/2007:14:19:34 +0000] "GET /oempro/read.php?EncryptedMemberID=MzU4Ng%3D%3D&CampaignID=79&CampaignStatisticsID=45&Demo=0&Email=simon.tang@vcm.de HTTP/1.0" 200 43 "-" "Mozilla/4.0 (compatible; MSIE 6.0; Windows NT 5.0; .NET CLR 1.1.4322)"
70.88.225.89 - - [06/Mar/2007:14:20:02 +0000] "GET /oempro/link.php?URL=aHR0cDovL3d3dy5zb20tY2FwLmNvbS9vZW1wcm8vbGluay5waHA%2FVVJMPWFIUjBjRG92TDNkM2R5NXpiMjB0WTJGd0xtTnZiUzlrWVhSaExtaDBiUT09JmFtcDtOYW1lPSZhbXA7RW5jcnlwdGVkTWVtYmVySUQ9TkRBeU5BPT0mYW1wO0NhbXBhaWduSUQ9NzcmYW1wO0NhbXBhaWduU3RhdGlzdGljc0lEPTQzJmFtcDtEZW1vPTAmYW1wO0VtYWlsPW1hcmllQHNvbS1jYXAuY29t&Name=&EncryptedMemberID=MTY3Mw%3D%3D&CampaignID=79&CampaignStatisticsID=45&Demo=0&Email=ashton@montagunewhall.com HTTP/1.1" 302 5 "-" "Mozilla/4.0 (compatible; MSIE 6.0; Windows NT 5.1; SV1; .NET CLR 1.1.4322)"
70.88.225.89 - - [06/Mar/2007:14:20:02 +0000] "GET /oempro/link.php?URL=aHR0cDovL3d3dy5zb20tY2FwLmNvbS9kYXRhLmh0bQ==&Name=&EncryptedMemberID=NDAyNA==&CampaignID=77&CampaignStatisticsID=43&Demo=0&Email=marie@som-cap.com HTTP/1.1" 302 5 "-" "Mozilla/4.0 (compatible; MSIE 6.0; Windows NT 5.1; SV1; .NET CLR 1.1.4322)"
70.88.225.89 - - [06/Mar/2007:14:20:02 +0000] "GET /data.htm HTTP/1.1" 200 6628 "-" "Mozilla/4.0 (compatible; MSIE 6.0; Windows NT 5.1; SV1; .NET CLR 1.1.4322)"
70.88.225.89 - - [06/Mar/2007:14:20:03 +0000] "GET /styles.css HTTP/1.1" 200 497 "http://www.som-cap.com/data.htm" "Mozilla/4.0 (compatible; MSIE 6.0; Windows NT 5.1; SV1; .NET CLR 1.1.4322)"
70.88.225.89 - - [06/Mar/2007:14:20:03 +0000] "GET /images/inbg.jpg HTTP/1.1" 200 32265 "http://www.som-cap.com/data.htm" "Mozilla/4.0 (compatible; MSIE 6.0; Windows NT 5.1; SV1; .NET CLR 1.1.4322)"
70.88.225.89 - - [06/Mar/2007:14:20:03 +0000] "GET /images/logo.gif HTTP/1.1" 200 1574 "http://www.som-cap.com/data.htm" "Mozilla/4.0 (compatible; MSIE 6.0; Windows NT 5.1; SV1; .NET CLR 1.1.4322)"
194.209.42.83 - - [06/Mar/2007:14:20:53 +0000] "GET /oempro/read.php?EncryptedMemberID=MjI1NA%3D%3D&CampaignID=79&CampaignStatisticsID=45&Demo=0&Email=gaia.arnaboldi@adveq.com HTTP/1.1" 200 55 "-" "Mozilla/4.0 (compatible; MSIE 6.0; Windows NT 5.2; SV1; .NET CLR 1.1.4322; InfoPath.1; .NET CLR 2.0.50727)"
62.2.75.139 - - [06/Mar/2007:14:21:30 +0000] "GET /oempro/read.php?EncryptedMemberID=MzExMQ%3D%3D&CampaignID=79&CampaignStatisticsID=45&Demo=0&Email=nicola.bravetti@arnerbank.ch HTTP/1.1" 200 55 "-" "Mozilla/4.0 (compatible; MSIE 6.0; Windows NT 5.1; SV1; .NET CLR 1.1.4322; .NET CLR 2.0.50727)"
217.40.107.194 - - [06/Mar/2007:14:21:47 +0000] "GET /oempro/read.php?EncryptedMemberID=MzIwMw%3D%3D&CampaignID=79&CampaignStatisticsID=45&Demo=0&Email=pawans@gmrlaw.com HTTP/1.1" 200 55 "-" "Mozilla/4.0 (compatible; MSIE 6.0; Windows NT 5.1; SV1; .NET CLR 1.1.4322)"
216.57.10.251 - - [06/Mar/2007:14:22:08 +0000] "GET /oempro/read.php?EncryptedMemberID=MzA4NA%3D%3D&CampaignID=79&CampaignStatisticsID=45&Demo=0&Email=nbelmont@farhills.com HTTP/1.1" 200 55 "-" "Mozilla/4.0 (compatible; MSIE 7.0; Windows NT 5.1; .NET CLR 1.1.4322)"
216.57.10.251 - - [06/Mar/2007:14:22:24 +0000] "GET /oempro/read.php?EncryptedMemberID=MzA4NA%3D%3D&CampaignID=79&CampaignStatisticsID=45&Demo=0&Email=nbelmont@farhills.com HTTP/1.1" 200 55 "-" "Mozilla/4.0 (compatible; MSIE 7.0; Windows NT 5.1; .NET CLR 1.1.4322)"
216.57.10.251 - - [06/Mar/2007:14:22:29 +0000] "GET /oempro/read.php?EncryptedMemberID=MzA4NA%3D%3D&CampaignID=79&CampaignStatisticsID=45&Demo=0&Email=nbelmont@farhills.com HTTP/1.1" 200 55 "-" "Mozilla/4.0 (compatible; MSIE 7.0; Windows NT 5.1; .NET CLR 1.1.4322)"
194.151.190.228 - - [06/Mar/2007:14:22:40 +0000] "GET /oempro/read.php?EncryptedMemberID=MjQ2Nw%3D%3D&CampaignID=79&CampaignStatisticsID=45&Demo=0&Email=irene.wassenaar@mn-services.nl HTTP/1.1" 200 55 "-" "Mozilla/4.0 (compatible; MSIE 6.0; Windows NT 5.1; SV1)"
216.57.10.251 - - [06/Mar/2007:14:22:43 +0000] "GET /oempro/read.php?EncryptedMemberID=MzA4NA%3D%3D&CampaignID=79&CampaignStatisticsID=45&Demo=0&Email=nbelmont@farhills.com HTTP/1.1" 200 55 "-" "Mozilla/4.0 (compatible; MSIE 7.0; Windows NT 5.1; .NET CLR 1.1.4322)"
64.95.11.5 - - [06/Mar/2007:14:23:02 +0000] "GET /oempro/link.php?URL=aHR0cDovL3d3dy5zb20tY2FwLmNvbS9vZW1wcm8vbGluay5waHA%2FVVJMPWFIUjBjRG92TDNkM2R5NXpiMjB0WTJGd0xtTnZiUzlrWVhSaExtaDBiUT09JmFtcDtOYW1lPSZhbXA7RW5jcnlwdGVkTWVtYmVySUQ9TkRBeU5BPT0mYW1wO0NhbXBhaWduSUQ9NzcmYW1wO0NhbXBhaWduU3RhdGlzdGljc0lEPTQzJmFtcDtEZW1vPTAmYW1wO0VtYWlsPW1hcmllQHNvbS1jYXAuY29t&Name=&EncryptedMemberID=MzMzMQ%3D%3D&CampaignID=79&CampaignStatisticsID=45&Demo=0&Email=ravi.vish@wmam.com HTTP/1.0" 302 0 "-" "Mozilla/4.0 (compatible; MSIE 6.0; Windows NT 5.1; SV1; .NET CLR 1.0.3705)"
64.95.11.5 - - [06/Mar/2007:14:23:02 +0000] "GET /oempro/link.php?URL=aHR0cDovL3d3dy5zb20tY2FwLmNvbS9kYXRhLmh0bQ==&Name=&EncryptedMemberID=NDAyNA==&CampaignID=77&CampaignStatisticsID=43&Demo=0&Email=marie@som-cap.com HTTP/1.0" 302 0 "-" "Mozilla/4.0 (compatible; MSIE 6.0; Windows NT 5.1; SV1; .NET CLR 1.0.3705)"
64.95.11.5 - - [06/Mar/2007:14:23:02 +0000] "GET /data.htm HTTP/1.0" 200 6628 "-" "Mozilla/4.0 (compatible; MSIE 6.0; Windows NT 5.1; SV1; .NET CLR 1.0.3705)"
64.95.11.5 - - [06/Mar/2007:14:23:03 +0000] "GET /styles.css HTTP/1.0" 200 497 "http://www.som-cap.com/data.htm" "Mozilla/4.0 (compatible; MSIE 6.0; Windows NT 5.1; SV1; .NET CLR 1.0.3705)"
64.95.11.5 - - [06/Mar/2007:14:23:03 +0000] "GET /images/inbg.jpg HTTP/1.0" 200 32265 "http://www.som-cap.com/data.htm" "Mozilla/4.0 (compatible; MSIE 6.0; Windows NT 5.1; SV1; .NET CLR 1.0.3705)"
64.95.11.5 - - [06/Mar/2007:14:23:03 +0000] "GET /images/logo.gif HTTP/1.0" 200 1574 "http://www.som-cap.com/data.htm" "Mozilla/4.0 (compatible; MSIE 6.0; Windows NT 5.1; SV1; .NET CLR 1.0.3705)"
63.94.95.33 - - [06/Mar/2007:14:23:11 +0000] "GET /oempro/read.php?EncryptedMemberID=MjEwNA%3D%3D&CampaignID=79&CampaignStatisticsID=45&Demo=0&Email=dstrumwasser@whippoorwillassociates.com HTTP/1.1" 200 55 "-" "Mozilla/4.0 (compatible; MSIE 6.0; Windows NT 5.1; SV1; .NET CLR 1.1.4322)"
64.95.11.5 - - [06/Mar/2007:14:23:20 +0000] "GET /images/Private%20Equity%20Data%20Service%20Feb%2007.pdf HTTP/1.0" 200 29186 "http://www.som-cap.com/data.htm" "Mozilla/4.0 (compatible; MSIE 6.0; Windows NT 5.1; SV1; .NET CLR 1.0.3705)"
209.27.63.170 - - [06/Mar/2007:14:25:57 +0000] "GET /oempro/read.php?EncryptedMemberID=MjQwMA%3D%3D&CampaignID=79&CampaignStatisticsID=45&Demo=0&Email=henry.smith@maplesandcalder.com HTTP/1.0" 200 43 "-" "Mozilla/4.0 (compatible; MSIE 6.0; Windows NT 5.0; .NET CLR 1.1.4322)"
194.209.42.83 - - [06/Mar/2007:14:28:05 +0000] "GET /oempro/read.php?EncryptedMemberID=MjI1NA%3D%3D&CampaignID=79&CampaignStatisticsID=45&Demo=0&Email=gaia.arnaboldi@adveq.com HTTP/1.1" 200 55 "-" "Mozilla/4.0 (compatible; MSIE 6.0; Windows NT 5.2; SV1; .NET CLR 1.1.4322; InfoPath.1; .NET CLR 2.0.50727)"
193.138.107.180 - - [06/Mar/2007:14:28:47 +0000] "GET /oempro/read.php?EncryptedMemberID=MzQyOQ%3D%3D&CampaignID=79&CampaignStatisticsID=45&Demo=0&Email=robert_hatch@standardlife.com HTTP/1.0" 200 43 "-" "Mozilla/4.0 (compatible; Lotus-Notes/6.0; Windows-NT)"
193.138.107.178 - - [06/Mar/2007:14:29:00 +0000] "GET /oempro/link.php?URL=aHR0cDovL3d3dy5zb20tY2FwLmNvbS9vZW1wcm8vbGluay5waHA%2FVVJMPWFIUjBjRG92TDNkM2R5NXpiMjB0WTJGd0xtTnZiUzlrWVhSaExtaDBiUT09JmFtcDtOYW1lPSZhbXA7RW5jcnlwdGVkTWVtYmVySUQ9TkRBeU5BPT0mYW1wO0NhbXBhaWduSUQ9NzcmYW1wO0NhbXBhaWduU3RhdGlzdGljc0lEPTQzJmFtcDtEZW1vPTAmYW1wO0VtYWlsPW1hcmllQHNvbS1jYXAuY29t&Name=&EncryptedMemberID=MzQyOQ%3D%3D&CampaignID=79&CampaignStatisticsID=45&Demo=0&Email=robert_hatch@standardlife.com HTTP/1.0" 302 0 "-" "Mozilla/4.0 (compatible; MSIE 6.0; Windows NT 5.0; .NET CLR 1.1.4322; .NET CLR 2.0.50727)"
193.138.107.178 - - [06/Mar/2007:14:29:00 +0000] "GET /oempro/link.php?URL=aHR0cDovL3d3dy5zb20tY2FwLmNvbS9kYXRhLmh0bQ==&Name=&EncryptedMemberID=NDAyNA==&CampaignID=77&CampaignStatisticsID=43&Demo=0&Email=marie@som-cap.com HTTP/1.0" 302 0 "-" "Mozilla/4.0 (compatible; MSIE 6.0; Windows NT 5.0; .NET CLR 1.1.4322; .NET CLR 2.0.50727)"
193.138.107.178 - - [06/Mar/2007:14:29:00 +0000] "GET /data.htm HTTP/1.0" 200 6628 "-" "Mozilla/4.0 (compatible; MSIE 6.0; Windows NT 5.0; .NET CLR 1.1.4322; .NET CLR 2.0.50727)"
193.138.107.178 - - [06/Mar/2007:14:29:00 +0000] "GET /styles.css HTTP/1.0" 200 497 "http://www.som-cap.com/data.htm" "Mozilla/4.0 (compatible; MSIE 6.0; Windows NT 5.0; .NET CLR 1.1.4322; .NET CLR 2.0.50727)"
193.138.107.178 - - [06/Mar/2007:14:29:00 +0000] "GET /images/logo.gif HTTP/1.0" 200 1574 "http://www.som-cap.com/data.htm" "Mozilla/4.0 (compatible; MSIE 6.0; Windows NT 5.0; .NET CLR 1.1.4322; .NET CLR 2.0.50727)"
193.138.107.178 - - [06/Mar/2007:14:29:00 +0000] "GET /images/inbg.jpg HTTP/1.0" 200 32265 "http://www.som-cap.com/data.htm" "Mozilla/4.0 (compatible; MSIE 6.0; Windows NT 5.0; .NET CLR 1.1.4322; .NET CLR 2.0.50727)"
193.138.107.178 - - [06/Mar/2007:14:29:08 +0000] "GET /images/Private%20Equity%20Data%20Service%20Feb%2007.pdf HTTP/1.0" 200 29186 "http://www.som-cap.com/data.htm" "Mozilla/4.0 (compatible; MSIE 6.0; Windows NT 5.0; .NET CLR 1.1.4322; .NET CLR 2.0.50727)"
192.44.63.162 - - [06/Mar/2007:14:31:15 +0000] "GET /oempro/read.php?EncryptedMemberID=MjUzMw%3D%3D&CampaignID=79&CampaignStatisticsID=45&Demo=0&Email=jean.daumet@ca-cprpe.fr HTTP/1.1" 200 55 "-" "Mozilla/4.0 (compatible; MSIE 6.0; Windows NT 5.1; SV1; .NET CLR 1.1.4322; InfoPath.1)"
192.44.63.162 - - [06/Mar/2007:14:31:15 +0000] "GET /oempro/read.php?EncryptedMemberID=MjUzMw%3D%3D&CampaignID=79&CampaignStatisticsID=45&Demo=0&Email=jean.daumet@ca-cprpe.fr HTTP/1.1" 200 55 "-" "Mozilla/4.0 (compatible; MSIE 6.0; Windows NT 5.1; SV1; .NET CLR 1.1.4322; InfoPath.1)"
81.133.101.67 - - [06/Mar/2007:14:32:18 +0000] "GET /oempro/read.php?EncryptedMemberID=MTUwNQ%3D%3D&CampaignID=79&CampaignStatisticsID=45&Demo=0&Email=ac@northgatecapital.com HTTP/1.1" 200 55 "-" "Mozilla/4.0 (compatible; MSIE 7.0; Windows NT 5.1; .NET CLR 1.1.4322)"
216.57.10.251 - - [06/Mar/2007:14:34:28 +0000] "GET /oempro/read.php?EncryptedMemberID=MzA4NA%3D%3D&CampaignID=79&CampaignStatisticsID=45&Demo=0&Email=nbelmont@farhills.com HTTP/1.1" 200 55 "-" "Mozilla/4.0 (compatible; MSIE 7.0; Windows NT 5.1; .NET CLR 1.1.4322)"
216.57.10.251 - - [06/Mar/2007:14:34:28 +0000] "GET /oempro/read.php?EncryptedMemberID=MzA4NA%3D%3D&CampaignID=79&CampaignStatisticsID=45&Demo=0&Email=nbelmont@farhills.com HTTP/1.1" 200 55 "-" "Mozilla/4.0 (compatible; MSIE 7.0; Windows NT 5.1; .NET CLR 1.1.4322)"
38.99.162.107 - - [06/Mar/2007:14:38:24 +0000] "GET /oempro/read.php?EncryptedMemberID=MTU4OQ%3D%3D&CampaignID=79&CampaignStatisticsID=45&Demo=0&Email=amgross@kilmercapital.com HTTP/1.1" 200 55 "-" "Mozilla/4.0 (compatible; MSIE 7.0; Windows NT 5.1; .NET CLR 1.1.4322)"
38.99.162.107 - - [06/Mar/2007:14:38:34 +0000] "GET /oempro/read.php?EncryptedMemberID=MTU4OQ%3D%3D&CampaignID=79&CampaignStatisticsID=45&Demo=0&Email=amgross@kilmercapital.com HTTP/1.1" 200 55 "-" "Mozilla/4.0 (compatible; MSIE 7.0; Windows NT 5.1; .NET CLR 1.1.4322)"
38.99.162.107 - - [06/Mar/2007:14:38:35 +0000] "GET /oempro/read.php?EncryptedMemberID=MTU4OQ%3D%3D&CampaignID=79&CampaignStatisticsID=45&Demo=0&Email=amgross@kilmercapital.com HTTP/1.1" 200 55 "-" "Mozilla/4.0 (compatible; MSIE 7.0; Windows NT 5.1; .NET CLR 1.1.4322)"
212.153.12.70 - - [06/Mar/2007:14:39:36 +0000] "GET /oempro/read.php?EncryptedMemberID=MjE3NA%3D%3D&CampaignID=79&CampaignStatisticsID=45&Demo=0&Email=erwin.simons@dlapiper.com HTTP/1.0" 200 43 "-" "Mozilla/4.0 (compatible; MSIE 6.0; Windows NT 5.1; SV1; .NET CLR 1.1.4322; .NET CLR 2.0.50727)"
71.100.162.7 - - [06/Mar/2007:14:39:40 +0000] "GET /oempro/read.php?EncryptedMemberID=MzU1Nw%3D%3D&CampaignID=79&CampaignStatisticsID=45&Demo=0&Email=sfoakes@bentleylp.com HTTP/1.1" 200 55 "http://us.f817.mail.yahoo.com/ym/ShowLetter?Search=&Idx=9&YY=83331&y5beta=yes&y5beta=yes&order=down&sort=date&pos=0&view=a&head=b" "Mozilla/4.0 (compatible; MSIE 7.0; Windows NT 5.1; .NET CLR 1.0.3705)"
212.203.90.101 - - [06/Mar/2007:14:40:21 +0000] "GET /oempro/read.php?EncryptedMemberID=MTg4Mg%3D%3D&CampaignID=79&CampaignStatisticsID=45&Demo=0&Email=christian.ebert@partnersgroup.net HTTP/1.1" 200 55 "-" "Mozilla/4.0 (compatible; MSIE 6.0; Windows NT 5.1; SV1)"
195.95.137.6 - - [06/Mar/2007:14:40:43 +0000] "GET /oempro/read.php?EncryptedMemberID=MTczMA%3D%3D&CampaignID=79&CampaignStatisticsID=45&Demo=0&Email=berthold.garbas@wwasset.de HTTP/1.1" 200 55 "-" "Mozilla/4.0 (compatible; MSIE 6.0; Windows NT 5.1; SV1; .NET CLR 1.1.4322; .NET CLR 1.0.3705; .NET CLR 2.0.50727)"
195.95.137.6 - - [06/Mar/2007:14:40:49 +0000] "GET /oempro/read.php?EncryptedMemberID=MTczMA%3D%3D&CampaignID=79&CampaignStatisticsID=45&Demo=0&Email=berthold.garbas@wwasset.de HTTP/1.1" 200 55 "-" "Mozilla/4.0 (compatible; MSIE 6.0; Windows NT 5.1; SV1; .NET CLR 1.1.4322; .NET CLR 1.0.3705; .NET CLR 2.0.50727)"
67.125.186.17 - - [06/Mar/2007:14:42:45 +0000] "GET /oempro/read.php?EncryptedMemberID=MjA0MQ%3D%3D&CampaignID=79&CampaignStatisticsID=45&Demo=0&Email=dg@picapital.co.uk HTTP/1.1" 200 55 "-" "Mozilla/4.0 (compatible; MSIE 6.0; Windows NT 5.1; SV1; .NET CLR 1.1.4322)"
67.125.186.17 - - [06/Mar/2007:14:42:46 +0000] "GET /oempro/read.php?EncryptedMemberID=MjA0MQ%3D%3D&CampaignID=79&CampaignStatisticsID=45&Demo=0&Email=dg@picapital.co.uk HTTP/1.1" 200 55 "-" "Mozilla/4.0 (compatible; MSIE 6.0; Windows NT 5.1; SV1; .NET CLR 1.1.4322)"
85.133.32.138 - - [06/Mar/2007:14:45:44 +0000] "GET /oempro/read.php?EncryptedMemberID=MzkxMw%3D%3D&CampaignID=79&CampaignStatisticsID=45&Demo=0&Email=wh@mvision.com HTTP/1.1" 200 55 "-" "Mozilla/4.0 (compatible; MSIE 6.0; Windows NT 5.2; SV1; .NET CLR 1.1.4322; InfoPath.1; .NET CLR 2.0.50727)"
85.133.32.138 - - [06/Mar/2007:14:51:43 +0000] "GET /oempro/read.php?EncryptedMemberID=MzkxMw%3D%3D&CampaignID=79&CampaignStatisticsID=45&Demo=0&Email=wh@mvision.com HTTP/1.1" 200 55 "-" "Mozilla/4.0 (compatible; MSIE 6.0; Windows NT 5.2; SV1; .NET CLR 1.1.4322; InfoPath.1; .NET CLR 2.0.50727)"
195.95.137.6 - - [06/Mar/2007:14:51:49 +0000] "GET /oempro/read.php?EncryptedMemberID=MTczMA%3D%3D&CampaignID=79&CampaignStatisticsID=45&Demo=0&Email=berthold.garbas@wwasset.de HTTP/1.1" 200 55 "-" "Mozilla/4.0 (compatible; MSIE 6.0; Windows NT 5.1; SV1; .NET CLR 1.1.4322; .NET CLR 1.0.3705; .NET CLR 2.0.50727)"
85.189.60.74 - - [06/Mar/2007:14:52:06 +0000] "GET /oempro/read.php?EncryptedMemberID=MjA0MQ%3D%3D&CampaignID=79&CampaignStatisticsID=45&Demo=0&Email=dg@picapital.co.uk HTTP/1.1" 200 55 "-" "Mozilla/4.0 (compatible; MSIE 7.0; Windows NT 5.1; FunWebProducts; .NET CLR 1.1.4322; InfoPath.1)"
62.203.255.67 - - [06/Mar/2007:14:52:47 +0000] "GET /oempro/read.php?EncryptedMemberID=MTk3OA%3D%3D&CampaignID=79&CampaignStatisticsID=45&Demo=0&Email=david.alexander@ironbridgecp.com HTTP/1.1" 200 55 "-" "Mozilla/4.0 (compatible; MSIE 7.0; Windows NT 5.1; .NET CLR 1.0.3705; .NET CLR 1.1.4322; Media Center PC 4.0)"
62.203.255.67 - - [06/Mar/2007:14:52:47 +0000] "GET /oempro/read.php?EncryptedMemberID=MTk3OA%3D%3D&CampaignID=79&CampaignStatisticsID=45&Demo=0&Email=david.alexander@ironbridgecp.com HTTP/1.1" 200 55 "-" "Mozilla/4.0 (compatible; MSIE 7.0; Windows NT 5.1; .NET CLR 1.0.3705; .NET CLR 1.1.4322; Media Center PC 4.0)"
83.244.132.11 - - [06/Mar/2007:14:53:59 +0000] "GET /oempro/link.php?URL=aHR0cDovL3d3dy5zb20tY2FwLmNvbS9vZW1wcm8vbGluay5waHA%2FVVJMPWFIUjBjRG92TDNkM2R5NXpiMjB0WTJGd0xtTnZiUzlrWVhSaExtaDBiUT09JmFtcDtOYW1lPSZhbXA7RW5jcnlwdGVkTWVtYmVySUQ9TkRBeU5BPT0mYW1wO0NhbXBhaWduSUQ9NzcmYW1wO0NhbXBhaWduU3RhdGlzdGljc0lEPTQzJmFtcDtEZW1vPTAmYW1wO0VtYWlsPW1hcmllQHNvbS1jYXAuY29t&Name=&EncryptedMemberID=MzA5OQ%3D%3D&CampaignID=79&CampaignStatisticsID=45&Demo=0&Email=ngordon@helix-associates.co.uk HTTP/1.0" 302 0 "-" "Mozilla/4.0 (compatible; MSIE 6.0; Windows NT 5.1; SV1; .NET CLR 1.1.4322; .NET CLR 2.0.50727)"
83.244.132.11 - - [06/Mar/2007:14:53:59 +0000] "GET /oempro/link.php?URL=aHR0cDovL3d3dy5zb20tY2FwLmNvbS9kYXRhLmh0bQ==&Name=&EncryptedMemberID=NDAyNA==&CampaignID=77&CampaignStatisticsID=43&Demo=0&Email=marie@som-cap.com HTTP/1.0" 302 0 "-" "Mozilla/4.0 (compatible; MSIE 6.0; Windows NT 5.1; SV1; .NET CLR 1.1.4322; .NET CLR 2.0.50727)"
83.244.132.11 - - [06/Mar/2007:14:53:59 +0000] "GET /data.htm HTTP/1.0" 200 6628 "-" "Mozilla/4.0 (compatible; MSIE 6.0; Windows NT 5.1; SV1; .NET CLR 1.1.4322; .NET CLR 2.0.50727)"
83.244.132.11 - - [06/Mar/2007:14:54:00 +0000] "GET /styles.css HTTP/1.0" 200 497 "http://www.som-cap.com/data.htm" "Mozilla/4.0 (compatible; MSIE 6.0; Windows NT 5.1; SV1; .NET CLR 1.1.4322; .NET CLR 2.0.50727)"
83.244.132.11 - - [06/Mar/2007:14:54:00 +0000] "GET /images/logo.gif HTTP/1.0" 200 1574 "http://www.som-cap.com/data.htm" "Mozilla/4.0 (compatible; MSIE 6.0; Windows NT 5.1; SV1; .NET CLR 1.1.4322; .NET CLR 2.0.50727)"
83.244.132.11 - - [06/Mar/2007:14:54:00 +0000] "GET /images/inbg.jpg HTTP/1.0" 200 32265 "http://www.som-cap.com/data.htm" "Mozilla/4.0 (compatible; MSIE 6.0; Windows NT 5.1; SV1; .NET CLR 1.1.4322; .NET CLR 2.0.50727)"
83.244.132.11 - - [06/Mar/2007:14:54:00 +0000] "GET /favicon.ico HTTP/1.0" 404 645 "-" "Mozilla/5.0 (compatible; Google Desktop)"
83.244.132.11 - - [06/Mar/2007:14:54:36 +0000] "GET /images/Private%20Equity%20Data%20Service%20Feb%2007.pdf HTTP/1.0" 200 29186 "http://www.som-cap.com/data.htm" "Mozilla/4.0 (compatible; MSIE 6.0; Windows NT 5.1; SV1; .NET CLR 1.1.4322; .NET CLR 2.0.50727)"
198.240.212.26 - - [06/Mar/2007:14:54:42 +0000] "GET /oempro/read.php?EncryptedMemberID=MTY2Mw%3D%3D&CampaignID=79&CampaignStatisticsID=45&Demo=0&Email=arielsergio.goekmen@credit-suisse.com HTTP/1.1" 200 55 "-" "Mozilla/4.0 (compatible; MSIE 6.0; Windows NT 5.1; SV1; i-NavFourF; .NET CLR 1.1.4322; InfoPath.1; .NET CLR 2.0.50727)"
198.240.212.26 - - [06/Mar/2007:14:54:43 +0000] "GET /oempro/read.php?EncryptedMemberID=MTY2Mw%3D%3D&CampaignID=79&CampaignStatisticsID=45&Demo=0&Email=arielsergio.goekmen@credit-suisse.com HTTP/1.1" 200 55 "-" "Mozilla/4.0 (compatible; MSIE 6.0; Windows NT 5.1; SV1; i-NavFourF; .NET CLR 1.1.4322; InfoPath.1; .NET CLR 2.0.50727)"
71.16.107.82 - - [06/Mar/2007:15:03:31 +0000] "GET /oempro/read.php?EncryptedMemberID=MjEzMg%3D%3D&CampaignID=79&CampaignStatisticsID=45&Demo=0&Email=edehm@square1bank.com HTTP/1.0" 200 43 "-" "Mozilla/4.0 (compatible; MSIE 6.0; Windows NT 5.1; SV1; .NET CLR 1.1.4322; .NET CLR 2.0.50727)"
198.240.212.26 - - [06/Mar/2007:15:05:09 +0000] "GET /oempro/read.php?EncryptedMemberID=MTY2Mw%3D%3D&CampaignID=79&CampaignStatisticsID=45&Demo=0&Email=arielsergio.goekmen@credit-suisse.com HTTP/1.1" 200 55 "-" "Mozilla/4.0 (compatible; MSIE 6.0; Windows NT 5.1; SV1; i-NavFourF; .NET CLR 1.1.4322; InfoPath.1; .NET CLR 2.0.50727)"
86.142.59.38 - - [06/Mar/2007:15:07:05 +0000] "GET /oempro/read.php?EncryptedMemberID=MjYzMA%3D%3D&CampaignID=79&CampaignStatisticsID=45&Demo=0&Email=john@wjhopper.com HTTP/1.1" 200 55 "-" "Mozilla/4.0 (compatible; MSIE 7.0; Windows NT 5.1; .NET CLR 1.1.4322)"
85.133.32.138 - - [06/Mar/2007:15:07:29 +0000] "GET /oempro/read.php?EncryptedMemberID=MzkxMw%3D%3D&CampaignID=79&CampaignStatisticsID=45&Demo=0&Email=wh@mvision.com HTTP/1.1" 200 55 "-" "Mozilla/4.0 (compatible; MSIE 6.0; Windows NT 5.2; SV1; .NET CLR 1.1.4322; InfoPath.1; .NET CLR 2.0.50727)"
80.83.156.199 - - [06/Mar/2007:15:07:30 +0000] "GET /oempro/read.php?EncryptedMemberID=MTcxNw%3D%3D&CampaignID=79&CampaignStatisticsID=45&Demo=0&Email=ben.cronin@incisivemedia.com HTTP/1.0" 200 43 "-" "Mozilla/4.0 (compatible; MSIE 6.0; Windows NT 5.0)"
67.125.186.17 - - [06/Mar/2007:15:07:40 +0000] "GET /oempro/read.php?EncryptedMemberID=MjA0MQ%3D%3D&CampaignID=79&CampaignStatisticsID=45&Demo=0&Email=dg@picapital.co.uk HTTP/1.1" 200 55 "-" "Mozilla/4.0 (compatible; MSIE 6.0; Windows NT 5.1; SV1; .NET CLR 1.1.4322)"
67.125.186.17 - - [06/Mar/2007:15:07:41 +0000] "GET /oempro/read.php?EncryptedMemberID=MjA0MQ%3D%3D&CampaignID=79&CampaignStatisticsID=45&Demo=0&Email=dg@picapital.co.uk HTTP/1.1" 200 55 "-" "Mozilla/4.0 (compatible; MSIE 6.0; Windows NT 5.1; SV1; .NET CLR 1.1.4322)"
67.125.186.17 - - [06/Mar/2007:15:07:42 +0000] "GET /oempro/read.php?EncryptedMemberID=MjA0MQ%3D%3D&CampaignID=79&CampaignStatisticsID=45&Demo=0&Email=dg@picapital.co.uk HTTP/1.1" 200 55 "-" "Mozilla/4.0 (compatible; MSIE 6.0; Windows NT 5.1; SV1; .NET CLR 1.1.4322)"
86.142.59.38 - - [06/Mar/2007:15:07:58 +0000] "GET /oempro/link.php?URL=aHR0cDovL3d3dy5zb20tY2FwLmNvbS9vZW1wcm8vbGluay5waHA%2FVVJMPWFIUjBjRG92TDNkM2R5NXpiMjB0WTJGd0xtTnZiUzg9JmFtcDtOYW1lPSZhbXA7RW5jcnlwdGVkTWVtYmVySUQ9TkRBeU5BPT0mYW1wO0NhbXBhaWduSUQ9NzcmYW1wO0NhbXBhaWduU3RhdGlzdGljc0lEPTQzJmFtcDtEZW1vPTAmYW1wO0VtYWlsPW1hcmllQHNvbS1jYXAuY29t&Name=&EncryptedMemberID=MjYzMA%3D%3D&CampaignID=79&CampaignStatisticsID=45&Demo=0&Email=john@wjhopper.com HTTP/1.1" 302 5 "-" "Mozilla/4.0 (compatible; MSIE 7.0; Windows NT 5.1; .NET CLR 1.1.4322)"
86.142.59.38 - - [06/Mar/2007:15:07:58 +0000] "GET /oempro/link.php?URL=aHR0cDovL3d3dy5zb20tY2FwLmNvbS8=&Name=&EncryptedMemberID=NDAyNA==&CampaignID=77&CampaignStatisticsID=43&Demo=0&Email=marie@som-cap.com HTTP/1.1" 302 5 "-" "Mozilla/4.0 (compatible; MSIE 7.0; Windows NT 5.1; .NET CLR 1.1.4322)"
86.142.59.38 - - [06/Mar/2007:15:07:58 +0000] "GET / HTTP/1.1" 200 3426 "-" "Mozilla/4.0 (compatible; MSIE 7.0; Windows NT 5.1; .NET CLR 1.1.4322)"
86.142.59.38 - - [06/Mar/2007:15:07:59 +0000] "GET /styles.css HTTP/1.1" 200 497 "http://www.som-cap.com/" "Mozilla/4.0 (compatible; MSIE 7.0; Windows NT 5.1; .NET CLR 1.1.4322)"
86.142.59.38 - - [06/Mar/2007:15:08:00 +0000] "GET /images/logo.gif HTTP/1.1" 200 1574 "http://www.som-cap.com/" "Mozilla/4.0 (compatible; MSIE 7.0; Windows NT 5.1; .NET CLR 1.1.4322)"
86.142.59.38 - - [06/Mar/2007:15:08:00 +0000] "GET /images/inbg.jpg HTTP/1.1" 200 32265 "http://www.som-cap.com/" "Mozilla/4.0 (compatible; MSIE 7.0; Windows NT 5.1; .NET CLR 1.1.4322)"
86.142.59.38 - - [06/Mar/2007:15:08:03 +0000] "GET /favicon.ico HTTP/1.1" 404 657 "-" "Mozilla/4.0 (compatible; MSIE 7.0; Windows NT 5.1; .NET CLR 1.1.4322)"
86.142.59.38 - - [06/Mar/2007:15:08:21 +0000] "GET /biography.htm HTTP/1.1" 200 4087 "http://www.som-cap.com/" "Mozilla/4.0 (compatible; MSIE 7.0; Windows NT 5.1; .NET CLR 1.1.4322)"
86.142.59.38 - - [06/Mar/2007:15:08:22 +0000] "GET /images/James%20Miller-2.jpg HTTP/1.1" 200 7075 "http://www.som-cap.com/biography.htm" "Mozilla/4.0 (compatible; MSIE 7.0; Windows NT 5.1; .NET CLR 1.1.4322)"
86.142.59.38 - - [06/Mar/2007:15:08:52 +0000] "GET /trackrecord.htm HTTP/1.1" 200 4429 "http://www.som-cap.com/biography.htm" "Mozilla/4.0 (compatible; MSIE 7.0; Windows NT 5.1; .NET CLR 1.1.4322)"
86.142.59.38 - - [06/Mar/2007:15:08:52 +0000] "GET /images/6pic.gif HTTP/1.1" 200 9094 "http://www.som-cap.com/trackrecord.htm" "Mozilla/4.0 (compatible; MSIE 7.0; Windows NT 5.1; .NET CLR 1.1.4322)"
86.142.59.38 - - [06/Mar/2007:15:08:53 +0000] "GET /images/5pic.gif HTTP/1.1" 200 9274 "http://www.som-cap.com/trackrecord.htm" "Mozilla/4.0 (compatible; MSIE 7.0; Windows NT 5.1; .NET CLR 1.1.4322)"
86.142.59.38 - - [06/Mar/2007:15:08:53 +0000] "GET /images/4pic.gif HTTP/1.1" 200 10003 "http://www.som-cap.com/trackrecord.htm" "Mozilla/4.0 (compatible; MSIE 7.0; Windows NT 5.1; .NET CLR 1.1.4322)"
86.142.59.38 - - [06/Mar/2007:15:08:53 +0000] "GET /images/3pic.gif HTTP/1.1" 200 10964 "http://www.som-cap.com/trackrecord.htm" "Mozilla/4.0 (compatible; MSIE 7.0; Windows NT 5.1; .NET CLR 1.1.4322)"
86.142.59.38 - - [06/Mar/2007:15:08:53 +0000] "GET /images/2pic.gif HTTP/1.1" 200 10701 "http://www.som-cap.com/trackrecord.htm" "Mozilla/4.0 (compatible; MSIE 7.0; Windows NT 5.1; .NET CLR 1.1.4322)"
86.142.59.38 - - [06/Mar/2007:15:08:54 +0000] "GET /images/1pic.gif HTTP/1.1" 200 12857 "http://www.som-cap.com/trackrecord.htm" "Mozilla/4.0 (compatible; MSIE 7.0; Windows NT 5.1; .NET CLR 1.1.4322)"
86.142.59.38 - - [06/Mar/2007:15:09:06 +0000] "GET /data.htm HTTP/1.1" 200 6628 "http://www.som-cap.com/trackrecord.htm" "Mozilla/4.0 (compatible; MSIE 7.0; Windows NT 5.1; .NET CLR 1.1.4322)"
86.142.59.38 - - [06/Mar/2007:15:09:29 +0000] "GET /images/Private%20Equity%20Data%20Service%20Feb%2007.pdf HTTP/1.1" 200 29186 "http://www.som-cap.com/data.htm" "Mozilla/4.0 (compatible; MSIE 7.0; Windows NT 5.1; .NET CLR 1.1.4322)"
67.125.186.17 - - [06/Mar/2007:15:12:48 +0000] "GET /oempro/read.php?EncryptedMemberID=MjA0MQ%3D%3D&CampaignID=79&CampaignStatisticsID=45&Demo=0&Email=dg@picapital.co.uk HTTP/1.1" 200 55 "-" "Mozilla/4.0 (compatible; MSIE 6.0; Windows NT 5.1; SV1; .NET CLR 1.1.4322)"
67.125.186.17 - - [06/Mar/2007:15:12:48 +0000] "GET /oempro/read.php?EncryptedMemberID=MjA0MQ%3D%3D&CampaignID=79&CampaignStatisticsID=45&Demo=0&Email=dg@picapital.co.uk HTTP/1.1" 200 55 "-" "Mozilla/4.0 (compatible; MSIE 6.0; Windows NT 5.1; SV1; .NET CLR 1.1.4322)"
217.36.57.117 - - [06/Mar/2007:15:13:04 +0000] "GET /oempro/read.php?EncryptedMemberID=MjkwNQ%3D%3D&CampaignID=79&CampaignStatisticsID=45&Demo=0&Email=mark@alcuincapital.com HTTP/1.1" 200 55 "-" "Mozilla/4.0 (compatible; MSIE 6.0; Windows NT 5.1; SV1; .NET CLR 1.1.4322; MSOffice 12)"
217.36.57.117 - - [06/Mar/2007:15:13:07 +0000] "GET /oempro/read.php?EncryptedMemberID=MjkwNQ%3D%3D&CampaignID=79&CampaignStatisticsID=45&Demo=0&Email=mark@alcuincapital.com HTTP/1.1" 200 55 "-" "Mozilla/4.0 (compatible; MSIE 6.0; Windows NT 5.1; SV1; .NET CLR 1.1.4322; MSOffice 12)"
194.209.238.254 - - [06/Mar/2007:15:13:56 +0000] "GET /oempro/read.php?EncryptedMemberID=MjIwNg%3D%3D&CampaignID=79&CampaignStatisticsID=45&Demo=0&Email=filippo.casagrande@gottardo.com HTTP/1.1" 200 55 "-" "Mozilla/4.0 (compatible; MSIE 6.0; Windows NT 5.1; .NET CLR 1.1.4322)"
84.159.207.29 - - [06/Mar/2007:15:14:21 +0000] "GET /oempro/read.php?EncryptedMemberID=MzM1Mw%3D%3D&CampaignID=79&CampaignStatisticsID=45&Demo=0&Email=reinhard.hartl@globalvision-ag.com HTTP/1.1" 200 55 "-" "Mozilla/4.0 (compatible; MSIE 6.0; Windows NT 5.1; SV1; .NET CLR 1.1.4322)"
