65.223.81.120 - - [06/Mar/2007:04:36:51 +0000] "GET /oempro/read.php?EncryptedMemberID=MzM4Mw%3D%3D&CampaignID=79&CampaignStatisticsID=45&Demo=0&Email=rick@gabrielvp.com HTTP/1.1" 200 55 "-" "Mozilla/4.0 (compatible; MSIE 7.0; Windows NT 5.1; .NET CLR 1.1.4322; .NET CLR 2.0.50727)"
202.189.234.72 - - [06/Mar/2007:04:42:26 +0000] "GET /oempro/read.php?EncryptedMemberID=MzA4NQ%3D%3D&CampaignID=79&CampaignStatisticsID=45&Demo=0&Email=nbloy@naviscapital.com HTTP/1.1" 200 55 "http://webmail.naviscapital.com/exchange/nbloy/Inbox/Private%20Equity%20Data%20Service-2.EML/1_multipart_xF8FF_2_text.htm/C58EA28C-18C0-4a97-9AF2-036E93DDAFB3/ATT96437.htm?attach=1" "Mozilla/4.0 (compatible; MSIE 6.0; Windows NT 5.1; SV1; .NET CLR 1.1.4322)"
81.137.235.6 - - [06/Mar/2007:04:42:56 +0000] "GET /oempro/read.php?EncryptedMemberID=Mjg1MA%3D%3D&CampaignID=79&CampaignStatisticsID=45&Demo=0&Email=m.beck@the-beck-group.com HTTP/1.1" 200 55 "-" "Mozilla/4.0 (compatible; MSIE 7.0; Windows NT 5.1)"
81.137.235.6 - - [06/Mar/2007:04:44:12 +0000] "GET /oempro/read.php?EncryptedMemberID=Mjg1MA%3D%3D&CampaignID=79&CampaignStatisticsID=45&Demo=0&Email=m.beck@the-beck-group.com HTTP/1.1" 200 55 "-" "Mozilla/4.0 (compatible; MSIE 7.0; Windows NT 5.1)"
81.137.235.6 - - [06/Mar/2007:04:44:14 +0000] "GET /oempro/read.php?EncryptedMemberID=Mjg1MA%3D%3D&CampaignID=79&CampaignStatisticsID=45&Demo=0&Email=m.beck@the-beck-group.com HTTP/1.1" 200 55 "-" "Mozilla/4.0 (compatible; MSIE 7.0; Windows NT 5.1)"
210.249.143.7 - - [06/Mar/2007:04:57:45 +0000] "GET /oempro/read.php?EncryptedMemberID=NDAxNA%3D%3D&CampaignID=69&CampaignStatisticsID=40&Demo=0&Email=komada@sumitomotrust.co.jp HTTP/1.0" 200 43 "-" "Mozilla/4.0 (compatible; MSIE 6.0; Windows NT 5.0)"
80.88.250.65 - - [06/Mar/2007:04:57:59 +0000] "GET /oempro/read.php?EncryptedMemberID=Mjk5NA%3D%3D&CampaignID=79&CampaignStatisticsID=45&Demo=0&Email=michael.miller@arabbanking.com HTTP/1.1" 200 55 "-" "Mozilla/4.0 (compatible; MSIE 6.0; Windows NT 5.1; SV1; InfoPath.1)"
80.88.250.65 - - [06/Mar/2007:04:58:28 +0000] "GET /oempro/read.php?EncryptedMemberID=Mjk5NA%3D%3D&CampaignID=79&CampaignStatisticsID=45&Demo=0&Email=michael.miller@arabbanking.com HTTP/1.1" 200 55 "-" "Mozilla/4.0 (compatible; MSIE 6.0; Windows NT 5.1; SV1; InfoPath.1)"
80.88.250.65 - - [06/Mar/2007:04:58:29 +0000] "GET /oempro/read.php?EncryptedMemberID=Mjk5NA%3D%3D&CampaignID=79&CampaignStatisticsID=45&Demo=0&Email=michael.miller@arabbanking.com HTTP/1.1" 200 55 "-" "Mozilla/4.0 (compatible; MSIE 6.0; Windows NT 5.1; SV1; InfoPath.1)"
212.72.26.42 - - [06/Mar/2007:04:58:29 +0000] "GET /oempro/read.php?EncryptedMemberID=Mjg1OA%3D%3D&CampaignID=79&CampaignStatisticsID=45&Demo=0&Email=mackaykm@sgrf.gov.om HTTP/1.1" 200 55 "-" "Mozilla/4.0 (compatible; MSIE 6.0; Windows NT 5.1; SV1; .NET CLR 1.1.4322)"
212.72.26.42 - - [06/Mar/2007:04:58:30 +0000] "GET /oempro/read.php?EncryptedMemberID=Mjg1OA%3D%3D&CampaignID=79&CampaignStatisticsID=45&Demo=0&Email=mackaykm@sgrf.gov.om HTTP/1.1" 200 55 "-" "Mozilla/4.0 (compatible; MSIE 6.0; Windows NT 5.1; SV1; .NET CLR 1.1.4322)"
210.249.143.7 - - [06/Mar/2007:04:59:40 +0000] "GET /oempro/read.php?EncryptedMemberID=NDAxNA%3D%3D&CampaignID=69&CampaignStatisticsID=40&Demo=0&Email=komada@sumitomotrust.co.jp HTTP/1.0" 200 43 "-" "Mozilla/4.0 (compatible; MSIE 6.0; Windows NT 5.0)"
80.88.250.65 - - [06/Mar/2007:05:11:35 +0000] "GET /oempro/read.php?EncryptedMemberID=Mjk5NA%3D%3D&CampaignID=79&CampaignStatisticsID=45&Demo=0&Email=michael.miller@arabbanking.com HTTP/1.1" 200 55 "-" "Mozilla/4.0 (compatible; MSIE 6.0; Windows NT 5.1; SV1; InfoPath.1; .NET CLR 1.1.4322)"
206.173.7.26 - - [06/Mar/2007:05:14:56 +0000] "GET /oempro/read.php?EncryptedMemberID=MjgzMQ%3D%3D&CampaignID=79&CampaignStatisticsID=45&Demo=0&Email=lohsiewkee@gic.com.sg HTTP/1.1" 200 55 "-" "Mozilla/4.0 (compatible; Lotus-Notes/6.0; Windows-NT)"
221.186.145.9 - - [06/Mar/2007:05:24:49 +0000] "GET /data.htm HTTP/1.1" 200 6628 "-" "Mozilla/4.0 (compatible; MSIE 6.0; Windows NT 5.1; SV1; InfoPath.1; .NET CLR 1.1.4322)"
221.186.145.9 - - [06/Mar/2007:05:24:49 +0000] "GET /styles.css HTTP/1.1" 200 497 "http://www.som-cap.com/data.htm" "Mozilla/4.0 (compatible; MSIE 6.0; Windows NT 5.1; SV1; InfoPath.1; .NET CLR 1.1.4322)"
221.186.145.9 - - [06/Mar/2007:05:24:49 +0000] "GET /images/inbg.jpg HTTP/1.1" 200 32265 "http://www.som-cap.com/data.htm" "Mozilla/4.0 (compatible; MSIE 6.0; Windows NT 5.1; SV1; InfoPath.1; .NET CLR 1.1.4322)"
221.186.145.9 - - [06/Mar/2007:05:24:50 +0000] "GET /images/logo.gif HTTP/1.1" 200 1574 "http://www.som-cap.com/data.htm" "Mozilla/4.0 (compatible; MSIE 6.0; Windows NT 5.1; SV1; InfoPath.1; .NET CLR 1.1.4322)"
221.186.145.9 - - [06/Mar/2007:05:29:52 +0000] "GET /images/Private%20Equity%20Data%20Service%20Feb%2007.pdf HTTP/1.1" 200 29186 "http://www.som-cap.com/data.htm" "Mozilla/4.0 (compatible; MSIE 6.0; Windows NT 5.1; SV1; InfoPath.1; .NET CLR 1.1.4322)"
221.186.145.9 - - [06/Mar/2007:05:30:04 +0000] "GET /images/Private%20Equity%20Data%20Service%20Feb%2007.pdf HTTP/1.1" 304 - "http://www.som-cap.com/data.htm" "Mozilla/4.0 (compatible; MSIE 6.0; Windows NT 5.1; SV1; InfoPath.1; .NET CLR 1.1.4322)"
221.186.145.9 - - [06/Mar/2007:05:30:21 +0000] "GET /images/06%20H1%20Report.pdf HTTP/1.1" 200 41233 "http://www.som-cap.com/data.htm" "Mozilla/4.0 (compatible; MSIE 6.0; Windows NT 5.1; SV1; InfoPath.1; .NET CLR 1.1.4322)"
221.186.145.9 - - [06/Mar/2007:05:30:27 +0000] "GET /images/Vol%201.%20Oct%202001.pdf HTTP/1.1" 200 105169 "http://www.som-cap.com/data.htm" "Mozilla/4.0 (compatible; MSIE 6.0; Windows NT 5.1; SV1; InfoPath.1; .NET CLR 1.1.4322)"
221.186.145.9 - - [06/Mar/2007:05:30:32 +0000] "GET /images/05%20H2%20Report.pdf HTTP/1.1" 200 36187 "http://www.som-cap.com/data.htm" "Mozilla/4.0 (compatible; MSIE 6.0; Windows NT 5.1; SV1; InfoPath.1; .NET CLR 1.1.4322)"
221.186.145.9 - - [06/Mar/2007:05:30:44 +0000] "GET /trackrecord.htm HTTP/1.1" 200 4429 "http://www.som-cap.com/data.htm" "Mozilla/4.0 (compatible; MSIE 6.0; Windows NT 5.1; SV1; InfoPath.1; .NET CLR 1.1.4322)"
221.186.145.9 - - [06/Mar/2007:05:30:45 +0000] "GET /styles.css HTTP/1.1" 304 - "http://www.som-cap.com/trackrecord.htm" "Mozilla/4.0 (compatible; MSIE 6.0; Windows NT 5.1; SV1; InfoPath.1; .NET CLR 1.1.4322)"
221.186.145.9 - - [06/Mar/2007:05:30:45 +0000] "GET /images/logo.gif HTTP/1.1" 304 - "http://www.som-cap.com/trackrecord.htm" "Mozilla/4.0 (compatible; MSIE 6.0; Windows NT 5.1; SV1; InfoPath.1; .NET CLR 1.1.4322)"
221.186.145.9 - - [06/Mar/2007:05:30:45 +0000] "GET /images/inbg.jpg HTTP/1.1" 304 - "http://www.som-cap.com/trackrecord.htm" "Mozilla/4.0 (compatible; MSIE 6.0; Windows NT 5.1; SV1; InfoPath.1; .NET CLR 1.1.4322)"
221.186.145.9 - - [06/Mar/2007:05:30:45 +0000] "GET /images/6pic.gif HTTP/1.1" 200 9094 "http://www.som-cap.com/trackrecord.htm" "Mozilla/4.0 (compatible; MSIE 6.0; Windows NT 5.1; SV1; InfoPath.1; .NET CLR 1.1.4322)"
221.186.145.9 - - [06/Mar/2007:05:30:45 +0000] "GET /images/5pic.gif HTTP/1.1" 200 9274 "http://www.som-cap.com/trackrecord.htm" "Mozilla/4.0 (compatible; MSIE 6.0; Windows NT 5.1; SV1; InfoPath.1; .NET CLR 1.1.4322)"
221.186.145.9 - - [06/Mar/2007:05:30:46 +0000] "GET /images/4pic.gif HTTP/1.1" 200 10003 "http://www.som-cap.com/trackrecord.htm" "Mozilla/4.0 (compatible; MSIE 6.0; Windows NT 5.1; SV1; InfoPath.1; .NET CLR 1.1.4322)"
221.186.145.9 - - [06/Mar/2007:05:30:46 +0000] "GET /images/3pic.gif HTTP/1.1" 200 10964 "http://www.som-cap.com/trackrecord.htm" "Mozilla/4.0 (compatible; MSIE 6.0; Windows NT 5.1; SV1; InfoPath.1; .NET CLR 1.1.4322)"
221.186.145.9 - - [06/Mar/2007:05:30:46 +0000] "GET /images/2pic.gif HTTP/1.1" 200 10701 "http://www.som-cap.com/trackrecord.htm" "Mozilla/4.0 (compatible; MSIE 6.0; Windows NT 5.1; SV1; InfoPath.1; .NET CLR 1.1.4322)"
221.186.145.9 - - [06/Mar/2007:05:30:47 +0000] "GET /images/1pic.gif HTTP/1.1" 200 12857 "http://www.som-cap.com/trackrecord.htm" "Mozilla/4.0 (compatible; MSIE 6.0; Windows NT 5.1; SV1; InfoPath.1; .NET CLR 1.1.4322)"
221.186.145.9 - - [06/Mar/2007:05:31:44 +0000] "GET /data.htm HTTP/1.1" 304 - "-" "Mozilla/4.0 (compatible; MSIE 6.0; Windows NT 5.1; SV1; InfoPath.1; .NET CLR 1.1.4322)"
221.186.145.9 - - [06/Mar/2007:05:31:46 +0000] "GET /biography.htm HTTP/1.1" 200 4087 "http://www.som-cap.com/data.htm" "Mozilla/4.0 (compatible; MSIE 6.0; Windows NT 5.1; SV1; InfoPath.1; .NET CLR 1.1.4322)"
221.186.145.9 - - [06/Mar/2007:05:31:47 +0000] "GET /images/James%20Miller-2.jpg HTTP/1.1" 200 7075 "http://www.som-cap.com/biography.htm" "Mozilla/4.0 (compatible; MSIE 6.0; Windows NT 5.1; SV1; InfoPath.1; .NET CLR 1.1.4322)"
221.186.145.9 - - [06/Mar/2007:05:34:59 +0000] "GET /contact.htm HTTP/1.1" 200 2786 "http://www.som-cap.com/data.htm" "Mozilla/4.0 (compatible; MSIE 6.0; Windows NT 5.1; SV1; InfoPath.1; .NET CLR 1.1.4322)"
221.186.145.9 - - [06/Mar/2007:05:35:06 +0000] "GET /background.htm HTTP/1.1" 200 4144 "http://www.som-cap.com/data.htm" "Mozilla/4.0 (compatible; MSIE 6.0; Windows NT 5.1; SV1; InfoPath.1; .NET CLR 1.1.4322)"
221.186.145.9 - - [06/Mar/2007:05:35:09 +0000] "GET /index.htm HTTP/1.1" 200 3426 "http://www.som-cap.com/background.htm" "Mozilla/4.0 (compatible; MSIE 6.0; Windows NT 5.1; SV1; InfoPath.1; .NET CLR 1.1.4322)"
66.234.242.66 - - [06/Mar/2007:05:37:32 +0000] "GET /oempro/read.php?EncryptedMemberID=MjUwNQ%3D%3D&CampaignID=79&CampaignStatisticsID=45&Demo=0&Email=janvaneck@vaneck.com HTTP/1.1" 200 55 "-" "Mozilla/4.0 (compatible; MSIE 6.0; Windows NT 5.1)"
58.81.219.18 - - [06/Mar/2007:05:39:25 +0000] "GET /oempro/read.php?EncryptedMemberID=MjQzOQ%3D%3D&CampaignID=79&CampaignStatisticsID=45&Demo=0&Email=h-wakayama@jafco.co.jp HTTP/1.0" 200 43 "-" "Mozilla/4.0 (compatible; MSIE 6.0; Windows NT 5.0; T312461; .NET CLR 1.1.4322)"
155.144.251.120 - - [06/Mar/2007:05:39:35 +0000] "GET /oempro/read.php?EncryptedMemberID=MzY3NA%3D%3D&CampaignID=79&CampaignStatisticsID=45&Demo=0&Email=stephen.milburn-pyle@auspost.com.au HTTP/1.0" 200 43 "-" "Mozilla/4.0 (compatible; MSIE 6.0; Windows NT 5.1; .NET CLR 1.1.4322)"
80.88.250.65 - - [06/Mar/2007:05:49:12 +0000] "GET /oempro/read.php?EncryptedMemberID=Mjk5NA%3D%3D&CampaignID=79&CampaignStatisticsID=45&Demo=0&Email=michael.miller@arabbanking.com HTTP/1.1" 200 55 "-" "Mozilla/4.0 (compatible; MSIE 6.0; Windows NT 5.1; SV1; .NET CLR 1.1.4322; InfoPath.1)"
80.88.250.65 - - [06/Mar/2007:05:49:29 +0000] "GET /oempro/read.php?EncryptedMemberID=Mjk5NA%3D%3D&CampaignID=79&CampaignStatisticsID=45&Demo=0&Email=michael.miller@arabbanking.com HTTP/1.1" 200 55 "-" "Mozilla/4.0 (compatible; MSIE 6.0; Windows NT 5.1; SV1; .NET CLR 1.1.4322; InfoPath.1)"
62.50.217.123 - - [06/Mar/2007:05:49:52 +0000] "GET /oempro/read.php?EncryptedMemberID=MjA0Ng%3D%3D&CampaignID=79&CampaignStatisticsID=45&Demo=0&Email=dgpierce@searchgroup.com HTTP/1.1" 200 55 "-" "Mozilla/4.0 (compatible; MSIE 6.0; Windows NT 5.1; SV1; .NET CLR 1.1.4322; InfoPath.1)"
62.50.217.123 - - [06/Mar/2007:05:49:59 +0000] "GET /oempro/read.php?EncryptedMemberID=MjA0Ng%3D%3D&CampaignID=79&CampaignStatisticsID=45&Demo=0&Email=dgpierce@searchgroup.com HTTP/1.1" 200 55 "-" "Mozilla/4.0 (compatible; MSIE 6.0; Windows NT 5.1; SV1; .NET CLR 1.1.4322; InfoPath.1)"
83.216.92.36 - - [06/Mar/2007:05:52:27 +0000] "GET /oempro/read.php?EncryptedMemberID=MjUxMg%3D%3D&CampaignID=79&CampaignStatisticsID=45&Demo=0&Email=jaz@pages123.com HTTP/1.1" 200 55 "-" "Mozilla/4.0 (compatible; MSIE 6.0; Windows NT 5.1; {8ADFF5F5-B593-48DB-FD07-606584D35CBD}; .NET CLR 1.1.4322)"
62.50.217.123 - - [06/Mar/2007:05:52:35 +0000] "GET /oempro/read.php?EncryptedMemberID=Mjc4Mg%3D%3D&CampaignID=79&CampaignStatisticsID=45&Demo=0&Email=lanny.lim@sailfunds.com HTTP/1.1" 200 55 "-" "Mozilla/4.0 (compatible; MSIE 6.0; Windows NT 5.1; SV1; .NET CLR 1.1.4322; InfoPath.1)"
211.23.152.206 - - [06/Mar/2007:05:55:32 +0000] "GET /oempro/read.php?EncryptedMemberID=MzM2OQ%3D%3D&CampaignID=79&CampaignStatisticsID=45&Demo=0&Email=richard.chen@vinceraventures.com HTTP/1.1" 200 55 "-" "Mozilla/4.0 (compatible; MSIE 6.0; Windows NT 5.1; SV1; .NET CLR 1.1.4322)"
80.88.250.65 - - [06/Mar/2007:05:56:11 +0000] "GET /oempro/read.php?EncryptedMemberID=Mjk5NA%3D%3D&CampaignID=79&CampaignStatisticsID=45&Demo=0&Email=michael.miller@arabbanking.com HTTP/1.1" 200 55 "-" "Mozilla/4.0 (compatible; MSIE 6.0; Windows NT 5.1; SV1)"
80.88.250.65 - - [06/Mar/2007:06:01:05 +0000] "GET /oempro/read.php?EncryptedMemberID=Mjk5NA%3D%3D&CampaignID=79&CampaignStatisticsID=45&Demo=0&Email=michael.miller@arabbanking.com HTTP/1.1" 200 55 "-" "Mozilla/4.0 (compatible; MSIE 6.0; Windows NT 5.1; SV1; .NET CLR 1.1.4322; InfoPath.1)"
67.87.114.114 - - [06/Mar/2007:06:01:55 +0000] "GET /oempro/read.php?EncryptedMemberID=Mzc5MQ%3D%3D&CampaignID=79&CampaignStatisticsID=45&Demo=0&Email=tk@sedcousa.com HTTP/1.1" 200 55 "-" "Mozilla/4.0 (compatible; MSIE 7.0; Windows NT 5.1; AtHome020; IEMB3; IEMB3)"
12.43.48.130 - - [06/Mar/2007:06:02:46 +0000] "GET /oempro/read.php?EncryptedMemberID=MzY3Mw%3D%3D&CampaignID=79&CampaignStatisticsID=45&Demo=0&Email=stephen.macrae@uk.bp.com HTTP/1.1" 200 55 "-" "Mozilla/4.0 (compatible; MSIE 6.0; Windows NT 5.1; SV1; .NET CLR 1.1.4322)"
83.216.92.36 - - [06/Mar/2007:06:11:06 +0000] "GET /oempro/read.php?EncryptedMemberID=MjUxMg%3D%3D&CampaignID=79&CampaignStatisticsID=45&Demo=0&Email=jaz@pages123.com HTTP/1.1" 200 55 "-" "Mozilla/4.0 (compatible; MSIE 6.0; Windows NT 5.1; {8ADFF5F5-B593-48DB-FD07-606584D35CBD}; .NET CLR 1.1.4322)"
210.24.138.66 - - [06/Mar/2007:06:16:39 +0000] "GET /oempro/read.php?EncryptedMemberID=MjcyNg%3D%3D&CampaignID=79&CampaignStatisticsID=45&Demo=0&Email=kelvinliu@tifventures.com HTTP/1.0" 200 43 "-" "Mozilla/4.0 (compatible; Lotus-Notes/6.0; Windows-NT)"
12.103.254.58 - - [06/Mar/2007:06:17:26 +0000] "GET /oempro/read.php?EncryptedMemberID=MzE3OQ%3D%3D&CampaignID=79&CampaignStatisticsID=45&Demo=0&Email=patmcgovern@idg.com HTTP/1.0" 200 43 "-" "Mozilla/4.0 (compatible; Lotus-Notes/6.0; Macintosh PPC)"
58.33.146.128 - - [06/Mar/2007:06:19:23 +0000] "GET /oempro/read.php?EncryptedMemberID=MzA0MQ%3D%3D&CampaignID=79&CampaignStatisticsID=45&Demo=0&Email=monikayan@minglyhk.com HTTP/1.0" 200 43 "-" "Mozilla/4.0 (compatible; Lotus-Notes/6.0; Windows-NT)"
194.7.114.2 - - [06/Mar/2007:06:21:04 +0000] "GET /oempro/read.php?EncryptedMemberID=Mjg4Mg%3D%3D&CampaignID=79&CampaignStatisticsID=45&Demo=0&Email=marc.moonens@fortis.com HTTP/1.1" 200 55 "-" "Mozilla/4.0 (compatible; MSIE 5.5; Windows NT 4.0; .NET CLR 1.1.4322)"
83.216.92.36 - - [06/Mar/2007:06:22:24 +0000] "GET /oempro/read.php?EncryptedMemberID=MjUxMg%3D%3D&CampaignID=79&CampaignStatisticsID=45&Demo=0&Email=jaz@pages123.com HTTP/1.1" 200 55 "-" "Mozilla/4.0 (compatible; MSIE 6.0; Windows NT 5.1; {8ADFF5F5-B593-48DB-FD07-606584D35CBD}; .NET CLR 1.1.4322)"
85.229.13.146 - - [06/Mar/2007:06:24:49 +0000] "GET /oempro/read.php?EncryptedMemberID=MzEwOA%3D%3D&CampaignID=79&CampaignStatisticsID=45&Demo=0&Email=nicklas.fahlstrom@wassum.com HTTP/1.1" 200 55 "-" "Mozilla/4.0 (compatible; MSIE 6.0; Windows NT 5.1; SV1)"
85.229.13.146 - - [06/Mar/2007:06:24:49 +0000] "GET /oempro/read.php?EncryptedMemberID=MzEwOA%3D%3D&CampaignID=79&CampaignStatisticsID=45&Demo=0&Email=nicklas.fahlstrom@wassum.com HTTP/1.1" 200 55 "-" "Mozilla/4.0 (compatible; MSIE 6.0; Windows NT 5.1; SV1)"
64.32.173.117 - - [06/Mar/2007:06:24:59 +0000] "GET /oempro/read.php?EncryptedMemberID=MjU2MQ%3D%3D&CampaignID=79&CampaignStatisticsID=45&Demo=0&Email=jgreen@emcap.com HTTP/1.1" 200 55 "-" "Mozilla/4.0 (compatible; MSIE 6.0; Windows NT 5.1; iebar; .NET CLR 1.1.4322)"
64.32.173.117 - - [06/Mar/2007:06:24:59 +0000] "GET /oempro/read.php?EncryptedMemberID=MjU2MQ%3D%3D&CampaignID=79&CampaignStatisticsID=45&Demo=0&Email=jgreen@emcap.com HTTP/1.1" 200 55 "-" "Mozilla/4.0 (compatible; MSIE 6.0; Windows NT 5.1; iebar; .NET CLR 1.1.4322)"
194.7.114.2 - - [06/Mar/2007:06:27:34 +0000] "GET /oempro/read.php?EncryptedMemberID=Mjg4Mg%3D%3D&CampaignID=79&CampaignStatisticsID=45&Demo=0&Email=marc.moonens@fortis.com HTTP/1.1" 200 55 "-" "Mozilla/4.0 (compatible; MSIE 5.5; Windows NT 4.0; .NET CLR 1.1.4322)"
194.7.114.2 - - [06/Mar/2007:06:27:37 +0000] "GET /oempro/read.php?EncryptedMemberID=Mjg4Mg%3D%3D&CampaignID=79&CampaignStatisticsID=45&Demo=0&Email=marc.moonens@fortis.com HTTP/1.1" 200 55 "-" "Mozilla/4.0 (compatible; MSIE 5.5; Windows NT 4.0; .NET CLR 1.1.4322)"
194.7.114.2 - - [06/Mar/2007:06:28:17 +0000] "GET /oempro/read.php?EncryptedMemberID=Mjg4Mg%3D%3D&CampaignID=79&CampaignStatisticsID=45&Demo=0&Email=marc.moonens@fortis.com HTTP/1.1" 200 55 "-" "Mozilla/4.0 (compatible; MSIE 5.5; Windows NT 4.0; .NET CLR 1.1.4322)"
212.209.133.18 - - [06/Mar/2007:06:30:00 +0000] "GET /oempro/read.php?EncryptedMemberID=Mzg0Nw%3D%3D&CampaignID=79&CampaignStatisticsID=45&Demo=0&Email=urwitz@segulah.se HTTP/1.1" 200 55 "-" "Mozilla/4.0 (compatible; MSIE 6.0; Windows NT 5.1; SV1)"
212.209.133.18 - - [06/Mar/2007:06:30:55 +0000] "GET /oempro/read.php?EncryptedMemberID=Mzg0Nw%3D%3D&CampaignID=79&CampaignStatisticsID=45&Demo=0&Email=urwitz@segulah.se HTTP/1.1" 200 55 "-" "Mozilla/4.0 (compatible; MSIE 6.0; Windows NT 5.1; SV1)"
212.209.133.18 - - [06/Mar/2007:06:30:55 +0000] "GET /oempro/read.php?EncryptedMemberID=Mzg0Nw%3D%3D&CampaignID=79&CampaignStatisticsID=45&Demo=0&Email=urwitz@segulah.se HTTP/1.1" 200 55 "-" "Mozilla/4.0 (compatible; MSIE 6.0; Windows NT 5.1; SV1)"
83.76.178.13 - - [06/Mar/2007:06:30:59 +0000] "GET /oempro/link.php?URL=aHR0cDovL3d3dy5zb20tY2FwLmNvbS9vZW1wcm8vbGluay5waHA%2FVVJMPWFIUjBjRG92TDNkM2R5NXpiMjB0WTJGd0xtTnZiUzlrWVhSaExtaDBiUT09JmFtcDtOYW1lPSZhbXA7RW5jcnlwdGVkTWVtYmVySUQ9TkRBeU5BPT0mYW1wO0NhbXBhaWduSUQ9NzcmYW1wO0NhbXBhaWduU3RhdGlzdGljc0lEPTQzJmFtcDtEZW1vPTAmYW1wO0VtYWlsPW1hcmllQHNvbS1jYXAuY29t&Name=&EncryptedMemberID=MjkxOA%3D%3D&CampaignID=79&CampaignStatisticsID=45&Demo=0&Email=martin.dreher@vianova-capital.com HTTP/1.1" 302 5 "-" "Mozilla/4.0 (compatible; MSIE 7.0; Windows NT 5.1; .NET CLR 1.1.4322; .NET CLR 2.0.50727; .NET CLR 3.0.04506.30)"
83.76.178.13 - - [06/Mar/2007:06:30:59 +0000] "GET /oempro/link.php?URL=aHR0cDovL3d3dy5zb20tY2FwLmNvbS9kYXRhLmh0bQ==&Name=&EncryptedMemberID=NDAyNA==&CampaignID=77&CampaignStatisticsID=43&Demo=0&Email=marie@som-cap.com HTTP/1.1" 302 5 "-" "Mozilla/4.0 (compatible; MSIE 7.0; Windows NT 5.1; .NET CLR 1.1.4322; .NET CLR 2.0.50727; .NET CLR 3.0.04506.30)"
83.76.178.13 - - [06/Mar/2007:06:30:59 +0000] "GET /data.htm HTTP/1.1" 200 6628 "-" "Mozilla/4.0 (compatible; MSIE 7.0; Windows NT 5.1; .NET CLR 1.1.4322; .NET CLR 2.0.50727; .NET CLR 3.0.04506.30)"
83.76.178.13 - - [06/Mar/2007:06:31:00 +0000] "GET /styles.css HTTP/1.1" 200 497 "http://www.som-cap.com/data.htm" "Mozilla/4.0 (compatible; MSIE 7.0; Windows NT 5.1; .NET CLR 1.1.4322; .NET CLR 2.0.50727; .NET CLR 3.0.04506.30)"
83.76.178.13 - - [06/Mar/2007:06:31:00 +0000] "GET /images/inbg.jpg HTTP/1.1" 200 32265 "http://www.som-cap.com/data.htm" "Mozilla/4.0 (compatible; MSIE 7.0; Windows NT 5.1; .NET CLR 1.1.4322; .NET CLR 2.0.50727; .NET CLR 3.0.04506.30)"
83.76.178.13 - - [06/Mar/2007:06:31:00 +0000] "GET /images/logo.gif HTTP/1.1" 200 1574 "http://www.som-cap.com/data.htm" "Mozilla/4.0 (compatible; MSIE 7.0; Windows NT 5.1; .NET CLR 1.1.4322; .NET CLR 2.0.50727; .NET CLR 3.0.04506.30)"
83.76.178.13 - - [06/Mar/2007:06:31:00 +0000] "GET /favicon.ico HTTP/1.1" 404 657 "-" "Mozilla/4.0 (compatible; MSIE 7.0; Windows NT 5.1; .NET CLR 1.1.4322; .NET CLR 2.0.50727; .NET CLR 3.0.04506.30)"
83.76.178.13 - - [06/Mar/2007:06:31:10 +0000] "GET /images/Private%20Equity%20Data%20Service%20Feb%2007.pdf HTTP/1.1" 200 29186 "http://www.som-cap.com/data.htm" "Mozilla/4.0 (compatible; MSIE 7.0; Windows NT 5.1; .NET CLR 1.1.4322; .NET CLR 2.0.50727; .NET CLR 3.0.04506.30)"
212.209.133.18 - - [06/Mar/2007:06:32:19 +0000] "GET /oempro/read.php?EncryptedMemberID=Mzg0Nw%3D%3D&CampaignID=79&CampaignStatisticsID=45&Demo=0&Email=urwitz@segulah.se HTTP/1.1" 200 55 "-" "Mozilla/4.0 (compatible; MSIE 6.0; Windows NT 5.1; SV1)"
62.50.217.123 - - [06/Mar/2007:06:33:10 +0000] "GET /oempro/read.php?EncryptedMemberID=MjA0Ng%3D%3D&CampaignID=79&CampaignStatisticsID=45&Demo=0&Email=dgpierce@searchgroup.com HTTP/1.1" 200 55 "-" "Mozilla/4.0 (compatible; MSIE 6.0; Windows NT 5.1; SV1; .NET CLR 1.1.4322; InfoPath.1)"
64.32.173.117 - - [06/Mar/2007:06:34:32 +0000] "GET /oempro/read.php?EncryptedMemberID=MjU2MQ%3D%3D&CampaignID=79&CampaignStatisticsID=45&Demo=0&Email=jgreen@emcap.com HTTP/1.1" 200 55 "-" "Mozilla/4.0 (compatible; MSIE 6.0; Windows NT 5.1; iebar; .NET CLR 1.1.4322)"
86.101.100.199 - - [06/Mar/2007:06:34:41 +0000] "GET /oempro/read.php?EncryptedMemberID=MzI0MA%3D%3D&CampaignID=79&CampaignStatisticsID=45&Demo=0&Email=peter@zouk.com HTTP/1.1" 200 55 "-" "Mozilla/4.0 (compatible; MSIE 7.0; Windows NT 5.1; .NET CLR 1.0.3705)"
86.101.100.199 - - [06/Mar/2007:06:34:42 +0000] "GET /oempro/read.php?EncryptedMemberID=MzI0MA%3D%3D&CampaignID=79&CampaignStatisticsID=45&Demo=0&Email=peter@zouk.com HTTP/1.1" 200 55 "-" "Mozilla/4.0 (compatible; MSIE 7.0; Windows NT 5.1; .NET CLR 1.0.3705)"
61.209.162.96 - - [06/Mar/2007:06:34:51 +0000] "GET /oempro/read.php?EncryptedMemberID=Mzg5Mg%3D%3D&CampaignID=79&CampaignStatisticsID=45&Demo=0&Email=wakamoto@aicapital.co.jp HTTP/1.1" 200 55 "-" "Mozilla/4.0 (compatible; MSIE 6.0; Windows NT 5.1; SV1; .NET CLR 1.1.4322)"
61.228.76.42 - - [06/Mar/2007:06:37:14 +0000] "GET /oempro/read.php?EncryptedMemberID=MTc2OA%3D%3D&CampaignID=79&CampaignStatisticsID=45&Demo=0&Email=boyd@itechvc.com HTTP/1.1" 200 55 "-" "Mozilla/4.0 (compatible; MSIE 6.0; Windows NT 5.1; SV1; .NET CLR 1.1.4322)"
86.101.100.199 - - [06/Mar/2007:06:37:54 +0000] "GET /oempro/read.php?EncryptedMemberID=MzI0MA%3D%3D&CampaignID=79&CampaignStatisticsID=45&Demo=0&Email=peter@zouk.com HTTP/1.1" 200 55 "-" "Mozilla/4.0 (compatible; MSIE 7.0; Windows NT 5.1; .NET CLR 1.0.3705)"
86.101.100.199 - - [06/Mar/2007:06:37:55 +0000] "GET /oempro/read.php?EncryptedMemberID=MzI0MA%3D%3D&CampaignID=79&CampaignStatisticsID=45&Demo=0&Email=peter@zouk.com HTTP/1.1" 200 55 "-" "Mozilla/4.0 (compatible; MSIE 7.0; Windows NT 5.1; .NET CLR 1.0.3705)"
61.228.76.42 - - [06/Mar/2007:06:40:19 +0000] "GET /oempro/read.php?EncryptedMemberID=MTc2OA%3D%3D&CampaignID=79&CampaignStatisticsID=45&Demo=0&Email=boyd@itechvc.com HTTP/1.1" 200 55 "-" "Mozilla/4.0 (compatible; MSIE 6.0; Windows NT 5.1; SV1; .NET CLR 1.1.4322)"
192.44.63.162 - - [06/Mar/2007:06:43:49 +0000] "GET /oempro/read.php?EncryptedMemberID=MjUzMw%3D%3D&CampaignID=79&CampaignStatisticsID=45&Demo=0&Email=jean.daumet@ca-cprpe.fr HTTP/1.1" 200 55 "-" "Mozilla/4.0 (compatible; MSIE 6.0; Windows NT 5.1; SV1; .NET CLR 1.1.4322; InfoPath.1)"
60.248.193.166 - - [06/Mar/2007:06:55:57 +0000] "GET /oempro/read.php?EncryptedMemberID=MjQ5OA%3D%3D&CampaignID=79&CampaignStatisticsID=45&Demo=0&Email=jameschew@vcfortune.com HTTP/1.1" 200 55 "-" "Mozilla/4.0 (compatible; MSIE 6.0; Windows NT 5.1; SV1)"
213.138.155.99 - - [06/Mar/2007:06:56:43 +0000] "GET /oempro/read.php?EncryptedMemberID=MjkxNA%3D%3D&CampaignID=79&CampaignStatisticsID=45&Demo=0&Email=markus.pauli@keva.fi HTTP/1.1" 200 55 "-" "Mozilla/4.0 (compatible; MSIE 6.0; Windows NT 5.1; SV1; .NET CLR 2.0.50727)"
195.141.68.50 - - [06/Mar/2007:06:59:19 +0000] "GET /oempro/link.php?URL=aHR0cDovL3d3dy5zb20tY2FwLmNvbS9vZW1wcm8vbGluay5waHA/VVJMPWFIUjBjRG92TDNkM2R5NXpiMjB0WTJGd0xtTnZiUzlrWVhSaExtaDBiUT09JmFtcDtOYW1lPSZhbXA7RW5jcnlwdGVkTWVtYmVySUQ9TkRBeU5BPT0mYW1wO0NhbXBhaWduSUQ9NzcmYW1wO0NhbXBhaWduU3RhdGlzdGljc0lEPTQzJmFtcDtEZW1vPTAmYW1wO0VtYWlsPW1hcmllQHNvbS1jYXAuY29t&Name=&EncryptedMemberID=MjA5Ng==&CampaignID=79&CampaignStatisticsID=45&Demo=0&Email=drack@scmag.com HTTP/1.1" 302 5 "-" "Mozilla/4.0 (compatible; MSIE 7.0; Windows NT 5.1; .NET CLR 1.1.4322; .NET CLR 2.0.50727)"
195.141.68.50 - - [06/Mar/2007:06:59:19 +0000] "GET /oempro/link.php?URL=aHR0cDovL3d3dy5zb20tY2FwLmNvbS9kYXRhLmh0bQ==&Name=&EncryptedMemberID=NDAyNA==&CampaignID=77&CampaignStatisticsID=43&Demo=0&Email=marie@som-cap.com HTTP/1.1" 302 5 "-" "Mozilla/4.0 (compatible; MSIE 7.0; Windows NT 5.1; .NET CLR 1.1.4322; .NET CLR 2.0.50727)"
195.141.68.50 - - [06/Mar/2007:06:59:19 +0000] "GET /data.htm HTTP/1.1" 200 6628 "-" "Mozilla/4.0 (compatible; MSIE 7.0; Windows NT 5.1; .NET CLR 1.1.4322; .NET CLR 2.0.50727)"
195.141.68.50 - - [06/Mar/2007:06:59:19 +0000] "GET /styles.css HTTP/1.1" 200 497 "http://www.som-cap.com/data.htm" "Mozilla/4.0 (compatible; MSIE 7.0; Windows NT 5.1; .NET CLR 1.1.4322; .NET CLR 2.0.50727)"
195.141.68.50 - - [06/Mar/2007:06:59:19 +0000] "GET /images/inbg.jpg HTTP/1.1" 200 32265 "http://www.som-cap.com/data.htm" "Mozilla/4.0 (compatible; MSIE 7.0; Windows NT 5.1; .NET CLR 1.1.4322; .NET CLR 2.0.50727)"
195.141.68.50 - - [06/Mar/2007:06:59:19 +0000] "GET /images/logo.gif HTTP/1.1" 200 1574 "http://www.som-cap.com/data.htm" "Mozilla/4.0 (compatible; MSIE 7.0; Windows NT 5.1; .NET CLR 1.1.4322; .NET CLR 2.0.50727)"
195.141.68.50 - - [06/Mar/2007:06:59:20 +0000] "GET /favicon.ico HTTP/1.1" 404 657 "-" "Mozilla/4.0 (compatible; MSIE 7.0; Windows NT 5.1; .NET CLR 1.1.4322; .NET CLR 2.0.50727)"
168.209.97.42 - - [06/Mar/2007:06:59:27 +0000] "GET /oempro/read.php?EncryptedMemberID=MjY0Mw%3D%3D&CampaignID=79&CampaignStatisticsID=45&Demo=0&Email=joseph@medianfund.com HTTP/1.1" 200 55 "-" "Mozilla/4.0 (compatible; MSIE 6.0; Windows NT 5.1; SV1; .NET CLR 1.1.4322)"
168.209.97.42 - - [06/Mar/2007:06:59:28 +0000] "GET /oempro/read.php?EncryptedMemberID=MjY0Mw%3D%3D&CampaignID=79&CampaignStatisticsID=45&Demo=0&Email=joseph@medianfund.com HTTP/1.1" 200 55 "-" "Mozilla/4.0 (compatible; MSIE 6.0; Windows NT 5.1; SV1; .NET CLR 1.1.4322)"
217.154.48.204 - - [06/Mar/2007:07:02:13 +0000] "GET /oempro/read.php?EncryptedMemberID=MjQ4NQ%3D%3D&CampaignID=79&CampaignStatisticsID=45&Demo=0&Email=jackie@primaryeurope.com HTTP/1.1" 200 55 "-" "Mozilla/4.0 (compatible; MSIE 6.0; Windows NT 5.2; .NET CLR 1.1.4322; .NET CLR 2.0.50727)"
210.24.138.66 - - [06/Mar/2007:07:07:05 +0000] "GET /oempro/read.php?EncryptedMemberID=MjcyNg%3D%3D&CampaignID=79&CampaignStatisticsID=45&Demo=0&Email=kelvinliu@tifventures.com HTTP/1.0" 200 43 "-" "Mozilla/4.0 (compatible; Lotus-Notes/6.0; Windows-NT)"
60.248.193.166 - - [06/Mar/2007:07:08:18 +0000] "GET /oempro/read.php?EncryptedMemberID=MjQ5OA%3D%3D&CampaignID=79&CampaignStatisticsID=45&Demo=0&Email=jameschew@vcfortune.com HTTP/1.1" 200 55 "-" "Mozilla/4.0 (compatible; MSIE 6.0; Windows NT 5.1; SV1)"
213.138.155.99 - - [06/Mar/2007:07:08:57 +0000] "GET /oempro/read.php?EncryptedMemberID=MjkxNA%3D%3D&CampaignID=79&CampaignStatisticsID=45&Demo=0&Email=markus.pauli@keva.fi HTTP/1.1" 200 55 "-" "Mozilla/4.0 (compatible; MSIE 6.0; Windows NT 5.1; SV1; .NET CLR 2.0.50727)"
213.138.155.99 - - [06/Mar/2007:07:09:00 +0000] "GET /oempro/read.php?EncryptedMemberID=MjkxNA%3D%3D&CampaignID=79&CampaignStatisticsID=45&Demo=0&Email=markus.pauli@keva.fi HTTP/1.1" 200 55 "-" "Mozilla/4.0 (compatible; MSIE 6.0; Windows NT 5.1; SV1; .NET CLR 2.0.50727)"
213.138.155.99 - - [06/Mar/2007:07:09:09 +0000] "GET /oempro/read.php?EncryptedMemberID=MjkxNA%3D%3D&CampaignID=79&CampaignStatisticsID=45&Demo=0&Email=markus.pauli@keva.fi HTTP/1.1" 200 55 "-" "Mozilla/4.0 (compatible; MSIE 6.0; Windows NT 5.1; SV1; .NET CLR 2.0.50727)"
60.248.193.166 - - [06/Mar/2007:07:10:10 +0000] "GET /oempro/read.php?EncryptedMemberID=MjQ5OA%3D%3D&CampaignID=79&CampaignStatisticsID=45&Demo=0&Email=jameschew@vcfortune.com HTTP/1.1" 200 55 "-" "Mozilla/4.0 (compatible; MSIE 6.0; Windows NT 5.1; SV1)"
82.135.30.155 - - [06/Mar/2007:07:11:31 +0000] "GET /oempro/read.php?EncryptedMemberID=MTU2MA%3D%3D&CampaignID=79&CampaignStatisticsID=45&Demo=0&Email=alesia.dawidowicz@vcm.de HTTP/1.0" 200 43 "-" "Mozilla/4.0 (compatible; MSIE 7.0; Windows NT 5.1; .NET CLR 1.1.4322)"
212.203.90.101 - - [06/Mar/2007:07:11:47 +0000] "GET /oempro/read.php?EncryptedMemberID=MzQ2Mw%3D%3D&CampaignID=79&CampaignStatisticsID=45&Demo=0&Email=roy.baumann@partnersgroup.net HTTP/1.1" 200 55 "-" "Mozilla/4.0 (compatible; MSIE 6.0; Windows NT 5.1; SV1)"
212.203.90.101 - - [06/Mar/2007:07:11:50 +0000] "GET /oempro/read.php?EncryptedMemberID=MzQ2Mw%3D%3D&CampaignID=79&CampaignStatisticsID=45&Demo=0&Email=roy.baumann@partnersgroup.net HTTP/1.1" 200 55 "-" "Mozilla/4.0 (compatible; MSIE 6.0; Windows NT 5.1; SV1)"
212.203.90.101 - - [06/Mar/2007:07:12:14 +0000] "GET /oempro/read.php?EncryptedMemberID=MzQ2Mw%3D%3D&CampaignID=79&CampaignStatisticsID=45&Demo=0&Email=roy.baumann@partnersgroup.net HTTP/1.1" 200 55 "-" "Mozilla/4.0 (compatible; MSIE 6.0; Windows NT 5.1; SV1)"
85.250.135.121 - - [06/Mar/2007:07:12:39 +0000] "GET /oempro/read.php?EncryptedMemberID=Mzg0Mw%3D%3D&CampaignID=79&CampaignStatisticsID=45&Demo=0&Email=uri@almondvc.com HTTP/1.1" 200 55 "-" "Mozilla/4.0 (compatible; MSIE 6.0; Windows NT 5.1; SV1; .NET CLR 1.1.4322; .NET CLR 2.0.50727)"
212.203.90.101 - - [06/Mar/2007:07:12:59 +0000] "GET /oempro/read.php?EncryptedMemberID=MzQ2Mw%3D%3D&CampaignID=79&CampaignStatisticsID=45&Demo=0&Email=roy.baumann@partnersgroup.net HTTP/1.1" 200 55 "-" "Mozilla/4.0 (compatible; MSIE 6.0; Windows NT 5.1; SV1)"
62.101.126.208 - - [06/Mar/2007:07:13:17 +0000] "GET /oempro/read.php?EncryptedMemberID=MjMwMg%3D%3D&CampaignID=79&CampaignStatisticsID=45&Demo=0&Email=goldie.c@orchideaviaggi.it HTTP/1.0" 200 43 "-" "Mozilla/4.0 (compatible; Lotus-Notes/6.0; Windows-NT)"
212.203.90.101 - - [06/Mar/2007:07:13:25 +0000] "GET /oempro/read.php?EncryptedMemberID=MzQ2Mw%3D%3D&CampaignID=79&CampaignStatisticsID=45&Demo=0&Email=roy.baumann@partnersgroup.net HTTP/1.1" 200 55 "-" "Mozilla/4.0 (compatible; MSIE 6.0; Windows NT 5.1; SV1)"
82.135.125.30 - - [06/Mar/2007:07:15:45 +0000] "GET /oempro/read.php?EncryptedMemberID=Mzc3NA%3D%3D&CampaignID=79&CampaignStatisticsID=45&Demo=0&Email=tilman.richter@vcm.de HTTP/1.0" 200 43 "-" "Mozilla/4.0 (compatible; MSIE 6.0; Windows NT 5.0; .NET CLR 1.1.4322)"
82.135.125.30 - - [06/Mar/2007:07:15:50 +0000] "GET /oempro/read.php?EncryptedMemberID=Mzc3NA%3D%3D&CampaignID=79&CampaignStatisticsID=45&Demo=0&Email=tilman.richter@vcm.de HTTP/1.0" 200 43 "-" "Mozilla/4.0 (compatible; MSIE 6.0; Windows NT 5.0; .NET CLR 1.1.4322)"
193.227.133.101 - - [06/Mar/2007:07:16:18 +0000] "GET /oempro/read.php?EncryptedMemberID=MjI4OQ%3D%3D&CampaignID=79&CampaignStatisticsID=45&Demo=0&Email=gilles.nobecourt@lcfr.fr HTTP/1.1" 200 55 "-" "Mozilla/4.0 (compatible; MSIE 6.0; Windows NT 5.0; .NET CLR 1.1.4322)"
58.81.219.18 - - [06/Mar/2007:07:17:03 +0000] "GET /oempro/read.php?EncryptedMemberID=MjQyOQ%3D%3D&CampaignID=79&CampaignStatisticsID=45&Demo=0&Email=hosoi@jafco.co.jp HTTP/1.0" 200 43 "-" "Mozilla/4.0 (compatible; MSIE 6.0; Windows NT 5.0; T312461)"
58.81.219.18 - - [06/Mar/2007:07:17:03 +0000] "GET /oempro/read.php?EncryptedMemberID=MjQyOQ%3D%3D&CampaignID=79&CampaignStatisticsID=45&Demo=0&Email=hosoi@jafco.co.jp HTTP/1.0" 200 43 "-" "Mozilla/4.0 (compatible; MSIE 6.0; Windows NT 5.0; T312461)"
212.203.90.101 - - [06/Mar/2007:07:18:01 +0000] "GET /oempro/read.php?EncryptedMemberID=MzQ2Mw%3D%3D&CampaignID=79&CampaignStatisticsID=45&Demo=0&Email=roy.baumann@partnersgroup.net HTTP/1.1" 200 55 "-" "Mozilla/4.0 (compatible; MSIE 6.0; Windows NT 5.1; SV1)"
193.3.40.25 - - [06/Mar/2007:07:18:14 +0000] "GET /oempro/read.php?EncryptedMemberID=MjU2NA%3D%3D&CampaignID=79&CampaignStatisticsID=45&Demo=0&Email=jh@pensam.dk HTTP/1.1" 200 55 "-" "Mozilla/4.0 (compatible; MSIE 6.0; Windows NT 5.1; .NET CLR 1.0.3705; .NET CLR 1.1.4322)"
193.3.40.25 - - [06/Mar/2007:07:18:14 +0000] "GET /oempro/read.php?EncryptedMemberID=MjU2NA%3D%3D&CampaignID=79&CampaignStatisticsID=45&Demo=0&Email=jh@pensam.dk HTTP/1.1" 200 55 "-" "Mozilla/4.0 (compatible; MSIE 6.0; Windows NT 5.1; .NET CLR 1.0.3705; .NET CLR 1.1.4322)"
194.18.93.162 - - [06/Mar/2007:07:18:27 +0000] "GET /oempro/read.php?EncryptedMemberID=MTgzOA%3D%3D&CampaignID=79&CampaignStatisticsID=45&Demo=0&Email=cecilia.gross@apfond6.se HTTP/1.1" 200 55 "-" "Mozilla/4.0 (compatible; MSIE 6.0; Windows NT 5.1; SV1; .NET CLR 2.0.50727; InfoPath.1)"
192.44.63.162 - - [06/Mar/2007:07:19:05 +0000] "GET /oempro/read.php?EncryptedMemberID=MjUzMw%3D%3D&CampaignID=79&CampaignStatisticsID=45&Demo=0&Email=jean.daumet@ca-cprpe.fr HTTP/1.1" 200 55 "-" "Mozilla/4.0 (compatible; MSIE 6.0; Windows NT 5.1; SV1; .NET CLR 1.1.4322; InfoPath.1)"
213.173.168.196 - - [06/Mar/2007:07:19:57 +0000] "GET /oempro/read.php?EncryptedMemberID=Mzg0MA%3D%3D&CampaignID=79&CampaignStatisticsID=45&Demo=0&Email=uge@ceresiobank.com HTTP/1.1" 200 55 "-" "Mozilla/4.0 (compatible; MSIE 6.0; Windows NT 5.1; SV1; .NET CLR 1.1.4322; .NET CLR 2.0.50727)"
213.173.168.196 - - [06/Mar/2007:07:19:57 +0000] "GET /oempro/read.php?EncryptedMemberID=Mzg0MA%3D%3D&CampaignID=79&CampaignStatisticsID=45&Demo=0&Email=uge@ceresiobank.com HTTP/1.1" 200 55 "-" "Mozilla/4.0 (compatible; MSIE 6.0; Windows NT 5.1; SV1; .NET CLR 1.1.4322; .NET CLR 2.0.50727)"
213.173.168.196 - - [06/Mar/2007:07:20:14 +0000] "GET /oempro/read.php?EncryptedMemberID=Mzg0MA%3D%3D&CampaignID=79&CampaignStatisticsID=45&Demo=0&Email=uge@ceresiobank.com HTTP/1.1" 200 55 "-" "Mozilla/4.0 (compatible; MSIE 6.0; Windows NT 5.1; SV1; .NET CLR 1.1.4322; .NET CLR 2.0.50727)"
89.210.4.229 - - [06/Mar/2007:07:20:39 +0000] "GET /oempro/read.php?EncryptedMemberID=Mjk2NQ%3D%3D&CampaignID=79&CampaignStatisticsID=45&Demo=0&Email=mellisv@hol.gr HTTP/1.1" 200 55 "-" "Mozilla/4.0 (compatible; MSIE 6.0; Windows NT 5.1)"
195.249.127.231 - - [06/Mar/2007:07:23:33 +0000] "GET /oempro/read.php?EncryptedMemberID=MjQxNQ%3D%3D&CampaignID=79&CampaignStatisticsID=45&Demo=0&Email=hkp@nykredit.dk HTTP/1.1" 200 55 "-" "Mozilla/4.0 (compatible; Lotus-Notes/6.0; Windows-NT)"
217.169.46.98 - - [06/Mar/2007:07:23:33 +0000] "GET /oempro/read.php HTTP/1.1" 302 230 "-" "Mozilla/4.0 (compatible; MSIE 6.0; Bluecoat DRTR)"
217.169.46.98 - - [06/Mar/2007:07:23:33 +0000] "GET /oempro/read.php HTTP/1.1" 200 55 "-" "Mozilla/4.0 (compatible; MSIE 6.0; Bluecoat DRTR)"
194.201.217.100 - - [06/Mar/2007:07:23:35 +0000] "GET /oempro/read.php?EncryptedMemberID=MzQ3NA%3D%3D&CampaignID=79&CampaignStatisticsID=45&Demo=0&Email=rsykes@bankofbutterfield.co.uk HTTP/1.0" 200 43 "-" "Mozilla/4.0 (compatible; MSIE 6.0; Windows NT 5.1; SV1; .NET CLR 1.1.4322; .NET CLR 2.0.50727)"
194.201.217.100 - - [06/Mar/2007:07:23:37 +0000] "GET /oempro/read.php?EncryptedMemberID=MzQ3NA%3D%3D&CampaignID=79&CampaignStatisticsID=45&Demo=0&Email=rsykes@bankofbutterfield.co.uk HTTP/1.0" 200 43 "-" "Mozilla/4.0 (compatible; MSIE 6.0; Windows NT 5.1; SV1; .NET CLR 1.1.4322; .NET CLR 2.0.50727)"
194.6.163.244 - - [06/Mar/2007:07:23:59 +0000] "GET /oempro/read.php?EncryptedMemberID=MTg5NA%3D%3D&CampaignID=79&CampaignStatisticsID=45&Demo=0&Email=christopher.boedtker@lodh.com HTTP/1.1" 200 55 "-" "Mozilla/4.0 (compatible; Lotus-Notes/6.0; Windows-NT)"
61.228.76.42 - - [06/Mar/2007:07:25:21 +0000] "GET /oempro/read.php?EncryptedMemberID=MTc2OA%3D%3D&CampaignID=79&CampaignStatisticsID=45&Demo=0&Email=boyd@itechvc.com HTTP/1.1" 200 55 "-" "Mozilla/4.0 (compatible; MSIE 6.0; Windows NT 5.1; SV1; .NET CLR 1.1.4322)"
194.6.163.244 - - [06/Mar/2007:07:25:29 +0000] "GET /data.htm HTTP/1.1" 200 6628 "-" "Mozilla/4.0 (compatible; MSIE 6.0; Windows NT 5.1; SV1; .NET CLR 1.1.4322; .NET CLR 2.0.50727; .NET CLR 3.0.04506.30)"
194.6.163.244 - - [06/Mar/2007:07:25:29 +0000] "GET /styles.css HTTP/1.1" 200 497 "http://www.som-cap.com/data.htm" "Mozilla/4.0 (compatible; MSIE 6.0; Windows NT 5.1; SV1; .NET CLR 1.1.4322; .NET CLR 2.0.50727; .NET CLR 3.0.04506.30)"
194.6.163.244 - - [06/Mar/2007:07:25:29 +0000] "GET /images/inbg.jpg HTTP/1.1" 200 32265 "http://www.som-cap.com/data.htm" "Mozilla/4.0 (compatible; MSIE 6.0; Windows NT 5.1; SV1; .NET CLR 1.1.4322; .NET CLR 2.0.50727; .NET CLR 3.0.04506.30)"
194.6.163.244 - - [06/Mar/2007:07:25:29 +0000] "GET /images/logo.gif HTTP/1.1" 200 1574 "http://www.som-cap.com/data.htm" "Mozilla/4.0 (compatible; MSIE 6.0; Windows NT 5.1; SV1; .NET CLR 1.1.4322; .NET CLR 2.0.50727; .NET CLR 3.0.04506.30)"
61.228.76.42 - - [06/Mar/2007:07:25:33 +0000] "GET /oempro/read.php?EncryptedMemberID=MTc2OA%3D%3D&CampaignID=79&CampaignStatisticsID=45&Demo=0&Email=boyd@itechvc.com HTTP/1.1" 200 55 "-" "Mozilla/4.0 (compatible; MSIE 6.0; Windows NT 5.1; SV1; .NET CLR 1.1.4322)"
194.6.163.244 - - [06/Mar/2007:07:25:40 +0000] "GET /images/Private%20Equity%20Data%20Service%20Feb%2007.pdf HTTP/1.1" 200 29186 "http://www.som-cap.com/data.htm" "Mozilla/4.0 (compatible; MSIE 6.0; Windows NT 5.1; SV1; .NET CLR 1.1.4322; .NET CLR 2.0.50727; .NET CLR 3.0.04506.30)"
194.6.163.244 - - [06/Mar/2007:07:25:40 +0000] "GET /images/Private%20Equity%20Data%20Service%20Feb%2007.pdf HTTP/1.1" 206 28212 "-" "Mozilla/4.0 (compatible; MSIE 6.0; Windows NT 5.1; SV1; .NET CLR 1.1.4322; .NET CLR 2.0.50727; .NET CLR 3.0.04506.30)"
80.168.222.219 - - [06/Mar/2007:07:26:04 +0000] "GET /oempro/read.php?EncryptedMemberID=MjA3Mw%3D%3D&CampaignID=79&CampaignStatisticsID=45&Demo=0&Email=dmaclennan@vcf.co.uk HTTP/1.1" 200 55 "-" "Mozilla/4.0 (compatible; MSIE 6.0; Windows NT 5.1; SV1; .NET CLR 1.1.4322)"
194.6.163.244 - - [06/Mar/2007:07:26:33 +0000] "GET /images/Private%20Equity%20Data%20Service%20Feb%2007.pdf HTTP/1.1" 304 - "http://www.som-cap.com/data.htm" "Mozilla/4.0 (compatible; MSIE 6.0; Windows NT 5.1; SV1; .NET CLR 1.1.4322; .NET CLR 2.0.50727; .NET CLR 3.0.04506.30)"
60.248.193.166 - - [06/Mar/2007:07:27:24 +0000] "GET /oempro/read.php?EncryptedMemberID=MjQ5OA%3D%3D&CampaignID=79&CampaignStatisticsID=45&Demo=0&Email=jameschew@vcfortune.com HTTP/1.1" 200 55 "-" "Mozilla/4.0 (compatible; MSIE 6.0; Windows NT 5.1; SV1)"
194.213.14.10 - - [06/Mar/2007:07:27:58 +0000] "GET /oempro/read.php?EncryptedMemberID=MjIyNQ%3D%3D&CampaignID=79&CampaignStatisticsID=45&Demo=0&Email=francis.bento@inter-ikea.com HTTP/1.1" 200 55 "-" "Mozilla/4.0 (compatible; MSIE 6.0; Windows NT 5.1; SV1; .NET CLR 1.1.4322; .NET CLR 2.0.50727)"
194.213.14.10 - - [06/Mar/2007:07:27:59 +0000] "GET /oempro/read.php?EncryptedMemberID=MjIyNQ%3D%3D&CampaignID=79&CampaignStatisticsID=45&Demo=0&Email=francis.bento@inter-ikea.com HTTP/1.1" 200 55 "-" "Mozilla/4.0 (compatible; MSIE 6.0; Windows NT 5.1; SV1; .NET CLR 1.1.4322; .NET CLR 2.0.50727)"
62.40.11.190 - - [06/Mar/2007:07:29:36 +0000] "GET /oempro/read.php?EncryptedMemberID=MjQyOA%3D%3D&CampaignID=79&CampaignStatisticsID=45&Demo=0&Email=horst.guedel@rwb-ag.de HTTP/1.0" 200 43 "-" "Mozilla/4.0 (compatible; MSIE 6.0; Windows NT 5.0; .NET CLR 1.1.4322)"
145.221.24.8 - - [06/Mar/2007:07:31:54 +0000] "GET /oempro/read.php?EncryptedMemberID=Mzc1Ng%3D%3D&CampaignID=79&CampaignStatisticsID=45&Demo=0&Email=thea.ruijtenschildt@ing.com HTTP/1.1" 200 55 "-" "Mozilla/4.0 (compatible; MSIE 6.0; Windows NT 5.1; .NET CLR 1.1.4322)"
145.221.24.8 - - [06/Mar/2007:07:31:54 +0000] "GET /oempro/read.php?EncryptedMemberID=Mzc1Ng%3D%3D&CampaignID=79&CampaignStatisticsID=45&Demo=0&Email=thea.ruijtenschildt@ing.com HTTP/1.1" 200 55 "-" "Mozilla/4.0 (compatible; MSIE 6.0; Windows NT 5.1; .NET CLR 1.1.4322)"
145.221.24.8 - - [06/Mar/2007:07:32:40 +0000] "GET /oempro/read.php?EncryptedMemberID=Mzc1Ng%3D%3D&CampaignID=79&CampaignStatisticsID=45&Demo=0&Email=thea.ruijtenschildt@ing.com HTTP/1.1" 200 55 "-" "Mozilla/4.0 (compatible; MSIE 6.0; Windows NT 5.1; .NET CLR 1.1.4322)"
195.65.220.34 - - [06/Mar/2007:07:35:01 +0000] "GET /oempro/read.php?EncryptedMemberID=MzI4Nw%3D%3D&CampaignID=79&CampaignStatisticsID=45&Demo=0&Email=pnewsome@unigestion.com HTTP/1.1" 200 55 "-" "Mozilla/4.0 (compatible; MSIE 6.0; Windows NT 5.2; SV1; .NET CLR 1.1.4322)"
213.61.141.27 - - [06/Mar/2007:07:35:07 +0000] "GET /oempro/read.php?EncryptedMemberID=MzEyMA%3D%3D&CampaignID=79&CampaignStatisticsID=45&Demo=0&Email=nina.jung@bluecapital.de HTTP/1.0" 200 43 "-" "Mozilla/4.0 (compatible; MSIE 6.0; Windows NT 5.1; SV1)"
217.110.32.193 - - [06/Mar/2007:07:36:36 +0000] "GET /oempro/read.php?EncryptedMemberID=MTYzNg%3D%3D&CampaignID=79&CampaignStatisticsID=45&Demo=0&Email=anna.baumbach@feri.de HTTP/1.1" 200 55 "-" "Mozilla/4.0 (compatible; MSIE 6.0; Windows NT 5.1; SV1; .NET CLR 2.0.50727; .NET CLR 1.1.4322; .NET CLR 3.0.04506.30)"
212.203.90.101 - - [06/Mar/2007:07:36:54 +0000] "GET /oempro/read.php?EncryptedMemberID=Mzg0NQ%3D%3D&CampaignID=79&CampaignStatisticsID=45&Demo=0&Email=urs.wietlisbach@partnersgroup.net HTTP/1.1" 200 55 "-" "Mozilla/4.0 (compatible; MSIE 6.0; Windows NT 5.1; SV1)"
213.61.141.27 - - [06/Mar/2007:07:38:01 +0000] "GET /oempro/read.php?EncryptedMemberID=MzEyMA%3D%3D&CampaignID=79&CampaignStatisticsID=45&Demo=0&Email=nina.jung@bluecapital.de HTTP/1.0" 200 43 "-" "Mozilla/4.0 (compatible; MSIE 6.0; Windows NT 5.1; SV1)"
213.61.141.27 - - [06/Mar/2007:07:38:02 +0000] "GET /oempro/read.php?EncryptedMemberID=MzEyMA%3D%3D&CampaignID=79&CampaignStatisticsID=45&Demo=0&Email=nina.jung@bluecapital.de HTTP/1.0" 200 43 "-" "Mozilla/4.0 (compatible; MSIE 6.0; Windows NT 5.1; SV1)"
213.173.168.196 - - [06/Mar/2007:07:38:03 +0000] "GET /oempro/read.php?EncryptedMemberID=Mzg0MA%3D%3D&CampaignID=79&CampaignStatisticsID=45&Demo=0&Email=uge@ceresiobank.com HTTP/1.1" 200 55 "-" "Mozilla/4.0 (compatible; MSIE 6.0; Windows NT 5.0)"
213.173.168.196 - - [06/Mar/2007:07:39:21 +0000] "GET /oempro/read.php?EncryptedMemberID=Mzg0MA%3D%3D&CampaignID=79&CampaignStatisticsID=45&Demo=0&Email=uge@ceresiobank.com HTTP/1.1" 200 55 "-" "Mozilla/4.0 (compatible; MSIE 6.0; Windows NT 5.0)"
195.65.220.34 - - [06/Mar/2007:07:39:26 +0000] "GET /oempro/read.php?EncryptedMemberID=MzA2Ng%3D%3D&CampaignID=79&CampaignStatisticsID=45&Demo=0&Email=mvoisard@unigestion.com HTTP/1.1" 200 55 "-" "Mozilla/4.0 (compatible; MSIE 6.0; Windows NT 5.2; SV1; .NET CLR 1.1.4322)"
195.65.220.34 - - [06/Mar/2007:07:39:26 +0000] "GET /oempro/read.php?EncryptedMemberID=MzA2Ng%3D%3D&CampaignID=79&CampaignStatisticsID=45&Demo=0&Email=mvoisard@unigestion.com HTTP/1.1" 200 55 "-" "Mozilla/4.0 (compatible; MSIE 6.0; Windows NT 5.2; SV1; .NET CLR 1.1.4322)"
195.65.220.34 - - [06/Mar/2007:07:39:31 +0000] "GET /oempro/read.php?EncryptedMemberID=MzI4Nw%3D%3D&CampaignID=79&CampaignStatisticsID=45&Demo=0&Email=pnewsome@unigestion.com HTTP/1.1" 200 55 "-" "Mozilla/4.0 (compatible; MSIE 6.0; Windows NT 5.2; SV1; .NET CLR 1.1.4322)"
195.65.220.34 - - [06/Mar/2007:07:39:32 +0000] "GET /oempro/read.php?EncryptedMemberID=MzI4Nw%3D%3D&CampaignID=79&CampaignStatisticsID=45&Demo=0&Email=pnewsome@unigestion.com HTTP/1.1" 200 55 "-" "Mozilla/4.0 (compatible; MSIE 6.0; Windows NT 5.2; SV1; .NET CLR 1.1.4322)"
195.65.220.34 - - [06/Mar/2007:07:39:35 +0000] "GET /oempro/read.php?EncryptedMemberID=MzA2Ng%3D%3D&CampaignID=79&CampaignStatisticsID=45&Demo=0&Email=mvoisard@unigestion.com HTTP/1.1" 200 55 "-" "Mozilla/4.0 (compatible; MSIE 6.0; Windows NT 5.2; SV1; .NET CLR 1.1.4322)"
195.65.220.34 - - [06/Mar/2007:07:39:35 +0000] "GET /oempro/read.php?EncryptedMemberID=MzA2Ng%3D%3D&CampaignID=79&CampaignStatisticsID=45&Demo=0&Email=mvoisard@unigestion.com HTTP/1.1" 200 55 "-" "Mozilla/4.0 (compatible; MSIE 6.0; Windows NT 5.2; SV1; .NET CLR 1.1.4322)"
195.65.220.34 - - [06/Mar/2007:07:39:45 +0000] "GET /oempro/read.php?EncryptedMemberID=MzI4Nw%3D%3D&CampaignID=79&CampaignStatisticsID=45&Demo=0&Email=pnewsome@unigestion.com HTTP/1.1" 200 55 "-" "Mozilla/4.0 (compatible; MSIE 6.0; Windows NT 5.2; SV1; .NET CLR 1.1.4322)"
195.249.182.201 - - [06/Mar/2007:07:40:42 +0000] "GET /oempro/read.php?EncryptedMemberID=MTg0Mw%3D%3D&CampaignID=79&CampaignStatisticsID=45&Demo=0&Email=cf@axcel.dk HTTP/1.1" 200 55 "-" "Mozilla/4.0 (compatible; MSIE 6.0; Windows NT 5.1; SV1; .NET CLR 1.1.4322; InfoPath.1)"
139.149.31.196 - - [06/Mar/2007:07:40:47 +0000] "GET /oempro/read.php?EncryptedMemberID=MjkwMw%3D%3D&CampaignID=79&CampaignStatisticsID=45&Demo=0&Email=mark.tucker@ubs.com HTTP/1.0" 200 43 "-" "Mozilla/4.0 (compatible; MSIE 6.0; Windows NT 5.0)"
60.248.193.166 - - [06/Mar/2007:07:41:17 +0000] "GET /oempro/read.php?EncryptedMemberID=MjQ5OA%3D%3D&CampaignID=79&CampaignStatisticsID=45&Demo=0&Email=jameschew@vcfortune.com HTTP/1.1" 200 55 "-" "Mozilla/4.0 (compatible; MSIE 6.0; Windows NT 5.1; SV1)"
60.248.193.166 - - [06/Mar/2007:07:41:17 +0000] "GET /oempro/read.php?EncryptedMemberID=MjQ5OA%3D%3D&CampaignID=79&CampaignStatisticsID=45&Demo=0&Email=jameschew@vcfortune.com HTTP/1.1" 200 55 "-" "Mozilla/4.0 (compatible; MSIE 6.0; Windows NT 5.1; SV1)"
145.221.24.8 - - [06/Mar/2007:07:41:35 +0000] "GET /oempro/read.php?EncryptedMemberID=Mzc1Ng%3D%3D&CampaignID=79&CampaignStatisticsID=45&Demo=0&Email=thea.ruijtenschildt@ing.com HTTP/1.1" 200 55 "-" "Mozilla/4.0 (compatible; MSIE 6.0; Windows NT 5.1; .NET CLR 1.1.4322)"
62.2.249.194 - - [06/Mar/2007:07:41:56 +0000] "GET /oempro/read.php?EncryptedMemberID=MjU5Nw%3D%3D&CampaignID=79&CampaignStatisticsID=45&Demo=0&Email=joachim.rudolf@hbmpartners.com HTTP/1.1" 200 55 "-" "Mozilla/4.0 (compatible; MSIE 6.0; Windows NT 5.1; SV1; HBM Partners AG; (R1 1.3); .NET CLR 1.1.4322; .NET CLR 2.0.50727)"
195.95.137.6 - - [06/Mar/2007:07:41:59 +0000] "GET /oempro/read.php?EncryptedMemberID=MTczMA%3D%3D&CampaignID=79&CampaignStatisticsID=45&Demo=0&Email=berthold.garbas@wwasset.de HTTP/1.1" 200 55 "-" "Mozilla/4.0 (compatible; MSIE 6.0; Windows NT 5.1; SV1; .NET CLR 1.0.3705; .NET CLR 1.1.4322; .NET CLR 2.0.50727)"
82.135.30.155 - - [06/Mar/2007:07:43:11 +0000] "GET /oempro/read.php?EncryptedMemberID=MzU4Ng%3D%3D&CampaignID=79&CampaignStatisticsID=45&Demo=0&Email=simon.tang@vcm.de HTTP/1.0" 200 43 "-" "Mozilla/4.0 (compatible; MSIE 7.0; Windows NT 5.1; .NET CLR 1.1.4322)"
82.135.125.30 - - [06/Mar/2007:07:43:11 +0000] "GET /oempro/read.php?EncryptedMemberID=MzU4Ng%3D%3D&CampaignID=79&CampaignStatisticsID=45&Demo=0&Email=simon.tang@vcm.de HTTP/1.0" 200 43 "-" "Mozilla/4.0 (compatible; MSIE 7.0; Windows NT 5.1; .NET CLR 1.1.4322)"
193.247.250.1 - - [06/Mar/2007:07:43:14 +0000] "GET /data.htm HTTP/1.1" 200 6628 "-" "Mozilla/4.0 (compatible; MSIE 4.01; Windows CE/Swisscom/v1605; PPC; 240x320)"
145.61.28.21 - - [06/Mar/2007:07:43:16 +0000] "GET /oempro/read.php?EncryptedMemberID=MjE2Mw%3D%3D&CampaignID=79&CampaignStatisticsID=45&Demo=0&Email=erf@robeco.nl HTTP/1.0" 200 43 "-" "Mozilla/4.0 (compatible; Lotus-Notes/6.0; Windows-NT)"
193.247.250.1 - - [06/Mar/2007:07:43:16 +0000] "GET /styles.css HTTP/1.1" 200 497 "http://www.som-cap.com/data.htm" "Mozilla/4.0 (compatible; MSIE 4.01; Windows CE/Swisscom/v1605; PPC; 240x320)"
193.247.250.1 - - [06/Mar/2007:07:43:17 +0000] "GET /images/inbg.jpg HTTP/1.1" 200 32265 "http://www.som-cap.com/data.htm" "Mozilla/4.0 (compatible; MSIE 4.01; Windows CE/Swisscom/v1605; PPC; 240x320)"
193.247.250.1 - - [06/Mar/2007:07:43:18 +0000] "GET /images/logo.gif HTTP/1.1" 200 1574 "http://www.som-cap.com/data.htm" "Mozilla/4.0 (compatible; MSIE 4.01; Windows CE/Swisscom/v1605; PPC; 240x320)"
194.209.42.83 - - [06/Mar/2007:07:43:19 +0000] "GET /oempro/read.php?EncryptedMemberID=MjE3Mw%3D%3D&CampaignID=79&CampaignStatisticsID=45&Demo=0&Email=erwin.boos@adveq.com HTTP/1.1" 200 55 "-" "Mozilla/4.0 (compatible; MSIE 6.0; Windows NT 5.2; SV1; .NET CLR 1.1.4322; InfoPath.1; .NET CLR 2.0.50727)"
212.203.90.101 - - [06/Mar/2007:07:43:51 +0000] "GET /oempro/read.php?EncryptedMemberID=MzQ2Mw%3D%3D&CampaignID=79&CampaignStatisticsID=45&Demo=0&Email=roy.baumann@partnersgroup.net HTTP/1.1" 200 55 "-" "Mozilla/4.0 (compatible; MSIE 6.0; Windows NT 5.1; SV1)"
194.151.190.228 - - [06/Mar/2007:07:44:35 +0000] "GET /oempro/read.php?EncryptedMemberID=MjQ2Nw%3D%3D&CampaignID=79&CampaignStatisticsID=45&Demo=0&Email=irene.wassenaar@mn-services.nl HTTP/1.1" 200 55 "-" "Mozilla/4.0 (compatible; MSIE 6.0; Windows NT 5.1)"
194.151.190.228 - - [06/Mar/2007:07:45:40 +0000] "GET /oempro/read.php?EncryptedMemberID=MjQ2Nw%3D%3D&CampaignID=79&CampaignStatisticsID=45&Demo=0&Email=irene.wassenaar@mn-services.nl HTTP/1.1" 200 55 "-" "Mozilla/4.0 (compatible; MSIE 6.0; Windows NT 5.1)"
194.151.190.228 - - [06/Mar/2007:07:45:41 +0000] "GET /oempro/read.php?EncryptedMemberID=MjQ2Nw%3D%3D&CampaignID=79&CampaignStatisticsID=45&Demo=0&Email=irene.wassenaar@mn-services.nl HTTP/1.1" 200 55 "-" "Mozilla/4.0 (compatible; MSIE 6.0; Windows NT 5.1)"
194.151.190.228 - - [06/Mar/2007:07:45:50 +0000] "GET /oempro/read.php?EncryptedMemberID=MjQ2Nw%3D%3D&CampaignID=79&CampaignStatisticsID=45&Demo=0&Email=irene.wassenaar@mn-services.nl HTTP/1.1" 200 55 "-" "Mozilla/4.0 (compatible; MSIE 6.0; Windows NT 5.1)"
194.151.190.228 - - [06/Mar/2007:07:45:50 +0000] "GET /oempro/read.php?EncryptedMemberID=MjQ2Nw%3D%3D&CampaignID=79&CampaignStatisticsID=45&Demo=0&Email=irene.wassenaar@mn-services.nl HTTP/1.1" 200 55 "-" "Mozilla/4.0 (compatible; MSIE 6.0; Windows NT 5.1)"
85.221.34.63 - - [06/Mar/2007:07:46:01 +0000] "GET /oempro/read.php?EncryptedMemberID=MzMxNw%3D%3D&CampaignID=79&CampaignStatisticsID=45&Demo=0&Email=r2h@storebrand.no HTTP/1.0" 200 43 "-" "Mozilla/4.0 (compatible; Lotus-Notes/6.0; Windows-NT)"
82.135.125.30 - - [06/Mar/2007:07:46:04 +0000] "GET /oempro/read.php?EncryptedMemberID=MzU4Ng%3D%3D&CampaignID=79&CampaignStatisticsID=45&Demo=0&Email=simon.tang@vcm.de HTTP/1.0" 200 43 "-" "Mozilla/4.0 (compatible; MSIE 6.0; Windows NT 5.0; .NET CLR 1.1.4322)"
82.135.125.30 - - [06/Mar/2007:07:46:04 +0000] "GET /oempro/read.php?EncryptedMemberID=MzU4Ng%3D%3D&CampaignID=79&CampaignStatisticsID=45&Demo=0&Email=simon.tang@vcm.de HTTP/1.0" 200 43 "-" "Mozilla/4.0 (compatible; MSIE 6.0; Windows NT 5.0; .NET CLR 1.1.4322)"
195.141.68.50 - - [06/Mar/2007:07:47:12 +0000] "GET /oempro/read.php?EncryptedMemberID=MTc0MQ%3D%3D&CampaignID=79&CampaignStatisticsID=45&Demo=0&Email=bischoff@scmag.com HTTP/1.1" 200 55 "-" "Mozilla/4.0 (compatible; MSIE 6.0; Windows NT 5.1; SV1; .NET CLR 1.1.4322; .NET CLR 2.0.50727)"
195.141.68.50 - - [06/Mar/2007:07:47:12 +0000] "GET /oempro/read.php?EncryptedMemberID=MTc0MQ%3D%3D&CampaignID=79&CampaignStatisticsID=45&Demo=0&Email=bischoff@scmag.com HTTP/1.1" 200 55 "-" "Mozilla/4.0 (compatible; MSIE 6.0; Windows NT 5.1; SV1; .NET CLR 1.1.4322; .NET CLR 2.0.50727)"
