155.144.251.120 - - [05/Mar/2007:21:48:29 +0000] "GET /oempro/read.php?EncryptedMemberID=MzY3NA%3D%3D&CampaignID=79&CampaignStatisticsID=45&Demo=0&Email=stephen.milburn-pyle@auspost.com.au HTTP/1.0" 200 43 "-" "Mozilla/4.0 (compatible; MSIE 6.0; Windows NT 5.1; .NET CLR 1.1.4322)"
72.14.195.129 - - [05/Mar/2007:21:49:13 +0000] "GET /oempro/read.php?EncryptedMemberID=MzA2OQ%3D%3D&CampaignID=79&CampaignStatisticsID=45&Demo=0&Email=myusko@morgancreekcap.com HTTP/1.1" 200 55 "-" "Mozilla/4.0 (compatible; MSIE 7.0; Windows NT 5.1; .NET CLR 1.1.4322)"
209.213.211.14 - - [05/Mar/2007:21:49:55 +0000] "GET /oempro/read.php?EncryptedMemberID=MjUyOA%3D%3D&CampaignID=79&CampaignStatisticsID=45&Demo=0&Email=jcouch@ccapital.com HTTP/1.1" 200 55 "-" "Mozilla/4.0 (compatible; MSIE 7.0; Windows NT 5.1; .NET CLR 1.1.4322; InfoPath.1; .NET CLR 2.0.50727)"
170.224.110.165 - - [05/Mar/2007:21:51:27 +0000] "GET /oempro/read.php?EncryptedMemberID=MzgwNw%3D%3D&CampaignID=79&CampaignStatisticsID=45&Demo=0&Email=tom@vanguardventures.com HTTP/1.0" 200 43 "-" "Mozilla/4.0 (compatible; MSIE 6.0; Windows NT 5.2; SV1; .NET CLR 1.1.4322; InfoPath.1)"
199.181.201.5 - - [05/Mar/2007:21:52:17 +0000] "GET /oempro/read.php?EncryptedMemberID=Mzc2MQ%3D%3D&CampaignID=79&CampaignStatisticsID=45&Demo=0&Email=thomas.hoge@bmo.com HTTP/1.1" 200 55 "-" "Mozilla/4.0 (compatible; MSIE 6.0; Windows NT 5.0)"
82.43.211.192 - - [05/Mar/2007:21:52:18 +0000] "GET /oempro/admin HTTP/1.1" 301 252 "-" "Mozilla/4.0 (compatible; MSIE 6.0; Windows NT 5.1; SV1; .NET CLR 1.1.4322)"
82.43.211.192 - - [05/Mar/2007:21:52:18 +0000] "GET /oempro/admin/ HTTP/1.1" 304 - "-" "Mozilla/4.0 (compatible; MSIE 6.0; Windows NT 5.1; SV1; .NET CLR 1.1.4322)"
82.43.211.192 - - [05/Mar/2007:21:52:19 +0000] "GET /oempro/admin/index.php HTTP/1.1" 200 7363 "-" "Mozilla/4.0 (compatible; MSIE 6.0; Windows NT 5.1; SV1; .NET CLR 1.1.4322)"
82.43.211.192 - - [05/Mar/2007:21:52:19 +0000] "GET /oempro/system/data/templates/enhanced_english/media/css/styles_screen.css HTTP/1.1" 304 - "http://www.som-cap.com/oempro/admin/index.php" "Mozilla/4.0 (compatible; MSIE 6.0; Windows NT 5.1; SV1; .NET CLR 1.1.4322)"
82.43.211.192 - - [05/Mar/2007:21:52:19 +0000] "GET /oempro/system/data/templates/enhanced_english/media/css/styles_help.css HTTP/1.1" 304 - "http://www.som-cap.com/oempro/admin/index.php" "Mozilla/4.0 (compatible; MSIE 6.0; Windows NT 5.1; SV1; .NET CLR 1.1.4322)"
82.43.211.192 - - [05/Mar/2007:21:52:19 +0000] "GET /oempro/system/data/templates/enhanced_english/media/css/styles_menu.css HTTP/1.1" 304 - "http://www.som-cap.com/oempro/admin/index.php" "Mozilla/4.0 (compatible; MSIE 6.0; Windows NT 5.1; SV1; .NET CLR 1.1.4322)"
82.43.211.192 - - [05/Mar/2007:21:52:19 +0000] "GET /oempro/system/data/templates/enhanced_english/media/scripts/functions_administrator.js HTTP/1.1" 304 - "http://www.som-cap.com/oempro/admin/index.php" "Mozilla/4.0 (compatible; MSIE 6.0; Windows NT 5.1; SV1; .NET CLR 1.1.4322)"
199.181.201.5 - - [05/Mar/2007:21:52:19 +0000] "GET /oempro/read.php?EncryptedMemberID=Mzc2MQ%3D%3D&CampaignID=79&CampaignStatisticsID=45&Demo=0&Email=thomas.hoge@bmo.com HTTP/1.1" 200 55 "-" "Mozilla/4.0 (compatible; MSIE 6.0; Windows NT 5.0)"
82.43.211.192 - - [05/Mar/2007:21:52:19 +0000] "GET /oempro/system/data/templates/enhanced_english/media/scripts/menu.js HTTP/1.1" 304 - "http://www.som-cap.com/oempro/admin/index.php" "Mozilla/4.0 (compatible; MSIE 6.0; Windows NT 5.1; SV1; .NET CLR 1.1.4322)"
82.43.211.192 - - [05/Mar/2007:21:52:20 +0000] "GET /oempro/system/data/templates/enhanced_english/media/scripts/help.js HTTP/1.1" 304 - "http://www.som-cap.com/oempro/admin/index.php" "Mozilla/4.0 (compatible; MSIE 6.0; Windows NT 5.1; SV1; .NET CLR 1.1.4322)"
82.43.211.192 - - [05/Mar/2007:21:52:20 +0000] "GET /oempro/system/data/templates/enhanced_english/media/scripts/help_texts.js HTTP/1.1" 304 - "http://www.som-cap.com/oempro/admin/index.php" "Mozilla/4.0 (compatible; MSIE 6.0; Windows NT 5.1; SV1; .NET CLR 1.1.4322)"
82.43.211.192 - - [05/Mar/2007:21:52:21 +0000] "GET /oempro/system/data/templates/enhanced_english/media/images/theme/013.gif HTTP/1.1" 304 - "http://www.som-cap.com/oempro/admin/index.php" "Mozilla/4.0 (compatible; MSIE 6.0; Windows NT 5.1; SV1; .NET CLR 1.1.4322)"
82.43.211.192 - - [05/Mar/2007:21:52:21 +0000] "GET /oempro/system/data/templates/enhanced_english/media/images/theme/015.gif HTTP/1.1" 304 - "http://www.som-cap.com/oempro/admin/index.php" "Mozilla/4.0 (compatible; MSIE 6.0; Windows NT 5.1; SV1; .NET CLR 1.1.4322)"
82.43.211.192 - - [05/Mar/2007:21:52:21 +0000] "GET /oempro/system/data/templates/enhanced_english/media/images/theme/016.gif HTTP/1.1" 304 - "http://www.som-cap.com/oempro/admin/index.php" "Mozilla/4.0 (compatible; MSIE 6.0; Windows NT 5.1; SV1; .NET CLR 1.1.4322)"
82.43.211.192 - - [05/Mar/2007:21:52:21 +0000] "GET /oempro/system/data/templates/enhanced_english/media/images/theme/036.gif HTTP/1.1" 304 - "http://www.som-cap.com/oempro/admin/index.php" "Mozilla/4.0 (compatible; MSIE 6.0; Windows NT 5.1; SV1; .NET CLR 1.1.4322)"
82.43.211.192 - - [05/Mar/2007:21:52:21 +0000] "GET /oempro/system/data/templates/enhanced_english/media/images/theme/020.gif HTTP/1.1" 304 - "http://www.som-cap.com/oempro/admin/index.php" "Mozilla/4.0 (compatible; MSIE 6.0; Windows NT 5.1; SV1; .NET CLR 1.1.4322)"
82.43.211.192 - - [05/Mar/2007:21:52:21 +0000] "GET /oempro/system/data/templates/enhanced_english/media/images/theme/022.gif HTTP/1.1" 304 - "http://www.som-cap.com/oempro/admin/index.php" "Mozilla/4.0 (compatible; MSIE 6.0; Windows NT 5.1; SV1; .NET CLR 1.1.4322)"
82.43.211.192 - - [05/Mar/2007:21:52:21 +0000] "GET /oempro/system/data/templates/enhanced_english/media/images/theme/027.gif HTTP/1.1" 304 - "http://www.som-cap.com/oempro/admin/index.php" "Mozilla/4.0 (compatible; MSIE 6.0; Windows NT 5.1; SV1; .NET CLR 1.1.4322)"
82.43.211.192 - - [05/Mar/2007:21:52:21 +0000] "GET /oempro/system/data/templates/enhanced_english/media/images/theme/023.gif HTTP/1.1" 304 - "http://www.som-cap.com/oempro/admin/index.php" "Mozilla/4.0 (compatible; MSIE 6.0; Windows NT 5.1; SV1; .NET CLR 1.1.4322)"
82.43.211.192 - - [05/Mar/2007:21:52:21 +0000] "GET /oempro/system/data/templates/enhanced_english/media/images/theme/025.gif HTTP/1.1" 304 - "http://www.som-cap.com/oempro/admin/index.php" "Mozilla/4.0 (compatible; MSIE 6.0; Windows NT 5.1; SV1; .NET CLR 1.1.4322)"
82.43.211.192 - - [05/Mar/2007:21:52:21 +0000] "GET /oempro/system/data/templates/enhanced_english/media/images/theme/024.gif HTTP/1.1" 304 - "http://www.som-cap.com/oempro/admin/index.php" "Mozilla/4.0 (compatible; MSIE 6.0; Windows NT 5.1; SV1; .NET CLR 1.1.4322)"
82.43.211.192 - - [05/Mar/2007:21:52:21 +0000] "GET /oempro/system/data/templates/enhanced_english/media/images/theme/018.gif HTTP/1.1" 304 - "http://www.som-cap.com/oempro/admin/index.php" "Mozilla/4.0 (compatible; MSIE 6.0; Windows NT 5.1; SV1; .NET CLR 1.1.4322)"
82.43.211.192 - - [05/Mar/2007:21:52:21 +0000] "GET /oempro/system/data/templates/enhanced_english/media/images/theme/019.gif HTTP/1.1" 304 - "http://www.som-cap.com/oempro/admin/index.php" "Mozilla/4.0 (compatible; MSIE 6.0; Windows NT 5.1; SV1; .NET CLR 1.1.4322)"
82.43.211.192 - - [05/Mar/2007:21:52:21 +0000] "GET /oempro/system/data/templates/enhanced_english/media/images/theme/029.gif HTTP/1.1" 304 - "http://www.som-cap.com/oempro/admin/index.php" "Mozilla/4.0 (compatible; MSIE 6.0; Windows NT 5.1; SV1; .NET CLR 1.1.4322)"
82.43.211.192 - - [05/Mar/2007:21:52:21 +0000] "GET /oempro/system/data/templates/enhanced_english/media/images/theme/030.gif HTTP/1.1" 304 - "http://www.som-cap.com/oempro/admin/index.php" "Mozilla/4.0 (compatible; MSIE 6.0; Windows NT 5.1; SV1; .NET CLR 1.1.4322)"
82.43.211.192 - - [05/Mar/2007:21:52:21 +0000] "GET /oempro/system/data/templates/enhanced_english/media/images/theme/017.gif HTTP/1.1" 304 - "http://www.som-cap.com/oempro/admin/index.php" "Mozilla/4.0 (compatible; MSIE 6.0; Windows NT 5.1; SV1; .NET CLR 1.1.4322)"
82.43.211.192 - - [05/Mar/2007:21:52:21 +0000] "GET /oempro/system/data/templates/enhanced_english/media/images/theme/021.gif HTTP/1.1" 304 - "http://www.som-cap.com/oempro/admin/index.php" "Mozilla/4.0 (compatible; MSIE 6.0; Windows NT 5.1; SV1; .NET CLR 1.1.4322)"
82.43.211.192 - - [05/Mar/2007:21:52:21 +0000] "GET /oempro/system/data/templates/enhanced_english/media/images/theme/026.gif HTTP/1.1" 304 - "http://www.som-cap.com/oempro/admin/index.php" "Mozilla/4.0 (compatible; MSIE 6.0; Windows NT 5.1; SV1; .NET CLR 1.1.4322)"
82.43.211.192 - - [05/Mar/2007:21:52:26 +0000] "POST /oempro/admin/index.php HTTP/1.1" 302 5 "http://www.som-cap.com/oempro/admin/index.php" "Mozilla/4.0 (compatible; MSIE 6.0; Windows NT 5.1; SV1; .NET CLR 1.1.4322)"
82.43.211.192 - - [05/Mar/2007:21:52:27 +0000] "GET /oempro/admin/bridge.php?GoToURL= HTTP/1.1" 200 10271 "http://www.som-cap.com/oempro/admin/index.php" "Mozilla/4.0 (compatible; MSIE 6.0; Windows NT 5.1; SV1; .NET CLR 1.1.4322)"
203.44.63.161 - - [05/Mar/2007:21:52:29 +0000] "GET /oempro/read.php?EncryptedMemberID=MzExNA%3D%3D&CampaignID=79&CampaignStatisticsID=45&Demo=0&Email=nicole.connolly@telstrasuper.com.au HTTP/1.1" 200 55 "-" "Mozilla/4.0 (compatible; MSIE 6.0; Windows NT 5.0; .NET CLR 1.1.4322)"
82.43.211.192 - - [05/Mar/2007:21:52:31 +0000] "GET /oempro/admin/main.php HTTP/1.1" 200 25406 "-" "Mozilla/4.0 (compatible; MSIE 6.0; Windows NT 5.1; SV1; .NET CLR 1.1.4322)"
82.43.211.192 - - [05/Mar/2007:21:52:31 +0000] "GET /oempro/system/data/templates/enhanced_english/media/css/styles_screen.css HTTP/1.1" 304 - "http://www.som-cap.com/oempro/admin/main.php" "Mozilla/4.0 (compatible; MSIE 6.0; Windows NT 5.1; SV1; .NET CLR 1.1.4322)"
82.43.211.192 - - [05/Mar/2007:21:52:31 +0000] "GET /oempro/system/data/templates/enhanced_english/media/css/styles_menu.css HTTP/1.1" 304 - "http://www.som-cap.com/oempro/admin/main.php" "Mozilla/4.0 (compatible; MSIE 6.0; Windows NT 5.1; SV1; .NET CLR 1.1.4322)"
82.43.211.192 - - [05/Mar/2007:21:52:31 +0000] "GET /oempro/system/data/templates/enhanced_english/media/css/styles_help.css HTTP/1.1" 304 - "http://www.som-cap.com/oempro/admin/main.php" "Mozilla/4.0 (compatible; MSIE 6.0; Windows NT 5.1; SV1; .NET CLR 1.1.4322)"
82.43.211.192 - - [05/Mar/2007:21:52:31 +0000] "GET /oempro/system/data/templates/enhanced_english/media/scripts/functions_administrator.js HTTP/1.1" 304 - "http://www.som-cap.com/oempro/admin/main.php" "Mozilla/4.0 (compatible; MSIE 6.0; Windows NT 5.1; SV1; .NET CLR 1.1.4322)"
82.43.211.192 - - [05/Mar/2007:21:52:32 +0000] "GET /oempro/system/data/templates/enhanced_english/media/scripts/menu.js HTTP/1.1" 304 - "http://www.som-cap.com/oempro/admin/main.php" "Mozilla/4.0 (compatible; MSIE 6.0; Windows NT 5.1; SV1; .NET CLR 1.1.4322)"
82.43.211.192 - - [05/Mar/2007:21:52:32 +0000] "GET /oempro/system/data/templates/enhanced_english/media/scripts/help.js HTTP/1.1" 304 - "http://www.som-cap.com/oempro/admin/main.php" "Mozilla/4.0 (compatible; MSIE 6.0; Windows NT 5.1; SV1; .NET CLR 1.1.4322)"
82.43.211.192 - - [05/Mar/2007:21:52:32 +0000] "GET /oempro/system/data/templates/enhanced_english/media/scripts/help_texts.js HTTP/1.1" 304 - "http://www.som-cap.com/oempro/admin/main.php" "Mozilla/4.0 (compatible; MSIE 6.0; Windows NT 5.1; SV1; .NET CLR 1.1.4322)"
82.43.211.192 - - [05/Mar/2007:21:52:32 +0000] "GET /oempro/system/data/templates/enhanced_english/media/images/theme/013.gif HTTP/1.1" 304 - "http://www.som-cap.com/oempro/admin/main.php" "Mozilla/4.0 (compatible; MSIE 6.0; Windows NT 5.1; SV1; .NET CLR 1.1.4322)"
82.43.211.192 - - [05/Mar/2007:21:52:32 +0000] "GET /oempro/system/data/templates/enhanced_english/media/images/theme/015.gif HTTP/1.1" 304 - "http://www.som-cap.com/oempro/admin/main.php" "Mozilla/4.0 (compatible; MSIE 6.0; Windows NT 5.1; SV1; .NET CLR 1.1.4322)"
82.43.211.192 - - [05/Mar/2007:21:52:32 +0000] "GET /oempro/system/data/templates/enhanced_english/media/images/theme/016.gif HTTP/1.1" 304 - "http://www.som-cap.com/oempro/admin/main.php" "Mozilla/4.0 (compatible; MSIE 6.0; Windows NT 5.1; SV1; .NET CLR 1.1.4322)"
82.43.211.192 - - [05/Mar/2007:21:52:32 +0000] "GET /oempro/system/data/templates/enhanced_english/media/images/theme/036.gif HTTP/1.1" 304 - "http://www.som-cap.com/oempro/admin/main.php" "Mozilla/4.0 (compatible; MSIE 6.0; Windows NT 5.1; SV1; .NET CLR 1.1.4322)"
82.43.211.192 - - [05/Mar/2007:21:52:32 +0000] "GET /oempro/system/data/templates/enhanced_english/media/images/theme/020.gif HTTP/1.1" 304 - "http://www.som-cap.com/oempro/admin/main.php" "Mozilla/4.0 (compatible; MSIE 6.0; Windows NT 5.1; SV1; .NET CLR 1.1.4322)"
82.43.211.192 - - [05/Mar/2007:21:52:32 +0000] "GET /oempro/system/data/templates/enhanced_english/media/images/theme/017.gif HTTP/1.1" 304 - "http://www.som-cap.com/oempro/admin/main.php" "Mozilla/4.0 (compatible; MSIE 6.0; Windows NT 5.1; SV1; .NET CLR 1.1.4322)"
82.43.211.192 - - [05/Mar/2007:21:52:32 +0000] "GET /oempro/system/data/templates/enhanced_english/media/images/theme/021.gif HTTP/1.1" 304 - "http://www.som-cap.com/oempro/admin/main.php" "Mozilla/4.0 (compatible; MSIE 6.0; Windows NT 5.1; SV1; .NET CLR 1.1.4322)"
82.43.211.192 - - [05/Mar/2007:21:52:32 +0000] "GET /oempro/system/data/templates/enhanced_english/media/images/theme/022.gif HTTP/1.1" 304 - "http://www.som-cap.com/oempro/admin/main.php" "Mozilla/4.0 (compatible; MSIE 6.0; Windows NT 5.1; SV1; .NET CLR 1.1.4322)"
82.43.211.192 - - [05/Mar/2007:21:52:32 +0000] "GET /oempro/system/data/templates/enhanced_english/media/images/theme/027.gif HTTP/1.1" 304 - "http://www.som-cap.com/oempro/admin/main.php" "Mozilla/4.0 (compatible; MSIE 6.0; Windows NT 5.1; SV1; .NET CLR 1.1.4322)"
82.43.211.192 - - [05/Mar/2007:21:52:32 +0000] "GET /oempro/system/data/templates/enhanced_english/media/images/theme/023.gif HTTP/1.1" 304 - "http://www.som-cap.com/oempro/admin/main.php" "Mozilla/4.0 (compatible; MSIE 6.0; Windows NT 5.1; SV1; .NET CLR 1.1.4322)"
82.43.211.192 - - [05/Mar/2007:21:52:32 +0000] "GET /oempro/system/data/templates/enhanced_english/media/scripts/AC_RunActiveContent.js HTTP/1.1" 404 657 "http://www.som-cap.com/oempro/admin/main.php" "Mozilla/4.0 (compatible; MSIE 6.0; Windows NT 5.1; SV1; .NET CLR 1.1.4322)"
82.43.211.192 - - [05/Mar/2007:21:52:33 +0000] "GET /oempro/system/data/templates/enhanced_english/media/scripts/AC_ActiveX.js HTTP/1.1" 404 657 "http://www.som-cap.com/oempro/admin/main.php" "Mozilla/4.0 (compatible; MSIE 6.0; Windows NT 5.1; SV1; .NET CLR 1.1.4322)"
82.43.211.192 - - [05/Mar/2007:21:52:33 +0000] "GET /oempro/system/data/templates/enhanced_english/media/css/styles_quickstats.css HTTP/1.1" 304 - "http://www.som-cap.com/oempro/admin/main.php" "Mozilla/4.0 (compatible; MSIE 6.0; Windows NT 5.1; SV1; .NET CLR 1.1.4322)"
82.43.211.192 - - [05/Mar/2007:21:52:33 +0000] "GET /oempro/system/data/templates/enhanced_english/media/images/charts/octethGrapher.swf?source=http%3A%2F%2Fwww.som-cap.com%2Foempro%2Fadmin%2Fmain.php%3FDraw%3DCampaignSending HTTP/1.1" 304 - "-" "Mozilla/4.0 (compatible; MSIE 6.0; Windows NT 5.1; SV1; .NET CLR 1.1.4322)"
82.43.211.192 - - [05/Mar/2007:21:52:33 +0000] "GET /oempro/system/data/templates/enhanced_english/media/images/charts/octethGrapher.swf?source=http%3A%2F%2Fwww.som-cap.com%2Foempro%2Fadmin%2Fmain.php%3FDraw%3DSubscription HTTP/1.1" 304 - "-" "Mozilla/4.0 (compatible; MSIE 6.0; Windows NT 5.1; SV1; .NET CLR 1.1.4322)"
82.43.211.192 - - [05/Mar/2007:21:52:33 +0000] "GET /oempro/system/data/templates/enhanced_english/media/images/charts/octethGrapher.swf?source=http%3A%2F%2Fwww.som-cap.com%2Foempro%2Fadmin%2Fmain.php%3FDraw%3DBounce HTTP/1.1" 304 - "-" "Mozilla/4.0 (compatible; MSIE 6.0; Windows NT 5.1; SV1; .NET CLR 1.1.4322)"
82.43.211.192 - - [05/Mar/2007:21:52:34 +0000] "GET /oempro/system/data/templates/enhanced_english/media/images/theme/025.gif HTTP/1.1" 304 - "http://www.som-cap.com/oempro/admin/main.php" "Mozilla/4.0 (compatible; MSIE 6.0; Windows NT 5.1; SV1; .NET CLR 1.1.4322)"
82.43.211.192 - - [05/Mar/2007:21:52:34 +0000] "GET /oempro/system/data/templates/enhanced_english/media/images/theme/024.gif HTTP/1.1" 304 - "http://www.som-cap.com/oempro/admin/main.php" "Mozilla/4.0 (compatible; MSIE 6.0; Windows NT 5.1; SV1; .NET CLR 1.1.4322)"
82.43.211.192 - - [05/Mar/2007:21:52:34 +0000] "GET /oempro/system/data/templates/enhanced_english/media/images/theme/026.gif HTTP/1.1" 304 - "http://www.som-cap.com/oempro/admin/main.php" "Mozilla/4.0 (compatible; MSIE 6.0; Windows NT 5.1; SV1; .NET CLR 1.1.4322)"
82.43.211.192 - - [05/Mar/2007:21:52:34 +0000] "GET /oempro/system/data/templates/enhanced_english/media/images/theme/018.gif HTTP/1.1" 304 - "http://www.som-cap.com/oempro/admin/main.php" "Mozilla/4.0 (compatible; MSIE 6.0; Windows NT 5.1; SV1; .NET CLR 1.1.4322)"
82.43.211.192 - - [05/Mar/2007:21:52:34 +0000] "GET /oempro/system/data/templates/enhanced_english/media/images/theme/019.gif HTTP/1.1" 304 - "http://www.som-cap.com/oempro/admin/main.php" "Mozilla/4.0 (compatible; MSIE 6.0; Windows NT 5.1; SV1; .NET CLR 1.1.4322)"
82.43.211.192 - - [05/Mar/2007:21:52:34 +0000] "GET /oempro/system/data/templates/enhanced_english/media/images/theme/029.gif HTTP/1.1" 304 - "http://www.som-cap.com/oempro/admin/main.php" "Mozilla/4.0 (compatible; MSIE 6.0; Windows NT 5.1; SV1; .NET CLR 1.1.4322)"
82.43.211.192 - - [05/Mar/2007:21:52:34 +0000] "GET /oempro/system/data/templates/enhanced_english/media/images/theme/030.gif HTTP/1.1" 304 - "http://www.som-cap.com/oempro/admin/main.php" "Mozilla/4.0 (compatible; MSIE 6.0; Windows NT 5.1; SV1; .NET CLR 1.1.4322)"
217.199.165.64 - - [05/Mar/2007:21:52:35 +0000] "GET /oempro/cron_sendengine.php HTTP/1.0" 200 32 "-" "PHP/4.1.2"
82.43.211.192 - - [05/Mar/2007:21:52:36 +0000] "GET /oempro/admin/main.php?Draw=CampaignSending HTTP/1.1" 200 725 "-" "Mozilla/4.0 (compatible; MSIE 6.0; Windows NT 5.1; SV1; .NET CLR 1.1.4322)"
217.199.165.64 - - [05/Mar/2007:21:52:37 +0000] "GET /oempro/cron_requestprocess.php HTTP/1.0" 200 1987 "-" "PHP/4.1.2"
82.43.211.192 - - [05/Mar/2007:21:52:37 +0000] "GET /oempro/admin/main.php?Draw=Bounce HTTP/1.1" 200 838 "-" "Mozilla/4.0 (compatible; MSIE 6.0; Windows NT 5.1; SV1; .NET CLR 1.1.4322)"
217.199.165.64 - - [05/Mar/2007:21:52:37 +0000] "GET /oempro/cron_periodic.php HTTP/1.0" 200 39 "-" "PHP/4.1.2"
217.199.165.64 - - [05/Mar/2007:21:52:37 +0000] "GET /oempro/cron_statustracker.php HTTP/1.0" 200 28 "-" "PHP/4.1.2"
217.199.165.64 - - [05/Mar/2007:21:52:38 +0000] "GET /oempro/cron_optreminder.php HTTP/1.0" 200 99 "-" "PHP/4.1.2"
217.199.165.64 - - [05/Mar/2007:21:52:38 +0000] "GET /oempro/cron_followup.php HTTP/1.0" 200 41 "-" "PHP/4.1.2"
217.199.165.64 - - [05/Mar/2007:21:52:39 +0000] "GET /oempro/cron_bounce.php HTTP/1.0" 200 1959 "-" "PHP/4.1.2"
217.199.165.64 - - [05/Mar/2007:21:52:39 +0000] "GET /oempro/cron_optinoutpurge.php HTTP/1.0" 200 71 "-" "PHP/4.1.2"
217.199.165.64 - - [05/Mar/2007:21:52:39 +0000] "GET /oempro/cron_notconfirmedadmins.php HTTP/1.0" 200 45 "-" "PHP/4.1.2"
82.43.211.192 - - [05/Mar/2007:21:52:39 +0000] "GET /oempro/crons.php?1173131318640 HTTP/1.1" 200 4344 "http://www.som-cap.com/oempro/admin/main.php" "Mozilla/4.0 (compatible; MSIE 6.0; Windows NT 5.1; SV1; .NET CLR 1.1.4322)"
82.43.211.192 - - [05/Mar/2007:21:52:40 +0000] "GET /oempro/admin/main.php?Draw=Subscription HTTP/1.1" 200 1390 "-" "Mozilla/4.0 (compatible; MSIE 6.0; Windows NT 5.1; SV1; .NET CLR 1.1.4322)"
82.43.211.192 - - [05/Mar/2007:21:52:48 +0000] "GET /oempro/admin/campaign_browse.php HTTP/1.1" 200 49745 "http://www.som-cap.com/oempro/admin/main.php" "Mozilla/4.0 (compatible; MSIE 6.0; Windows NT 5.1; SV1; .NET CLR 1.1.4322)"
82.43.211.192 - - [05/Mar/2007:21:53:01 +0000] "GET /oempro/admin/campaign_browse.php HTTP/1.1" 200 49745 "http://www.som-cap.com/oempro/admin/main.php" "Mozilla/4.0 (compatible; MSIE 6.0; Windows NT 5.1; SV1; .NET CLR 1.1.4322)"
82.43.211.192 - - [05/Mar/2007:21:53:15 +0000] "GET /oempro/admin/campaign_tracker.php?CampaignID=79 HTTP/1.1" 200 18788 "-" "Mozilla/4.0 (compatible; MSIE 6.0; Windows NT 5.1; SV1; .NET CLR 1.1.4322)"
82.43.211.192 - - [05/Mar/2007:21:53:15 +0000] "GET /oempro/system/data/templates/enhanced_english/media/images/charts/octethGrapher.swf?source=http%3A%2F%2Fwww.som-cap.com%2Foempro%2Fadmin%2Fcampaign_tracker.php%3FMode%3DSnapShotXML%26CampaignStatisticsID%3D45&refreshrate=3 HTTP/1.1" 200 12031 "-" "Mozilla/4.0 (compatible; MSIE 6.0; Windows NT 5.1; SV1; .NET CLR 1.1.4322)"
82.43.211.192 - - [05/Mar/2007:21:53:16 +0000] "GET /oempro/system/data/templates/enhanced_english/media/images/theme/button_restart.gif HTTP/1.1" 304 - "http://www.som-cap.com/oempro/admin/campaign_tracker.php?CampaignID=79" "Mozilla/4.0 (compatible; MSIE 6.0; Windows NT 5.1; SV1; .NET CLR 1.1.4322)"
82.43.211.192 - - [05/Mar/2007:21:53:16 +0000] "GET /oempro/system/data/templates/enhanced_english/media/images/theme/008.gif HTTP/1.1" 304 - "http://www.som-cap.com/oempro/admin/campaign_tracker.php?CampaignID=79" "Mozilla/4.0 (compatible; MSIE 6.0; Windows NT 5.1; SV1; .NET CLR 1.1.4322)"
82.43.211.192 - - [05/Mar/2007:21:53:18 +0000] "GET /oempro/admin/campaign_tracker.php?Mode=SnapShotXML&CampaignStatisticsID=45 HTTP/1.1" 200 502 "-" "Mozilla/4.0 (compatible; MSIE 6.0; Windows NT 5.1; SV1; .NET CLR 1.1.4322)"
82.43.211.192 - - [05/Mar/2007:21:53:21 +0000] "GET /oempro/admin/campaign_tracker.php?Mode=SnapShotXML&CampaignStatisticsID=45 HTTP/1.1" 200 502 "-" "Mozilla/4.0 (compatible; MSIE 6.0; Windows NT 5.1; SV1; .NET CLR 1.1.4322)"
82.43.211.192 - - [05/Mar/2007:21:53:25 +0000] "GET /oempro/admin/campaign_tracker.php?Mode=SnapShotXML&CampaignStatisticsID=45 HTTP/1.1" 200 502 "-" "Mozilla/4.0 (compatible; MSIE 6.0; Windows NT 5.1; SV1; .NET CLR 1.1.4322)"
82.43.211.192 - - [05/Mar/2007:21:53:28 +0000] "GET /oempro/admin/campaign_tracker.php?Mode=SnapShotXML&CampaignStatisticsID=45 HTTP/1.1" 200 502 "-" "Mozilla/4.0 (compatible; MSIE 6.0; Windows NT 5.1; SV1; .NET CLR 1.1.4322)"
82.43.211.192 - - [05/Mar/2007:21:53:32 +0000] "GET /oempro/admin/campaign_tracker.php?Mode=SnapShotXML&CampaignStatisticsID=45 HTTP/1.1" 200 502 "-" "Mozilla/4.0 (compatible; MSIE 6.0; Windows NT 5.1; SV1; .NET CLR 1.1.4322)"
82.43.211.192 - - [05/Mar/2007:21:53:36 +0000] "GET /oempro/admin/campaign_tracker.php?Mode=SnapShotXML&CampaignStatisticsID=45 HTTP/1.1" 200 502 "-" "Mozilla/4.0 (compatible; MSIE 6.0; Windows NT 5.1; SV1; .NET CLR 1.1.4322)"
82.43.211.192 - - [05/Mar/2007:21:53:39 +0000] "GET /oempro/admin/campaign_tracker.php?Mode=SnapShotXML&CampaignStatisticsID=45 HTTP/1.1" 200 502 "-" "Mozilla/4.0 (compatible; MSIE 6.0; Windows NT 5.1; SV1; .NET CLR 1.1.4322)"
82.43.211.192 - - [05/Mar/2007:21:53:44 +0000] "GET /oempro/admin/campaign_tracker.php?Mode=SnapShotXML&CampaignStatisticsID=45 HTTP/1.1" 200 502 "-" "Mozilla/4.0 (compatible; MSIE 6.0; Windows NT 5.1; SV1; .NET CLR 1.1.4322)"
82.43.211.192 - - [05/Mar/2007:21:53:47 +0000] "GET /oempro/admin/campaign_tracker.php?Mode=SnapShotXML&CampaignStatisticsID=45 HTTP/1.1" 200 502 "-" "Mozilla/4.0 (compatible; MSIE 6.0; Windows NT 5.1; SV1; .NET CLR 1.1.4322)"
82.43.211.192 - - [05/Mar/2007:21:53:51 +0000] "GET /oempro/admin/campaign_tracker.php?Mode=SnapShotXML&CampaignStatisticsID=45 HTTP/1.1" 200 502 "-" "Mozilla/4.0 (compatible; MSIE 6.0; Windows NT 5.1; SV1; .NET CLR 1.1.4322)"
163.191.30.14 - - [05/Mar/2007:21:53:52 +0000] "GET /oempro/read.php?EncryptedMemberID=MjQ2Mg%3D%3D&CampaignID=79&CampaignStatisticsID=45&Demo=0&Email=investments@trs.state.il.us HTTP/1.1" 200 55 "-" "Mozilla/4.0 (compatible; MSIE 7.0; Windows NT 5.1; .NET CLR 1.1.4322; .NET CLR 2.0.50727; InfoPath.1)"
163.191.30.14 - - [05/Mar/2007:21:53:52 +0000] "GET /oempro/read.php?EncryptedMemberID=MjQ2Mg%3D%3D&CampaignID=79&CampaignStatisticsID=45&Demo=0&Email=investments@trs.state.il.us HTTP/1.1" 200 55 "-" "Mozilla/4.0 (compatible; MSIE 7.0; Windows NT 5.1; .NET CLR 1.1.4322; .NET CLR 2.0.50727; InfoPath.1)"
82.43.211.192 - - [05/Mar/2007:21:53:54 +0000] "GET /oempro/admin/campaign_tracker.php?Mode=SnapShotXML&CampaignStatisticsID=45 HTTP/1.1" 200 502 "-" "Mozilla/4.0 (compatible; MSIE 6.0; Windows NT 5.1; SV1; .NET CLR 1.1.4322)"
82.43.211.192 - - [05/Mar/2007:21:53:58 +0000] "GET /oempro/admin/campaign_tracker.php?Mode=SnapShotXML&CampaignStatisticsID=45 HTTP/1.1" 200 502 "-" "Mozilla/4.0 (compatible; MSIE 6.0; Windows NT 5.1; SV1; .NET CLR 1.1.4322)"
82.43.211.192 - - [05/Mar/2007:21:54:01 +0000] "GET /oempro/admin/campaign_tracker.php?Mode=SnapShotXML&CampaignStatisticsID=45 HTTP/1.1" 200 502 "-" "Mozilla/4.0 (compatible; MSIE 6.0; Windows NT 5.1; SV1; .NET CLR 1.1.4322)"
82.43.211.192 - - [05/Mar/2007:21:54:05 +0000] "GET /oempro/admin/campaign_tracker.php?Mode=SnapShotXML&CampaignStatisticsID=45 HTTP/1.1" 200 502 "-" "Mozilla/4.0 (compatible; MSIE 6.0; Windows NT 5.1; SV1; .NET CLR 1.1.4322)"
82.43.211.192 - - [05/Mar/2007:21:54:08 +0000] "GET /oempro/admin/campaign_tracker.php?Mode=SnapShotXML&CampaignStatisticsID=45 HTTP/1.1" 200 502 "-" "Mozilla/4.0 (compatible; MSIE 6.0; Windows NT 5.1; SV1; .NET CLR 1.1.4322)"
82.43.211.192 - - [05/Mar/2007:21:54:12 +0000] "GET /oempro/admin/campaign_tracker.php?Mode=SnapShotXML&CampaignStatisticsID=45 HTTP/1.1" 200 502 "-" "Mozilla/4.0 (compatible; MSIE 6.0; Windows NT 5.1; SV1; .NET CLR 1.1.4322)"
82.43.211.192 - - [05/Mar/2007:21:54:15 +0000] "GET /oempro/admin/campaign_tracker.php?Mode=SnapShotXML&CampaignStatisticsID=45 HTTP/1.1" 200 502 "-" "Mozilla/4.0 (compatible; MSIE 6.0; Windows NT 5.1; SV1; .NET CLR 1.1.4322)"
199.181.201.5 - - [05/Mar/2007:21:55:32 +0000] "GET /oempro/read.php?EncryptedMemberID=Mzc2MQ%3D%3D&CampaignID=79&CampaignStatisticsID=45&Demo=0&Email=thomas.hoge@bmo.com HTTP/1.1" 200 55 "-" "Mozilla/4.0 (compatible; MSIE 6.0; Windows NT 5.0)"
199.181.201.5 - - [05/Mar/2007:21:55:33 +0000] "GET /oempro/read.php?EncryptedMemberID=Mzc2MQ%3D%3D&CampaignID=79&CampaignStatisticsID=45&Demo=0&Email=thomas.hoge@bmo.com HTTP/1.1" 200 55 "-" "Mozilla/4.0 (compatible; MSIE 6.0; Windows NT 5.0)"
71.16.107.82 - - [05/Mar/2007:21:55:39 +0000] "GET /oempro/read.php?EncryptedMemberID=MjEzMg%3D%3D&CampaignID=79&CampaignStatisticsID=45&Demo=0&Email=edehm@square1bank.com HTTP/1.0" 200 43 "-" "Mozilla/4.0 (compatible; MSIE 6.0; Windows NT 5.1; SV1; .NET CLR 1.1.4322; .NET CLR 2.0.50727)"
144.131.77.190 - - [05/Mar/2007:21:55:56 +0000] "GET /oempro/read.php?EncryptedMemberID=MzM1Ng%3D%3D&CampaignID=79&CampaignStatisticsID=45&Demo=0&Email=renee@principleadvisory.com HTTP/1.0" 200 43 "-" "Mozilla/4.0 (compatible; MSIE 6.0; Windows NT 5.1; SV1; .NET CLR 1.1.4322)"
213.120.116.62 - - [05/Mar/2007:21:56:13 +0000] "GET /oempro/read.php?EncryptedMemberID=MzMzNA%3D%3D&CampaignID=79&CampaignStatisticsID=45&Demo=0&Email=ray@bango.net HTTP/1.1" 200 55 "-" "Mozilla/4.0 (compatible; MSIE 6.0; Windows NT 5.1; SV1; .NET CLR 1.1.4322; InfoPath.1; .NET CLR 2.0.50727; .NET CLR 3.0.04506.30)"
86.145.75.224 - - [05/Mar/2007:21:56:55 +0000] "GET /oempro/link.php?URL=aHR0cDovL3d3dy5zb20tY2FwLmNvbS9vZW1wcm8vbGluay5waHA%2FVVJMPWFIUjBjRG92TDNkM2R5NXpiMjB0WTJGd0xtTnZiUzlrWVhSaExtaDBiUT09JmFtcDtOYW1lPSZhbXA7RW5jcnlwdGVkTWVtYmVySUQ9TkRBeU5BPT0mYW1wO0NhbXBhaWduSUQ9NzcmYW1wO0NhbXBhaWduU3RhdGlzdGljc0lEPTQzJmFtcDtEZW1vPTAmYW1wO0VtYWlsPW1hcmllQHNvbS1jYXAuY29t&Name=&EncryptedMemberID=MTcwOQ%3D%3D&CampaignID=79&CampaignStatisticsID=45&Demo=0&Email=bcoste@qes.co.uk HTTP/1.1" 302 5 "-" "Mozilla/4.0 (compatible; MSIE 7.0; Windows NT 5.1; .NET CLR 1.1.4322)"
86.145.75.224 - - [05/Mar/2007:21:56:55 +0000] "GET /oempro/link.php?URL=aHR0cDovL3d3dy5zb20tY2FwLmNvbS9kYXRhLmh0bQ==&Name=&EncryptedMemberID=NDAyNA==&CampaignID=77&CampaignStatisticsID=43&Demo=0&Email=marie@som-cap.com HTTP/1.1" 302 5 "-" "Mozilla/4.0 (compatible; MSIE 7.0; Windows NT 5.1; .NET CLR 1.1.4322)"
86.145.75.224 - - [05/Mar/2007:21:56:55 +0000] "GET /data.htm HTTP/1.1" 200 6628 "-" "Mozilla/4.0 (compatible; MSIE 7.0; Windows NT 5.1; .NET CLR 1.1.4322)"
86.145.75.224 - - [05/Mar/2007:21:56:55 +0000] "GET /styles.css HTTP/1.1" 200 497 "http://www.som-cap.com/data.htm" "Mozilla/4.0 (compatible; MSIE 7.0; Windows NT 5.1; .NET CLR 1.1.4322)"
86.145.75.224 - - [05/Mar/2007:21:56:55 +0000] "GET /images/inbg.jpg HTTP/1.1" 200 32265 "http://www.som-cap.com/data.htm" "Mozilla/4.0 (compatible; MSIE 7.0; Windows NT 5.1; .NET CLR 1.1.4322)"
86.145.75.224 - - [05/Mar/2007:21:56:56 +0000] "GET /images/logo.gif HTTP/1.1" 200 1574 "http://www.som-cap.com/data.htm" "Mozilla/4.0 (compatible; MSIE 7.0; Windows NT 5.1; .NET CLR 1.1.4322)"
86.145.75.224 - - [05/Mar/2007:21:56:57 +0000] "GET /favicon.ico HTTP/1.1" 404 657 "-" "Mozilla/4.0 (compatible; MSIE 7.0; Windows NT 5.1; .NET CLR 1.1.4322)"
86.145.75.224 - - [05/Mar/2007:21:57:30 +0000] "POST /cgi-bin/123Formmail.pl HTTP/1.1" 302 225 "http://www.som-cap.com/data.htm" "Mozilla/4.0 (compatible; MSIE 7.0; Windows NT 5.1; .NET CLR 1.1.4322)"
86.145.75.224 - - [05/Mar/2007:21:57:30 +0000] "GET /submit.htm HTTP/1.1" 200 2625 "http://www.som-cap.com/data.htm" "Mozilla/4.0 (compatible; MSIE 7.0; Windows NT 5.1; .NET CLR 1.1.4322)"
86.145.75.224 - - [05/Mar/2007:21:57:30 +0000] "GET /images/spacer.gif HTTP/1.1" 200 43 "http://www.som-cap.com/submit.htm" "Mozilla/4.0 (compatible; MSIE 7.0; Windows NT 5.1; .NET CLR 1.1.4322)"
86.145.75.224 - - [05/Mar/2007:21:57:38 +0000] "GET /trackrecord.htm HTTP/1.1" 200 4429 "http://www.som-cap.com/submit.htm" "Mozilla/4.0 (compatible; MSIE 7.0; Windows NT 5.1; .NET CLR 1.1.4322)"
86.145.75.224 - - [05/Mar/2007:21:57:38 +0000] "GET /images/5pic.gif HTTP/1.1" 200 9274 "http://www.som-cap.com/trackrecord.htm" "Mozilla/4.0 (compatible; MSIE 7.0; Windows NT 5.1; .NET CLR 1.1.4322)"
86.145.75.224 - - [05/Mar/2007:21:57:38 +0000] "GET /images/6pic.gif HTTP/1.1" 200 9094 "http://www.som-cap.com/trackrecord.htm" "Mozilla/4.0 (compatible; MSIE 7.0; Windows NT 5.1; .NET CLR 1.1.4322)"
86.145.75.224 - - [05/Mar/2007:21:57:38 +0000] "GET /images/4pic.gif HTTP/1.1" 200 10003 "http://www.som-cap.com/trackrecord.htm" "Mozilla/4.0 (compatible; MSIE 7.0; Windows NT 5.1; .NET CLR 1.1.4322)"
86.145.75.224 - - [05/Mar/2007:21:57:38 +0000] "GET /images/3pic.gif HTTP/1.1" 200 10964 "http://www.som-cap.com/trackrecord.htm" "Mozilla/4.0 (compatible; MSIE 7.0; Windows NT 5.1; .NET CLR 1.1.4322)"
86.145.75.224 - - [05/Mar/2007:21:57:38 +0000] "GET /images/2pic.gif HTTP/1.1" 200 10701 "http://www.som-cap.com/trackrecord.htm" "Mozilla/4.0 (compatible; MSIE 7.0; Windows NT 5.1; .NET CLR 1.1.4322)"
86.145.75.224 - - [05/Mar/2007:21:57:38 +0000] "GET /images/1pic.gif HTTP/1.1" 200 12857 "http://www.som-cap.com/trackrecord.htm" "Mozilla/4.0 (compatible; MSIE 7.0; Windows NT 5.1; .NET CLR 1.1.4322)"
203.44.63.161 - - [05/Mar/2007:21:57:57 +0000] "GET /oempro/read.php?EncryptedMemberID=MzExNA%3D%3D&CampaignID=79&CampaignStatisticsID=45&Demo=0&Email=nicole.connolly@telstrasuper.com.au HTTP/1.1" 200 55 "-" "Mozilla/4.0 (compatible; MSIE 6.0; Windows NT 5.0; .NET CLR 1.1.4322)"
82.45.235.209 - - [05/Mar/2007:21:58:36 +0000] "GET /oempro/read.php?EncryptedMemberID=MzMzOA%3D%3D&CampaignID=79&CampaignStatisticsID=45&Demo=0&Email=rbg@eclipseinvest.co.uk HTTP/1.1" 200 55 "-" "Mozilla/4.0 (compatible; MSIE 6.0; Windows NT 5.1; SV1; .NET CLR 1.1.4322)"
71.162.110.67 - - [05/Mar/2007:22:00:29 +0000] "GET /oempro/read.php?EncryptedMemberID=MjI5Mg%3D%3D&CampaignID=79&CampaignStatisticsID=45&Demo=0&Email=giuseppe@tlcom.co.uk HTTP/1.1" 200 55 "-" "Mozilla/4.0 (compatible; MSIE 7.0; Windows NT 5.1; .NET CLR 1.1.4322)"
72.225.239.119 - - [05/Mar/2007:22:00:30 +0000] "GET /oempro/read.php?EncryptedMemberID=MzI4NQ%3D%3D&CampaignID=79&CampaignStatisticsID=45&Demo=0&Email=pmisir@columbiastrategy.com HTTP/1.1" 200 55 "-" "Mozilla/4.0 (compatible; MSIE 6.0; Windows NT 5.1; SV1; .NET CLR 1.1.4322)"
64.164.193.186 - - [05/Mar/2007:22:00:49 +0000] "GET /oempro/read.php?EncryptedMemberID=MjMwNQ%3D%3D&CampaignID=79&CampaignStatisticsID=45&Demo=0&Email=gpt@igpequity.com HTTP/1.1" 200 55 "-" "Mozilla/4.0 (compatible; MSIE 6.0; Windows NT 5.1; SV1; .NET CLR 1.1.4322)"
71.162.110.67 - - [05/Mar/2007:22:01:07 +0000] "GET /oempro/read.php?EncryptedMemberID=MjI5Mg%3D%3D&CampaignID=79&CampaignStatisticsID=45&Demo=0&Email=giuseppe@tlcom.co.uk HTTP/1.1" 200 55 "-" "Mozilla/4.0 (compatible; MSIE 7.0; Windows NT 5.1; .NET CLR 1.1.4322)"
134.146.0.27 - - [05/Mar/2007:22:01:07 +0000] "GET /oempro/read.php?EncryptedMemberID=MzQyMg%3D%3D&CampaignID=79&CampaignStatisticsID=45&Demo=0&Email=robert.klap@shell.com HTTP/1.1" 200 55 "-" "Mozilla/4.0 (compatible; MSIE 6.0; Windows NT 5.0; .NET CLR 1.1.4322; .NET CLR 2.0.50727)"
85.210.27.30 - - [05/Mar/2007:22:01:34 +0000] "GET /oempro/read.php?EncryptedMemberID=MzU4OA%3D%3D&CampaignID=79&CampaignStatisticsID=45&Demo=0&Email=simon@simondarling.com HTTP/1.1" 200 55 "-" "Mozilla/4.0 (compatible; MSIE 7.0; Windows NT 5.1; .NET CLR 1.1.4322)"
199.181.201.5 - - [05/Mar/2007:22:02:19 +0000] "GET /oempro/read.php?EncryptedMemberID=Mzc2MQ%3D%3D&CampaignID=79&CampaignStatisticsID=45&Demo=0&Email=thomas.hoge@bmo.com HTTP/1.1" 200 55 "-" "Mozilla/4.0 (compatible; MSIE 6.0; Windows NT 5.0)"
199.181.201.5 - - [05/Mar/2007:22:02:42 +0000] "GET /oempro/read.php?EncryptedMemberID=Mzc2MQ%3D%3D&CampaignID=79&CampaignStatisticsID=45&Demo=0&Email=thomas.hoge@bmo.com HTTP/1.1" 200 55 "-" "Mozilla/4.0 (compatible; MSIE 6.0; Windows NT 5.0)"
199.181.201.5 - - [05/Mar/2007:22:02:54 +0000] "GET /oempro/read.php?EncryptedMemberID=Mzc2MQ%3D%3D&CampaignID=79&CampaignStatisticsID=45&Demo=0&Email=thomas.hoge@bmo.com HTTP/1.1" 200 55 "-" "Mozilla/4.0 (compatible; MSIE 6.0; Windows NT 5.0)"
216.15.121.41 - - [05/Mar/2007:22:03:44 +0000] "GET /oempro/read.php?EncryptedMemberID=MTkxNA%3D%3D&CampaignID=79&CampaignStatisticsID=45&Demo=0&Email=clax@grandbankscapital.com HTTP/1.1" 200 55 "-" "Mozilla/4.0 (compatible; MSIE 6.0; Windows NT 5.1; SV1; .NET CLR 1.1.4322; .NET CLR 2.0.50727)"
216.15.121.41 - - [05/Mar/2007:22:03:44 +0000] "GET /oempro/read.php?EncryptedMemberID=MTkxNA%3D%3D&CampaignID=79&CampaignStatisticsID=45&Demo=0&Email=clax@grandbankscapital.com HTTP/1.1" 200 55 "-" "Mozilla/4.0 (compatible; MSIE 6.0; Windows NT 5.1; SV1; .NET CLR 1.1.4322; .NET CLR 2.0.50727)"
216.15.121.41 - - [05/Mar/2007:22:03:51 +0000] "GET /oempro/link.php?URL=aHR0cDovL3d3dy5zb20tY2FwLmNvbS9vZW1wcm8vbGluay5waHA%2FVVJMPWFIUjBjRG92TDNkM2R5NXpiMjB0WTJGd0xtTnZiUzlrWVhSaExtaDBiUT09JmFtcDtOYW1lPSZhbXA7RW5jcnlwdGVkTWVtYmVySUQ9TkRBeU5BPT0mYW1wO0NhbXBhaWduSUQ9NzcmYW1wO0NhbXBhaWduU3RhdGlzdGljc0lEPTQzJmFtcDtEZW1vPTAmYW1wO0VtYWlsPW1hcmllQHNvbS1jYXAuY29t&Name=&EncryptedMemberID=MTkxNA%3D%3D&CampaignID=79&CampaignStatisticsID=45&Demo=0&Email=clax@grandbankscapital.com HTTP/1.1" 302 5 "-" "Mozilla/4.0 (compatible; MSIE 6.0; Windows NT 5.1; SV1; .NET CLR 1.1.4322; .NET CLR 2.0.50727)"
216.15.121.41 - - [05/Mar/2007:22:03:51 +0000] "GET /oempro/link.php?URL=aHR0cDovL3d3dy5zb20tY2FwLmNvbS9kYXRhLmh0bQ==&Name=&EncryptedMemberID=NDAyNA==&CampaignID=77&CampaignStatisticsID=43&Demo=0&Email=marie@som-cap.com HTTP/1.1" 302 5 "-" "Mozilla/4.0 (compatible; MSIE 6.0; Windows NT 5.1; SV1; .NET CLR 1.1.4322; .NET CLR 2.0.50727)"
216.15.121.41 - - [05/Mar/2007:22:03:51 +0000] "GET /data.htm HTTP/1.1" 200 6628 "-" "Mozilla/4.0 (compatible; MSIE 6.0; Windows NT 5.1; SV1; .NET CLR 1.1.4322; .NET CLR 2.0.50727)"
216.15.121.41 - - [05/Mar/2007:22:03:51 +0000] "GET /images/inbg.jpg HTTP/1.1" 200 32265 "http://www.som-cap.com/data.htm" "Mozilla/4.0 (compatible; MSIE 6.0; Windows NT 5.1; SV1; .NET CLR 1.1.4322; .NET CLR 2.0.50727)"
216.15.121.41 - - [05/Mar/2007:22:03:51 +0000] "GET /styles.css HTTP/1.1" 200 497 "http://www.som-cap.com/data.htm" "Mozilla/4.0 (compatible; MSIE 6.0; Windows NT 5.1; SV1; .NET CLR 1.1.4322; .NET CLR 2.0.50727)"
216.15.121.41 - - [05/Mar/2007:22:03:52 +0000] "GET /images/logo.gif HTTP/1.1" 200 1574 "http://www.som-cap.com/data.htm" "Mozilla/4.0 (compatible; MSIE 6.0; Windows NT 5.1; SV1; .NET CLR 1.1.4322; .NET CLR 2.0.50727)"
216.15.121.41 - - [05/Mar/2007:22:04:04 +0000] "GET /oempro/read.php?EncryptedMemberID=MTkxNA%3D%3D&CampaignID=79&CampaignStatisticsID=45&Demo=0&Email=clax@grandbankscapital.com HTTP/1.1" 200 55 "-" "Mozilla/4.0 (compatible; MSIE 6.0; Windows NT 5.1; SV1; .NET CLR 1.1.4322; .NET CLR 2.0.50727)"
86.144.194.156 - - [05/Mar/2007:22:05:27 +0000] "GET /oempro/read.php?EncryptedMemberID=MjY1OQ%3D%3D&CampaignID=79&CampaignStatisticsID=45&Demo=0&Email=jrobinson@middcap.com HTTP/1.1" 200 55 "-" "Mozilla/4.0 (compatible; MSIE 7.0; Windows NT 5.1; .NET CLR 1.1.4322)"
86.144.194.156 - - [05/Mar/2007:22:05:35 +0000] "GET /oempro/read.php?EncryptedMemberID=MjY1OQ%3D%3D&CampaignID=79&CampaignStatisticsID=45&Demo=0&Email=jrobinson@middcap.com HTTP/1.1" 200 55 "-" "Mozilla/4.0 (compatible; MSIE 7.0; Windows NT 5.1; .NET CLR 1.1.4322)"
86.144.194.156 - - [05/Mar/2007:22:05:39 +0000] "GET /oempro/read.php?EncryptedMemberID=MjY1OQ%3D%3D&CampaignID=79&CampaignStatisticsID=45&Demo=0&Email=jrobinson@middcap.com HTTP/1.1" 200 55 "-" "Mozilla/4.0 (compatible; MSIE 7.0; Windows NT 5.1; .NET CLR 1.1.4322)"
86.144.194.156 - - [05/Mar/2007:22:05:39 +0000] "GET /oempro/read.php?EncryptedMemberID=MjY1OQ%3D%3D&CampaignID=79&CampaignStatisticsID=45&Demo=0&Email=jrobinson@middcap.com HTTP/1.1" 200 55 "-" "Mozilla/4.0 (compatible; MSIE 7.0; Windows NT 5.1; .NET CLR 1.1.4322)"
86.144.194.156 - - [05/Mar/2007:22:06:27 +0000] "GET /oempro/read.php?EncryptedMemberID=MjY1OQ%3D%3D&CampaignID=79&CampaignStatisticsID=45&Demo=0&Email=jrobinson@middcap.com HTTP/1.1" 200 55 "-" "Mozilla/4.0 (compatible; MSIE 7.0; Windows NT 5.1; .NET CLR 1.1.4322)"
199.181.201.5 - - [05/Mar/2007:22:06:31 +0000] "GET /oempro/read.php?EncryptedMemberID=Mzc2MQ%3D%3D&CampaignID=79&CampaignStatisticsID=45&Demo=0&Email=thomas.hoge@bmo.com HTTP/1.1" 200 55 "-" "Mozilla/4.0 (compatible; MSIE 6.0; Windows NT 5.0)"
199.181.201.5 - - [05/Mar/2007:22:06:37 +0000] "GET /oempro/read.php?EncryptedMemberID=Mzc2MQ%3D%3D&CampaignID=79&CampaignStatisticsID=45&Demo=0&Email=thomas.hoge@bmo.com HTTP/1.1" 200 55 "-" "Mozilla/4.0 (compatible; MSIE 6.0; Windows NT 5.0)"
203.49.118.194 - - [05/Mar/2007:22:07:03 +0000] "GET /oempro/read.php?EncryptedMemberID=MTY0Mg%3D%3D&CampaignID=79&CampaignStatisticsID=45&Demo=0&Email=annette.fainbloom@aria.gov.au HTTP/1.1" 200 55 "-" "Mozilla/4.0 (compatible; MSIE 7.0; Windows NT 5.1)"
67.107.55.98 - - [05/Mar/2007:22:07:45 +0000] "GET /oempro/read.php?EncryptedMemberID=MzcyMQ%3D%3D&CampaignID=79&CampaignStatisticsID=45&Demo=0&Email=szoller@sterlingpartners.us HTTP/1.1" 200 55 "-" "Mozilla/4.0 (compatible; MSIE 6.0; Windows NT 5.1; SV1; .NET CLR 1.1.4322)"
67.97.45.10 - - [05/Mar/2007:22:08:05 +0000] "GET /oempro/read.php?EncryptedMemberID=MzQ3Mg%3D%3D&CampaignID=79&CampaignStatisticsID=45&Demo=0&Email=rstein@astorllc.com HTTP/1.1" 200 55 "-" "Mozilla/4.0 (compatible; MSIE 7.0; Windows NT 5.1; .NET CLR 1.1.4322; InfoPath.1)"
216.133.102.110 - - [05/Mar/2007:22:11:22 +0000] "GET /oempro/read.php?EncryptedMemberID=MjI4Mw%3D%3D&CampaignID=79&CampaignStatisticsID=45&Demo=0&Email=ghargraves@rhomanagement.com HTTP/1.1" 200 55 "-" "Mozilla/4.0 (compatible; MSIE 6.0; Windows NT 5.1; SV1; .NET CLR 1.1.4322; InfoPath.1)"
59.154.19.50 - - [05/Mar/2007:22:11:37 +0000] "GET /oempro/read.php?EncryptedMemberID=MzU2NQ%3D%3D&CampaignID=79&CampaignStatisticsID=45&Demo=0&Email=sharon_cade@firststatesuper.com.au HTTP/1.0" 200 43 "-" "Mozilla/4.0 (compatible; MSIE 6.0; Windows NT 5.1; SV1; .NET CLR 1.1.4322)"
72.225.239.119 - - [05/Mar/2007:22:11:42 +0000] "GET /oempro/read.php?EncryptedMemberID=MzI4NQ%3D%3D&CampaignID=79&CampaignStatisticsID=45&Demo=0&Email=pmisir@columbiastrategy.com HTTP/1.1" 200 55 "-" "Mozilla/4.0 (compatible; MSIE 6.0; Windows NT 5.1; SV1; .NET CLR 1.1.4322)"
72.225.239.119 - - [05/Mar/2007:22:11:42 +0000] "GET /oempro/read.php?EncryptedMemberID=MzI4NQ%3D%3D&CampaignID=79&CampaignStatisticsID=45&Demo=0&Email=pmisir@columbiastrategy.com HTTP/1.1" 200 55 "-" "Mozilla/4.0 (compatible; MSIE 6.0; Windows NT 5.1; SV1; .NET CLR 1.1.4322)"
68.235.237.223 - - [05/Mar/2007:22:11:59 +0000] "GET /oempro/read.php?EncryptedMemberID=NDA0MQ%3D%3D&CampaignID=79&CampaignStatisticsID=45&Demo=0&Email=dpohndorf@msn.com HTTP/1.1" 200 55 "-" "Mozilla/4.0 (compatible; MSIE 7.0; Windows NT 5.1; .NET CLR 1.1.4322; MSN 9.0;MSN 9.1; MSNbMSNI; MSNmen-us; MSNcIA)"
219.121.61.253 - - [05/Mar/2007:22:13:24 +0000] "GET /oempro/read.php?EncryptedMemberID=Mzc4OA%3D%3D&CampaignID=79&CampaignStatisticsID=45&Demo=0&Email=tj3m-hsmt@asahi-net.or.jp HTTP/1.1" 200 55 "-" "Mozilla/4.0 (compatible; MSIE 7.0; Windows NT 5.1; .NET CLR 1.0.3705; .NET CLR 1.1.4322; .NET CLR 2.0.50727)"
72.14.195.129 - - [05/Mar/2007:22:14:07 +0000] "GET /oempro/read.php?EncryptedMemberID=MzA2OQ%3D%3D&CampaignID=79&CampaignStatisticsID=45&Demo=0&Email=myusko@morgancreekcap.com HTTP/1.1" 200 55 "-" "Mozilla/4.0 (compatible; MSIE 7.0; Windows NT 5.1; .NET CLR 1.1.4322)"
72.14.195.129 - - [05/Mar/2007:22:14:09 +0000] "GET /oempro/read.php?EncryptedMemberID=MzA2OQ%3D%3D&CampaignID=79&CampaignStatisticsID=45&Demo=0&Email=myusko@morgancreekcap.com HTTP/1.1" 200 55 "-" "Mozilla/4.0 (compatible; MSIE 7.0; Windows NT 5.1; .NET CLR 1.1.4322)"
72.14.195.129 - - [05/Mar/2007:22:14:14 +0000] "GET /oempro/read.php?EncryptedMemberID=MzA2OQ%3D%3D&CampaignID=79&CampaignStatisticsID=45&Demo=0&Email=myusko@morgancreekcap.com HTTP/1.1" 200 55 "-" "Mozilla/4.0 (compatible; MSIE 7.0; Windows NT 5.1; .NET CLR 1.1.4322)"
82.45.235.209 - - [05/Mar/2007:22:14:38 +0000] "GET /oempro/read.php?EncryptedMemberID=MzMzOA%3D%3D&CampaignID=79&CampaignStatisticsID=45&Demo=0&Email=rbg@eclipseinvest.co.uk HTTP/1.1" 200 55 "-" "Mozilla/4.0 (compatible; MSIE 6.0; Windows NT 5.1; SV1; .NET CLR 1.1.4322)"
67.153.236.172 - - [05/Mar/2007:22:14:45 +0000] "GET /oempro/read.php?EncryptedMemberID=MjA5NQ%3D%3D&CampaignID=79&CampaignStatisticsID=45&Demo=0&Email=dposner@cambridgecapital.com HTTP/1.1" 200 55 "-" "Mozilla/4.0 (compatible; MSIE 6.0; Windows NT 5.1; SV1; .NET CLR 1.0.3705)"
142.32.208.232 - - [05/Mar/2007:22:14:53 +0000] "GET /oempro/read.php?EncryptedMemberID=MjgxNg%3D%3D&CampaignID=79&CampaignStatisticsID=45&Demo=0&Email=lincoln.webb@bcimc.com HTTP/1.1" 200 55 "-" "Mozilla/4.0 (compatible; MSIE 6.0; Windows NT 5.1; SV1; .NET CLR 1.1.4322; .NET CLR 2.0.50727)"
64.190.19.2 - - [05/Mar/2007:22:15:29 +0000] "GET /oempro/read.php?EncryptedMemberID=MzQwNg%3D%3D&CampaignID=79&CampaignStatisticsID=45&Demo=0&Email=rmoseley@llmcapital.com HTTP/1.1" 200 55 "-" "Mozilla/4.0 (compatible; MSIE 6.0; Windows NT 5.1; SV1)"
64.190.19.2 - - [05/Mar/2007:22:15:34 +0000] "GET /oempro/read.php?EncryptedMemberID=MzQwNg%3D%3D&CampaignID=79&CampaignStatisticsID=45&Demo=0&Email=rmoseley@llmcapital.com HTTP/1.1" 200 55 "-" "Mozilla/4.0 (compatible; MSIE 6.0; Windows NT 5.1; SV1)"
67.153.236.172 - - [05/Mar/2007:22:16:23 +0000] "GET /oempro/read.php?EncryptedMemberID=MjA5NQ%3D%3D&CampaignID=79&CampaignStatisticsID=45&Demo=0&Email=dposner@cambridgecapital.com HTTP/1.1" 200 55 "-" "Mozilla/4.0 (compatible; MSIE 6.0; Windows NT 5.1; SV1; .NET CLR 1.0.3705)"
142.32.208.232 - - [05/Mar/2007:22:17:30 +0000] "GET /oempro/read.php?EncryptedMemberID=MjgxNg%3D%3D&CampaignID=79&CampaignStatisticsID=45&Demo=0&Email=lincoln.webb@bcimc.com HTTP/1.1" 200 55 "-" "Mozilla/4.0 (compatible; MSIE 6.0; Windows NT 5.1; SV1; .NET CLR 1.1.4322; .NET CLR 2.0.50727)"
62.50.217.150 - - [05/Mar/2007:22:18:02 +0000] "GET /oempro/read.php?EncryptedMemberID=MjA0Ng%3D%3D&CampaignID=79&CampaignStatisticsID=45&Demo=0&Email=dgpierce@searchgroup.com HTTP/1.1" 200 55 "-" "Mozilla/4.0 (compatible; MSIE 7.0; Windows NT 5.1; .NET CLR 1.1.4322)"
203.44.63.161 - - [05/Mar/2007:22:19:10 +0000] "GET /oempro/read.php?EncryptedMemberID=MzY4MQ%3D%3D&CampaignID=79&CampaignStatisticsID=45&Demo=0&Email=steve.merlicek@telstrasuper.com.au HTTP/1.1" 200 55 "-" "Mozilla/4.0 (compatible; MSIE 6.0; Windows NT 5.0; .NET CLR 1.1.4322)"
69.25.39.22 - - [05/Mar/2007:22:20:58 +0000] "GET /oempro/read.php?EncryptedMemberID=Mjg5OA%3D%3D&CampaignID=79&CampaignStatisticsID=45&Demo=0&Email=mark.calnan@eu.watsonwyatt.com HTTP/1.1" 200 55 "-" "Mozilla/4.0 (compatible; MSIE 6.0; Windows NT 5.1; SV1; .NET CLR 1.1.4322)"
69.25.39.22 - - [05/Mar/2007:22:21:24 +0000] "GET /oempro/read.php?EncryptedMemberID=Mjg5OA%3D%3D&CampaignID=79&CampaignStatisticsID=45&Demo=0&Email=mark.calnan@eu.watsonwyatt.com HTTP/1.1" 200 55 "-" "Mozilla/4.0 (compatible; MSIE 6.0; Windows NT 5.1; SV1; .NET CLR 1.1.4322)"
203.6.223.18 - - [05/Mar/2007:22:21:32 +0000] "GET /oempro/read.php?EncryptedMemberID=Mjg0OA%3D%3D&CampaignID=79&CampaignStatisticsID=45&Demo=0&Email=lynnwilliams@australiansuper.com HTTP/1.0" 200 43 "-" "Mozilla/4.0 (compatible; Lotus-Notes/6.0; Windows-NT)"
81.86.65.21 - - [05/Mar/2007:22:22:05 +0000] "GET /oempro/read.php?EncryptedMemberID=MjY1OQ%3D%3D&CampaignID=79&CampaignStatisticsID=45&Demo=0&Email=jrobinson@middcap.com HTTP/1.1" 200 55 "-" "Mozilla/4.0 (compatible; MSIE 7.0; Windows NT 5.2; .NET CLR 1.1.4322)"
12.42.44.66 - - [05/Mar/2007:22:22:19 +0000] "GET /oempro/read.php?EncryptedMemberID=MjU3OQ%3D%3D&CampaignID=79&CampaignStatisticsID=45&Demo=0&Email=jlb@cpeaton.com HTTP/1.1" 200 55 "-" "Mozilla/4.0 (compatible; MSIE 6.0; Windows NT 5.1; SV1; .NET CLR 1.1.4322)"
72.14.195.129 - - [05/Mar/2007:22:22:19 +0000] "GET /oempro/read.php?EncryptedMemberID=MzA2OQ%3D%3D&CampaignID=79&CampaignStatisticsID=45&Demo=0&Email=myusko@morgancreekcap.com HTTP/1.1" 200 55 "-" "Mozilla/4.0 (compatible; MSIE 7.0; Windows NT 5.1; .NET CLR 1.1.4322)"
72.14.195.129 - - [05/Mar/2007:22:22:31 +0000] "GET /oempro/read.php?EncryptedMemberID=MzA2OQ%3D%3D&CampaignID=79&CampaignStatisticsID=45&Demo=0&Email=myusko@morgancreekcap.com HTTP/1.1" 200 55 "-" "Mozilla/4.0 (compatible; MSIE 7.0; Windows NT 5.1; .NET CLR 1.1.4322)"
199.181.201.5 - - [05/Mar/2007:22:23:17 +0000] "GET /oempro/read.php?EncryptedMemberID=Mzc2MQ%3D%3D&CampaignID=79&CampaignStatisticsID=45&Demo=0&Email=thomas.hoge@bmo.com HTTP/1.1" 200 55 "-" "Mozilla/4.0 (compatible; MSIE 6.0; Windows NT 5.0)"
199.181.201.5 - - [05/Mar/2007:22:23:20 +0000] "GET /oempro/read.php?EncryptedMemberID=Mzc2MQ%3D%3D&CampaignID=79&CampaignStatisticsID=45&Demo=0&Email=thomas.hoge@bmo.com HTTP/1.1" 200 55 "-" "Mozilla/4.0 (compatible; MSIE 6.0; Windows NT 5.0)"
199.181.201.5 - - [05/Mar/2007:22:23:20 +0000] "GET /oempro/read.php?EncryptedMemberID=Mzc2MQ%3D%3D&CampaignID=79&CampaignStatisticsID=45&Demo=0&Email=thomas.hoge@bmo.com HTTP/1.1" 200 55 "-" "Mozilla/4.0 (compatible; MSIE 6.0; Windows NT 5.0)"
203.49.118.194 - - [05/Mar/2007:22:25:26 +0000] "GET /oempro/read.php?EncryptedMemberID=MTY0Mg%3D%3D&CampaignID=79&CampaignStatisticsID=45&Demo=0&Email=annette.fainbloom@aria.gov.au HTTP/1.1" 200 55 "-" "Mozilla/4.0 (compatible; MSIE 7.0; Windows NT 5.1)"
81.86.65.21 - - [05/Mar/2007:22:27:26 +0000] "GET /oempro/read.php?EncryptedMemberID=NDAyMw%3D%3D&CampaignID=79&CampaignStatisticsID=45&Demo=0&Email=james@som-cap.com HTTP/1.1" 200 55 "-" "Mozilla/4.0 (compatible; MSIE 7.0; Windows NT 5.2; .NET CLR 1.1.4322)"
81.86.65.21 - - [05/Mar/2007:22:27:27 +0000] "GET /oempro/read.php?EncryptedMemberID=Mjk1MA%3D%3D&CampaignID=79&CampaignStatisticsID=45&Demo=0&Email=mbronfein@sterlingpartners.us HTTP/1.1" 200 55 "-" "Mozilla/4.0 (compatible; MSIE 7.0; Windows NT 5.2; .NET CLR 1.1.4322)"
12.2.137.21 - - [05/Mar/2007:22:28:17 +0000] "GET /oempro/read.php?EncryptedMemberID=Mjk3Mg%3D%3D&CampaignID=79&CampaignStatisticsID=45&Demo=0&Email=mfranke@macfdn.org HTTP/1.1" 200 55 "-" "Mozilla/4.0 (compatible; MSIE 6.0; Windows NT 5.1; SV1; .NET CLR 1.1.4322; InfoPath.1)"
81.86.65.21 - - [05/Mar/2007:22:28:38 +0000] "GET /oempro/read.php?EncryptedMemberID=MjY1OQ%3D%3D&CampaignID=79&CampaignStatisticsID=45&Demo=0&Email=jrobinson@middcap.com HTTP/1.1" 200 55 "-" "Mozilla/4.0 (compatible; MSIE 7.0; Windows NT 5.2; .NET CLR 1.1.4322)"
212.36.174.14 - - [05/Mar/2007:22:29:38 +0000] "GET /oempro/read.php?EncryptedMemberID=Mjk1Mg%3D%3D&CampaignID=79&CampaignStatisticsID=45&Demo=0&Email=mc@calibreone.com HTTP/1.1" 200 55 "-" "Mozilla/4.0 (compatible; MSIE 6.0; Windows NT 5.1; SV1; .NET CLR 1.1.4322)"
85.151.12.70 - - [05/Mar/2007:22:29:40 +0000] "GET /oempro/read.php?EncryptedMemberID=MTUzNQ%3D%3D&CampaignID=79&CampaignStatisticsID=45&Demo=0&Email=ahl@zestadvice.com HTTP/1.1" 200 55 "-" "Mozilla/4.0 (compatible; MSIE 6.0; Windows NT 5.1; SV1; .NET CLR 1.1.4322; .NET CLR 2.0.50727)"
85.151.12.70 - - [05/Mar/2007:22:30:16 +0000] "GET /oempro/read.php?EncryptedMemberID=MTUzNQ%3D%3D&CampaignID=79&CampaignStatisticsID=45&Demo=0&Email=ahl@zestadvice.com HTTP/1.1" 200 55 "-" "Mozilla/4.0 (compatible; MSIE 6.0; Windows NT 5.1; SV1; .NET CLR 1.1.4322; .NET CLR 2.0.50727)"
81.137.235.6 - - [05/Mar/2007:22:31:02 +0000] "GET /oempro/read.php?EncryptedMemberID=Mjg1MA%3D%3D&CampaignID=79&CampaignStatisticsID=45&Demo=0&Email=m.beck@the-beck-group.com HTTP/1.1" 200 55 "-" "Mozilla/4.0 (compatible; MSIE 7.0; Windows NT 5.1)"
210.193.134.234 - - [05/Mar/2007:22:31:24 +0000] "GET /oempro/read.php?EncryptedMemberID=MzY5OA%3D%3D&CampaignID=79&CampaignStatisticsID=45&Demo=0&Email=sue.knowles@militarysuper.gov.au HTTP/1.1" 200 55 "-" "Mozilla/4.0 (compatible; MSIE 6.0; Windows NT 5.1; SV1)"
81.86.65.21 - - [05/Mar/2007:22:31:33 +0000] "GET /oempro/read.php?EncryptedMemberID=Mjk1MA%3D%3D&CampaignID=79&CampaignStatisticsID=45&Demo=0&Email=mbronfein@sterlingpartners.us HTTP/1.1" 200 55 "-" "Mozilla/4.0 (compatible; MSIE 7.0; Windows NT 5.2; .NET CLR 1.1.4322)"
81.86.65.21 - - [05/Mar/2007:22:31:39 +0000] "GET /oempro/read.php?EncryptedMemberID=Mjk1MA%3D%3D&CampaignID=79&CampaignStatisticsID=45&Demo=0&Email=mbronfein@sterlingpartners.us HTTP/1.1" 200 55 "-" "Mozilla/4.0 (compatible; MSIE 7.0; Windows NT 5.2; .NET CLR 1.1.4322)"
