81.86.65.21 - - [05/Mar/2007:22:31:39 +0000] "GET /oempro/read.php?EncryptedMemberID=Mjk1MA%3D%3D&CampaignID=79&CampaignStatisticsID=45&Demo=0&Email=mbronfein@sterlingpartners.us HTTP/1.1" 200 55 "-" "Mozilla/4.0 (compatible; MSIE 7.0; Windows NT 5.2; .NET CLR 1.1.4322)"
203.6.223.18 - - [05/Mar/2007:22:32:13 +0000] "GET /oempro/read.php?EncryptedMemberID=Mjg0OA%3D%3D&CampaignID=79&CampaignStatisticsID=45&Demo=0&Email=lynnwilliams@australiansuper.com HTTP/1.0" 200 43 "-" "Mozilla/4.0 (compatible; Lotus-Notes/6.0; Windows-NT)"
81.137.235.6 - - [05/Mar/2007:22:32:21 +0000] "GET /oempro/read.php?EncryptedMemberID=Mjg1MA%3D%3D&CampaignID=79&CampaignStatisticsID=45&Demo=0&Email=m.beck@the-beck-group.com HTTP/1.1" 200 55 "-" "Mozilla/4.0 (compatible; MSIE 7.0; Windows NT 5.1)"
81.137.235.6 - - [05/Mar/2007:22:32:22 +0000] "GET /oempro/read.php?EncryptedMemberID=Mjg1MA%3D%3D&CampaignID=79&CampaignStatisticsID=45&Demo=0&Email=m.beck@the-beck-group.com HTTP/1.1" 200 55 "-" "Mozilla/4.0 (compatible; MSIE 7.0; Windows NT 5.1)"
81.137.235.6 - - [05/Mar/2007:22:32:38 +0000] "GET /oempro/read.php?EncryptedMemberID=Mjg1MA%3D%3D&CampaignID=79&CampaignStatisticsID=45&Demo=0&Email=m.beck@the-beck-group.com HTTP/1.1" 200 55 "-" "Mozilla/4.0 (compatible; MSIE 7.0; Windows NT 5.1)"
205.158.144.90 - - [05/Mar/2007:22:33:34 +0000] "GET /oempro/read.php?EncryptedMemberID=Mjk1MA%3D%3D&CampaignID=79&CampaignStatisticsID=45&Demo=0&Email=mbronfein@sterlingpartners.us HTTP/1.1" 200 55 "-" "Mozilla/4.0 (compatible; MSIE 6.0; Windows NT 5.1; SV1; .NET CLR 1.1.4322)"
81.137.235.6 - - [05/Mar/2007:22:33:35 +0000] "GET /oempro/read.php?EncryptedMemberID=Mjg1MA%3D%3D&CampaignID=79&CampaignStatisticsID=45&Demo=0&Email=m.beck@the-beck-group.com HTTP/1.1" 200 55 "-" "Mozilla/4.0 (compatible; MSIE 7.0; Windows NT 5.1)"
205.158.144.90 - - [05/Mar/2007:22:33:44 +0000] "GET /oempro/read.php?EncryptedMemberID=Mjk1MA%3D%3D&CampaignID=79&CampaignStatisticsID=45&Demo=0&Email=mbronfein@sterlingpartners.us HTTP/1.1" 200 55 "-" "Mozilla/4.0 (compatible; MSIE 6.0; Windows NT 5.1; SV1; .NET CLR 1.1.4322)"
199.43.32.86 - - [05/Mar/2007:22:33:50 +0000] "GET /oempro/read.php?EncryptedMemberID=MjgyMQ%3D%3D&CampaignID=79&CampaignStatisticsID=45&Demo=0&Email=lisa_chaves@ml.com HTTP/1.1" 200 55 "-" "Mozilla/4.0 (compatible; MSIE 6.0; Windows NT 5.1; SV1; .NET CLR 1.1.4322)"
199.43.32.86 - - [05/Mar/2007:22:33:51 +0000] "GET /oempro/read.php?EncryptedMemberID=MjgyMQ%3D%3D&CampaignID=79&CampaignStatisticsID=45&Demo=0&Email=lisa_chaves@ml.com HTTP/1.1" 200 55 "-" "Mozilla/4.0 (compatible; MSIE 6.0; Windows NT 5.1; SV1; .NET CLR 1.1.4322)"
86.141.60.116 - - [05/Mar/2007:22:34:38 +0000] "GET /oempro/read.php?EncryptedMemberID=MTk3OA%3D%3D&CampaignID=79&CampaignStatisticsID=45&Demo=0&Email=david.alexander@ironbridgecp.com HTTP/1.1" 200 55 "-" "Mozilla/4.0 (compatible; MSIE 7.0; Windows NT 5.1; .NET CLR 1.1.4322)"
199.164.56.10 - - [05/Mar/2007:22:34:52 +0000] "GET /oempro/read.php?EncryptedMemberID=MjAwMg%3D%3D&CampaignID=79&CampaignStatisticsID=45&Demo=0&Email=david_merwin@calpers.ca.gov HTTP/1.0" 200 43 "-" "Mozilla/4.0 (compatible; MSIE 6.0; Windows NT 5.1; SV1; .NET CLR 1.0.3705)"
58.165.209.102 - - [05/Mar/2007:22:35:45 +0000] "GET /oempro/read.php?EncryptedMemberID=MzI3Mw%3D%3D&CampaignID=79&CampaignStatisticsID=45&Demo=0&Email=piersbelmont@mac.com HTTP/1.1" 200 55 "-" "Mozilla/5.0 (Macintosh; U; Intel Mac OS X; en) AppleWebKit/418.9.1 (KHTML, like Gecko)"
63.117.208.130 - - [05/Mar/2007:22:36:34 +0000] "GET /oempro/read.php?EncryptedMemberID=MjUwNQ%3D%3D&CampaignID=79&CampaignStatisticsID=45&Demo=0&Email=janvaneck@vaneck.com HTTP/1.1" 200 55 "-" "Mozilla/4.0 (compatible; MSIE 6.0; Windows NT 5.1; SV1; .NET CLR 1.1.4322; .NET CLR 2.0.50727; .NET CLR 3.0.04506.30)"
155.144.251.120 - - [05/Mar/2007:22:36:37 +0000] "GET /oempro/read.php?EncryptedMemberID=MzY3NA%3D%3D&CampaignID=79&CampaignStatisticsID=45&Demo=0&Email=stephen.milburn-pyle@auspost.com.au HTTP/1.0" 200 43 "-" "Mozilla/4.0 (compatible; MSIE 6.0; Windows NT 5.1; .NET CLR 1.1.4322)"
62.173.85.48 - - [05/Mar/2007:22:36:40 +0000] "GET /oempro/read.php?EncryptedMemberID=MTY0NQ%3D%3D&CampaignID=79&CampaignStatisticsID=45&Demo=0&Email=annjam@pricejam.co.uk HTTP/1.1" 200 55 "-" "Mozilla/4.0 (compatible; MSIE 7.0; Windows NT 5.1; .NET CLR 1.1.4322)"
63.117.208.130 - - [05/Mar/2007:22:36:41 +0000] "GET /oempro/read.php?EncryptedMemberID=MjUwNQ%3D%3D&CampaignID=79&CampaignStatisticsID=45&Demo=0&Email=janvaneck@vaneck.com HTTP/1.1" 200 55 "-" "Mozilla/4.0 (compatible; MSIE 6.0; Windows NT 5.1; SV1; .NET CLR 1.1.4322; .NET CLR 2.0.50727; .NET CLR 3.0.04506.30)"
155.144.251.120 - - [05/Mar/2007:22:36:44 +0000] "GET /oempro/read.php?EncryptedMemberID=MzY3NA%3D%3D&CampaignID=79&CampaignStatisticsID=45&Demo=0&Email=stephen.milburn-pyle@auspost.com.au HTTP/1.0" 200 43 "-" "Mozilla/4.0 (compatible; MSIE 6.0; Windows NT 5.1; .NET CLR 1.1.4322)"
69.25.39.22 - - [05/Mar/2007:22:36:52 +0000] "GET /oempro/read.php?EncryptedMemberID=Mjg5OA%3D%3D&CampaignID=79&CampaignStatisticsID=45&Demo=0&Email=mark.calnan@eu.watsonwyatt.com HTTP/1.1" 200 55 "-" "Mozilla/4.0 (compatible; MSIE 6.0; Windows NT 5.1; SV1; .NET CLR 1.1.4322; .NET CLR 2.0.50727)"
203.6.223.18 - - [05/Mar/2007:22:37:02 +0000] "GET /oempro/read.php?EncryptedMemberID=Mjg0OA%3D%3D&CampaignID=79&CampaignStatisticsID=45&Demo=0&Email=lynnwilliams@australiansuper.com HTTP/1.0" 200 43 "-" "Mozilla/4.0 (compatible; Lotus-Notes/6.0; Windows-NT)"
63.117.208.130 - - [05/Mar/2007:22:37:18 +0000] "GET /oempro/read.php?EncryptedMemberID=MjUwNQ%3D%3D&CampaignID=79&CampaignStatisticsID=45&Demo=0&Email=janvaneck@vaneck.com HTTP/1.1" 200 55 "-" "Mozilla/4.0 (compatible; MSIE 6.0; Windows NT 5.1; SV1; .NET CLR 1.1.4322; .NET CLR 2.0.50727; .NET CLR 3.0.04506.30)"
199.43.48.129 - - [05/Mar/2007:22:37:20 +0000] "GET /oempro/read.php?EncryptedMemberID=Mjg2MA%3D%3D&CampaignID=79&CampaignStatisticsID=45&Demo=0&Email=magdalen_yum@ml.com HTTP/1.1" 200 55 "-" "Mozilla/4.0 (compatible; MSIE 6.0; Windows NT 5.1; SV1; .NET CLR 1.1.4322)"
203.49.118.194 - - [05/Mar/2007:22:37:23 +0000] "GET /oempro/read.php?EncryptedMemberID=MTY0Mg%3D%3D&CampaignID=79&CampaignStatisticsID=45&Demo=0&Email=annette.fainbloom@aria.gov.au HTTP/1.1" 200 55 "-" "Mozilla/4.0 (compatible; MSIE 7.0; Windows NT 5.1)"
203.58.188.211 - - [05/Mar/2007:22:37:33 +0000] "GET /data.htm HTTP/1.0" 200 6628 "-" "Mozilla/4.0 (compatible; MSIE 6.0; Windows NT 5.1; .NET CLR 1.1.4322)"
203.58.188.211 - - [05/Mar/2007:22:37:34 +0000] "GET /styles.css HTTP/1.0" 200 497 "http://www.som-cap.com/data.htm" "Mozilla/4.0 (compatible; MSIE 6.0; Windows NT 5.1; .NET CLR 1.1.4322)"
203.58.188.211 - - [05/Mar/2007:22:37:34 +0000] "GET /images/logo.gif HTTP/1.0" 200 1574 "http://www.som-cap.com/data.htm" "Mozilla/4.0 (compatible; MSIE 6.0; Windows NT 5.1; .NET CLR 1.1.4322)"
203.58.188.211 - - [05/Mar/2007:22:37:34 +0000] "GET /images/inbg.jpg HTTP/1.0" 200 32265 "http://www.som-cap.com/data.htm" "Mozilla/4.0 (compatible; MSIE 6.0; Windows NT 5.1; .NET CLR 1.1.4322)"
203.49.118.194 - - [05/Mar/2007:22:37:58 +0000] "GET /oempro/read.php?EncryptedMemberID=MTY0Mg%3D%3D&CampaignID=79&CampaignStatisticsID=45&Demo=0&Email=annette.fainbloom@aria.gov.au HTTP/1.1" 200 55 "-" "Mozilla/4.0 (compatible; MSIE 7.0; Windows NT 5.1)"
203.49.118.194 - - [05/Mar/2007:22:38:34 +0000] "GET /oempro/read.php?EncryptedMemberID=MTY0Mg%3D%3D&CampaignID=79&CampaignStatisticsID=45&Demo=0&Email=annette.fainbloom@aria.gov.au HTTP/1.1" 200 55 "-" "Mozilla/4.0 (compatible; MSIE 7.0; Windows NT 5.1)"
203.49.118.194 - - [05/Mar/2007:22:38:35 +0000] "GET /oempro/read.php?EncryptedMemberID=MTY0Mg%3D%3D&CampaignID=79&CampaignStatisticsID=45&Demo=0&Email=annette.fainbloom@aria.gov.au HTTP/1.1" 200 55 "-" "Mozilla/4.0 (compatible; MSIE 7.0; Windows NT 5.1)"
203.49.118.194 - - [05/Mar/2007:22:38:35 +0000] "GET /oempro/read.php?EncryptedMemberID=MTY0Mg%3D%3D&CampaignID=79&CampaignStatisticsID=45&Demo=0&Email=annette.fainbloom@aria.gov.au HTTP/1.1" 200 55 "-" "Mozilla/4.0 (compatible; MSIE 7.0; Windows NT 5.1)"
63.117.208.130 - - [05/Mar/2007:22:38:46 +0000] "GET /oempro/read.php?EncryptedMemberID=MjUwNQ%3D%3D&CampaignID=79&CampaignStatisticsID=45&Demo=0&Email=janvaneck@vaneck.com HTTP/1.1" 200 55 "-" "Mozilla/4.0 (compatible; MSIE 6.0; Windows NT 5.1; SV1; .NET CLR 1.1.4322; .NET CLR 2.0.50727; .NET CLR 3.0.04506.30)"
63.117.208.130 - - [05/Mar/2007:22:38:46 +0000] "GET /oempro/read.php?EncryptedMemberID=MjUwNQ%3D%3D&CampaignID=79&CampaignStatisticsID=45&Demo=0&Email=janvaneck@vaneck.com HTTP/1.1" 200 55 "-" "Mozilla/4.0 (compatible; MSIE 6.0; Windows NT 5.1; SV1; .NET CLR 1.1.4322; .NET CLR 2.0.50727; .NET CLR 3.0.04506.30)"
63.117.208.130 - - [05/Mar/2007:22:39:24 +0000] "GET /oempro/read.php?EncryptedMemberID=MjUwNQ%3D%3D&CampaignID=79&CampaignStatisticsID=45&Demo=0&Email=janvaneck@vaneck.com HTTP/1.1" 200 55 "-" "Mozilla/4.0 (compatible; MSIE 6.0; Windows NT 5.1; SV1; .NET CLR 1.1.4322; .NET CLR 2.0.50727; .NET CLR 3.0.04506.30)"
63.117.208.130 - - [05/Mar/2007:22:39:40 +0000] "GET /oempro/read.php?EncryptedMemberID=MjUwNQ%3D%3D&CampaignID=79&CampaignStatisticsID=45&Demo=0&Email=janvaneck@vaneck.com HTTP/1.1" 200 55 "-" "Mozilla/4.0 (compatible; MSIE 6.0; Windows NT 5.1; SV1; .NET CLR 1.1.4322; .NET CLR 2.0.50727; .NET CLR 3.0.04506.30)"
63.117.208.130 - - [05/Mar/2007:22:39:41 +0000] "GET /oempro/read.php?EncryptedMemberID=MjUwNQ%3D%3D&CampaignID=79&CampaignStatisticsID=45&Demo=0&Email=janvaneck@vaneck.com HTTP/1.1" 200 55 "-" "Mozilla/4.0 (compatible; MSIE 6.0; Windows NT 5.1; SV1; .NET CLR 1.1.4322; .NET CLR 2.0.50727; .NET CLR 3.0.04506.30)"
151.204.233.216 - - [05/Mar/2007:22:40:09 +0000] "GET /oempro/read.php?EncryptedMemberID=MzE3OQ%3D%3D&CampaignID=79&CampaignStatisticsID=45&Demo=0&Email=patmcgovern@idg.com HTTP/1.0" 200 43 "-" "Mozilla/4.0 (compatible; Lotus-Notes/6.0; Windows-NT)"
63.117.208.130 - - [05/Mar/2007:22:40:43 +0000] "GET /oempro/read.php?EncryptedMemberID=MjUwNQ%3D%3D&CampaignID=79&CampaignStatisticsID=45&Demo=0&Email=janvaneck@vaneck.com HTTP/1.1" 200 55 "-" "Mozilla/4.0 (compatible; MSIE 6.0; Windows NT 5.1; SV1; .NET CLR 1.1.4322; .NET CLR 2.0.50727; .NET CLR 3.0.04506.30)"
63.166.239.194 - - [05/Mar/2007:22:40:59 +0000] "GET /oempro/link.php?URL=aHR0cDovL3d3dy5zb20tY2FwLmNvbS9vZW1wcm8vbGluay5waHA%2FVVJMPWFIUjBjRG92TDNkM2R5NXpiMjB0WTJGd0xtTnZiUzlrWVhSaExtaDBiUT09JmFtcDtOYW1lPSZhbXA7RW5jcnlwdGVkTWVtYmVySUQ9TkRBeU5BPT0mYW1wO0NhbXBhaWduSUQ9NzcmYW1wO0NhbXBhaWduU3RhdGlzdGljc0lEPTQzJmFtcDtEZW1vPTAmYW1wO0VtYWlsPW1hcmllQHNvbS1jYXAuY29t&Name=&EncryptedMemberID=MzgzMQ%3D%3D&CampaignID=79&CampaignStatisticsID=45&Demo=0&Email=tunickk@hmc.harvard.edu HTTP/1.1" 302 5 "-" "Mozilla/4.0 (compatible; MSIE 6.0; Windows NT 5.1; SV1; .NET CLR 1.1.4322)"
63.166.239.194 - - [05/Mar/2007:22:40:59 +0000] "GET /oempro/link.php?URL=aHR0cDovL3d3dy5zb20tY2FwLmNvbS9kYXRhLmh0bQ==&Name=&EncryptedMemberID=NDAyNA==&CampaignID=77&CampaignStatisticsID=43&Demo=0&Email=marie@som-cap.com HTTP/1.1" 302 5 "-" "Mozilla/4.0 (compatible; MSIE 6.0; Windows NT 5.1; SV1; .NET CLR 1.1.4322)"
63.166.239.194 - - [05/Mar/2007:22:40:59 +0000] "GET /data.htm HTTP/1.1" 200 6628 "-" "Mozilla/4.0 (compatible; MSIE 6.0; Windows NT 5.1; SV1; .NET CLR 1.1.4322)"
63.166.239.194 - - [05/Mar/2007:22:40:59 +0000] "GET /styles.css HTTP/1.1" 200 497 "http://www.som-cap.com/data.htm" "Mozilla/4.0 (compatible; MSIE 6.0; Windows NT 5.1; SV1; .NET CLR 1.1.4322)"
63.166.239.194 - - [05/Mar/2007:22:40:59 +0000] "GET /images/logo.gif HTTP/1.1" 200 1574 "http://www.som-cap.com/data.htm" "Mozilla/4.0 (compatible; MSIE 6.0; Windows NT 5.1; SV1; .NET CLR 1.1.4322)"
63.166.239.194 - - [05/Mar/2007:22:41:00 +0000] "GET /images/inbg.jpg HTTP/1.1" 200 32265 "http://www.som-cap.com/data.htm" "Mozilla/4.0 (compatible; MSIE 6.0; Windows NT 5.1; SV1; .NET CLR 1.1.4322)"
216.15.121.41 - - [05/Mar/2007:22:42:43 +0000] "GET /oempro/read.php?EncryptedMemberID=MTkxNA%3D%3D&CampaignID=79&CampaignStatisticsID=45&Demo=0&Email=clax@grandbankscapital.com HTTP/1.1" 200 55 "-" "Mozilla/4.0 (compatible; MSIE 6.0; Windows NT 5.1; SV1; .NET CLR 1.1.4322; .NET CLR 2.0.50727)"
216.133.102.110 - - [05/Mar/2007:22:42:52 +0000] "GET /oempro/read.php?EncryptedMemberID=MjI4Mw%3D%3D&CampaignID=79&CampaignStatisticsID=45&Demo=0&Email=ghargraves@rhomanagement.com HTTP/1.1" 200 55 "-" "Mozilla/4.0 (compatible; MSIE 6.0; Windows NT 5.1; SV1; .NET CLR 1.1.4322; InfoPath.1)"
155.144.251.120 - - [05/Mar/2007:22:43:05 +0000] "GET /oempro/read.php?EncryptedMemberID=MzY3NA%3D%3D&CampaignID=79&CampaignStatisticsID=45&Demo=0&Email=stephen.milburn-pyle@auspost.com.au HTTP/1.0" 200 43 "-" "Mozilla/4.0 (compatible; MSIE 6.0; Windows NT 5.1; .NET CLR 1.1.4322)"
82.43.126.38 - - [05/Mar/2007:22:44:10 +0000] "GET /oempro/read.php?EncryptedMemberID=MzU4OA%3D%3D&CampaignID=79&CampaignStatisticsID=45&Demo=0&Email=simon@simondarling.com HTTP/1.1" 200 55 "-" "Mozilla/4.0 (compatible; MSIE 7.0; Windows NT 5.1; .NET CLR 1.0.3705; .NET CLR 1.1.4322; Media Center PC 4.0; .NET CLR 2.0.50727)"
211.26.229.162 - - [05/Mar/2007:22:44:38 +0000] "GET /oempro/read.php?EncryptedMemberID=MzQxNw%3D%3D&CampaignID=79&CampaignStatisticsID=45&Demo=0&Email=robert.day@jana.com.au HTTP/1.1" 200 55 "-" "Mozilla/4.0 (compatible; MSIE 7.0; Windows NT 5.1; .NET CLR 1.1.4322; .NET CLR 2.0.50727)"
211.26.229.162 - - [05/Mar/2007:22:44:38 +0000] "GET /oempro/read.php?EncryptedMemberID=MzQxNw%3D%3D&CampaignID=79&CampaignStatisticsID=45&Demo=0&Email=robert.day@jana.com.au HTTP/1.1" 200 55 "-" "Mozilla/4.0 (compatible; MSIE 7.0; Windows NT 5.1; .NET CLR 1.1.4322; .NET CLR 2.0.50727)"
211.26.229.162 - - [05/Mar/2007:22:44:58 +0000] "GET /oempro/read.php?EncryptedMemberID=MzQyNA%3D%3D&CampaignID=79&CampaignStatisticsID=45&Demo=0&Email=robert.sturzaker@jana.com.au HTTP/1.1" 200 55 "-" "Mozilla/4.0 (compatible; MSIE 7.0; Windows NT 5.1; .NET CLR 1.1.4322; .NET CLR 2.0.50727)"
211.26.229.162 - - [05/Mar/2007:22:44:58 +0000] "GET /oempro/read.php?EncryptedMemberID=MzQyNA%3D%3D&CampaignID=79&CampaignStatisticsID=45&Demo=0&Email=robert.sturzaker@jana.com.au HTTP/1.1" 200 55 "-" "Mozilla/4.0 (compatible; MSIE 7.0; Windows NT 5.1; .NET CLR 1.1.4322; .NET CLR 2.0.50727)"
209.27.63.170 - - [05/Mar/2007:22:45:06 +0000] "GET /oempro/read.php?EncryptedMemberID=MjQwMA%3D%3D&CampaignID=79&CampaignStatisticsID=45&Demo=0&Email=henry.smith@maplesandcalder.com HTTP/1.0" 200 43 "-" "Mozilla/4.0 (compatible; MSIE 6.0; Windows NT 5.1; SV1; .NET CLR 1.1.4322; .NET CLR 2.0.50727)"
209.27.63.170 - - [05/Mar/2007:22:45:28 +0000] "GET /oempro/read.php?EncryptedMemberID=MjQwMA%3D%3D&CampaignID=79&CampaignStatisticsID=45&Demo=0&Email=henry.smith@maplesandcalder.com HTTP/1.0" 200 43 "-" "Mozilla/4.0 (compatible; MSIE 6.0; Windows NT 5.1; SV1; .NET CLR 1.1.4322; .NET CLR 2.0.50727)"
63.117.208.130 - - [05/Mar/2007:22:45:54 +0000] "GET /oempro/read.php?EncryptedMemberID=MjUwNQ%3D%3D&CampaignID=79&CampaignStatisticsID=45&Demo=0&Email=janvaneck@vaneck.com HTTP/1.1" 200 55 "-" "Mozilla/4.0 (compatible; MSIE 6.0; Windows NT 5.1; SV1; .NET CLR 1.1.4322; .NET CLR 2.0.50727; .NET CLR 3.0.04506.30)"
209.27.63.170 - - [05/Mar/2007:22:46:08 +0000] "GET /oempro/link.php?URL=aHR0cDovL3d3dy5zb20tY2FwLmNvbS9vZW1wcm8vbGluay5waHA%2FVVJMPWFIUjBjRG92TDNkM2R5NXpiMjB0WTJGd0xtTnZiUzlrWVhSaExtaDBiUT09JmFtcDtOYW1lPSZhbXA7RW5jcnlwdGVkTWVtYmVySUQ9TkRBeU5BPT0mYW1wO0NhbXBhaWduSUQ9NzcmYW1wO0NhbXBhaWduU3RhdGlzdGljc0lEPTQzJmFtcDtEZW1vPTAmYW1wO0VtYWlsPW1hcmllQHNvbS1jYXAuY29t&Name=&EncryptedMemberID=MjQwMA%3D%3D&CampaignID=79&CampaignStatisticsID=45&Demo=0&Email=henry.smith@maplesandcalder.com HTTP/1.0" 302 0 "-" "Mozilla/4.0 (compatible; MSIE 6.0; Windows NT 5.1; SV1; .NET CLR 1.1.4322; .NET CLR 2.0.50727)"
209.27.63.170 - - [05/Mar/2007:22:46:08 +0000] "GET /oempro/link.php?URL=aHR0cDovL3d3dy5zb20tY2FwLmNvbS9kYXRhLmh0bQ==&Name=&EncryptedMemberID=NDAyNA==&CampaignID=77&CampaignStatisticsID=43&Demo=0&Email=marie@som-cap.com HTTP/1.0" 302 0 "-" "Mozilla/4.0 (compatible; MSIE 6.0; Windows NT 5.1; SV1; .NET CLR 1.1.4322; .NET CLR 2.0.50727)"
209.27.63.170 - - [05/Mar/2007:22:46:09 +0000] "GET /data.htm HTTP/1.0" 200 6628 "-" "Mozilla/4.0 (compatible; MSIE 6.0; Windows NT 5.1; SV1; .NET CLR 1.1.4322; .NET CLR 2.0.50727)"
209.27.63.170 - - [05/Mar/2007:22:46:10 +0000] "GET /styles.css HTTP/1.0" 200 497 "http://www.som-cap.com/data.htm" "Mozilla/4.0 (compatible; MSIE 6.0; Windows NT 5.1; SV1; .NET CLR 1.1.4322; .NET CLR 2.0.50727)"
209.27.63.170 - - [05/Mar/2007:22:46:10 +0000] "GET /images/logo.gif HTTP/1.0" 200 1574 "http://www.som-cap.com/data.htm" "Mozilla/4.0 (compatible; MSIE 6.0; Windows NT 5.1; SV1; .NET CLR 1.1.4322; .NET CLR 2.0.50727)"
209.27.63.170 - - [05/Mar/2007:22:46:10 +0000] "GET /images/inbg.jpg HTTP/1.0" 200 32265 "http://www.som-cap.com/data.htm" "Mozilla/4.0 (compatible; MSIE 6.0; Windows NT 5.1; SV1; .NET CLR 1.1.4322; .NET CLR 2.0.50727)"
209.27.63.170 - - [05/Mar/2007:22:46:17 +0000] "GET /background.htm HTTP/1.0" 200 4144 "http://www.som-cap.com/data.htm" "Mozilla/4.0 (compatible; MSIE 6.0; Windows NT 5.1; SV1; .NET CLR 1.1.4322; .NET CLR 2.0.50727)"
64.128.221.17 - - [05/Mar/2007:22:46:17 +0000] "GET /oempro/read.php?EncryptedMemberID=MzA2OQ%3D%3D&CampaignID=79&CampaignStatisticsID=45&Demo=0&Email=myusko@morgancreekcap.com HTTP/1.1" 200 55 "-" "Mozilla/4.0 (compatible; MSIE 6.0; Windows NT 5.1; SV1; .NET CLR 1.1.4322)"
209.27.63.170 - - [05/Mar/2007:22:46:23 +0000] "GET /index.htm HTTP/1.0" 200 3426 "http://www.som-cap.com/background.htm" "Mozilla/4.0 (compatible; MSIE 6.0; Windows NT 5.1; SV1; .NET CLR 1.1.4322; .NET CLR 2.0.50727)"
199.43.19.222 - - [05/Mar/2007:22:46:23 +0000] "GET /oempro/read.php?EncryptedMemberID=Mzk1OQ%3D%3D&CampaignID=79&CampaignStatisticsID=45&Demo=0&Email=yoko_tanaka@ml.com HTTP/1.1" 200 55 "-" "Mozilla/4.0 (compatible; MSIE 6.0; Windows NT 5.1; SV1; .NET CLR 1.0.3705; .NET CLR 1.1.4322)"
199.43.19.222 - - [05/Mar/2007:22:46:25 +0000] "GET /oempro/read.php?EncryptedMemberID=Mzk1OQ%3D%3D&CampaignID=79&CampaignStatisticsID=45&Demo=0&Email=yoko_tanaka@ml.com HTTP/1.1" 200 55 "-" "Mozilla/4.0 (compatible; MSIE 6.0; Windows NT 5.1; SV1; .NET CLR 1.0.3705; .NET CLR 1.1.4322)"
209.27.63.170 - - [05/Mar/2007:22:46:26 +0000] "GET /biography.htm HTTP/1.0" 200 4087 "http://www.som-cap.com/background.htm" "Mozilla/4.0 (compatible; MSIE 6.0; Windows NT 5.1; SV1; .NET CLR 1.1.4322; .NET CLR 2.0.50727)"
209.27.63.170 - - [05/Mar/2007:22:46:26 +0000] "GET /images/James%20Miller-2.jpg HTTP/1.0" 200 7075 "http://www.som-cap.com/biography.htm" "Mozilla/4.0 (compatible; MSIE 6.0; Windows NT 5.1; SV1; .NET CLR 1.1.4322; .NET CLR 2.0.50727)"
209.27.63.170 - - [05/Mar/2007:22:46:37 +0000] "GET /trackrecord.htm HTTP/1.0" 200 4429 "http://www.som-cap.com/biography.htm" "Mozilla/4.0 (compatible; MSIE 6.0; Windows NT 5.1; SV1; .NET CLR 1.1.4322; .NET CLR 2.0.50727)"
209.27.63.170 - - [05/Mar/2007:22:46:37 +0000] "GET /images/5pic.gif HTTP/1.0" 200 9274 "http://www.som-cap.com/trackrecord.htm" "Mozilla/4.0 (compatible; MSIE 6.0; Windows NT 5.1; SV1; .NET CLR 1.1.4322; .NET CLR 2.0.50727)"
209.27.63.170 - - [05/Mar/2007:22:46:37 +0000] "GET /images/6pic.gif HTTP/1.0" 200 9094 "http://www.som-cap.com/trackrecord.htm" "Mozilla/4.0 (compatible; MSIE 6.0; Windows NT 5.1; SV1; .NET CLR 1.1.4322; .NET CLR 2.0.50727)"
209.27.63.170 - - [05/Mar/2007:22:46:37 +0000] "GET /images/4pic.gif HTTP/1.0" 200 10003 "http://www.som-cap.com/trackrecord.htm" "Mozilla/4.0 (compatible; MSIE 6.0; Windows NT 5.1; SV1; .NET CLR 1.1.4322; .NET CLR 2.0.50727)"
209.27.63.170 - - [05/Mar/2007:22:46:37 +0000] "GET /images/2pic.gif HTTP/1.0" 200 10701 "http://www.som-cap.com/trackrecord.htm" "Mozilla/4.0 (compatible; MSIE 6.0; Windows NT 5.1; SV1; .NET CLR 1.1.4322; .NET CLR 2.0.50727)"
209.27.63.170 - - [05/Mar/2007:22:46:37 +0000] "GET /images/3pic.gif HTTP/1.0" 200 10964 "http://www.som-cap.com/trackrecord.htm" "Mozilla/4.0 (compatible; MSIE 6.0; Windows NT 5.1; SV1; .NET CLR 1.1.4322; .NET CLR 2.0.50727)"
209.27.63.170 - - [05/Mar/2007:22:46:38 +0000] "GET /images/1pic.gif HTTP/1.0" 200 12857 "http://www.som-cap.com/trackrecord.htm" "Mozilla/4.0 (compatible; MSIE 6.0; Windows NT 5.1; SV1; .NET CLR 1.1.4322; .NET CLR 2.0.50727)"
89.168.46.168 - - [05/Mar/2007:22:46:41 +0000] "GET /oempro/read.php?EncryptedMemberID=MjU3Mg%3D%3D&CampaignID=79&CampaignStatisticsID=45&Demo=0&Email=jill@magnelia.com HTTP/1.1" 200 55 "http://email.secureserver.net/webmail.php?login=1&gzipjs=1" "Mozilla/5.0 (Windows; U; Windows NT 5.1; en-GB; rv:1.8.1.2) Gecko/20070219 Firefox/2.0.0.2"
199.43.19.222 - - [05/Mar/2007:22:46:43 +0000] "GET /oempro/link.php?URL=aHR0cDovL3d3dy5zb20tY2FwLmNvbS9vZW1wcm8vbGluay5waHA%2FVVJMPWFIUjBjRG92TDNkM2R5NXpiMjB0WTJGd0xtTnZiUzlrWVhSaExtaDBiUT09JmFtcDtOYW1lPSZhbXA7RW5jcnlwdGVkTWVtYmVySUQ9TkRBeU5BPT0mYW1wO0NhbXBhaWduSUQ9NzcmYW1wO0NhbXBhaWduU3RhdGlzdGljc0lEPTQzJmFtcDtEZW1vPTAmYW1wO0VtYWlsPW1hcmllQHNvbS1jYXAuY29t&Name=&EncryptedMemberID=Mzk1OQ%3D%3D&CampaignID=79&CampaignStatisticsID=45&Demo=0&Email=yoko_tanaka@ml.com HTTP/1.1" 302 5 "-" "Mozilla/4.0 (compatible; MSIE 6.0; Windows NT 5.1; SV1; .NET CLR 1.0.3705; .NET CLR 1.1.4322)"
199.43.19.222 - - [05/Mar/2007:22:46:43 +0000] "GET /oempro/link.php?URL=aHR0cDovL3d3dy5zb20tY2FwLmNvbS9kYXRhLmh0bQ==&Name=&EncryptedMemberID=NDAyNA==&CampaignID=77&CampaignStatisticsID=43&Demo=0&Email=marie@som-cap.com HTTP/1.1" 302 5 "-" "Mozilla/4.0 (compatible; MSIE 6.0; Windows NT 5.1; SV1; .NET CLR 1.0.3705; .NET CLR 1.1.4322)"
199.43.19.222 - - [05/Mar/2007:22:46:44 +0000] "GET /data.htm HTTP/1.1" 200 6628 "-" "Mozilla/4.0 (compatible; MSIE 6.0; Windows NT 5.1; SV1; .NET CLR 1.0.3705; .NET CLR 1.1.4322)"
199.43.19.222 - - [05/Mar/2007:22:46:44 +0000] "GET /styles.css HTTP/1.1" 200 497 "http://www.som-cap.com/data.htm" "Mozilla/4.0 (compatible; MSIE 6.0; Windows NT 5.1; SV1; .NET CLR 1.0.3705; .NET CLR 1.1.4322)"
199.43.19.222 - - [05/Mar/2007:22:46:45 +0000] "GET /images/inbg.jpg HTTP/1.1" 200 32265 "http://www.som-cap.com/data.htm" "Mozilla/4.0 (compatible; MSIE 6.0; Windows NT 5.1; SV1; .NET CLR 1.0.3705; .NET CLR 1.1.4322)"
199.43.19.222 - - [05/Mar/2007:22:46:45 +0000] "GET /images/logo.gif HTTP/1.1" 200 1574 "http://www.som-cap.com/data.htm" "Mozilla/4.0 (compatible; MSIE 6.0; Windows NT 5.1; SV1; .NET CLR 1.0.3705; .NET CLR 1.1.4322)"
83.245.49.114 - - [05/Mar/2007:22:46:58 +0000] "GET /oempro/read.php?EncryptedMemberID=MzMxMQ%3D%3D&CampaignID=79&CampaignStatisticsID=45&Demo=0&Email=quentin@solt.com HTTP/1.1" 200 55 "-" "Mozilla/4.0 (compatible; MSIE 7.0; Windows NT 5.1; Tablet PC 1.7; .NET CLR 1.0.3705; .NET CLR 1.1.4322)"
69.25.39.22 - - [05/Mar/2007:22:47:17 +0000] "GET /oempro/read.php?EncryptedMemberID=Mjg5OA%3D%3D&CampaignID=79&CampaignStatisticsID=45&Demo=0&Email=mark.calnan@eu.watsonwyatt.com HTTP/1.1" 200 55 "-" "Mozilla/4.0 (compatible; MSIE 6.0; Windows NT 5.1; SV1; .NET CLR 1.1.4322; .NET CLR 2.0.50727)"
58.81.219.18 - - [05/Mar/2007:22:47:38 +0000] "GET /oempro/read.php?EncryptedMemberID=Mzk2MA%3D%3D&CampaignID=79&CampaignStatisticsID=45&Demo=0&Email=yonezawa@jafco.co.jp HTTP/1.0" 200 43 "-" "Mozilla/4.0 (compatible; MSIE 6.0; Windows NT 5.0; .NET CLR 1.1.4322)"
64.128.221.17 - - [05/Mar/2007:22:49:23 +0000] "GET /oempro/read.php?EncryptedMemberID=MzA2OQ%3D%3D&CampaignID=79&CampaignStatisticsID=45&Demo=0&Email=myusko@morgancreekcap.com HTTP/1.1" 200 55 "-" "Mozilla/4.0 (compatible; MSIE 7.0; Windows NT 5.1; .NET CLR 1.1.4322)"
203.58.188.211 - - [05/Mar/2007:22:50:27 +0000] "GET /images/Private%20Equity%20Data%20Service%20Feb%2007.pdf HTTP/1.0" 200 29186 "http://www.som-cap.com/data.htm" "Mozilla/4.0 (compatible; MSIE 6.0; Windows NT 5.1; .NET CLR 1.1.4322)"
64.128.221.17 - - [05/Mar/2007:22:54:36 +0000] "GET /oempro/read.php?EncryptedMemberID=MzA2OQ%3D%3D&CampaignID=79&CampaignStatisticsID=45&Demo=0&Email=myusko@morgancreekcap.com HTTP/1.1" 200 55 "-" "Mozilla/4.0 (compatible; MSIE 7.0; Windows NT 5.1; .NET CLR 1.1.4322)"
72.14.195.129 - - [05/Mar/2007:22:54:40 +0000] "GET /oempro/read.php?EncryptedMemberID=MzA2OQ%3D%3D&CampaignID=79&CampaignStatisticsID=45&Demo=0&Email=myusko@morgancreekcap.com HTTP/1.1" 200 55 "-" "Mozilla/4.0 (compatible; MSIE 7.0; Windows NT 5.1; .NET CLR 1.1.4322)"
72.14.195.129 - - [05/Mar/2007:22:54:42 +0000] "GET /oempro/read.php?EncryptedMemberID=MzA2OQ%3D%3D&CampaignID=79&CampaignStatisticsID=45&Demo=0&Email=myusko@morgancreekcap.com HTTP/1.1" 200 55 "-" "Mozilla/4.0 (compatible; MSIE 7.0; Windows NT 5.1; .NET CLR 1.1.4322)"
58.81.219.18 - - [05/Mar/2007:22:55:27 +0000] "GET /oempro/read.php?EncryptedMemberID=MjQyOQ%3D%3D&CampaignID=79&CampaignStatisticsID=45&Demo=0&Email=hosoi@jafco.co.jp HTTP/1.0" 200 43 "-" "Mozilla/4.0 (compatible; MSIE 6.0; Windows NT 5.0; T312461)"
206.15.69.102 - - [05/Mar/2007:22:56:30 +0000] "GET /oempro/read.php?EncryptedMemberID=MzczOA%3D%3D&CampaignID=79&CampaignStatisticsID=45&Demo=0&Email=taubman@vcfa.com HTTP/1.1" 200 55 "-" "Mozilla/5.0 (Macintosh; U; Intel Mac OS X; en) AppleWebKit/418.9.1 (KHTML, like Gecko)"
209.27.63.170 - - [05/Mar/2007:22:56:34 +0000] "GET /oempro/read.php?EncryptedMemberID=MjQwMA%3D%3D&CampaignID=79&CampaignStatisticsID=45&Demo=0&Email=henry.smith@maplesandcalder.com HTTP/1.0" 200 43 "-" "Mozilla/4.0 (compatible; MSIE 6.0; Windows NT 5.1; SV1; .NET CLR 1.1.4322; .NET CLR 2.0.50727)"
206.15.69.102 - - [05/Mar/2007:22:56:42 +0000] "GET /oempro/read.php?EncryptedMemberID=MzczOA%3D%3D&CampaignID=79&CampaignStatisticsID=45&Demo=0&Email=taubman@vcfa.com HTTP/1.1" 200 55 "-" "Mozilla/5.0 (Macintosh; U; Intel Mac OS X; en) AppleWebKit/418.9.1 (KHTML, like Gecko)"
209.27.63.170 - - [05/Mar/2007:22:56:50 +0000] "GET /oempro/read.php?EncryptedMemberID=MjQwMA%3D%3D&CampaignID=79&CampaignStatisticsID=45&Demo=0&Email=henry.smith@maplesandcalder.com HTTP/1.0" 200 43 "-" "Mozilla/4.0 (compatible; MSIE 6.0; Windows NT 5.1; SV1; .NET CLR 1.1.4322; .NET CLR 2.0.50727)"
199.43.32.86 - - [05/Mar/2007:22:56:56 +0000] "GET /oempro/read.php?EncryptedMemberID=MjgyMQ%3D%3D&CampaignID=79&CampaignStatisticsID=45&Demo=0&Email=lisa_chaves@ml.com HTTP/1.1" 200 55 "-" "Mozilla/4.0 (compatible; MSIE 6.0; Windows NT 5.1; SV1; .NET CLR 1.1.4322)"
206.15.69.102 - - [05/Mar/2007:22:57:09 +0000] "GET /oempro/read.php?EncryptedMemberID=MzczOA%3D%3D&CampaignID=79&CampaignStatisticsID=45&Demo=0&Email=taubman@vcfa.com HTTP/1.1" 200 55 "-" "Mozilla/5.0 (Macintosh; U; Intel Mac OS X; en) AppleWebKit/418.9.1 (KHTML, like Gecko)"
206.15.69.102 - - [05/Mar/2007:22:57:47 +0000] "GET /oempro/read.php?EncryptedMemberID=MzczOA%3D%3D&CampaignID=79&CampaignStatisticsID=45&Demo=0&Email=taubman@vcfa.com HTTP/1.1" 200 55 "-" "Mozilla/5.0 (Macintosh; U; Intel Mac OS X; en) AppleWebKit/418.9.1 (KHTML, like Gecko)"
67.108.203.134 - - [05/Mar/2007:23:01:23 +0000] "GET /oempro/read.php?EncryptedMemberID=MjQ4MQ%3D%3D&CampaignID=79&CampaignStatisticsID=45&Demo=0&Email=j.sfiroudis@olayangroup.com HTTP/1.1" 200 55 "-" "Mozilla/4.0 (compatible; MSIE 6.0; Windows NT 5.1; SV1; .NET CLR 1.1.4322; .NET CLR 2.0.50727; InfoPath.1; .NET CLR 3.0.04506.30)"
209.27.63.170 - - [05/Mar/2007:23:01:29 +0000] "GET /oempro/read.php?EncryptedMemberID=MjQwMA%3D%3D&CampaignID=79&CampaignStatisticsID=45&Demo=0&Email=henry.smith@maplesandcalder.com HTTP/1.0" 200 43 "-" "Mozilla/4.0 (compatible; MSIE 6.0; Windows NT 5.1; SV1; .NET CLR 1.1.4322; .NET CLR 2.0.50727)"
210.138.18.62 - - [05/Mar/2007:23:02:49 +0000] "GET /oempro/read.php?EncryptedMemberID=MzcyOA%3D%3D&CampaignID=79&CampaignStatisticsID=45&Demo=0&Email=takasi_kawauti@am.sumitomolife.co.jp HTTP/1.0" 200 43 "-" "Mozilla/4.0 (compatible; MSIE 6.0; Windows NT 5.1; SV1)"
67.108.203.134 - - [05/Mar/2007:23:02:59 +0000] "GET /oempro/read.php?EncryptedMemberID=MjQ4MQ%3D%3D&CampaignID=79&CampaignStatisticsID=45&Demo=0&Email=j.sfiroudis@olayangroup.com HTTP/1.1" 200 55 "-" "Mozilla/4.0 (compatible; MSIE 6.0; Windows NT 5.1; SV1; .NET CLR 1.1.4322; .NET CLR 2.0.50727; InfoPath.1; .NET CLR 3.0.04506.30)"
210.138.18.62 - - [05/Mar/2007:23:03:11 +0000] "GET /oempro/link.php?URL=aHR0cDovL3d3dy5zb20tY2FwLmNvbS9vZW1wcm8vbGluay5waHA%2FVVJMPWFIUjBjRG92TDNkM2R5NXpiMjB0WTJGd0xtTnZiUzlrWVhSaExtaDBiUT09JmFtcDtOYW1lPSZhbXA7RW5jcnlwdGVkTWVtYmVySUQ9TkRBeU5BPT0mYW1wO0NhbXBhaWduSUQ9NzcmYW1wO0NhbXBhaWduU3RhdGlzdGljc0lEPTQzJmFtcDtEZW1vPTAmYW1wO0VtYWlsPW1hcmllQHNvbS1jYXAuY29t&Name=&EncryptedMemberID=MzcyOA%3D%3D&CampaignID=79&CampaignStatisticsID=45&Demo=0&Email=takasi_kawauti@am.sumitomolife.co.jp HTTP/1.0" 302 0 "-" "Mozilla/4.0 (compatible; MSIE 6.0; Windows NT 5.1; SV1)"
210.138.18.62 - - [05/Mar/2007:23:03:12 +0000] "GET /oempro/link.php?URL=aHR0cDovL3d3dy5zb20tY2FwLmNvbS9kYXRhLmh0bQ==&Name=&EncryptedMemberID=NDAyNA==&CampaignID=77&CampaignStatisticsID=43&Demo=0&Email=marie@som-cap.com HTTP/1.0" 302 0 "-" "Mozilla/4.0 (compatible; MSIE 6.0; Windows NT 5.1; SV1)"
210.138.18.62 - - [05/Mar/2007:23:03:13 +0000] "GET /data.htm HTTP/1.0" 200 6628 "-" "Mozilla/4.0 (compatible; MSIE 6.0; Windows NT 5.1; SV1)"
210.138.18.62 - - [05/Mar/2007:23:03:14 +0000] "GET /styles.css HTTP/1.0" 200 497 "http://www.som-cap.com/data.htm" "Mozilla/4.0 (compatible; MSIE 6.0; Windows NT 5.1; SV1)"
210.138.18.62 - - [05/Mar/2007:23:03:14 +0000] "GET /images/logo.gif HTTP/1.0" 200 1574 "http://www.som-cap.com/data.htm" "Mozilla/4.0 (compatible; MSIE 6.0; Windows NT 5.1; SV1)"
210.138.18.62 - - [05/Mar/2007:23:03:14 +0000] "GET /images/inbg.jpg HTTP/1.0" 200 32265 "http://www.som-cap.com/data.htm" "Mozilla/4.0 (compatible; MSIE 6.0; Windows NT 5.1; SV1)"
58.81.219.18 - - [05/Mar/2007:23:03:58 +0000] "GET /oempro/read.php?EncryptedMemberID=MjcwNQ%3D%3D&CampaignID=79&CampaignStatisticsID=45&Demo=0&Email=kanamaru@jafco.co.jp HTTP/1.0" 200 43 "-" "Mozilla/4.0 (compatible; MSIE 6.0; Windows NT 5.0; T312461; .NET CLR 1.1.4322)"
12.35.96.66 - - [05/Mar/2007:23:04:56 +0000] "GET /oempro/read.php?EncryptedMemberID=MTk1NQ%3D%3D&CampaignID=79&CampaignStatisticsID=45&Demo=0&Email=dahlpa@agedwards.com HTTP/1.1" 200 55 "-" "Mozilla/4.0 (compatible; MSIE 6.0; Windows NT 5.1; SV1; Home Office; .NET CLR 1.1.4322)"
66.43.111.147 - - [05/Mar/2007:23:06:51 +0000] "GET /oempro/read.php?EncryptedMemberID=MzE3OA%3D%3D&CampaignID=79&CampaignStatisticsID=45&Demo=0&Email=patd@sigulerguff.com HTTP/1.1" 200 55 "-" "Mozilla/4.0 (compatible; MSIE 6.0; Windows NT 5.1; SV1; .NET CLR 1.1.4322; .NET CLR 2.0.50727)"
66.43.111.147 - - [05/Mar/2007:23:06:52 +0000] "GET /oempro/read.php?EncryptedMemberID=MzE3OA%3D%3D&CampaignID=79&CampaignStatisticsID=45&Demo=0&Email=patd@sigulerguff.com HTTP/1.1" 200 55 "-" "Mozilla/4.0 (compatible; MSIE 6.0; Windows NT 5.1; SV1; .NET CLR 1.1.4322; .NET CLR 2.0.50727)"
199.181.201.5 - - [05/Mar/2007:23:11:53 +0000] "GET /oempro/read.php?EncryptedMemberID=Mzc2MQ%3D%3D&CampaignID=79&CampaignStatisticsID=45&Demo=0&Email=thomas.hoge@bmo.com HTTP/1.1" 200 55 "-" "Mozilla/4.0 (compatible; MSIE 6.0; Windows NT 5.0)"
199.181.201.5 - - [05/Mar/2007:23:11:53 +0000] "GET /oempro/read.php?EncryptedMemberID=Mzc2MQ%3D%3D&CampaignID=79&CampaignStatisticsID=45&Demo=0&Email=thomas.hoge@bmo.com HTTP/1.1" 200 55 "-" "Mozilla/4.0 (compatible; MSIE 6.0; Windows NT 5.0)"
203.49.118.193 - - [05/Mar/2007:23:13:19 +0000] "GET /oempro/read.php?EncryptedMemberID=MTY0Mg%3D%3D&CampaignID=79&CampaignStatisticsID=45&Demo=0&Email=annette.fainbloom@aria.gov.au HTTP/1.1" 200 55 "-" "Mozilla/4.0 (compatible; MSIE 7.0; Windows NT 5.1)"
210.249.143.7 - - [05/Mar/2007:23:14:49 +0000] "GET /oempro/read.php?EncryptedMemberID=MjkzMw%3D%3D&CampaignID=79&CampaignStatisticsID=45&Demo=0&Email=masudato@sumitomotrust.co.jp HTTP/1.0" 200 43 "-" "Mozilla/4.0 (compatible; MSIE 6.0; Windows NT 5.0; FunWebProducts)"
210.249.143.7 - - [05/Mar/2007:23:17:13 +0000] "GET /oempro/read.php?EncryptedMemberID=MjQ3Ng%3D%3D&CampaignID=79&CampaignStatisticsID=45&Demo=0&Email=iwaih@sumitomotrust.co.jp HTTP/1.0" 200 43 "-" "Mozilla/4.0 (compatible; MSIE 6.0; Windows NT 5.0)"
210.249.143.7 - - [05/Mar/2007:23:17:36 +0000] "GET /oempro/read.php?EncryptedMemberID=MjQ3Ng%3D%3D&CampaignID=79&CampaignStatisticsID=45&Demo=0&Email=iwaih@sumitomotrust.co.jp HTTP/1.0" 200 43 "-" "Mozilla/4.0 (compatible; MSIE 6.0; Windows NT 5.0)"
210.249.143.7 - - [05/Mar/2007:23:17:36 +0000] "GET /oempro/read.php?EncryptedMemberID=MjQ3Ng%3D%3D&CampaignID=79&CampaignStatisticsID=45&Demo=0&Email=iwaih@sumitomotrust.co.jp HTTP/1.0" 200 43 "-" "Mozilla/4.0 (compatible; MSIE 6.0; Windows NT 5.0)"
210.138.18.62 - - [05/Mar/2007:23:19:01 +0000] "GET /oempro/read.php?EncryptedMemberID=MzcyOA%3D%3D&CampaignID=79&CampaignStatisticsID=45&Demo=0&Email=takasi_kawauti@am.sumitomolife.co.jp HTTP/1.0" 200 43 "-" "Mozilla/4.0 (compatible; MSIE 6.0; Windows NT 5.1; SV1)"
210.138.18.62 - - [05/Mar/2007:23:19:12 +0000] "GET /oempro/read.php?EncryptedMemberID=MzcyOA%3D%3D&CampaignID=79&CampaignStatisticsID=45&Demo=0&Email=takasi_kawauti@am.sumitomolife.co.jp HTTP/1.0" 200 43 "-" "Mozilla/4.0 (compatible; MSIE 6.0; Windows NT 5.1; SV1)"
210.138.18.62 - - [05/Mar/2007:23:21:06 +0000] "GET /oempro/link.php?URL=aHR0cDovL3d3dy5zb20tY2FwLmNvbS9vZW1wcm8vbGluay5waHA%2FVVJMPWFIUjBjRG92TDNkM2R5NXpiMjB0WTJGd0xtTnZiUzlrWVhSaExtaDBiUT09JmFtcDtOYW1lPSZhbXA7RW5jcnlwdGVkTWVtYmVySUQ9TkRBeU5BPT0mYW1wO0NhbXBhaWduSUQ9NzcmYW1wO0NhbXBhaWduU3RhdGlzdGljc0lEPTQzJmFtcDtEZW1vPTAmYW1wO0VtYWlsPW1hcmllQHNvbS1jYXAuY29t&Name=&EncryptedMemberID=MzcyOA%3D%3D&CampaignID=79&CampaignStatisticsID=45&Demo=0&Email=takasi_kawauti@am.sumitomolife.co.jp HTTP/1.0" 302 0 "-" "Mozilla/4.0 (compatible; MSIE 6.0; Windows NT 5.1; SV1)"
210.138.18.62 - - [05/Mar/2007:23:21:08 +0000] "GET /oempro/link.php?URL=aHR0cDovL3d3dy5zb20tY2FwLmNvbS9kYXRhLmh0bQ==&Name=&EncryptedMemberID=NDAyNA==&CampaignID=77&CampaignStatisticsID=43&Demo=0&Email=marie@som-cap.com HTTP/1.0" 302 0 "-" "Mozilla/4.0 (compatible; MSIE 6.0; Windows NT 5.1; SV1)"
210.138.18.62 - - [05/Mar/2007:23:21:09 +0000] "GET /data.htm HTTP/1.0" 304 - "-" "Mozilla/4.0 (compatible; MSIE 6.0; Windows NT 5.1; SV1)"
210.138.18.62 - - [05/Mar/2007:23:21:09 +0000] "GET /styles.css HTTP/1.0" 304 - "http://www.som-cap.com/data.htm" "Mozilla/4.0 (compatible; MSIE 6.0; Windows NT 5.1; SV1)"
210.138.18.62 - - [05/Mar/2007:23:21:10 +0000] "GET /images/inbg.jpg HTTP/1.0" 304 - "http://www.som-cap.com/data.htm" "Mozilla/4.0 (compatible; MSIE 6.0; Windows NT 5.1; SV1)"
210.138.18.62 - - [05/Mar/2007:23:21:10 +0000] "GET /images/logo.gif HTTP/1.0" 304 - "http://www.som-cap.com/data.htm" "Mozilla/4.0 (compatible; MSIE 6.0; Windows NT 5.1; SV1)"
210.249.143.7 - - [05/Mar/2007:23:22:30 +0000] "GET /oempro/read.php?EncryptedMemberID=MjkzMw%3D%3D&CampaignID=79&CampaignStatisticsID=45&Demo=0&Email=masudato@sumitomotrust.co.jp HTTP/1.0" 200 43 "-" "Mozilla/4.0 (compatible; MSIE 6.0; Windows NT 5.0; FunWebProducts)"
64.128.221.17 - - [05/Mar/2007:23:23:00 +0000] "GET /oempro/read.php?EncryptedMemberID=MzA2OQ%3D%3D&CampaignID=79&CampaignStatisticsID=45&Demo=0&Email=myusko@morgancreekcap.com HTTP/1.1" 200 55 "-" "Mozilla/4.0 (compatible; MSIE 7.0; Windows NT 5.1; .NET CLR 1.1.4322)"
58.81.219.18 - - [05/Mar/2007:23:23:26 +0000] "GET /oempro/read.php?EncryptedMemberID=MjQyOQ%3D%3D&CampaignID=79&CampaignStatisticsID=45&Demo=0&Email=hosoi@jafco.co.jp HTTP/1.0" 200 43 "-" "Mozilla/4.0 (compatible; MSIE 6.0; Windows NT 5.0; T312461)"
162.93.249.2 - - [05/Mar/2007:23:23:47 +0000] "GET /oempro/read.php?EncryptedMemberID=MjgxMg%3D%3D&CampaignID=79&CampaignStatisticsID=45&Demo=0&Email=lgardella@ustrust.com HTTP/1.1" 200 55 "-" "Mozilla/4.0 (compatible; MSIE 6.0; Windows NT 5.1; SV1; Tablet PC 1.7; .NET CLR 1.0.3705)"
71.100.162.7 - - [05/Mar/2007:23:26:55 +0000] "GET /oempro/read.php?EncryptedMemberID=MzU1Nw%3D%3D&CampaignID=79&CampaignStatisticsID=45&Demo=0&Email=sfoakes@bentleylp.com HTTP/1.1" 200 55 "http://us.f817.mail.yahoo.com/ym/ShowLetter?Search=&Idx=4&YY=40522&y5beta=yes&y5beta=yes&order=down&sort=date&pos=0&view=a&head=b" "Mozilla/4.0 (compatible; MSIE 7.0; Windows NT 5.1; .NET CLR 1.0.3705)"
210.249.143.7 - - [05/Mar/2007:23:27:46 +0000] "GET /oempro/read.php?EncryptedMemberID=MjQ3Ng%3D%3D&CampaignID=79&CampaignStatisticsID=45&Demo=0&Email=iwaih@sumitomotrust.co.jp HTTP/1.0" 200 43 "-" "Mozilla/4.0 (compatible; MSIE 6.0; Windows NT 5.0)"
203.49.118.193 - - [05/Mar/2007:23:30:50 +0000] "GET /oempro/read.php?EncryptedMemberID=MTY0Mg%3D%3D&CampaignID=79&CampaignStatisticsID=45&Demo=0&Email=annette.fainbloom@aria.gov.au HTTP/1.1" 200 55 "-" "Mozilla/4.0 (compatible; MSIE 7.0; Windows NT 5.1)"
38.99.162.107 - - [05/Mar/2007:23:32:37 +0000] "GET /oempro/read.php?EncryptedMemberID=MTU4OQ%3D%3D&CampaignID=79&CampaignStatisticsID=45&Demo=0&Email=amgross@kilmercapital.com HTTP/1.1" 200 55 "-" "Mozilla/4.0 (compatible; MSIE 6.0; Windows NT 5.1; SV1; .NET CLR 1.1.4322)"
38.99.162.107 - - [05/Mar/2007:23:32:37 +0000] "GET /oempro/read.php?EncryptedMemberID=MTU4OQ%3D%3D&CampaignID=79&CampaignStatisticsID=45&Demo=0&Email=amgross@kilmercapital.com HTTP/1.1" 200 55 "-" "Mozilla/4.0 (compatible; MSIE 6.0; Windows NT 5.1; SV1; .NET CLR 1.1.4322)"
199.43.19.222 - - [05/Mar/2007:23:33:26 +0000] "GET /oempro/read.php?EncryptedMemberID=Mzk1OQ%3D%3D&CampaignID=79&CampaignStatisticsID=45&Demo=0&Email=yoko_tanaka@ml.com HTTP/1.1" 200 55 "-" "Mozilla/4.0 (compatible; MSIE 6.0; Windows NT 5.1; SV1; .NET CLR 1.0.3705; .NET CLR 1.1.4322)"
195.172.20.194 - - [05/Mar/2007:23:33:55 +0000] "GET /oempro/read.php?EncryptedMemberID=MzY5Nw%3D%3D&CampaignID=79&CampaignStatisticsID=45&Demo=0&Email=stuarts@cdhfund.com HTTP/1.1" 200 55 "-" "Mozilla/4.0 (compatible; MSIE 7.0; Windows NT 5.1)"
155.144.251.120 - - [05/Mar/2007:23:34:49 +0000] "GET /oempro/read.php?EncryptedMemberID=MzY3NA%3D%3D&CampaignID=79&CampaignStatisticsID=45&Demo=0&Email=stephen.milburn-pyle@auspost.com.au HTTP/1.0" 200 43 "-" "Mozilla/4.0 (compatible; MSIE 6.0; Windows NT 5.1; .NET CLR 1.1.4322)"
58.81.219.18 - - [05/Mar/2007:23:35:55 +0000] "GET /oempro/read.php?EncryptedMemberID=MjI0Nw%3D%3D&CampaignID=79&CampaignStatisticsID=45&Demo=0&Email=fukumori@jafco.co.jp HTTP/1.0" 200 43 "-" "Mozilla/4.0 (compatible; MSIE 6.0; Windows NT 5.0; T312461)"
195.65.220.34 - - [05/Mar/2007:23:36:54 +0000] "GET /oempro/read.php?EncryptedMemberID=MzI4Nw%3D%3D&CampaignID=79&CampaignStatisticsID=45&Demo=0&Email=pnewsome@unigestion.com HTTP/1.1" 200 55 "-" "Mozilla/4.0 (compatible; MSIE 6.0; Windows NT 5.2; SV1; .NET CLR 1.1.4322)"
195.65.220.34 - - [05/Mar/2007:23:36:57 +0000] "GET /oempro/read.php?EncryptedMemberID=MzI4Nw%3D%3D&CampaignID=79&CampaignStatisticsID=45&Demo=0&Email=pnewsome@unigestion.com HTTP/1.1" 200 55 "-" "Mozilla/4.0 (compatible; MSIE 6.0; Windows NT 5.2; SV1; .NET CLR 1.1.4322)"
195.65.220.34 - - [05/Mar/2007:23:37:17 +0000] "GET /oempro/read.php?EncryptedMemberID=MzI4Nw%3D%3D&CampaignID=79&CampaignStatisticsID=45&Demo=0&Email=pnewsome@unigestion.com HTTP/1.1" 200 55 "-" "Mozilla/4.0 (compatible; MSIE 6.0; Windows NT 5.2; SV1; .NET CLR 1.1.4322)"
63.94.95.45 - - [05/Mar/2007:23:37:39 +0000] "GET /oempro/read.php?EncryptedMemberID=MzU1OQ%3D%3D&CampaignID=79&CampaignStatisticsID=45&Demo=0&Email=sgreenhaus@whippoorwillassociates.com HTTP/1.1" 200 55 "-" "Mozilla/4.0 (compatible; MSIE 6.0; Windows NT 5.0; Creative; .NET CLR 1.1.4322; .NET CLR 2.0.50727)"
203.49.118.193 - - [05/Mar/2007:23:37:58 +0000] "GET /oempro/read.php?EncryptedMemberID=MTY0Mg%3D%3D&CampaignID=79&CampaignStatisticsID=45&Demo=0&Email=annette.fainbloom@aria.gov.au HTTP/1.1" 200 55 "-" "Mozilla/4.0 (compatible; MSIE 7.0; Windows NT 5.1)"
195.65.220.34 - - [05/Mar/2007:23:38:21 +0000] "GET /oempro/read.php?EncryptedMemberID=MzI4Nw%3D%3D&CampaignID=79&CampaignStatisticsID=45&Demo=0&Email=pnewsome@unigestion.com HTTP/1.1" 200 55 "-" "Mozilla/4.0 (compatible; MSIE 6.0; Windows NT 5.2; SV1; .NET CLR 1.1.4322)"
195.65.220.34 - - [05/Mar/2007:23:38:23 +0000] "GET /oempro/read.php?EncryptedMemberID=MzI4Nw%3D%3D&CampaignID=79&CampaignStatisticsID=45&Demo=0&Email=pnewsome@unigestion.com HTTP/1.1" 200 55 "-" "Mozilla/4.0 (compatible; MSIE 6.0; Windows NT 5.2; SV1; .NET CLR 1.1.4322)"
210.82.88.237 - - [05/Mar/2007:23:42:15 +0000] "GET /oempro/read.php?EncryptedMemberID=Mzg2MA%3D%3D&CampaignID=79&CampaignStatisticsID=45&Demo=0&Email=vcooper@ccapital.com HTTP/1.1" 200 55 "-" "Mozilla/4.0 (compatible; MSIE 7.0; Windows NT 5.1; .NET CLR 1.1.4322; .NET CLR 2.0.50727)"
63.94.95.45 - - [05/Mar/2007:23:42:52 +0000] "GET /oempro/read.php?EncryptedMemberID=MzU1OQ%3D%3D&CampaignID=79&CampaignStatisticsID=45&Demo=0&Email=sgreenhaus@whippoorwillassociates.com HTTP/1.1" 200 55 "-" "Mozilla/4.0 (compatible; MSIE 6.0; Windows NT 5.0; Creative; .NET CLR 1.1.4322; .NET CLR 2.0.50727)"
63.94.95.45 - - [05/Mar/2007:23:42:52 +0000] "GET /oempro/read.php?EncryptedMemberID=MzU1OQ%3D%3D&CampaignID=79&CampaignStatisticsID=45&Demo=0&Email=sgreenhaus@whippoorwillassociates.com HTTP/1.1" 200 55 "-" "Mozilla/4.0 (compatible; MSIE 6.0; Windows NT 5.0; Creative; .NET CLR 1.1.4322; .NET CLR 2.0.50727)"
202.64.184.37 - - [05/Mar/2007:23:43:29 +0000] "GET /oempro/read.php?EncryptedMemberID=MjY0NA%3D%3D&CampaignID=79&CampaignStatisticsID=45&Demo=0&Email=josephine.price@clsa.com HTTP/1.1" 200 55 "-" "Mozilla/4.0 (compatible; MSIE 6.0; Windows NT 5.1; SV1; .NET CLR 1.1.4322)"
195.65.220.34 - - [05/Mar/2007:23:44:07 +0000] "GET /oempro/read.php?EncryptedMemberID=MzI4Nw%3D%3D&CampaignID=79&CampaignStatisticsID=45&Demo=0&Email=pnewsome@unigestion.com HTTP/1.1" 200 55 "-" "Mozilla/4.0 (compatible; MSIE 6.0; Windows NT 5.2; SV1; .NET CLR 1.1.4322)"
203.113.253.78 - - [05/Mar/2007:23:45:33 +0000] "GET /oempro/read.php?EncryptedMemberID=MzY3Nw%3D%3D&CampaignID=79&CampaignStatisticsID=45&Demo=0&Email=stephen_white@quaypartners.com.au HTTP/1.1" 200 55 "-" "Mozilla/4.0 (compatible; MSIE 6.0; Windows NT 5.1; SV1; .NET CLR 1.1.4322)"
58.81.219.18 - - [05/Mar/2007:23:46:35 +0000] "GET /oempro/read.php?EncryptedMemberID=Mzk4NQ%3D%3D&CampaignID=79&CampaignStatisticsID=45&Demo=0&Email=matsumoto@jafco.co.jp HTTP/1.0" 200 43 "-" "Mozilla/4.0 (compatible; MSIE 6.0; Windows NT 5.0; T312461)"
202.147.46.115 - - [05/Mar/2007:23:47:36 +0000] "GET /oempro/link.php?URL=aHR0cDovL3d3dy5zb20tY2FwLmNvbS9vZW1wcm8vbGluay5waHA%2FVVJMPWFIUjBjRG92TDNkM2R5NXpiMjB0WTJGd0xtTnZiUzlrWVhSaExtaDBiUT09JmFtcDtOYW1lPSZhbXA7RW5jcnlwdGVkTWVtYmVySUQ9TkRBeU5BPT0mYW1wO0NhbXBhaWduSUQ9NzcmYW1wO0NhbXBhaWduU3RhdGlzdGljc0lEPTQzJmFtcDtEZW1vPTAmYW1wO0VtYWlsPW1hcmllQHNvbS1jYXAuY29t&Name=&EncryptedMemberID=MzE4OA%3D%3D&CampaignID=79&CampaignStatisticsID=45&Demo=0&Email=paul.foster@ampcapital.com HTTP/1.0" 302 0 "-" "Mozilla/4.0 (compatible; MSIE 6.0; Windows NT 5.1; SV1; .NET CLR 1.1.4322)"
202.147.46.115 - - [05/Mar/2007:23:47:37 +0000] "GET /oempro/link.php?URL=aHR0cDovL3d3dy5zb20tY2FwLmNvbS9kYXRhLmh0bQ==&Name=&EncryptedMemberID=NDAyNA==&CampaignID=77&CampaignStatisticsID=43&Demo=0&Email=marie@som-cap.com HTTP/1.0" 302 0 "-" "Mozilla/4.0 (compatible; MSIE 6.0; Windows NT 5.1; SV1; .NET CLR 1.1.4322)"
202.147.46.115 - - [05/Mar/2007:23:47:38 +0000] "GET /data.htm HTTP/1.0" 200 6628 "-" "Mozilla/4.0 (compatible; MSIE 6.0; Windows NT 5.1; SV1; .NET CLR 1.1.4322)"
202.147.46.115 - - [05/Mar/2007:23:47:39 +0000] "GET /images/inbg.jpg HTTP/1.0" 200 32265 "http://www.som-cap.com/data.htm" "Mozilla/4.0 (compatible; MSIE 6.0; Windows NT 5.1; SV1; .NET CLR 1.1.4322)"
202.147.46.115 - - [05/Mar/2007:23:47:40 +0000] "GET /images/logo.gif HTTP/1.0" 200 1574 "http://www.som-cap.com/data.htm" "Mozilla/4.0 (compatible; MSIE 6.0; Windows NT 5.1; SV1; .NET CLR 1.1.4322)"
202.147.46.115 - - [05/Mar/2007:23:47:40 +0000] "GET /styles.css HTTP/1.0" 200 497 "http://www.som-cap.com/data.htm" "Mozilla/4.0 (compatible; MSIE 6.0; Windows NT 5.1; SV1; .NET CLR 1.1.4322)"
202.147.46.115 - - [05/Mar/2007:23:47:47 +0000] "GET /images/Private%20Equity%20Data%20Service%20Feb%2007.pdf HTTP/1.0" 200 29186 "http://www.som-cap.com/data.htm" "Mozilla/4.0 (compatible; MSIE 6.0; Windows NT 5.1; SV1; .NET CLR 1.1.4322)"
210.82.88.237 - - [05/Mar/2007:23:49:51 +0000] "GET /oempro/read.php?EncryptedMemberID=Mzg2MA%3D%3D&CampaignID=79&CampaignStatisticsID=45&Demo=0&Email=vcooper@ccapital.com HTTP/1.1" 200 55 "-" "Mozilla/4.0 (compatible; MSIE 7.0; Windows NT 5.1; .NET CLR 1.1.4322; .NET CLR 2.0.50727)"
66.250.76.30 - - [05/Mar/2007:23:52:58 +0000] "GET /oempro/read.php?EncryptedMemberID=MjY5MA%3D%3D&CampaignID=79&CampaignStatisticsID=45&Demo=0&Email=jware@hmtf.com HTTP/1.1" 200 55 "-" "Mozilla/4.0 (compatible; MSIE 6.0; Windows NT 5.1; SV1; .NET CLR 1.1.4322)"
66.250.76.30 - - [05/Mar/2007:23:52:58 +0000] "GET /oempro/read.php?EncryptedMemberID=MjY5MA%3D%3D&CampaignID=79&CampaignStatisticsID=45&Demo=0&Email=jware@hmtf.com HTTP/1.1" 200 55 "-" "Mozilla/4.0 (compatible; MSIE 6.0; Windows NT 5.1; SV1; .NET CLR 1.1.4322)"
203.6.223.18 - - [05/Mar/2007:23:56:56 +0000] "GET /oempro/read.php?EncryptedMemberID=Mjg0OA%3D%3D&CampaignID=79&CampaignStatisticsID=45&Demo=0&Email=lynnwilliams@australiansuper.com HTTP/1.0" 200 43 "-" "Mozilla/4.0 (compatible; Lotus-Notes/6.0; Windows-NT)"
210.249.143.7 - - [05/Mar/2007:23:57:16 +0000] "GET /oempro/read.php?EncryptedMemberID=MjkzMw%3D%3D&CampaignID=79&CampaignStatisticsID=45&Demo=0&Email=masudato@sumitomotrust.co.jp HTTP/1.0" 200 43 "-" "Mozilla/4.0 (compatible; MSIE 6.0; Windows NT 5.0; FunWebProducts)"
211.120.52.67 - - [05/Mar/2007:23:58:44 +0000] "GET /data.htm HTTP/1.0" 200 6628 "-" "Mozilla/4.0 (compatible; MSIE 5.5; Windows NT 5.0; T312461)"
211.120.52.67 - - [05/Mar/2007:23:58:48 +0000] "GET /styles.css HTTP/1.0" 200 497 "http://www.som-cap.com/data.htm" "Mozilla/4.0 (compatible; MSIE 5.5; Windows NT 5.0; T312461)"
211.120.52.67 - - [05/Mar/2007:23:58:48 +0000] "GET /images/logo.gif HTTP/1.0" 200 1574 "http://www.som-cap.com/data.htm" "Mozilla/4.0 (compatible; MSIE 5.5; Windows NT 5.0; T312461)"
211.120.52.67 - - [05/Mar/2007:23:58:48 +0000] "GET /images/inbg.jpg HTTP/1.0" 200 32265 "http://www.som-cap.com/data.htm" "Mozilla/4.0 (compatible; MSIE 5.5; Windows NT 5.0; T312461)"
211.120.52.67 - - [05/Mar/2007:23:58:58 +0000] "GET /images/Private%20Equity%20Data%20Service%20Feb%2007.pdf HTTP/1.0" 200 29186 "http://www.som-cap.com/data.htm" "Mozilla/4.0 (compatible; MSIE 5.5; Windows NT 5.0; T312461)"
67.107.55.98 - - [05/Mar/2007:23:59:15 +0000] "GET /oempro/read.php?EncryptedMemberID=MzY1Mg%3D%3D&CampaignID=79&CampaignStatisticsID=45&Demo=0&Email=staslitz@sterlingpartners.us HTTP/1.1" 200 55 "-" "Mozilla/4.0 (compatible; MSIE 6.0; Windows NT 5.1; SV1; .NET CLR 1.1.4322; InfoPath.1)"
210.249.143.7 - - [06/Mar/2007:00:00:14 +0000] "GET /oempro/read.php?EncryptedMemberID=MjQ3Ng%3D%3D&CampaignID=79&CampaignStatisticsID=45&Demo=0&Email=iwaih@sumitomotrust.co.jp HTTP/1.0" 200 43 "-" "Mozilla/4.0 (compatible; MSIE 6.0; Windows NT 5.0)"
61.193.175.41 - - [06/Mar/2007:00:01:35 +0000] "GET /oempro/read.php?EncryptedMemberID=Mjg3MA%3D%3D&CampaignID=79&CampaignStatisticsID=45&Demo=0&Email=mamoru_numata@sonylife.co.jp HTTP/1.0" 200 43 "http://web003wa.sonylife.co.jp/cgi-auth/mailview.cgi?cmd=view&fldrname=inbox&select=780&msgid=f63a1e49c610901ca2a412b0461afe54%40www.som-cap.com&query=&orderfldnum=0&ordermethod=ASCEND&page=52&&html=t_mview_current_frame.html" "Mozilla/4.0 (compatible; MSIE 6.0; Windows NT 5.1)"
211.120.52.67 - - [06/Mar/2007:00:01:43 +0000] "GET /images/06%20H1%20Report.pdf HTTP/1.0" 200 41233 "http://www.som-cap.com/data.htm" "Mozilla/4.0 (compatible; MSIE 5.5; Windows NT 5.0; T312461)"
211.120.52.67 - - [06/Mar/2007:00:01:47 +0000] "GET /images/06%20H1%20Report.pdf HTTP/1.0" 206 13051 "-" "Mozilla/4.0 (compatible; MSIE 5.5; Windows NT 5.0; T312461)"
71.35.199.180 - - [06/Mar/2007:00:01:57 +0000] "GET /oempro/read.php?EncryptedMemberID=MjExNg%3D%3D&CampaignID=79&CampaignStatisticsID=45&Demo=0&Email=dwb@berchwoodpartners.com HTTP/1.1" 200 55 "-" "Mozilla/4.0 (compatible; MSIE 6.0; Windows NT 5.1; SV1; .NET CLR 1.1.4322; InfoPath.1)"
211.120.52.67 - - [06/Mar/2007:00:02:04 +0000] "GET /trackrecord.htm HTTP/1.0" 200 4429 "http://www.som-cap.com/data.htm" "Mozilla/4.0 (compatible; MSIE 5.5; Windows NT 5.0; T312461)"
211.120.52.67 - - [06/Mar/2007:00:02:05 +0000] "GET /images/6pic.gif HTTP/1.0" 200 9094 "http://www.som-cap.com/trackrecord.htm" "Mozilla/4.0 (compatible; MSIE 5.5; Windows NT 5.0; T312461)"
211.120.52.67 - - [06/Mar/2007:00:02:06 +0000] "GET /images/5pic.gif HTTP/1.0" 200 9274 "http://www.som-cap.com/trackrecord.htm" "Mozilla/4.0 (compatible; MSIE 5.5; Windows NT 5.0; T312461)"
211.120.52.67 - - [06/Mar/2007:00:02:06 +0000] "GET /images/4pic.gif HTTP/1.0" 200 10003 "http://www.som-cap.com/trackrecord.htm" "Mozilla/4.0 (compatible; MSIE 5.5; Windows NT 5.0; T312461)"
211.120.52.67 - - [06/Mar/2007:00:02:06 +0000] "GET /images/3pic.gif HTTP/1.0" 200 10964 "http://www.som-cap.com/trackrecord.htm" "Mozilla/4.0 (compatible; MSIE 5.5; Windows NT 5.0; T312461)"
211.120.52.67 - - [06/Mar/2007:00:02:06 +0000] "GET /images/2pic.gif HTTP/1.0" 200 10701 "http://www.som-cap.com/trackrecord.htm" "Mozilla/4.0 (compatible; MSIE 5.5; Windows NT 5.0; T312461)"
211.120.52.67 - - [06/Mar/2007:00:02:06 +0000] "GET /images/1pic.gif HTTP/1.0" 200 12857 "http://www.som-cap.com/trackrecord.htm" "Mozilla/4.0 (compatible; MSIE 5.5; Windows NT 5.0; T312461)"
210.249.143.7 - - [06/Mar/2007:00:06:08 +0000] "GET /oempro/read.php?EncryptedMemberID=MjQ3Ng%3D%3D&CampaignID=79&CampaignStatisticsID=45&Demo=0&Email=iwaih@sumitomotrust.co.jp HTTP/1.0" 200 43 "-" "Mozilla/4.0 (compatible; MSIE 6.0; Windows NT 5.0)"
210.249.143.7 - - [06/Mar/2007:00:06:11 +0000] "GET /oempro/read.php?EncryptedMemberID=MjQ3Ng%3D%3D&CampaignID=79&CampaignStatisticsID=45&Demo=0&Email=iwaih@sumitomotrust.co.jp HTTP/1.0" 200 43 "-" "Mozilla/4.0 (compatible; MSIE 6.0; Windows NT 5.0)"
210.249.143.7 - - [06/Mar/2007:00:06:11 +0000] "GET /oempro/read.php?EncryptedMemberID=MjQ3Ng%3D%3D&CampaignID=79&CampaignStatisticsID=45&Demo=0&Email=iwaih@sumitomotrust.co.jp HTTP/1.0" 200 43 "-" "Mozilla/4.0 (compatible; MSIE 6.0; Windows NT 5.0)"
