85.151.12.70 - - [06/Mar/2007:08:27:41 +0000] "GET /oempro/read.php?EncryptedMemberID=MTUzNQ%3D%3D&CampaignID=79&CampaignStatisticsID=45&Demo=0&Email=ahl@zestadvice.com HTTP/1.1" 200 55 "-" "Mozilla/4.0 (compatible; MSIE 6.0; Windows NT 5.1; SV1; .NET CLR 1.1.4322; .NET CLR 2.0.50727)"
85.151.12.70 - - [06/Mar/2007:08:29:02 +0000] "GET /oempro/read.php?EncryptedMemberID=MTUzNQ%3D%3D&CampaignID=79&CampaignStatisticsID=45&Demo=0&Email=ahl@zestadvice.com HTTP/1.1" 200 55 "-" "Mozilla/4.0 (compatible; MSIE 6.0; Windows NT 5.1; SV1; .NET CLR 1.1.4322; .NET CLR 2.0.50727)"
212.202.131.124 - - [06/Mar/2007:08:29:56 +0000] "GET /oempro/read.php?EncryptedMemberID=MjE3OQ%3D%3D&CampaignID=79&CampaignStatisticsID=45&Demo=0&Email=ew@camprivateequity.com HTTP/1.1" 200 55 "-" "Mozilla/4.0 (compatible; MSIE 6.0; Windows NT 5.1; SV1; .NET CLR 1.1.4322; .NET CLR 2.0.50727; InfoPath.1)"
212.202.131.124 - - [06/Mar/2007:08:30:03 +0000] "GET /oempro/read.php?EncryptedMemberID=MjE3OQ%3D%3D&CampaignID=79&CampaignStatisticsID=45&Demo=0&Email=ew@camprivateequity.com HTTP/1.1" 200 55 "-" "Mozilla/4.0 (compatible; MSIE 6.0; Windows NT 5.1; SV1; .NET CLR 1.1.4322; .NET CLR 2.0.50727; InfoPath.1)"
62.158.38.22 - - [06/Mar/2007:08:30:30 +0000] "GET /oempro/read.php?EncryptedMemberID=Mzc3NA%3D%3D&CampaignID=79&CampaignStatisticsID=45&Demo=0&Email=tilman.richter@vcm.de HTTP/1.1" 200 55 "http://82.135.30.155/public/Zentraler%20Posteingang/Private%20Equity%20Data%20Service-4.EML?Cmd=open" "Mozilla/5.0 (Windows; U; Windows NT 5.1; de; rv:1.8.1.2) Gecko/20070219 Firefox/2.0.0.2"
62.158.38.22 - - [06/Mar/2007:08:31:35 +0000] "GET /oempro/read.php?EncryptedMemberID=MTU2MA%3D%3D&CampaignID=79&CampaignStatisticsID=45&Demo=0&Email=alesia.dawidowicz@vcm.de HTTP/1.1" 200 55 "http://82.135.30.155/public/Zentraler%20Posteingang/Private%20Equity%20Data%20Service.EML?Cmd=open" "Mozilla/5.0 (Windows; U; Windows NT 5.1; de; rv:1.8.1.2) Gecko/20070219 Firefox/2.0.0.2"
145.61.28.21 - - [06/Mar/2007:08:31:41 +0000] "GET /oempro/read.php?EncryptedMemberID=MjM1Mw%3D%3D&CampaignID=79&CampaignStatisticsID=45&Demo=0&Email=h.j.p.saeijs@robeco.nl HTTP/1.0" 200 43 "-" "Mozilla/4.0 (compatible; Lotus-Notes/6.0; Windows-NT)"
62.158.38.22 - - [06/Mar/2007:08:31:41 +0000] "GET /oempro/read.php?EncryptedMemberID=MzU4Ng%3D%3D&CampaignID=79&CampaignStatisticsID=45&Demo=0&Email=simon.tang@vcm.de HTTP/1.1" 200 55 "http://82.135.30.155/public/Zentraler%20Posteingang/Private%20Equity%20Data%20Service-3.EML?Cmd=open" "Mozilla/5.0 (Windows; U; Windows NT 5.1; de; rv:1.8.1.2) Gecko/20070219 Firefox/2.0.0.2"
211.23.152.206 - - [06/Mar/2007:08:31:44 +0000] "GET /oempro/read.php?EncryptedMemberID=MzM2OQ%3D%3D&CampaignID=79&CampaignStatisticsID=45&Demo=0&Email=richard.chen@vinceraventures.com HTTP/1.1" 200 55 "-" "Mozilla/4.0 (compatible; MSIE 6.0; Windows NT 5.1; SV1; .NET CLR 1.1.4322)"
62.158.38.22 - - [06/Mar/2007:08:31:48 +0000] "GET /oempro/read.php?EncryptedMemberID=MTk2OQ%3D%3D&CampaignID=79&CampaignStatisticsID=45&Demo=0&Email=daniel.schmidt@vcm.de HTTP/1.1" 200 55 "http://82.135.30.155/public/Zentraler%20Posteingang/Private%20Equity%20Data%20Service-2.EML?Cmd=open" "Mozilla/5.0 (Windows; U; Windows NT 5.1; de; rv:1.8.1.2) Gecko/20070219 Firefox/2.0.0.2"
195.65.220.34 - - [06/Mar/2007:08:32:22 +0000] "GET /oempro/read.php?EncryptedMemberID=MzI4Nw%3D%3D&CampaignID=79&CampaignStatisticsID=45&Demo=0&Email=pnewsome@unigestion.com HTTP/1.1" 200 55 "-" "Mozilla/4.0 (compatible; MSIE 6.0; Windows NT 5.2; SV1; .NET CLR 1.1.4322)"
62.189.28.193 - - [06/Mar/2007:08:32:26 +0000] "GET /oempro/read.php?EncryptedMemberID=MzMyNA%3D%3D&CampaignID=79&CampaignStatisticsID=45&Demo=0&Email=ralph.stainbank@libertygroup.co.uk HTTP/1.1" 200 55 "-" "Mozilla/4.0 (compatible; MSIE 6.0; Windows NT 5.1; SV1; .NET CLR 1.1.4322)"
62.189.28.193 - - [06/Mar/2007:08:32:26 +0000] "GET /oempro/read.php?EncryptedMemberID=MzMyNA%3D%3D&CampaignID=79&CampaignStatisticsID=45&Demo=0&Email=ralph.stainbank@libertygroup.co.uk HTTP/1.1" 200 55 "-" "Mozilla/4.0 (compatible; MSIE 6.0; Windows NT 5.1; SV1; .NET CLR 1.1.4322)"
195.65.220.34 - - [06/Mar/2007:08:32:32 +0000] "GET /oempro/read.php?EncryptedMemberID=MTgzNg%3D%3D&CampaignID=79&CampaignStatisticsID=45&Demo=0&Email=cdedardel@unigestion.com HTTP/1.1" 200 55 "-" "Mozilla/4.0 (compatible; MSIE 6.0; Windows NT 5.2; SV1; .NET CLR 1.1.4322)"
195.65.220.34 - - [06/Mar/2007:08:33:46 +0000] "GET /oempro/read.php?EncryptedMemberID=MTgzNg%3D%3D&CampaignID=79&CampaignStatisticsID=45&Demo=0&Email=cdedardel@unigestion.com HTTP/1.1" 200 55 "-" "Mozilla/4.0 (compatible; MSIE 6.0; Windows NT 5.2; SV1; .NET CLR 1.1.4322)"
62.172.72.131 - - [06/Mar/2007:08:34:17 +0000] "GET /oempro/read.php?EncryptedMemberID=Mjg5OA%3D%3D&CampaignID=79&CampaignStatisticsID=45&Demo=0&Email=mark.calnan@eu.watsonwyatt.com HTTP/1.1" 200 55 "-" "Mozilla/4.0 (compatible; MSIE 6.0; Windows NT 5.1; SV1; .NET CLR 1.0.3705; .NET CLR 1.1.4322; .NET CLR 2.0.50727)"
81.178.3.31 - - [06/Mar/2007:08:34:19 +0000] "GET /oempro/read.php?EncryptedMemberID=MzE5Mw%3D%3D&CampaignID=79&CampaignStatisticsID=45&Demo=0&Email=paul.pizzala@heartwoodwealth.com HTTP/1.1" 200 55 "-" "Mozilla/4.0 (compatible; MSIE 6.0; Windows NT 5.2; SV1; .NET CLR 1.1.4322)"
84.92.92.82 - - [06/Mar/2007:08:34:21 +0000] "GET /oempro/link.php?URL=aHR0cDovL3d3dy5zb20tY2FwLmNvbS9vZW1wcm8vbGluay5waHA/VVJMPWFIUjBjRG92TDNkM2R5NXpiMjB0WTJGd0xtTnZiUzlrWVhSaExtaDBiUT09JmFtcDtOYW1lPSZhbXA7RW5jcnlwdGVkTWVtYmVySUQ9TkRBeU5BPT0mYW1wO0NhbXBhaWduSUQ9NzcmYW1wO0NhbXBhaWduU3RhdGlzdGljc0lEPTQzJmFtcDtEZW1vPTAmYW1wO0VtYWlsPW1hcmllQHNvbS1jYXAuY29t&Name=&EncryptedMemberID=MzE5MA==&CampaignID=79&CampaignStatisticsID=45&Demo=0&Email=paul.hart@acanthus.eu.com HTTP/1.1" 302 5 "-" "Mozilla/4.0 (compatible; MSIE 6.0; Windows NT 5.1; SV1; .NET CLR 1.1.4322; .NET CLR 2.0.50727)"
84.92.92.82 - - [06/Mar/2007:08:34:21 +0000] "GET /oempro/link.php?URL=aHR0cDovL3d3dy5zb20tY2FwLmNvbS9kYXRhLmh0bQ==&Name=&EncryptedMemberID=NDAyNA==&CampaignID=77&CampaignStatisticsID=43&Demo=0&Email=marie@som-cap.com HTTP/1.1" 302 5 "-" "Mozilla/4.0 (compatible; MSIE 6.0; Windows NT 5.1; SV1; .NET CLR 1.1.4322; .NET CLR 2.0.50727)"
84.92.92.82 - - [06/Mar/2007:08:34:21 +0000] "GET /data.htm HTTP/1.1" 200 6628 "-" "Mozilla/4.0 (compatible; MSIE 6.0; Windows NT 5.1; SV1; .NET CLR 1.1.4322; .NET CLR 2.0.50727)"
84.92.92.82 - - [06/Mar/2007:08:34:22 +0000] "GET /styles.css HTTP/1.1" 200 497 "http://www.som-cap.com/data.htm" "Mozilla/4.0 (compatible; MSIE 6.0; Windows NT 5.1; SV1; .NET CLR 1.1.4322; .NET CLR 2.0.50727)"
84.92.92.82 - - [06/Mar/2007:08:34:22 +0000] "GET /images/logo.gif HTTP/1.1" 200 1574 "http://www.som-cap.com/data.htm" "Mozilla/4.0 (compatible; MSIE 6.0; Windows NT 5.1; SV1; .NET CLR 1.1.4322; .NET CLR 2.0.50727)"
84.92.92.82 - - [06/Mar/2007:08:34:22 +0000] "GET /images/inbg.jpg HTTP/1.1" 200 32265 "http://www.som-cap.com/data.htm" "Mozilla/4.0 (compatible; MSIE 6.0; Windows NT 5.1; SV1; .NET CLR 1.1.4322; .NET CLR 2.0.50727)"
195.245.208.35 - - [06/Mar/2007:08:34:24 +0000] "GET /oempro/read.php?EncryptedMemberID=MzU5OQ%3D%3D&CampaignID=79&CampaignStatisticsID=45&Demo=0&Email=skozjek@zav-triglav.si HTTP/1.0" 200 43 "-" "Mozilla/4.0 (compatible; Lotus-Notes/6.0; Windows-NT)"
82.69.33.79 - - [06/Mar/2007:08:34:25 +0000] "GET /oempro/read.php?EncryptedMemberID=MzY3Ng%3D%3D&CampaignID=79&CampaignStatisticsID=45&Demo=0&Email=stephen@impetus.org.uk HTTP/1.1" 200 55 "-" "Mozilla/4.0 (compatible; MSIE 6.0; Windows NT 5.1; .NET CLR 1.1.4322)"
82.69.33.79 - - [06/Mar/2007:08:34:26 +0000] "GET /oempro/read.php?EncryptedMemberID=MzY3Ng%3D%3D&CampaignID=79&CampaignStatisticsID=45&Demo=0&Email=stephen@impetus.org.uk HTTP/1.1" 200 55 "-" "Mozilla/4.0 (compatible; MSIE 6.0; Windows NT 5.1; .NET CLR 1.1.4322)"
212.243.169.157 - - [06/Mar/2007:08:34:34 +0000] "GET /oempro/read.php?EncryptedMemberID=MTg4NA%3D%3D&CampaignID=79&CampaignStatisticsID=45&Demo=0&Email=christian.p.meister@nkf.ch HTTP/1.1" 200 55 "-" "Mozilla/4.0 (compatible; MSIE 6.0; Windows NT 5.0)"
212.243.169.157 - - [06/Mar/2007:08:34:52 +0000] "GET /oempro/read.php?EncryptedMemberID=MTg4NA%3D%3D&CampaignID=79&CampaignStatisticsID=45&Demo=0&Email=christian.p.meister@nkf.ch HTTP/1.1" 200 55 "-" "Mozilla/4.0 (compatible; MSIE 6.0; Windows NT 5.0)"
77.104.4.38 - - [06/Mar/2007:08:35:01 +0000] "GET /oempro/read.php?EncryptedMemberID=MjY5Mw%3D%3D&CampaignID=79&CampaignStatisticsID=45&Demo=0&Email=jxo@melcion.com HTTP/1.1" 200 55 "-" "Mozilla/4.0 (compatible; MSIE 6.0; Windows NT 5.1; SV1; .NET CLR 1.1.4322; .NET CLR 2.0.50727)"
193.129.66.153 - - [06/Mar/2007:08:35:14 +0000] "GET /oempro/read.php?EncryptedMemberID=MjQyMw%3D%3D&CampaignID=79&CampaignStatisticsID=45&Demo=0&Email=hollandd@vss.com HTTP/1.1" 200 55 "-" "Mozilla/4.0 (compatible; MSIE 6.0; Windows NT 5.1)"
84.92.92.82 - - [06/Mar/2007:08:35:27 +0000] "GET /oempro/read.php?EncryptedMemberID=MzE5MA%3D%3D&CampaignID=79&CampaignStatisticsID=45&Demo=0&Email=paul.hart@acanthus.eu.com HTTP/1.1" 200 55 "-" "Mozilla/4.0 (compatible; MSIE 6.0; Windows NT 5.1; SV1; .NET CLR 1.1.4322; .NET CLR 2.0.50727)"
84.92.92.82 - - [06/Mar/2007:08:35:27 +0000] "GET /oempro/read.php?EncryptedMemberID=MzE5MA%3D%3D&CampaignID=79&CampaignStatisticsID=45&Demo=0&Email=paul.hart@acanthus.eu.com HTTP/1.1" 200 55 "-" "Mozilla/4.0 (compatible; MSIE 6.0; Windows NT 5.1; SV1; .NET CLR 1.1.4322; .NET CLR 2.0.50727)"
212.157.112.24 - - [06/Mar/2007:08:36:20 +0000] "GET /oempro/read.php?EncryptedMemberID=MzE4MQ%3D%3D&CampaignID=79&CampaignStatisticsID=45&Demo=0&Email=patricia.jeanjean@caissedesdepots.fr HTTP/1.1" 200 55 "-" "Mozilla/4.0 (compatible; MSIE 6.0; Windows NT 5.1; .NET CLR 1.1.4322)"
77.104.4.38 - - [06/Mar/2007:08:36:30 +0000] "GET /oempro/read.php?EncryptedMemberID=MjY5Mw%3D%3D&CampaignID=79&CampaignStatisticsID=45&Demo=0&Email=jxo@melcion.com HTTP/1.1" 200 55 "-" "Mozilla/4.0 (compatible; MSIE 6.0; Windows NT 5.1; SV1; .NET CLR 1.1.4322; .NET CLR 2.0.50727)"
217.172.0.130 - - [06/Mar/2007:08:36:42 +0000] "GET /oempro/read.php?EncryptedMemberID=MjIxNA%3D%3D&CampaignID=79&CampaignStatisticsID=45&Demo=0&Email=florenzetti@fondazionecariplo.it HTTP/1.0" 200 43 "-" "Mozilla/4.0 (compatible; MSIE 6.0; Windows NT 5.2; SV1; .NET CLR 1.1.4322)"
217.172.0.130 - - [06/Mar/2007:08:37:20 +0000] "GET /oempro/read.php?EncryptedMemberID=MjIxNA%3D%3D&CampaignID=79&CampaignStatisticsID=45&Demo=0&Email=florenzetti@fondazionecariplo.it HTTP/1.0" 200 43 "-" "Mozilla/4.0 (compatible; MSIE 6.0; Windows NT 5.2; SV1; .NET CLR 1.1.4322)"
212.36.174.14 - - [06/Mar/2007:08:37:47 +0000] "GET /oempro/read.php?EncryptedMemberID=Mjk1Mg%3D%3D&CampaignID=79&CampaignStatisticsID=45&Demo=0&Email=mc@calibreone.com HTTP/1.1" 200 55 "-" "Mozilla/4.0 (compatible; MSIE 6.0; Windows NT 5.1; SV1; .NET CLR 1.1.4322)"
212.36.174.14 - - [06/Mar/2007:08:37:48 +0000] "GET /oempro/read.php?EncryptedMemberID=Mjk1Mg%3D%3D&CampaignID=79&CampaignStatisticsID=45&Demo=0&Email=mc@calibreone.com HTTP/1.1" 200 55 "-" "Mozilla/4.0 (compatible; MSIE 6.0; Windows NT 5.1; SV1; .NET CLR 1.1.4322)"
81.221.16.169 - - [06/Mar/2007:08:38:19 +0000] "GET /oempro/read.php?EncryptedMemberID=MzcyNQ%3D%3D&CampaignID=79&CampaignStatisticsID=45&Demo=0&Email=t.michel@luserve.ch HTTP/1.1" 200 55 "-" "Mozilla/4.0 (compatible; MSIE 7.0; Windows NT 5.1; .NET CLR 1.1.4322; .NET CLR 2.0.50727)"
195.65.220.34 - - [06/Mar/2007:08:38:19 +0000] "GET /oempro/read.php?EncryptedMemberID=MzI4Nw%3D%3D&CampaignID=79&CampaignStatisticsID=45&Demo=0&Email=pnewsome@unigestion.com HTTP/1.1" 200 55 "-" "Mozilla/4.0 (compatible; MSIE 6.0; Windows NT 5.2; SV1; .NET CLR 1.1.4322)"
81.221.16.169 - - [06/Mar/2007:08:38:19 +0000] "GET /oempro/read.php?EncryptedMemberID=MzcyNQ%3D%3D&CampaignID=79&CampaignStatisticsID=45&Demo=0&Email=t.michel@luserve.ch HTTP/1.1" 200 55 "-" "Mozilla/4.0 (compatible; MSIE 7.0; Windows NT 5.1; .NET CLR 1.1.4322; .NET CLR 2.0.50727)"
195.65.220.34 - - [06/Mar/2007:08:38:30 +0000] "GET /oempro/read.php?EncryptedMemberID=MzI4Nw%3D%3D&CampaignID=79&CampaignStatisticsID=45&Demo=0&Email=pnewsome@unigestion.com HTTP/1.1" 200 55 "-" "Mozilla/4.0 (compatible; MSIE 6.0; Windows NT 5.2; SV1; .NET CLR 1.1.4322)"
212.36.174.14 - - [06/Mar/2007:08:38:38 +0000] "GET /oempro/read.php?EncryptedMemberID=Mjk1Mg%3D%3D&CampaignID=79&CampaignStatisticsID=45&Demo=0&Email=mc@calibreone.com HTTP/1.1" 200 55 "-" "Mozilla/4.0 (compatible; MSIE 6.0; Windows NT 5.1; SV1; .NET CLR 1.1.4322)"
82.135.30.155 - - [06/Mar/2007:08:38:39 +0000] "GET /oempro/read.php?EncryptedMemberID=MTYxOA%3D%3D&CampaignID=79&CampaignStatisticsID=45&Demo=0&Email=andreas.wilde@vcm.de HTTP/1.0" 200 43 "-" "Mozilla/4.0 (compatible; MSIE 6.0; Windows NT 5.0)"
82.135.30.155 - - [06/Mar/2007:08:38:40 +0000] "GET /oempro/read.php?EncryptedMemberID=MTYxOA%3D%3D&CampaignID=79&CampaignStatisticsID=45&Demo=0&Email=andreas.wilde@vcm.de HTTP/1.0" 200 43 "-" "Mozilla/4.0 (compatible; MSIE 6.0; Windows NT 5.0)"
195.138.203.130 - - [06/Mar/2007:08:38:56 +0000] "GET /oempro/read.php?EncryptedMemberID=MjA4OA%3D%3D&CampaignID=79&CampaignStatisticsID=45&Demo=0&Email=donat.aufdermaur@horizon21.com HTTP/1.1" 200 55 "-" "Mozilla/4.0 (compatible; MSIE 6.0; Windows NT 5.2; SV1; .NET CLR 1.1.4322; InfoPath.1)"
192.250.157.6 - - [06/Mar/2007:08:38:59 +0000] "GET /data.htm HTTP/1.1" 200 6628 "-" "Mozilla/4.0 (compatible; MSIE 6.0; Windows NT 5.1; SV1; .NET CLR 1.1.4322; .NET CLR 2.0.50727)"
192.250.157.6 - - [06/Mar/2007:08:38:59 +0000] "GET /images/logo.gif HTTP/1.1" 200 1574 "http://www.som-cap.com/data.htm" "Mozilla/4.0 (compatible; MSIE 6.0; Windows NT 5.1; SV1; .NET CLR 1.1.4322; .NET CLR 2.0.50727)"
192.250.157.6 - - [06/Mar/2007:08:38:59 +0000] "GET /styles.css HTTP/1.1" 200 497 "http://www.som-cap.com/data.htm" "Mozilla/4.0 (compatible; MSIE 6.0; Windows NT 5.1; SV1; .NET CLR 1.1.4322; .NET CLR 2.0.50727)"
192.250.157.6 - - [06/Mar/2007:08:38:59 +0000] "GET /images/inbg.jpg HTTP/1.1" 200 32265 "http://www.som-cap.com/data.htm" "Mozilla/4.0 (compatible; MSIE 6.0; Windows NT 5.1; SV1; .NET CLR 1.1.4322; .NET CLR 2.0.50727)"
80.169.172.243 - - [06/Mar/2007:08:39:00 +0000] "GET /oempro/read.php?EncryptedMemberID=Mjg1Ng%3D%3D&CampaignID=79&CampaignStatisticsID=45&Demo=0&Email=mab@rabcap.com HTTP/1.1" 200 55 "-" "Mozilla/4.0 (compatible; MSIE 6.0; Windows NT 5.1; SV1; .NET CLR 1.1.4322; InfoPath.1; .NET CLR 2.0.50727; .NET CLR 3.0.04506.30)"
192.250.157.6 - - [06/Mar/2007:08:39:19 +0000] "GET /images/Private%20Equity%20Data%20Service%20Feb%2007.pdf HTTP/1.1" 200 29186 "http://www.som-cap.com/data.htm" "Mozilla/4.0 (compatible; MSIE 6.0; Windows NT 5.1; SV1; .NET CLR 1.1.4322; .NET CLR 2.0.50727)"
194.71.244.98 - - [06/Mar/2007:08:39:40 +0000] "GET /oempro/read.php?EncryptedMemberID=MzEwOA%3D%3D&CampaignID=79&CampaignStatisticsID=45&Demo=0&Email=nicklas.fahlstrom@wassum.com HTTP/1.1" 200 55 "-" "Mozilla/4.0 (compatible; MSIE 6.0; Windows NT 5.1; SV1; .NET CLR 1.1.4322; InfoPath.1)"
62.245.218.134 - - [06/Mar/2007:08:39:56 +0000] "GET /oempro/read.php?EncryptedMemberID=MjkzNQ%3D%3D&CampaignID=79&CampaignStatisticsID=45&Demo=0&Email=mathias.lindermeir@extorel.de HTTP/1.1" 200 55 "-" "Mozilla/4.0 (compatible; MSIE 6.0; Windows NT 5.1; SV1; .NET CLR 1.1.4322; .NET CLR 2.0.50727)"
62.245.218.134 - - [06/Mar/2007:08:40:12 +0000] "GET /oempro/read.php?EncryptedMemberID=MjkzNQ%3D%3D&CampaignID=79&CampaignStatisticsID=45&Demo=0&Email=mathias.lindermeir@extorel.de HTTP/1.1" 200 55 "-" "Mozilla/4.0 (compatible; MSIE 6.0; Windows NT 5.1; SV1; .NET CLR 1.1.4322; .NET CLR 2.0.50727)"
168.210.113.6 - - [06/Mar/2007:08:40:17 +0000] "GET /oempro/read.php?EncryptedMemberID=NDAzOA%3D%3D&CampaignID=79&CampaignStatisticsID=45&Demo=0&Email=nicky.bicket@omg.co.uk HTTP/1.0" 200 43 "-" "Mozilla/4.0 (compatible; MSIE 6.0; Windows NT 5.1; SV1; .NET CLR 2.0.50727; .NET CLR 3.0.04506.30)"
212.36.174.14 - - [06/Mar/2007:08:40:34 +0000] "GET /oempro/read.php?EncryptedMemberID=Mjk1Mg%3D%3D&CampaignID=79&CampaignStatisticsID=45&Demo=0&Email=mc@calibreone.com HTTP/1.1" 200 55 "-" "Mozilla/4.0 (compatible; MSIE 6.0; Windows NT 5.1; SV1; .NET CLR 1.1.4322)"
198.240.212.26 - - [06/Mar/2007:08:40:35 +0000] "GET /oempro/read.php?EncryptedMemberID=MTY2Mw%3D%3D&CampaignID=79&CampaignStatisticsID=45&Demo=0&Email=arielsergio.goekmen@credit-suisse.com HTTP/1.1" 200 55 "-" "Mozilla/4.0 (compatible; MSIE 6.0; Windows NT 5.1; SV1; i-NavFourF; .NET CLR 1.1.4322; InfoPath.1; .NET CLR 2.0.50727)"
198.240.212.26 - - [06/Mar/2007:08:40:41 +0000] "GET /oempro/read.php?EncryptedMemberID=MTY2Mw%3D%3D&CampaignID=79&CampaignStatisticsID=45&Demo=0&Email=arielsergio.goekmen@credit-suisse.com HTTP/1.1" 200 55 "-" "Mozilla/4.0 (compatible; MSIE 6.0; Windows NT 5.1; SV1; i-NavFourF; .NET CLR 1.1.4322; InfoPath.1; .NET CLR 2.0.50727)"
80.240.227.211 - - [06/Mar/2007:08:41:14 +0000] "GET /oempro/read.php?EncryptedMemberID=MzIzNQ%3D%3D&CampaignID=79&CampaignStatisticsID=45&Demo=0&Email=peter.stodola@wuestenrot.at HTTP/1.0" 200 43 "-" "Mozilla/4.0 (compatible; Lotus-Notes/6.0; Windows-NT)"
80.240.227.211 - - [06/Mar/2007:08:41:28 +0000] "GET /oempro/read.php?EncryptedMemberID=MzIzNQ%3D%3D&CampaignID=79&CampaignStatisticsID=45&Demo=0&Email=peter.stodola@wuestenrot.at HTTP/1.0" 200 43 "-" "Mozilla/4.0 (compatible; Lotus-Notes/6.0; Windows-NT)"
82.135.125.30 - - [06/Mar/2007:08:41:38 +0000] "GET /oempro/read.php?EncryptedMemberID=MzU4Ng%3D%3D&CampaignID=79&CampaignStatisticsID=45&Demo=0&Email=simon.tang@vcm.de HTTP/1.0" 200 43 "-" "Mozilla/4.0 (compatible; MSIE 6.0; Windows NT 5.0)"
82.135.125.30 - - [06/Mar/2007:08:41:38 +0000] "GET /oempro/read.php?EncryptedMemberID=MzU4Ng%3D%3D&CampaignID=79&CampaignStatisticsID=45&Demo=0&Email=simon.tang@vcm.de HTTP/1.0" 200 43 "-" "Mozilla/4.0 (compatible; MSIE 6.0; Windows NT 5.0)"
217.13.142.157 - - [06/Mar/2007:08:42:12 +0000] "GET /oempro/read.php?EncryptedMemberID=MTYyNw%3D%3D&CampaignID=79&CampaignStatisticsID=45&Demo=0&Email=andy.tolhurst@ffandp.com HTTP/1.1" 200 55 "-" "Mozilla/4.0 (compatible; MSIE 6.0; Windows NT 5.1; SV1; InfoPath.1; .NET CLR 2.0.50727)"
213.61.141.27 - - [06/Mar/2007:08:42:45 +0000] "GET /oempro/read.php?EncryptedMemberID=MzEyMA%3D%3D&CampaignID=79&CampaignStatisticsID=45&Demo=0&Email=nina.jung@bluecapital.de HTTP/1.0" 200 43 "-" "Mozilla/4.0 (compatible; MSIE 6.0; Windows NT 5.1; SV1)"
212.203.90.101 - - [06/Mar/2007:08:42:50 +0000] "GET /oempro/read.php?EncryptedMemberID=MzQ2Mw%3D%3D&CampaignID=79&CampaignStatisticsID=45&Demo=0&Email=roy.baumann@partnersgroup.net HTTP/1.1" 200 55 "-" "Mozilla/4.0 (compatible; MSIE 6.0; Windows NT 5.1; SV1)"
212.203.90.101 - - [06/Mar/2007:08:42:50 +0000] "GET /oempro/read.php?EncryptedMemberID=MzQ2Mw%3D%3D&CampaignID=79&CampaignStatisticsID=45&Demo=0&Email=roy.baumann@partnersgroup.net HTTP/1.1" 200 55 "-" "Mozilla/4.0 (compatible; MSIE 6.0; Windows NT 5.1; SV1)"
195.65.220.34 - - [06/Mar/2007:08:43:09 +0000] "GET /oempro/read.php?EncryptedMemberID=MTgzNg%3D%3D&CampaignID=79&CampaignStatisticsID=45&Demo=0&Email=cdedardel@unigestion.com HTTP/1.1" 200 55 "-" "Mozilla/4.0 (compatible; MSIE 6.0; Windows NT 5.2; SV1; .NET CLR 1.1.4322)"
195.65.220.34 - - [06/Mar/2007:08:43:27 +0000] "GET /oempro/read.php?EncryptedMemberID=MTgzNg%3D%3D&CampaignID=79&CampaignStatisticsID=45&Demo=0&Email=cdedardel@unigestion.com HTTP/1.1" 200 55 "-" "Mozilla/4.0 (compatible; MSIE 6.0; Windows NT 5.2; SV1; .NET CLR 1.1.4322)"
195.65.220.34 - - [06/Mar/2007:08:43:34 +0000] "GET /oempro/read.php?EncryptedMemberID=MTgzNg%3D%3D&CampaignID=79&CampaignStatisticsID=45&Demo=0&Email=cdedardel@unigestion.com HTTP/1.1" 200 55 "-" "Mozilla/4.0 (compatible; MSIE 6.0; Windows NT 5.2; SV1; .NET CLR 1.1.4322)"
194.71.244.98 - - [06/Mar/2007:08:44:01 +0000] "GET /oempro/read.php?EncryptedMemberID=MzEwOA%3D%3D&CampaignID=79&CampaignStatisticsID=45&Demo=0&Email=nicklas.fahlstrom@wassum.com HTTP/1.1" 200 55 "-" "Mozilla/4.0 (compatible; MSIE 6.0; Windows NT 5.1; SV1; .NET CLR 1.1.4322; InfoPath.1)"
192.44.63.162 - - [06/Mar/2007:08:44:03 +0000] "GET /oempro/read.php?EncryptedMemberID=MjUzMw%3D%3D&CampaignID=79&CampaignStatisticsID=45&Demo=0&Email=jean.daumet@ca-cprpe.fr HTTP/1.1" 200 55 "-" "Mozilla/4.0 (compatible; MSIE 6.0; Windows NT 5.1; SV1; .NET CLR 1.1.4322; InfoPath.1)"
192.44.63.162 - - [06/Mar/2007:08:44:03 +0000] "GET /oempro/read.php?EncryptedMemberID=MjUzMw%3D%3D&CampaignID=79&CampaignStatisticsID=45&Demo=0&Email=jean.daumet@ca-cprpe.fr HTTP/1.1" 200 55 "-" "Mozilla/4.0 (compatible; MSIE 6.0; Windows NT 5.1; SV1; .NET CLR 1.1.4322; InfoPath.1)"
194.71.244.98 - - [06/Mar/2007:08:44:04 +0000] "GET /oempro/read.php?EncryptedMemberID=MzEwOA%3D%3D&CampaignID=79&CampaignStatisticsID=45&Demo=0&Email=nicklas.fahlstrom@wassum.com HTTP/1.1" 200 55 "-" "Mozilla/4.0 (compatible; MSIE 6.0; Windows NT 5.1; SV1; .NET CLR 1.1.4322; InfoPath.1)"
84.152.186.63 - - [06/Mar/2007:08:44:48 +0000] "GET /oempro/read.php?EncryptedMemberID=MzI0MA%3D%3D&CampaignID=79&CampaignStatisticsID=45&Demo=0&Email=peter@zouk.com HTTP/1.1" 200 55 "-" "Mozilla/4.0 (compatible; MSIE 7.0; Windows NT 5.1; .NET CLR 1.1.4322)"
84.152.186.63 - - [06/Mar/2007:08:44:48 +0000] "GET /oempro/read.php?EncryptedMemberID=MzI0MA%3D%3D&CampaignID=79&CampaignStatisticsID=45&Demo=0&Email=peter@zouk.com HTTP/1.1" 200 55 "-" "Mozilla/4.0 (compatible; MSIE 7.0; Windows NT 5.1; .NET CLR 1.1.4322)"
192.44.63.162 - - [06/Mar/2007:08:44:52 +0000] "GET /oempro/read.php?EncryptedMemberID=MjUzMw%3D%3D&CampaignID=79&CampaignStatisticsID=45&Demo=0&Email=jean.daumet@ca-cprpe.fr HTTP/1.1" 200 55 "-" "Mozilla/4.0 (compatible; MSIE 6.0; Windows NT 5.1; SV1; .NET CLR 1.1.4322; InfoPath.1)"
84.152.186.63 - - [06/Mar/2007:08:45:36 +0000] "GET /oempro/read.php?EncryptedMemberID=MzI0MA%3D%3D&CampaignID=79&CampaignStatisticsID=45&Demo=0&Email=peter@zouk.com HTTP/1.1" 200 55 "-" "Mozilla/4.0 (compatible; MSIE 7.0; Windows NT 5.1; Maxthon; .NET CLR 1.1.4322)"
84.152.186.63 - - [06/Mar/2007:08:45:36 +0000] "GET /oempro/read.php?EncryptedMemberID=MzI0MA%3D%3D&CampaignID=79&CampaignStatisticsID=45&Demo=0&Email=peter@zouk.com HTTP/1.1" 200 55 "-" "Mozilla/4.0 (compatible; MSIE 7.0; Windows NT 5.1; Maxthon; .NET CLR 1.1.4322)"
195.46.217.162 - - [06/Mar/2007:08:45:41 +0000] "GET /oempro/read.php?EncryptedMemberID=MzA3MA%3D%3D&CampaignID=79&CampaignStatisticsID=45&Demo=0&Email=performance@lvmh.fr HTTP/1.0" 200 43 "-" "Mozilla/4.0 (compatible; Lotus-Notes/6.0; Windows-NT)"
87.139.34.121 - - [06/Mar/2007:08:45:46 +0000] "GET /oempro/read.php?EncryptedMemberID=MjQyMQ%3D%3D&CampaignID=79&CampaignStatisticsID=45&Demo=0&Email=hoffmann@wegasupport.de HTTP/1.0" 200 43 "-" "Mozilla/4.0 (compatible; MSIE 6.0; Windows NT 5.2; SV1; .NET CLR 1.1.4322; .NET CLR 2.0.50727)"
87.139.34.121 - - [06/Mar/2007:08:45:47 +0000] "GET /oempro/read.php?EncryptedMemberID=MjQyMQ%3D%3D&CampaignID=79&CampaignStatisticsID=45&Demo=0&Email=hoffmann@wegasupport.de HTTP/1.0" 200 43 "-" "Mozilla/4.0 (compatible; MSIE 6.0; Windows NT 5.2; SV1; .NET CLR 1.1.4322; .NET CLR 2.0.50727)"
194.209.42.83 - - [06/Mar/2007:08:47:21 +0000] "GET /oempro/read.php?EncryptedMemberID=Mzc3Ng%3D%3D&CampaignID=79&CampaignStatisticsID=45&Demo=0&Email=tim.creed@adveq.com HTTP/1.1" 200 55 "-" "Mozilla/4.0 (compatible; MSIE 6.0; Windows NT 5.2; SV1; .NET CLR 1.1.4322; InfoPath.1; .NET CLR 2.0.50727)"
80.84.166.230 - - [06/Mar/2007:08:47:57 +0000] "GET /oempro/read.php?EncryptedMemberID=MTQ4Mw%3D%3D&CampaignID=79&CampaignStatisticsID=45&Demo=0&Email=a.djanoeff@balmoralcapital.com HTTP/1.1" 200 55 "-" "Mozilla/4.0 (compatible; MSIE 7.0; Windows NT 5.1; .NET CLR 1.1.4322; IEMB3; IEMB3)"
80.84.166.230 - - [06/Mar/2007:08:48:03 +0000] "GET /oempro/read.php?EncryptedMemberID=MTQ4Mw%3D%3D&CampaignID=79&CampaignStatisticsID=45&Demo=0&Email=a.djanoeff@balmoralcapital.com HTTP/1.1" 200 55 "-" "Mozilla/4.0 (compatible; MSIE 7.0; Windows NT 5.1; .NET CLR 1.1.4322; IEMB3; IEMB3)"
80.84.166.230 - - [06/Mar/2007:08:48:17 +0000] "GET /oempro/link.php?URL=aHR0cDovL3d3dy5zb20tY2FwLmNvbS9vZW1wcm8vbGluay5waHA%2FVVJMPWFIUjBjRG92TDNkM2R5NXpiMjB0WTJGd0xtTnZiUzlrWVhSaExtaDBiUT09JmFtcDtOYW1lPSZhbXA7RW5jcnlwdGVkTWVtYmVySUQ9TkRBeU5BPT0mYW1wO0NhbXBhaWduSUQ9NzcmYW1wO0NhbXBhaWduU3RhdGlzdGljc0lEPTQzJmFtcDtEZW1vPTAmYW1wO0VtYWlsPW1hcmllQHNvbS1jYXAuY29t&Name=&EncryptedMemberID=MTQ4Mw%3D%3D&CampaignID=79&CampaignStatisticsID=45&Demo=0&Email=a.djanoeff@balmoralcapital.com HTTP/1.1" 302 5 "-" "Mozilla/4.0 (compatible; MSIE 7.0; Windows NT 5.1; .NET CLR 1.1.4322; IEMB3; IEMB3)"
80.84.166.230 - - [06/Mar/2007:08:48:18 +0000] "GET /oempro/link.php?URL=aHR0cDovL3d3dy5zb20tY2FwLmNvbS9kYXRhLmh0bQ==&Name=&EncryptedMemberID=NDAyNA==&CampaignID=77&CampaignStatisticsID=43&Demo=0&Email=marie@som-cap.com HTTP/1.1" 302 5 "-" "Mozilla/4.0 (compatible; MSIE 7.0; Windows NT 5.1; .NET CLR 1.1.4322; IEMB3; IEMB3)"
80.84.166.230 - - [06/Mar/2007:08:48:18 +0000] "GET /data.htm HTTP/1.1" 200 6628 "-" "Mozilla/4.0 (compatible; MSIE 7.0; Windows NT 5.1; .NET CLR 1.1.4322; IEMB3; IEMB3)"
80.84.166.230 - - [06/Mar/2007:08:48:18 +0000] "GET /styles.css HTTP/1.1" 200 497 "http://www.som-cap.com/data.htm" "Mozilla/4.0 (compatible; MSIE 7.0; Windows NT 5.1; .NET CLR 1.1.4322; IEMB3; IEMB3)"
80.84.166.230 - - [06/Mar/2007:08:48:18 +0000] "GET /images/inbg.jpg HTTP/1.1" 200 32265 "http://www.som-cap.com/data.htm" "Mozilla/4.0 (compatible; MSIE 7.0; Windows NT 5.1; .NET CLR 1.1.4322; IEMB3; IEMB3)"
80.84.166.230 - - [06/Mar/2007:08:48:18 +0000] "GET /images/logo.gif HTTP/1.1" 200 1574 "http://www.som-cap.com/data.htm" "Mozilla/4.0 (compatible; MSIE 7.0; Windows NT 5.1; .NET CLR 1.1.4322; IEMB3; IEMB3)"
80.84.166.230 - - [06/Mar/2007:08:48:19 +0000] "GET /favicon.ico HTTP/1.1" 404 657 "-" "Mozilla/4.0 (compatible; MSIE 7.0; Windows NT 5.1; .NET CLR 1.1.4322; IEMB3; IEMB3)"
80.84.166.230 - - [06/Mar/2007:08:48:19 +0000] "GET /favicon.ico HTTP/1.1" 404 657 "-" "Mozilla/4.0 (compatible; MSIE 7.0; Windows NT 5.1; .NET CLR 1.1.4322; IEMB3; IEMB3)"
80.84.166.230 - - [06/Mar/2007:08:48:19 +0000] "GET /favicon.ico HTTP/1.1" 404 657 "-" "Mozilla/4.0 (compatible; MSIE 7.0; Windows NT 5.1; .NET CLR 1.1.4322; IEMB3; IEMB3)"
82.135.30.155 - - [06/Mar/2007:08:49:58 +0000] "GET /oempro/read.php?EncryptedMemberID=Mzc3NA%3D%3D&CampaignID=79&CampaignStatisticsID=45&Demo=0&Email=tilman.richter@vcm.de HTTP/1.0" 200 43 "-" "Mozilla/4.0 (compatible; MSIE 6.0; Windows NT 5.1; SV1; .NET CLR 1.1.4322; .NET CLR 2.0.50727)"
82.135.125.30 - - [06/Mar/2007:08:49:59 +0000] "GET /oempro/read.php?EncryptedMemberID=MzU4Ng%3D%3D&CampaignID=79&CampaignStatisticsID=45&Demo=0&Email=simon.tang@vcm.de HTTP/1.0" 200 43 "-" "Mozilla/4.0 (compatible; MSIE 6.0; Windows NT 5.1; SV1; .NET CLR 1.1.4322; .NET CLR 2.0.50727)"
82.135.125.30 - - [06/Mar/2007:08:50:00 +0000] "GET /oempro/read.php?EncryptedMemberID=MTk2OQ%3D%3D&CampaignID=79&CampaignStatisticsID=45&Demo=0&Email=daniel.schmidt@vcm.de HTTP/1.0" 200 43 "-" "Mozilla/4.0 (compatible; MSIE 6.0; Windows NT 5.1; SV1; .NET CLR 1.1.4322; .NET CLR 2.0.50727)"
82.135.30.155 - - [06/Mar/2007:08:50:01 +0000] "GET /oempro/read.php?EncryptedMemberID=MTU2MA%3D%3D&CampaignID=79&CampaignStatisticsID=45&Demo=0&Email=alesia.dawidowicz@vcm.de HTTP/1.0" 200 43 "-" "Mozilla/4.0 (compatible; MSIE 6.0; Windows NT 5.1; SV1; .NET CLR 1.1.4322; .NET CLR 2.0.50727)"
62.96.105.178 - - [06/Mar/2007:08:50:18 +0000] "GET /oempro/read.php?EncryptedMemberID=MTk3MA%3D%3D&CampaignID=79&CampaignStatisticsID=45&Demo=0&Email=daniel.simon@btv-holding.de HTTP/1.0" 200 43 "-" "Mozilla/4.0 (compatible; MSIE 6.0; Windows NT 5.0; Computec Media AG)"
81.129.98.48 - - [06/Mar/2007:08:50:27 +0000] "GET /oempro/read.php?EncryptedMemberID=MzA1Ng%3D%3D&CampaignID=79&CampaignStatisticsID=45&Demo=0&Email=mtaylor@vcf.co.uk HTTP/1.1" 200 55 "-" "Mozilla/4.0 (compatible; MSIE 6.0; Windows NT 5.1; SV1; .NET CLR 1.1.4322; .NET CLR 2.0.50727)"
217.110.211.138 - - [06/Mar/2007:08:50:50 +0000] "GET /oempro/read.php?EncryptedMemberID=MTYxMw%3D%3D&CampaignID=79&CampaignStatisticsID=45&Demo=0&Email=andreas.kirner-moenkemeier@braunschreiber.com HTTP/1.1" 200 55 "-" "Mozilla/4.0 (compatible; MSIE 7.0; Windows NT 5.1; .NET CLR 1.1.4322; .NET CLR 2.0.50727)"
194.209.42.83 - - [06/Mar/2007:08:51:39 +0000] "GET /oempro/read.php?EncryptedMemberID=Mzc3Ng%3D%3D&CampaignID=79&CampaignStatisticsID=45&Demo=0&Email=tim.creed@adveq.com HTTP/1.1" 200 55 "-" "Mozilla/4.0 (compatible; MSIE 6.0; Windows NT 5.2; SV1; .NET CLR 1.1.4322; InfoPath.1; .NET CLR 2.0.50727)"
62.173.69.194 - - [06/Mar/2007:08:51:46 +0000] "GET /oempro/read.php?EncryptedMemberID=MzA4OA%3D%3D&CampaignID=79&CampaignStatisticsID=45&Demo=0&Email=neil.adleman@harbottle.com HTTP/1.1" 200 55 "-" "Mozilla/4.0 (compatible; MSIE 6.0; Windows NT 5.1; SV1; .NET CLR 1.1.4322)"
194.209.42.83 - - [06/Mar/2007:08:51:52 +0000] "GET /oempro/link.php?URL=aHR0cDovL3d3dy5zb20tY2FwLmNvbS9vZW1wcm8vbGluay5waHA/VVJMPWFIUjBjRG92TDNkM2R5NXpiMjB0WTJGd0xtTnZiUzlrWVhSaExtaDBiUT09JmFtcDtOYW1lPSZhbXA7RW5jcnlwdGVkTWVtYmVySUQ9TkRBeU5BPT0mYW1wO0NhbXBhaWduSUQ9NzcmYW1wO0NhbXBhaWduU3RhdGlzdGljc0lEPTQzJmFtcDtEZW1vPTAmYW1wO0VtYWlsPW1hcmllQHNvbS1jYXAuY29t&Name=&EncryptedMemberID=Mzc3Ng==&CampaignID=79&CampaignStatisticsID=45&Demo=0&Email=tim.creed@adveq.com HTTP/1.1" 302 5 "-" "Mozilla/4.0 (compatible; MSIE 6.0; Windows NT 5.2; SV1; .NET CLR 1.1.4322; InfoPath.1; .NET CLR 2.0.50727)"
194.209.42.83 - - [06/Mar/2007:08:51:52 +0000] "GET /oempro/link.php?URL=aHR0cDovL3d3dy5zb20tY2FwLmNvbS9kYXRhLmh0bQ==&Name=&EncryptedMemberID=NDAyNA==&CampaignID=77&CampaignStatisticsID=43&Demo=0&Email=marie@som-cap.com HTTP/1.1" 302 5 "-" "Mozilla/4.0 (compatible; MSIE 6.0; Windows NT 5.2; SV1; .NET CLR 1.1.4322; InfoPath.1; .NET CLR 2.0.50727)"
194.209.42.83 - - [06/Mar/2007:08:51:52 +0000] "GET /data.htm HTTP/1.1" 200 6628 "-" "Mozilla/4.0 (compatible; MSIE 6.0; Windows NT 5.2; SV1; .NET CLR 1.1.4322; InfoPath.1; .NET CLR 2.0.50727)"
194.209.42.83 - - [06/Mar/2007:08:51:52 +0000] "GET /styles.css HTTP/1.1" 200 497 "http://www.som-cap.com/data.htm" "Mozilla/4.0 (compatible; MSIE 6.0; Windows NT 5.2; SV1; .NET CLR 1.1.4322; InfoPath.1; .NET CLR 2.0.50727)"
194.209.42.83 - - [06/Mar/2007:08:51:52 +0000] "GET /images/inbg.jpg HTTP/1.1" 200 32265 "http://www.som-cap.com/data.htm" "Mozilla/4.0 (compatible; MSIE 6.0; Windows NT 5.2; SV1; .NET CLR 1.1.4322; InfoPath.1; .NET CLR 2.0.50727)"
194.209.42.83 - - [06/Mar/2007:08:51:52 +0000] "GET /images/logo.gif HTTP/1.1" 200 1574 "http://www.som-cap.com/data.htm" "Mozilla/4.0 (compatible; MSIE 6.0; Windows NT 5.2; SV1; .NET CLR 1.1.4322; InfoPath.1; .NET CLR 2.0.50727)"
194.209.42.83 - - [06/Mar/2007:08:51:55 +0000] "GET /images/Private%20Equity%20Data%20Service%20Feb%2007.pdf HTTP/1.1" 200 29186 "http://www.som-cap.com/data.htm" "Mozilla/4.0 (compatible; MSIE 6.0; Windows NT 5.2; SV1; .NET CLR 1.1.4322; InfoPath.1; .NET CLR 2.0.50727)"
213.132.101.3 - - [06/Mar/2007:08:51:56 +0000] "GET /oempro/read.php?EncryptedMemberID=MjQ1NQ%3D%3D&CampaignID=79&CampaignStatisticsID=45&Demo=0&Email=info@icecapital.fi HTTP/1.1" 200 55 "-" "Mozilla/4.0 (compatible; MSIE 7.0; Windows NT 5.1; .NET CLR 1.1.4322; .NET CLR 2.0.50727)"
84.177.79.164 - - [06/Mar/2007:08:52:02 +0000] "GET /oempro/read.php?EncryptedMemberID=Mjc1MA%3D%3D&CampaignID=79&CampaignStatisticsID=45&Demo=0&Email=klaus.nestler@bioconnect.de HTTP/1.1" 200 55 "-" "Mozilla/5.0 (Windows; U; Windows NT 5.1; de; rv:1.8.0.10) Gecko/20070221 Thunderbird/1.5.0.10"
192.44.63.162 - - [06/Mar/2007:08:52:05 +0000] "GET /oempro/read.php?EncryptedMemberID=MjUzMw%3D%3D&CampaignID=79&CampaignStatisticsID=45&Demo=0&Email=jean.daumet@ca-cprpe.fr HTTP/1.1" 200 55 "-" "Mozilla/4.0 (compatible; MSIE 6.0; Windows NT 5.1; SV1; .NET CLR 1.1.4322; InfoPath.1)"
194.209.42.83 - - [06/Mar/2007:08:52:05 +0000] "GET /background.htm HTTP/1.1" 200 4144 "http://www.som-cap.com/data.htm" "Mozilla/4.0 (compatible; MSIE 6.0; Windows NT 5.2; SV1; .NET CLR 1.1.4322; InfoPath.1; .NET CLR 2.0.50727)"
194.209.42.83 - - [06/Mar/2007:08:52:06 +0000] "GET /styles.css HTTP/1.1" 304 - "http://www.som-cap.com/background.htm" "Mozilla/4.0 (compatible; MSIE 6.0; Windows NT 5.2; SV1; .NET CLR 1.1.4322; InfoPath.1; .NET CLR 2.0.50727)"
194.209.42.83 - - [06/Mar/2007:08:52:06 +0000] "GET /images/inbg.jpg HTTP/1.1" 304 - "http://www.som-cap.com/background.htm" "Mozilla/4.0 (compatible; MSIE 6.0; Windows NT 5.2; SV1; .NET CLR 1.1.4322; InfoPath.1; .NET CLR 2.0.50727)"
194.209.42.83 - - [06/Mar/2007:08:52:06 +0000] "GET /images/logo.gif HTTP/1.1" 304 - "http://www.som-cap.com/background.htm" "Mozilla/4.0 (compatible; MSIE 6.0; Windows NT 5.2; SV1; .NET CLR 1.1.4322; InfoPath.1; .NET CLR 2.0.50727)"
194.209.42.83 - - [06/Mar/2007:08:52:07 +0000] "GET /biography.htm HTTP/1.1" 200 4087 "http://www.som-cap.com/background.htm" "Mozilla/4.0 (compatible; MSIE 6.0; Windows NT 5.2; SV1; .NET CLR 1.1.4322; InfoPath.1; .NET CLR 2.0.50727)"
194.209.42.83 - - [06/Mar/2007:08:52:07 +0000] "GET /images/James%20Miller-2.jpg HTTP/1.1" 200 7075 "http://www.som-cap.com/biography.htm" "Mozilla/4.0 (compatible; MSIE 6.0; Windows NT 5.2; SV1; .NET CLR 1.1.4322; InfoPath.1; .NET CLR 2.0.50727)"
194.209.42.83 - - [06/Mar/2007:08:52:10 +0000] "GET /trackrecord.htm HTTP/1.1" 200 4429 "http://www.som-cap.com/biography.htm" "Mozilla/4.0 (compatible; MSIE 6.0; Windows NT 5.2; SV1; .NET CLR 1.1.4322; InfoPath.1; .NET CLR 2.0.50727)"
194.209.42.83 - - [06/Mar/2007:08:52:10 +0000] "GET /images/5pic.gif HTTP/1.1" 200 9274 "http://www.som-cap.com/trackrecord.htm" "Mozilla/4.0 (compatible; MSIE 6.0; Windows NT 5.2; SV1; .NET CLR 1.1.4322; InfoPath.1; .NET CLR 2.0.50727)"
194.209.42.83 - - [06/Mar/2007:08:52:10 +0000] "GET /images/6pic.gif HTTP/1.1" 200 9094 "http://www.som-cap.com/trackrecord.htm" "Mozilla/4.0 (compatible; MSIE 6.0; Windows NT 5.2; SV1; .NET CLR 1.1.4322; InfoPath.1; .NET CLR 2.0.50727)"
194.209.42.83 - - [06/Mar/2007:08:52:10 +0000] "GET /images/4pic.gif HTTP/1.1" 200 10003 "http://www.som-cap.com/trackrecord.htm" "Mozilla/4.0 (compatible; MSIE 6.0; Windows NT 5.2; SV1; .NET CLR 1.1.4322; InfoPath.1; .NET CLR 2.0.50727)"
194.209.42.83 - - [06/Mar/2007:08:52:10 +0000] "GET /images/3pic.gif HTTP/1.1" 200 10964 "http://www.som-cap.com/trackrecord.htm" "Mozilla/4.0 (compatible; MSIE 6.0; Windows NT 5.2; SV1; .NET CLR 1.1.4322; InfoPath.1; .NET CLR 2.0.50727)"
194.209.42.83 - - [06/Mar/2007:08:52:10 +0000] "GET /images/2pic.gif HTTP/1.1" 200 10701 "http://www.som-cap.com/trackrecord.htm" "Mozilla/4.0 (compatible; MSIE 6.0; Windows NT 5.2; SV1; .NET CLR 1.1.4322; InfoPath.1; .NET CLR 2.0.50727)"
194.209.42.83 - - [06/Mar/2007:08:52:10 +0000] "GET /images/1pic.gif HTTP/1.1" 200 12857 "http://www.som-cap.com/trackrecord.htm" "Mozilla/4.0 (compatible; MSIE 6.0; Windows NT 5.2; SV1; .NET CLR 1.1.4322; InfoPath.1; .NET CLR 2.0.50727)"
62.160.170.183 - - [06/Mar/2007:08:52:14 +0000] "GET /oempro/read.php?EncryptedMemberID=MTU0MA%3D%3D&CampaignID=79&CampaignStatisticsID=45&Demo=0&Email=aisnard@arcisgroup.com HTTP/1.1" 200 55 "-" "Mozilla/4.0 (compatible; MSIE 6.0; Windows NT 5.1; SV1; .NET CLR 1.1.4322)"
192.44.63.162 - - [06/Mar/2007:08:52:18 +0000] "GET /oempro/read.php?EncryptedMemberID=MjUzMw%3D%3D&CampaignID=79&CampaignStatisticsID=45&Demo=0&Email=jean.daumet@ca-cprpe.fr HTTP/1.1" 200 55 "-" "Mozilla/4.0 (compatible; MSIE 6.0; Windows NT 5.1; SV1; .NET CLR 1.1.4322; InfoPath.1)"
211.23.152.206 - - [06/Mar/2007:08:52:21 +0000] "GET /oempro/read.php?EncryptedMemberID=MzM2OQ%3D%3D&CampaignID=79&CampaignStatisticsID=45&Demo=0&Email=richard.chen@vinceraventures.com HTTP/1.1" 200 55 "-" "Mozilla/4.0 (compatible; MSIE 6.0; Windows NT 5.1; SV1; .NET CLR 1.1.4322)"
84.177.79.164 - - [06/Mar/2007:08:52:22 +0000] "GET /oempro/read.php?EncryptedMemberID=Mjc1MA%3D%3D&CampaignID=79&CampaignStatisticsID=45&Demo=0&Email=klaus.nestler@bioconnect.de HTTP/1.1" 200 55 "-" "Mozilla/5.0 (Windows; U; Windows NT 5.1; de; rv:1.8.0.10) Gecko/20070221 Thunderbird/1.5.0.10"
194.209.42.83 - - [06/Mar/2007:08:52:33 +0000] "GET /index.htm HTTP/1.1" 200 3426 "http://www.som-cap.com/trackrecord.htm" "Mozilla/4.0 (compatible; MSIE 6.0; Windows NT 5.2; SV1; .NET CLR 1.1.4322; InfoPath.1; .NET CLR 2.0.50727)"
194.209.42.83 - - [06/Mar/2007:08:52:37 +0000] "GET /data.htm HTTP/1.1" 304 - "http://www.som-cap.com/biography.htm" "Mozilla/4.0 (compatible; MSIE 6.0; Windows NT 5.2; SV1; .NET CLR 1.1.4322; InfoPath.1; .NET CLR 2.0.50727)"
194.209.42.83 - - [06/Mar/2007:08:52:38 +0000] "GET /contact.htm HTTP/1.1" 200 2786 "http://www.som-cap.com/data.htm" "Mozilla/4.0 (compatible; MSIE 6.0; Windows NT 5.2; SV1; .NET CLR 1.1.4322; InfoPath.1; .NET CLR 2.0.50727)"
65.221.3.7 - - [06/Mar/2007:08:52:47 +0000] "GET /oempro/read.php?EncryptedMemberID=MjA2OA%3D%3D&CampaignID=79&CampaignStatisticsID=45&Demo=0&Email=dleith@cambridgeassociates.com HTTP/1.0" 200 43 "-" "Mozilla/4.0 (compatible; Lotus-Notes/5.0; Windows-NT)"
194.209.42.83 - - [06/Mar/2007:08:52:49 +0000] "GET /oempro/read.php?EncryptedMemberID=Mzc3Ng%3D%3D&CampaignID=79&CampaignStatisticsID=45&Demo=0&Email=tim.creed@adveq.com HTTP/1.1" 200 55 "-" "Mozilla/4.0 (compatible; MSIE 6.0; Windows NT 5.2; SV1; .NET CLR 1.1.4322; InfoPath.1; .NET CLR 2.0.50727)"
213.132.101.3 - - [06/Mar/2007:08:53:00 +0000] "GET /oempro/read.php?EncryptedMemberID=MjQ1NQ%3D%3D&CampaignID=79&CampaignStatisticsID=45&Demo=0&Email=info@icecapital.fi HTTP/1.1" 200 55 "-" "Mozilla/4.0 (compatible; MSIE 7.0; Windows NT 5.1; .NET CLR 1.1.4322; .NET CLR 2.0.50727)"
85.133.32.138 - - [06/Mar/2007:08:53:42 +0000] "GET /oempro/read.php?EncryptedMemberID=MzkxMw%3D%3D&CampaignID=79&CampaignStatisticsID=45&Demo=0&Email=wh@mvision.com HTTP/1.1" 200 55 "-" "Mozilla/4.0 (compatible; MSIE 6.0; Windows NT 5.2; SV1; .NET CLR 1.1.4322; InfoPath.1; .NET CLR 2.0.50727)"
194.209.42.83 - - [06/Mar/2007:08:53:55 +0000] "GET /oempro/read.php?EncryptedMemberID=Mzc3Ng%3D%3D&CampaignID=79&CampaignStatisticsID=45&Demo=0&Email=tim.creed@adveq.com HTTP/1.1" 200 55 "-" "Mozilla/4.0 (compatible; MSIE 6.0; Windows NT 5.2; SV1; .NET CLR 1.1.4322; InfoPath.1; .NET CLR 2.0.50727)"
85.133.32.138 - - [06/Mar/2007:08:53:57 +0000] "GET /oempro/read.php?EncryptedMemberID=MzkxMw%3D%3D&CampaignID=79&CampaignStatisticsID=45&Demo=0&Email=wh@mvision.com HTTP/1.1" 200 55 "-" "Mozilla/4.0 (compatible; MSIE 6.0; Windows NT 5.2; SV1; .NET CLR 1.1.4322; InfoPath.1; .NET CLR 2.0.50727)"
85.133.32.138 - - [06/Mar/2007:08:53:57 +0000] "GET /oempro/read.php?EncryptedMemberID=MzkxMw%3D%3D&CampaignID=79&CampaignStatisticsID=45&Demo=0&Email=wh@mvision.com HTTP/1.1" 200 55 "-" "Mozilla/4.0 (compatible; MSIE 6.0; Windows NT 5.2; SV1; .NET CLR 1.1.4322; InfoPath.1; .NET CLR 2.0.50727)"
62.8.121.178 - - [06/Mar/2007:08:53:58 +0000] "GET /oempro/read.php?EncryptedMemberID=MzQyNQ%3D%3D&CampaignID=79&CampaignStatisticsID=45&Demo=0&Email=robert.wallace@altaadvisers.co.uk HTTP/1.1" 200 55 "-" "Mozilla/4.0 (compatible; MSIE 6.0; Windows NT 5.1; SV1; .NET CLR 1.1.4322)"
194.209.42.83 - - [06/Mar/2007:08:54:08 +0000] "GET /oempro/read.php?EncryptedMemberID=Mzc3Ng%3D%3D&CampaignID=79&CampaignStatisticsID=45&Demo=0&Email=tim.creed@adveq.com HTTP/1.1" 200 55 "-" "Mozilla/4.0 (compatible; MSIE 6.0; Windows NT 5.2; SV1; .NET CLR 1.1.4322; InfoPath.1; .NET CLR 2.0.50727)"
147.62.42.119 - - [06/Mar/2007:08:54:11 +0000] "GET /oempro/link.php?URL=aHR0cDovL3d3dy5zb20tY2FwLmNvbS9vZW1wcm8vbGluay5waHA%2FVVJMPWFIUjBjRG92TDNkM2R5NXpiMjB0WTJGd0xtTnZiUzlrWVhSaExtaDBiUT09JmFtcDtOYW1lPSZhbXA7RW5jcnlwdGVkTWVtYmVySUQ9TkRBeU5BPT0mYW1wO0NhbXBhaWduSUQ9NzcmYW1wO0NhbXBhaWduU3RhdGlzdGljc0lEPTQzJmFtcDtEZW1vPTAmYW1wO0VtYWlsPW1hcmllQHNvbS1jYXAuY29t&Name=&EncryptedMemberID=MzUwMA%3D%3D&CampaignID=79&CampaignStatisticsID=45&Demo=0&Email=sabina.boureni@lehman.com HTTP/1.1" 302 5 "-" "Mozilla/4.0 (compatible; MSIE 6.0; Windows NT 5.1; SV1; .NET CLR 1.1.4322; InfoPath.1; .NET CLR 2.0.50727)"
147.62.42.119 - - [06/Mar/2007:08:54:11 +0000] "GET /oempro/link.php?URL=aHR0cDovL3d3dy5zb20tY2FwLmNvbS9kYXRhLmh0bQ==&Name=&EncryptedMemberID=NDAyNA==&CampaignID=77&CampaignStatisticsID=43&Demo=0&Email=marie@som-cap.com HTTP/1.1" 302 5 "-" "Mozilla/4.0 (compatible; MSIE 6.0; Windows NT 5.1; SV1; .NET CLR 1.1.4322; InfoPath.1; .NET CLR 2.0.50727)"
147.62.42.119 - - [06/Mar/2007:08:54:11 +0000] "GET /data.htm HTTP/1.1" 200 6628 "-" "Mozilla/4.0 (compatible; MSIE 6.0; Windows NT 5.1; SV1; .NET CLR 1.1.4322; InfoPath.1; .NET CLR 2.0.50727)"
147.62.42.119 - - [06/Mar/2007:08:54:11 +0000] "GET /styles.css HTTP/1.1" 200 497 "http://www.som-cap.com/data.htm" "Mozilla/4.0 (compatible; MSIE 6.0; Windows NT 5.1; SV1; .NET CLR 1.1.4322; InfoPath.1; .NET CLR 2.0.50727)"
147.62.42.119 - - [06/Mar/2007:08:54:11 +0000] "GET /images/inbg.jpg HTTP/1.1" 200 32265 "http://www.som-cap.com/data.htm" "Mozilla/4.0 (compatible; MSIE 6.0; Windows NT 5.1; SV1; .NET CLR 1.1.4322; InfoPath.1; .NET CLR 2.0.50727)"
147.62.42.119 - - [06/Mar/2007:08:54:11 +0000] "GET /images/logo.gif HTTP/1.1" 200 1574 "http://www.som-cap.com/data.htm" "Mozilla/4.0 (compatible; MSIE 6.0; Windows NT 5.1; SV1; .NET CLR 1.1.4322; InfoPath.1; .NET CLR 2.0.50727)"
147.62.42.119 - - [06/Mar/2007:08:54:16 +0000] "GET /images/Private%20Equity%20Data%20Service%20Feb%2007.pdf HTTP/1.1" 200 29186 "http://www.som-cap.com/data.htm" "Mozilla/4.0 (compatible; MSIE 6.0; Windows NT 5.1; SV1; .NET CLR 1.1.4322; InfoPath.1; .NET CLR 2.0.50727)"
84.152.186.63 - - [06/Mar/2007:08:54:16 +0000] "GET /oempro/read.php?EncryptedMemberID=MjQyMQ%3D%3D&CampaignID=79&CampaignStatisticsID=45&Demo=0&Email=hoffmann@wegasupport.de HTTP/1.1" 200 55 "-" "Mozilla/4.0 (compatible; MSIE 7.0; Windows NT 5.1; .NET CLR 1.1.4322)"
85.133.32.138 - - [06/Mar/2007:08:54:30 +0000] "GET /oempro/link.php?URL=aHR0cDovL3d3dy5zb20tY2FwLmNvbS9vZW1wcm8vbGluay5waHA%2FVVJMPWFIUjBjRG92TDNkM2R5NXpiMjB0WTJGd0xtTnZiUzg9JmFtcDtOYW1lPSZhbXA7RW5jcnlwdGVkTWVtYmVySUQ9TkRBeU5BPT0mYW1wO0NhbXBhaWduSUQ9NzcmYW1wO0NhbXBhaWduU3RhdGlzdGljc0lEPTQzJmFtcDtEZW1vPTAmYW1wO0VtYWlsPW1hcmllQHNvbS1jYXAuY29t&Name=&EncryptedMemberID=MzkxMw%3D%3D&CampaignID=79&CampaignStatisticsID=45&Demo=0&Email=wh@mvision.com HTTP/1.1" 302 5 "-" "Mozilla/4.0 (compatible; MSIE 6.0; Windows NT 5.2; SV1; .NET CLR 1.1.4322; InfoPath.1; .NET CLR 2.0.50727)"
85.133.32.138 - - [06/Mar/2007:08:54:30 +0000] "GET /oempro/link.php?URL=aHR0cDovL3d3dy5zb20tY2FwLmNvbS8=&Name=&EncryptedMemberID=NDAyNA==&CampaignID=77&CampaignStatisticsID=43&Demo=0&Email=marie@som-cap.com HTTP/1.1" 302 5 "-" "Mozilla/4.0 (compatible; MSIE 6.0; Windows NT 5.2; SV1; .NET CLR 1.1.4322; InfoPath.1; .NET CLR 2.0.50727)"
85.133.32.138 - - [06/Mar/2007:08:54:30 +0000] "GET / HTTP/1.1" 200 3426 "-" "Mozilla/4.0 (compatible; MSIE 6.0; Windows NT 5.2; SV1; .NET CLR 1.1.4322; InfoPath.1; .NET CLR 2.0.50727)"
85.133.32.138 - - [06/Mar/2007:08:54:31 +0000] "GET /styles.css HTTP/1.1" 200 497 "http://www.som-cap.com/" "Mozilla/4.0 (compatible; MSIE 6.0; Windows NT 5.2; SV1; .NET CLR 1.1.4322; InfoPath.1; .NET CLR 2.0.50727)"
85.133.32.138 - - [06/Mar/2007:08:54:31 +0000] "GET /images/inbg.jpg HTTP/1.1" 200 32265 "http://www.som-cap.com/" "Mozilla/4.0 (compatible; MSIE 6.0; Windows NT 5.2; SV1; .NET CLR 1.1.4322; InfoPath.1; .NET CLR 2.0.50727)"
85.133.32.138 - - [06/Mar/2007:08:54:31 +0000] "GET /images/logo.gif HTTP/1.1" 200 1574 "http://www.som-cap.com/" "Mozilla/4.0 (compatible; MSIE 6.0; Windows NT 5.2; SV1; .NET CLR 1.1.4322; InfoPath.1; .NET CLR 2.0.50727)"
85.133.32.138 - - [06/Mar/2007:08:54:34 +0000] "GET /contact.htm HTTP/1.1" 200 2786 "http://www.som-cap.com/" "Mozilla/4.0 (compatible; MSIE 6.0; Windows NT 5.2; SV1; .NET CLR 1.1.4322; InfoPath.1; .NET CLR 2.0.50727)"
85.133.32.138 - - [06/Mar/2007:08:54:39 +0000] "GET /trackrecord.htm HTTP/1.1" 200 4429 "http://www.som-cap.com/contact.htm" "Mozilla/4.0 (compatible; MSIE 6.0; Windows NT 5.2; SV1; .NET CLR 1.1.4322; InfoPath.1; .NET CLR 2.0.50727)"
85.133.32.138 - - [06/Mar/2007:08:54:39 +0000] "GET /images/6pic.gif HTTP/1.1" 200 9094 "http://www.som-cap.com/trackrecord.htm" "Mozilla/4.0 (compatible; MSIE 6.0; Windows NT 5.2; SV1; .NET CLR 1.1.4322; InfoPath.1; .NET CLR 2.0.50727)"
85.133.32.138 - - [06/Mar/2007:08:54:39 +0000] "GET /images/5pic.gif HTTP/1.1" 200 9274 "http://www.som-cap.com/trackrecord.htm" "Mozilla/4.0 (compatible; MSIE 6.0; Windows NT 5.2; SV1; .NET CLR 1.1.4322; InfoPath.1; .NET CLR 2.0.50727)"
85.133.32.138 - - [06/Mar/2007:08:54:39 +0000] "GET /images/4pic.gif HTTP/1.1" 200 10003 "http://www.som-cap.com/trackrecord.htm" "Mozilla/4.0 (compatible; MSIE 6.0; Windows NT 5.2; SV1; .NET CLR 1.1.4322; InfoPath.1; .NET CLR 2.0.50727)"
85.133.32.138 - - [06/Mar/2007:08:54:39 +0000] "GET /images/3pic.gif HTTP/1.1" 200 10964 "http://www.som-cap.com/trackrecord.htm" "Mozilla/4.0 (compatible; MSIE 6.0; Windows NT 5.2; SV1; .NET CLR 1.1.4322; InfoPath.1; .NET CLR 2.0.50727)"
85.133.32.138 - - [06/Mar/2007:08:54:39 +0000] "GET /images/2pic.gif HTTP/1.1" 200 10701 "http://www.som-cap.com/trackrecord.htm" "Mozilla/4.0 (compatible; MSIE 6.0; Windows NT 5.2; SV1; .NET CLR 1.1.4322; InfoPath.1; .NET CLR 2.0.50727)"
85.133.32.138 - - [06/Mar/2007:08:54:40 +0000] "GET /images/1pic.gif HTTP/1.1" 200 12857 "http://www.som-cap.com/trackrecord.htm" "Mozilla/4.0 (compatible; MSIE 6.0; Windows NT 5.2; SV1; .NET CLR 1.1.4322; InfoPath.1; .NET CLR 2.0.50727)"
195.26.40.4 - - [06/Mar/2007:08:54:48 +0000] "GET /oempro/read.php?EncryptedMemberID=MzEwNg%3D%3D&CampaignID=79&CampaignStatisticsID=45&Demo=0&Email=nick@broadwey.com HTTP/1.1" 200 55 "-" "Mozilla/4.0 (compatible; MSIE 6.0; Windows NT 5.1; SV1; FunWebProducts; .NET CLR 1.1.4322)"
85.133.32.138 - - [06/Mar/2007:08:54:50 +0000] "GET /index.htm HTTP/1.1" 200 3426 "http://www.som-cap.com/trackrecord.htm" "Mozilla/4.0 (compatible; MSIE 6.0; Windows NT 5.2; SV1; .NET CLR 1.1.4322; InfoPath.1; .NET CLR 2.0.50727)"
85.133.32.138 - - [06/Mar/2007:08:54:51 +0000] "GET /background.htm HTTP/1.1" 200 4144 "http://www.som-cap.com/index.htm" "Mozilla/4.0 (compatible; MSIE 6.0; Windows NT 5.2; SV1; .NET CLR 1.1.4322; InfoPath.1; .NET CLR 2.0.50727)"
85.133.32.138 - - [06/Mar/2007:08:54:57 +0000] "GET /biography.htm HTTP/1.1" 200 4087 "http://www.som-cap.com/background.htm" "Mozilla/4.0 (compatible; MSIE 6.0; Windows NT 5.2; SV1; .NET CLR 1.1.4322; InfoPath.1; .NET CLR 2.0.50727)"
85.133.32.138 - - [06/Mar/2007:08:54:57 +0000] "GET /images/James%20Miller-2.jpg HTTP/1.1" 200 7075 "http://www.som-cap.com/biography.htm" "Mozilla/4.0 (compatible; MSIE 6.0; Windows NT 5.2; SV1; .NET CLR 1.1.4322; InfoPath.1; .NET CLR 2.0.50727)"
147.62.42.119 - - [06/Mar/2007:08:55:01 +0000] "GET /trackrecord.htm HTTP/1.1" 200 4429 "http://www.som-cap.com/data.htm" "Mozilla/4.0 (compatible; MSIE 6.0; Windows NT 5.1; SV1; .NET CLR 1.1.4322; InfoPath.1; .NET CLR 2.0.50727)"
147.62.42.119 - - [06/Mar/2007:08:55:01 +0000] "GET /images/6pic.gif HTTP/1.1" 200 9094 "http://www.som-cap.com/trackrecord.htm" "Mozilla/4.0 (compatible; MSIE 6.0; Windows NT 5.1; SV1; .NET CLR 1.1.4322; InfoPath.1; .NET CLR 2.0.50727)"
147.62.42.119 - - [06/Mar/2007:08:55:01 +0000] "GET /images/5pic.gif HTTP/1.1" 200 9274 "http://www.som-cap.com/trackrecord.htm" "Mozilla/4.0 (compatible; MSIE 6.0; Windows NT 5.1; SV1; .NET CLR 1.1.4322; InfoPath.1; .NET CLR 2.0.50727)"
147.62.42.119 - - [06/Mar/2007:08:55:01 +0000] "GET /images/4pic.gif HTTP/1.1" 200 10003 "http://www.som-cap.com/trackrecord.htm" "Mozilla/4.0 (compatible; MSIE 6.0; Windows NT 5.1; SV1; .NET CLR 1.1.4322; InfoPath.1; .NET CLR 2.0.50727)"
147.62.42.119 - - [06/Mar/2007:08:55:01 +0000] "GET /images/3pic.gif HTTP/1.1" 200 10964 "http://www.som-cap.com/trackrecord.htm" "Mozilla/4.0 (compatible; MSIE 6.0; Windows NT 5.1; SV1; .NET CLR 1.1.4322; InfoPath.1; .NET CLR 2.0.50727)"
147.62.42.119 - - [06/Mar/2007:08:55:01 +0000] "GET /images/2pic.gif HTTP/1.1" 200 10701 "http://www.som-cap.com/trackrecord.htm" "Mozilla/4.0 (compatible; MSIE 6.0; Windows NT 5.1; SV1; .NET CLR 1.1.4322; InfoPath.1; .NET CLR 2.0.50727)"
147.62.42.119 - - [06/Mar/2007:08:55:01 +0000] "GET /images/1pic.gif HTTP/1.1" 200 12857 "http://www.som-cap.com/trackrecord.htm" "Mozilla/4.0 (compatible; MSIE 6.0; Windows NT 5.1; SV1; .NET CLR 1.1.4322; InfoPath.1; .NET CLR 2.0.50727)"
81.86.65.21 - - [06/Mar/2007:08:55:04 +0000] "GET /oempro/read.php?EncryptedMemberID=Mzc3Ng%3D%3D&CampaignID=79&CampaignStatisticsID=45&Demo=0&Email=tim.creed@adveq.com HTTP/1.1" 200 55 "-" "Mozilla/4.0 (compatible; MSIE 7.0; Windows NT 5.1; .NET CLR 1.1.4322; InfoPath.1)"
147.62.42.119 - - [06/Mar/2007:08:55:06 +0000] "GET /background.htm HTTP/1.1" 200 4144 "http://www.som-cap.com/trackrecord.htm" "Mozilla/4.0 (compatible; MSIE 6.0; Windows NT 5.1; SV1; .NET CLR 1.1.4322; InfoPath.1; .NET CLR 2.0.50727)"
194.209.42.83 - - [06/Mar/2007:08:55:22 +0000] "GET /oempro/read.php?EncryptedMemberID=MjE3Mw%3D%3D&CampaignID=79&CampaignStatisticsID=45&Demo=0&Email=erwin.boos@adveq.com HTTP/1.1" 200 55 "-" "Mozilla/4.0 (compatible; MSIE 6.0; Windows NT 5.2; SV1; .NET CLR 1.1.4322; InfoPath.1; .NET CLR 2.0.50727)"
192.44.63.162 - - [06/Mar/2007:08:55:27 +0000] "GET /oempro/link.php?URL=aHR0cDovL3d3dy5zb20tY2FwLmNvbS9vZW1wcm8vbGluay5waHA%2FVVJMPWFIUjBjRG92TDNkM2R5NXpiMjB0WTJGd0xtTnZiUzlrWVhSaExtaDBiUT09JmFtcDtOYW1lPSZhbXA7RW5jcnlwdGVkTWVtYmVySUQ9TkRBeU5BPT0mYW1wO0NhbXBhaWduSUQ9NzcmYW1wO0NhbXBhaWduU3RhdGlzdGljc0lEPTQzJmFtcDtEZW1vPTAmYW1wO0VtYWlsPW1hcmllQHNvbS1jYXAuY29t&Name=&EncryptedMemberID=MjUzMw%3D%3D&CampaignID=79&CampaignStatisticsID=45&Demo=0&Email=jean.daumet@ca-cprpe.fr HTTP/1.1" 302 5 "-" "Mozilla/4.0 (compatible; MSIE 6.0; Windows NT 5.1; SV1; .NET CLR 1.1.4322; InfoPath.1)"
192.44.63.162 - - [06/Mar/2007:08:55:27 +0000] "GET /oempro/link.php?URL=aHR0cDovL3d3dy5zb20tY2FwLmNvbS9kYXRhLmh0bQ==&Name=&EncryptedMemberID=NDAyNA==&CampaignID=77&CampaignStatisticsID=43&Demo=0&Email=marie@som-cap.com HTTP/1.1" 302 5 "-" "Mozilla/4.0 (compatible; MSIE 6.0; Windows NT 5.1; SV1; .NET CLR 1.1.4322; InfoPath.1)"
192.44.63.162 - - [06/Mar/2007:08:55:27 +0000] "GET /data.htm HTTP/1.1" 200 6628 "-" "Mozilla/4.0 (compatible; MSIE 6.0; Windows NT 5.1; SV1; .NET CLR 1.1.4322; InfoPath.1)"
