67.170.239.142 - - [06/Mar/2007:11:42:44 +0000] "GET /oempro/read.php?EncryptedMemberID=MjQ5OA%3D%3D&CampaignID=79&CampaignStatisticsID=45&Demo=0&Email=jameschew@vcfortune.com HTTP/1.1" 200 55 "-" "Mozilla/4.0 (compatible; MSIE 6.0; Windows NT 5.1; SV1; .NET CLR 1.1.4322)"
160.79.215.130 - - [06/Mar/2007:11:44:13 +0000] "GET /oempro/read.php?EncryptedMemberID=MzI4Ng%3D%3D&CampaignID=79&CampaignStatisticsID=45&Demo=0&Email=pmoon@uss.co.uk HTTP/1.1" 200 55 "-" "Mozilla/4.0 (compatible; MSIE 6.0; Windows NT 5.0; (R1 1.3); HbTools 4.7.1)"
160.79.215.130 - - [06/Mar/2007:11:44:40 +0000] "GET /oempro/read.php?EncryptedMemberID=MzI4Ng%3D%3D&CampaignID=79&CampaignStatisticsID=45&Demo=0&Email=pmoon@uss.co.uk HTTP/1.1" 200 55 "-" "Mozilla/4.0 (compatible; MSIE 6.0; Windows NT 5.0; (R1 1.3); HbTools 4.7.1)"
193.3.40.25 - - [06/Mar/2007:11:47:13 +0000] "GET /oempro/read.php?EncryptedMemberID=MjU2NA%3D%3D&CampaignID=79&CampaignStatisticsID=45&Demo=0&Email=jh@pensam.dk HTTP/1.1" 200 55 "-" "Mozilla/4.0 (compatible; MSIE 6.0; Windows NT 5.1; .NET CLR 1.0.3705; .NET CLR 1.1.4322)"
193.3.40.25 - - [06/Mar/2007:11:47:13 +0000] "GET /oempro/read.php?EncryptedMemberID=MjU2NA%3D%3D&CampaignID=79&CampaignStatisticsID=45&Demo=0&Email=jh@pensam.dk HTTP/1.1" 200 55 "-" "Mozilla/4.0 (compatible; MSIE 6.0; Windows NT 5.1; .NET CLR 1.0.3705; .NET CLR 1.1.4322)"
194.209.42.83 - - [06/Mar/2007:11:47:28 +0000] "GET /oempro/read.php?EncryptedMemberID=MjI1NA%3D%3D&CampaignID=79&CampaignStatisticsID=45&Demo=0&Email=gaia.arnaboldi@adveq.com HTTP/1.1" 200 55 "-" "Mozilla/4.0 (compatible; MSIE 6.0; Windows NT 5.2; SV1; .NET CLR 1.1.4322; InfoPath.1; .NET CLR 2.0.50727)"
194.209.42.83 - - [06/Mar/2007:11:47:47 +0000] "GET /oempro/read.php?EncryptedMemberID=MjI1NA%3D%3D&CampaignID=79&CampaignStatisticsID=45&Demo=0&Email=gaia.arnaboldi@adveq.com HTTP/1.1" 200 55 "-" "Mozilla/4.0 (compatible; MSIE 6.0; Windows NT 5.2; SV1; .NET CLR 1.1.4322; InfoPath.1; .NET CLR 2.0.50727)"
194.209.42.83 - - [06/Mar/2007:11:48:07 +0000] "GET /oempro/read.php?EncryptedMemberID=MjI1NA%3D%3D&CampaignID=79&CampaignStatisticsID=45&Demo=0&Email=gaia.arnaboldi@adveq.com HTTP/1.1" 200 55 "-" "Mozilla/4.0 (compatible; MSIE 6.0; Windows NT 5.2; SV1; .NET CLR 1.1.4322; InfoPath.1; .NET CLR 2.0.50727)"
67.170.239.142 - - [06/Mar/2007:11:48:29 +0000] "GET /oempro/read.php?EncryptedMemberID=MjQ5OA%3D%3D&CampaignID=79&CampaignStatisticsID=45&Demo=0&Email=jameschew@vcfortune.com HTTP/1.1" 200 55 "-" "Mozilla/4.0 (compatible; MSIE 6.0; Windows NT 5.1; SV1; .NET CLR 1.1.4322)"
67.170.239.142 - - [06/Mar/2007:11:51:14 +0000] "GET /oempro/read.php?EncryptedMemberID=MjQ5OA%3D%3D&CampaignID=79&CampaignStatisticsID=45&Demo=0&Email=jameschew@vcfortune.com HTTP/1.1" 200 55 "-" "Mozilla/4.0 (compatible; MSIE 6.0; Windows NT 5.1; SV1; .NET CLR 1.1.4322)"
194.114.240.51 - - [06/Mar/2007:11:52:07 +0000] "GET /oempro/link.php?URL=aHR0cDovL3d3dy5zb20tY2FwLmNvbS9vZW1wcm8vbGluay5waHA%2FVVJMPWFIUjBjRG92TDNkM2R5NXpiMjB0WTJGd0xtTnZiUzlrWVhSaExtaDBiUT09JmFtcDtOYW1lPSZhbXA7RW5jcnlwdGVkTWVtYmVySUQ9TkRBeU5BPT0mYW1wO0NhbXBhaWduSUQ9NzcmYW1wO0NhbXBhaWduU3RhdGlzdGljc0lEPTQzJmFtcDtEZW1vPTAmYW1wO0VtYWlsPW1hcmllQHNvbS1jYXAuY29t&Name=&EncryptedMemberID=MzExMA%3D%3D&CampaignID=79&CampaignStatisticsID=45&Demo=0&Email=niclas.ekestubbe@skandia.se HTTP/1.1" 302 5 "-" "Mozilla/4.0 (compatible; MSIE 6.0; Windows NT 5.1; SV1; .NET CLR 1.1.4322; InfoPath.1)"
194.114.240.51 - - [06/Mar/2007:11:52:08 +0000] "GET /oempro/link.php?URL=aHR0cDovL3d3dy5zb20tY2FwLmNvbS9kYXRhLmh0bQ==&Name=&EncryptedMemberID=NDAyNA==&CampaignID=77&CampaignStatisticsID=43&Demo=0&Email=marie@som-cap.com HTTP/1.1" 302 5 "-" "Mozilla/4.0 (compatible; MSIE 6.0; Windows NT 5.1; SV1; .NET CLR 1.1.4322; InfoPath.1)"
194.114.240.51 - - [06/Mar/2007:11:52:08 +0000] "GET /data.htm HTTP/1.1" 200 6628 "-" "Mozilla/4.0 (compatible; MSIE 6.0; Windows NT 5.1; SV1; .NET CLR 1.1.4322; InfoPath.1)"
194.114.240.51 - - [06/Mar/2007:11:52:08 +0000] "GET /styles.css HTTP/1.1" 200 497 "-" "Mozilla/4.0 (compatible;)"
194.114.240.51 - - [06/Mar/2007:11:52:08 +0000] "GET /images/logo.gif HTTP/1.1" 200 1574 "-" "Mozilla/4.0 (compatible;)"
194.114.240.51 - - [06/Mar/2007:11:52:08 +0000] "GET /images/inbg.jpg HTTP/1.1" 200 32265 "http://www.som-cap.com/data.htm" "Mozilla/4.0 (compatible; MSIE 6.0; Windows NT 5.1; SV1; .NET CLR 1.1.4322; InfoPath.1)"
195.65.220.34 - - [06/Mar/2007:11:52:09 +0000] "GET /oempro/read.php?EncryptedMemberID=MzI4Nw%3D%3D&CampaignID=79&CampaignStatisticsID=45&Demo=0&Email=pnewsome@unigestion.com HTTP/1.1" 200 55 "-" "Mozilla/4.0 (compatible; MSIE 6.0; Windows NT 5.2; SV1; .NET CLR 1.1.4322)"
194.114.240.51 - - [06/Mar/2007:11:52:26 +0000] "GET /biography.htm HTTP/1.1" 200 4087 "http://www.som-cap.com/data.htm" "Mozilla/4.0 (compatible; MSIE 6.0; Windows NT 5.1; SV1; .NET CLR 1.1.4322; InfoPath.1)"
194.114.240.51 - - [06/Mar/2007:11:52:27 +0000] "GET /images/James%20Miller-2.jpg HTTP/1.1" 200 7075 "http://www.som-cap.com/biography.htm" "Mozilla/4.0 (compatible; MSIE 6.0; Windows NT 5.1; SV1; .NET CLR 1.1.4322; InfoPath.1)"
194.114.240.51 - - [06/Mar/2007:11:52:53 +0000] "GET /background.htm HTTP/1.1" 200 4144 "http://www.som-cap.com/biography.htm" "Mozilla/4.0 (compatible; MSIE 6.0; Windows NT 5.1; SV1; .NET CLR 1.1.4322; InfoPath.1)"
83.236.220.242 - - [06/Mar/2007:11:52:58 +0000] "GET / HTTP/1.1" 200 3426 "-" "Mozilla/5.0 (Windows; U; Windows NT 5.0; de; rv:1.8.1.1) Gecko/20061204 Firefox/2.0.0.1"
194.114.240.51 - - [06/Mar/2007:11:52:58 +0000] "GET /trackrecord.htm HTTP/1.1" 200 4429 "http://www.som-cap.com/background.htm" "Mozilla/4.0 (compatible; MSIE 6.0; Windows NT 5.1; SV1; .NET CLR 1.1.4322; InfoPath.1)"
83.236.220.242 - - [06/Mar/2007:11:52:58 +0000] "GET /styles.css HTTP/1.1" 200 497 "http://www.som-cap.com/" "Mozilla/5.0 (Windows; U; Windows NT 5.0; de; rv:1.8.1.1) Gecko/20061204 Firefox/2.0.0.1"
83.236.220.242 - - [06/Mar/2007:11:52:58 +0000] "GET /images/inbg.jpg HTTP/1.1" 200 32265 "http://www.som-cap.com/" "Mozilla/5.0 (Windows; U; Windows NT 5.0; de; rv:1.8.1.1) Gecko/20061204 Firefox/2.0.0.1"
83.236.220.242 - - [06/Mar/2007:11:52:58 +0000] "GET /images/logo.gif HTTP/1.1" 200 1574 "http://www.som-cap.com/" "Mozilla/5.0 (Windows; U; Windows NT 5.0; de; rv:1.8.1.1) Gecko/20061204 Firefox/2.0.0.1"
194.114.240.51 - - [06/Mar/2007:11:52:58 +0000] "GET /images/6pic.gif HTTP/1.1" 200 9094 "http://www.som-cap.com/trackrecord.htm" "Mozilla/4.0 (compatible; MSIE 6.0; Windows NT 5.1; SV1; .NET CLR 1.1.4322; InfoPath.1)"
194.114.240.51 - - [06/Mar/2007:11:52:58 +0000] "GET /images/4pic.gif HTTP/1.1" 200 10003 "http://www.som-cap.com/trackrecord.htm" "Mozilla/4.0 (compatible; MSIE 6.0; Windows NT 5.1; SV1; .NET CLR 1.1.4322; InfoPath.1)"
194.114.240.51 - - [06/Mar/2007:11:52:58 +0000] "GET /images/2pic.gif HTTP/1.1" 200 10701 "http://www.som-cap.com/trackrecord.htm" "Mozilla/4.0 (compatible; MSIE 6.0; Windows NT 5.1; SV1; .NET CLR 1.1.4322; InfoPath.1)"
194.114.240.51 - - [06/Mar/2007:11:52:58 +0000] "GET /images/5pic.gif HTTP/1.1" 200 9274 "http://www.som-cap.com/trackrecord.htm" "Mozilla/4.0 (compatible; MSIE 6.0; Windows NT 5.1; SV1; .NET CLR 1.1.4322; InfoPath.1)"
194.114.240.51 - - [06/Mar/2007:11:52:58 +0000] "GET /images/3pic.gif HTTP/1.1" 200 10964 "http://www.som-cap.com/trackrecord.htm" "Mozilla/4.0 (compatible; MSIE 6.0; Windows NT 5.1; SV1; .NET CLR 1.1.4322; InfoPath.1)"
194.114.240.51 - - [06/Mar/2007:11:52:58 +0000] "GET /images/1pic.gif HTTP/1.1" 200 12857 "http://www.som-cap.com/trackrecord.htm" "Mozilla/4.0 (compatible; MSIE 6.0; Windows NT 5.1; SV1; .NET CLR 1.1.4322; InfoPath.1)"
83.236.220.242 - - [06/Mar/2007:11:52:58 +0000] "GET /favicon.ico HTTP/1.1" 404 657 "-" "Mozilla/5.0 (Windows; U; Windows NT 5.0; de; rv:1.8.1.1) Gecko/20061204 Firefox/2.0.0.1"
83.236.220.242 - - [06/Mar/2007:11:53:01 +0000] "GET /contact.htm HTTP/1.1" 200 2786 "http://www.som-cap.com/" "Mozilla/5.0 (Windows; U; Windows NT 5.0; de; rv:1.8.1.1) Gecko/20061204 Firefox/2.0.0.1"
194.114.240.51 - - [06/Mar/2007:11:53:33 +0000] "GET /index.htm HTTP/1.1" 200 3426 "http://www.som-cap.com/trackrecord.htm" "Mozilla/4.0 (compatible; MSIE 6.0; Windows NT 5.1; SV1; .NET CLR 1.1.4322; InfoPath.1)"
194.114.240.51 - - [06/Mar/2007:11:53:37 +0000] "GET /contact.htm HTTP/1.1" 200 2786 "http://www.som-cap.com/index.htm" "Mozilla/4.0 (compatible; MSIE 6.0; Windows NT 5.1; SV1; .NET CLR 1.1.4322; InfoPath.1)"
195.65.220.34 - - [06/Mar/2007:11:54:00 +0000] "GET /oempro/read.php?EncryptedMemberID=MzI4Nw%3D%3D&CampaignID=79&CampaignStatisticsID=45&Demo=0&Email=pnewsome@unigestion.com HTTP/1.1" 200 55 "-" "Mozilla/4.0 (compatible; MSIE 6.0; Windows NT 5.2; SV1; .NET CLR 1.1.4322)"
217.34.175.226 - - [06/Mar/2007:11:56:59 +0000] "GET /oempro/link.php?URL=aHR0cDovL3d3dy5zb20tY2FwLmNvbS9vZW1wcm8vbGluay5waHA%2FVVJMPWFIUjBjRG92TDNkM2R5NXpiMjB0WTJGd0xtTnZiUzlrWVhSaExtaDBiUT09JmFtcDtOYW1lPSZhbXA7RW5jcnlwdGVkTWVtYmVySUQ9TkRBeU5BPT0mYW1wO0NhbXBhaWduSUQ9NzcmYW1wO0NhbXBhaWduU3RhdGlzdGljc0lEPTQzJmFtcDtEZW1vPTAmYW1wO0VtYWlsPW1hcmllQHNvbS1jYXAuY29t&Name=&EncryptedMemberID=Mjk1MQ%3D%3D&CampaignID=79&CampaignStatisticsID=45&Demo=0&Email=mburch@arcisgroup.com HTTP/1.1" 302 5 "-" "Mozilla/4.0 (compatible; MSIE 7.0; Windows NT 5.1; .NET CLR 1.1.4322)"
217.34.175.226 - - [06/Mar/2007:11:56:59 +0000] "GET /oempro/link.php?URL=aHR0cDovL3d3dy5zb20tY2FwLmNvbS9kYXRhLmh0bQ==&Name=&EncryptedMemberID=NDAyNA==&CampaignID=77&CampaignStatisticsID=43&Demo=0&Email=marie@som-cap.com HTTP/1.1" 302 5 "-" "Mozilla/4.0 (compatible; MSIE 7.0; Windows NT 5.1; .NET CLR 1.1.4322)"
217.34.175.226 - - [06/Mar/2007:11:57:00 +0000] "GET /data.htm HTTP/1.1" 200 6628 "-" "Mozilla/4.0 (compatible; MSIE 7.0; Windows NT 5.1; .NET CLR 1.1.4322)"
217.34.175.226 - - [06/Mar/2007:11:57:00 +0000] "GET /styles.css HTTP/1.1" 200 497 "http://www.som-cap.com/data.htm" "Mozilla/4.0 (compatible; MSIE 7.0; Windows NT 5.1; .NET CLR 1.1.4322)"
217.34.175.226 - - [06/Mar/2007:11:57:00 +0000] "GET /images/logo.gif HTTP/1.1" 200 1574 "http://www.som-cap.com/data.htm" "Mozilla/4.0 (compatible; MSIE 7.0; Windows NT 5.1; .NET CLR 1.1.4322)"
217.34.175.226 - - [06/Mar/2007:11:57:00 +0000] "GET /images/inbg.jpg HTTP/1.1" 200 32265 "http://www.som-cap.com/data.htm" "Mozilla/4.0 (compatible; MSIE 7.0; Windows NT 5.1; .NET CLR 1.1.4322)"
217.34.175.226 - - [06/Mar/2007:11:57:01 +0000] "GET /favicon.ico HTTP/1.1" 404 657 "-" "Mozilla/4.0 (compatible; MSIE 7.0; Windows NT 5.1; .NET CLR 1.1.4322)"
217.34.175.226 - - [06/Mar/2007:11:57:06 +0000] "GET /trackrecord.htm HTTP/1.1" 200 4429 "http://www.som-cap.com/data.htm" "Mozilla/4.0 (compatible; MSIE 7.0; Windows NT 5.1; .NET CLR 1.1.4322)"
217.34.175.226 - - [06/Mar/2007:11:57:06 +0000] "GET /images/6pic.gif HTTP/1.1" 200 9094 "http://www.som-cap.com/trackrecord.htm" "Mozilla/4.0 (compatible; MSIE 7.0; Windows NT 5.1; .NET CLR 1.1.4322)"
217.34.175.226 - - [06/Mar/2007:11:57:06 +0000] "GET /images/5pic.gif HTTP/1.1" 200 9274 "http://www.som-cap.com/trackrecord.htm" "Mozilla/4.0 (compatible; MSIE 7.0; Windows NT 5.1; .NET CLR 1.1.4322)"
217.34.175.226 - - [06/Mar/2007:11:57:06 +0000] "GET /images/4pic.gif HTTP/1.1" 200 10003 "http://www.som-cap.com/trackrecord.htm" "Mozilla/4.0 (compatible; MSIE 7.0; Windows NT 5.1; .NET CLR 1.1.4322)"
217.34.175.226 - - [06/Mar/2007:11:57:06 +0000] "GET /images/3pic.gif HTTP/1.1" 200 10964 "http://www.som-cap.com/trackrecord.htm" "Mozilla/4.0 (compatible; MSIE 7.0; Windows NT 5.1; .NET CLR 1.1.4322)"
217.34.175.226 - - [06/Mar/2007:11:57:06 +0000] "GET /images/2pic.gif HTTP/1.1" 200 10701 "http://www.som-cap.com/trackrecord.htm" "Mozilla/4.0 (compatible; MSIE 7.0; Windows NT 5.1; .NET CLR 1.1.4322)"
217.34.175.226 - - [06/Mar/2007:11:57:07 +0000] "GET /images/1pic.gif HTTP/1.1" 200 12857 "http://www.som-cap.com/trackrecord.htm" "Mozilla/4.0 (compatible; MSIE 7.0; Windows NT 5.1; .NET CLR 1.1.4322)"
217.34.175.226 - - [06/Mar/2007:11:57:19 +0000] "GET /biography.htm HTTP/1.1" 200 4087 "http://www.som-cap.com/trackrecord.htm" "Mozilla/4.0 (compatible; MSIE 7.0; Windows NT 5.1; .NET CLR 1.1.4322)"
217.34.175.226 - - [06/Mar/2007:11:57:19 +0000] "GET /images/James%20Miller-2.jpg HTTP/1.1" 200 7075 "http://www.som-cap.com/biography.htm" "Mozilla/4.0 (compatible; MSIE 7.0; Windows NT 5.1; .NET CLR 1.1.4322)"
217.34.175.226 - - [06/Mar/2007:11:57:23 +0000] "GET /background.htm HTTP/1.1" 200 4144 "http://www.som-cap.com/biography.htm" "Mozilla/4.0 (compatible; MSIE 7.0; Windows NT 5.1; .NET CLR 1.1.4322)"
217.34.175.226 - - [06/Mar/2007:11:57:53 +0000] "GET /index.htm HTTP/1.1" 200 3426 "http://www.som-cap.com/background.htm" "Mozilla/4.0 (compatible; MSIE 7.0; Windows NT 5.1; .NET CLR 1.1.4322)"
217.34.175.226 - - [06/Mar/2007:11:58:03 +0000] "GET /contact.htm HTTP/1.1" 200 2786 "http://www.som-cap.com/data.htm" "Mozilla/4.0 (compatible; MSIE 7.0; Windows NT 5.1; .NET CLR 1.1.4322)"
217.45.219.5 - - [06/Mar/2007:11:58:36 +0000] "GET /oempro/read.php?EncryptedMemberID=MzYyOQ%3D%3D&CampaignID=79&CampaignStatisticsID=45&Demo=0&Email=sprim@parishcapital.com HTTP/1.1" 200 55 "-" "Mozilla/4.0 (compatible; MSIE 6.0; Windows NT 5.1; SV1; .NET CLR 1.1.4322)"
217.45.219.5 - - [06/Mar/2007:11:58:40 +0000] "GET /oempro/read.php?EncryptedMemberID=MzYyOQ%3D%3D&CampaignID=79&CampaignStatisticsID=45&Demo=0&Email=sprim@parishcapital.com HTTP/1.1" 200 55 "-" "Mozilla/4.0 (compatible; MSIE 6.0; Windows NT 5.1; SV1; .NET CLR 1.1.4322)"
212.153.12.70 - - [06/Mar/2007:12:05:29 +0000] "GET /oempro/read.php?EncryptedMemberID=MjE3NA%3D%3D&CampaignID=79&CampaignStatisticsID=45&Demo=0&Email=erwin.simons@dlapiper.com HTTP/1.0" 200 43 "-" "Mozilla/4.0 (compatible; MSIE 6.0; Windows NT 5.1; SV1; .NET CLR 1.1.4322; .NET CLR 2.0.50727)"
80.240.227.211 - - [06/Mar/2007:12:05:34 +0000] "GET /oempro/read.php?EncryptedMemberID=MzIzNQ%3D%3D&CampaignID=79&CampaignStatisticsID=45&Demo=0&Email=peter.stodola@wuestenrot.at HTTP/1.0" 200 43 "-" "Mozilla/4.0 (compatible; Lotus-Notes/6.0; Windows-NT)"
80.240.227.211 - - [06/Mar/2007:12:05:49 +0000] "GET /oempro/read.php?EncryptedMemberID=MzIzNQ%3D%3D&CampaignID=79&CampaignStatisticsID=45&Demo=0&Email=peter.stodola@wuestenrot.at HTTP/1.0" 200 43 "-" "Mozilla/4.0 (compatible; Lotus-Notes/6.0; Windows-NT)"
81.171.198.2 - - [06/Mar/2007:12:06:05 +0000] "GET / HTTP/1.1" 200 3426 "-" "Mozilla/4.0 (compatible; MSIE 6.0; Windows NT 5.1; SV1; .NET CLR 1.1.4322)"
81.171.198.2 - - [06/Mar/2007:12:06:05 +0000] "GET /styles.css HTTP/1.1" 200 497 "http://www.som-cap.com/" "Mozilla/4.0 (compatible; MSIE 6.0; Windows NT 5.1; SV1; .NET CLR 1.1.4322)"
81.171.198.2 - - [06/Mar/2007:12:06:05 +0000] "GET /images/inbg.jpg HTTP/1.1" 200 32265 "http://www.som-cap.com/" "Mozilla/4.0 (compatible; MSIE 6.0; Windows NT 5.1; SV1; .NET CLR 1.1.4322)"
81.171.198.2 - - [06/Mar/2007:12:06:06 +0000] "GET /images/logo.gif HTTP/1.1" 200 1574 "http://www.som-cap.com/" "Mozilla/4.0 (compatible; MSIE 6.0; Windows NT 5.1; SV1; .NET CLR 1.1.4322)"
81.171.198.2 - - [06/Mar/2007:12:06:09 +0000] "GET /background.htm HTTP/1.1" 200 4144 "http://www.som-cap.com/" "Mozilla/4.0 (compatible; MSIE 6.0; Windows NT 5.1; SV1; .NET CLR 1.1.4322)"
81.171.198.2 - - [06/Mar/2007:12:06:50 +0000] "GET /biography.htm HTTP/1.1" 200 4087 "http://www.som-cap.com/background.htm" "Mozilla/4.0 (compatible; MSIE 6.0; Windows NT 5.1; SV1; .NET CLR 1.1.4322)"
81.171.198.2 - - [06/Mar/2007:12:06:50 +0000] "GET /images/James%20Miller-2.jpg HTTP/1.1" 200 7075 "http://www.som-cap.com/biography.htm" "Mozilla/4.0 (compatible; MSIE 6.0; Windows NT 5.1; SV1; .NET CLR 1.1.4322)"
212.161.79.129 - - [06/Mar/2007:12:07:00 +0000] "GET /oempro/read.php?EncryptedMemberID=MjYzNQ%3D%3D&CampaignID=79&CampaignStatisticsID=45&Demo=0&Email=jonathan.windust@gartmore.com HTTP/1.0" 200 43 "-" "Mozilla/4.0 (compatible; Lotus-Notes/6.0; Windows-NT)"
72.30.177.93 - - [06/Mar/2007:12:07:02 +0000] "GET /robots.txt HTTP/1.0" 404 645 "-" "Mozilla/5.0 (compatible; Yahoo! Slurp; http://help.yahoo.com/help/us/ysearch/slurp)"
74.6.70.55 - - [06/Mar/2007:12:07:07 +0000] "GET /trackrecord.htm HTTP/1.0" 200 4429 "-" "Mozilla/5.0 (compatible; Yahoo! Slurp; http://help.yahoo.com/help/us/ysearch/slurp)"
81.171.198.2 - - [06/Mar/2007:12:07:44 +0000] "GET /trackrecord.htm HTTP/1.1" 200 4429 "http://www.som-cap.com/biography.htm" "Mozilla/4.0 (compatible; MSIE 6.0; Windows NT 5.1; SV1; .NET CLR 1.1.4322)"
81.171.198.2 - - [06/Mar/2007:12:07:44 +0000] "GET /images/6pic.gif HTTP/1.1" 200 9094 "http://www.som-cap.com/trackrecord.htm" "Mozilla/4.0 (compatible; MSIE 6.0; Windows NT 5.1; SV1; .NET CLR 1.1.4322)"
81.171.198.2 - - [06/Mar/2007:12:07:44 +0000] "GET /images/5pic.gif HTTP/1.1" 200 9274 "http://www.som-cap.com/trackrecord.htm" "Mozilla/4.0 (compatible; MSIE 6.0; Windows NT 5.1; SV1; .NET CLR 1.1.4322)"
81.171.198.2 - - [06/Mar/2007:12:07:45 +0000] "GET /images/4pic.gif HTTP/1.1" 200 10003 "http://www.som-cap.com/trackrecord.htm" "Mozilla/4.0 (compatible; MSIE 6.0; Windows NT 5.1; SV1; .NET CLR 1.1.4322)"
81.171.198.2 - - [06/Mar/2007:12:07:45 +0000] "GET /images/3pic.gif HTTP/1.1" 200 10964 "http://www.som-cap.com/trackrecord.htm" "Mozilla/4.0 (compatible; MSIE 6.0; Windows NT 5.1; SV1; .NET CLR 1.1.4322)"
81.171.198.2 - - [06/Mar/2007:12:07:45 +0000] "GET /images/2pic.gif HTTP/1.1" 200 10701 "http://www.som-cap.com/trackrecord.htm" "Mozilla/4.0 (compatible; MSIE 6.0; Windows NT 5.1; SV1; .NET CLR 1.1.4322)"
81.171.198.2 - - [06/Mar/2007:12:07:45 +0000] "GET /images/1pic.gif HTTP/1.1" 200 12857 "http://www.som-cap.com/trackrecord.htm" "Mozilla/4.0 (compatible; MSIE 6.0; Windows NT 5.1; SV1; .NET CLR 1.1.4322)"
84.58.5.95 - - [06/Mar/2007:12:08:32 +0000] "GET /oempro/link.php?URL=aHR0cDovL3d3dy5zb20tY2FwLmNvbS9vZW1wcm8vbGluay5waHA%2FVVJMPWFIUjBjRG92TDNkM2R5NXpiMjB0WTJGd0xtTnZiUzlrWVhSaExtaDBiUT09JmFtcDtOYW1lPSZhbXA7RW5jcnlwdGVkTWVtYmVySUQ9TkRBeU5BPT0mYW1wO0NhbXBhaWduSUQ9NzcmYW1wO0NhbXBhaWduU3RhdGlzdGljc0lEPTQzJmFtcDtEZW1vPTAmYW1wO0VtYWlsPW1hcmllQHNvbS1jYXAuY29t&Name=&EncryptedMemberID=Mjg4MQ%3D%3D&CampaignID=79&CampaignStatisticsID=45&Demo=0&Email=marc.mogalle@sigma-capital.de HTTP/1.0" 302 0 "-" "Mozilla/4.0 (compatible; MSIE 6.0; Windows NT 5.1; SV1; .NET CLR 1.1.4322)"
84.58.5.95 - - [06/Mar/2007:12:08:33 +0000] "GET /oempro/link.php?URL=aHR0cDovL3d3dy5zb20tY2FwLmNvbS9kYXRhLmh0bQ==&Name=&EncryptedMemberID=NDAyNA==&CampaignID=77&CampaignStatisticsID=43&Demo=0&Email=marie@som-cap.com HTTP/1.0" 302 0 "-" "Mozilla/4.0 (compatible; MSIE 6.0; Windows NT 5.1; SV1; .NET CLR 1.1.4322)"
84.58.5.95 - - [06/Mar/2007:12:08:33 +0000] "GET /data.htm HTTP/1.0" 200 6628 "-" "Mozilla/4.0 (compatible; MSIE 6.0; Windows NT 5.1; SV1; .NET CLR 1.1.4322)"
84.58.5.95 - - [06/Mar/2007:12:08:34 +0000] "GET /styles.css HTTP/1.0" 200 497 "http://www.som-cap.com/data.htm" "Mozilla/4.0 (compatible; MSIE 6.0; Windows NT 5.1; SV1; .NET CLR 1.1.4322)"
84.58.5.95 - - [06/Mar/2007:12:08:34 +0000] "GET /images/inbg.jpg HTTP/1.0" 200 32265 "http://www.som-cap.com/data.htm" "Mozilla/4.0 (compatible; MSIE 6.0; Windows NT 5.1; SV1; .NET CLR 1.1.4322)"
84.58.5.95 - - [06/Mar/2007:12:08:34 +0000] "GET /images/logo.gif HTTP/1.0" 200 1574 "http://www.som-cap.com/data.htm" "Mozilla/4.0 (compatible; MSIE 6.0; Windows NT 5.1; SV1; .NET CLR 1.1.4322)"
195.95.137.6 - - [06/Mar/2007:12:08:51 +0000] "GET /oempro/read.php?EncryptedMemberID=MTczMA%3D%3D&CampaignID=79&CampaignStatisticsID=45&Demo=0&Email=berthold.garbas@wwasset.de HTTP/1.1" 200 55 "-" "Mozilla/4.0 (compatible; MSIE 6.0; Windows NT 5.1; SV1; .NET CLR 1.1.4322; .NET CLR 1.0.3705; .NET CLR 2.0.50727)"
84.58.5.95 - - [06/Mar/2007:12:09:01 +0000] "POST /cgi-bin/123Formmail.pl HTTP/1.0" 302 213 "http://www.som-cap.com/data.htm" "Mozilla/4.0 (compatible; MSIE 6.0; Windows NT 5.1; SV1; .NET CLR 1.1.4322)"
84.58.5.95 - - [06/Mar/2007:12:09:01 +0000] "GET /submit.htm HTTP/1.0" 200 2625 "http://www.som-cap.com/data.htm" "Mozilla/4.0 (compatible; MSIE 6.0; Windows NT 5.1; SV1; .NET CLR 1.1.4322)"
84.58.5.95 - - [06/Mar/2007:12:09:01 +0000] "GET /images/spacer.gif HTTP/1.0" 200 43 "http://www.som-cap.com/submit.htm" "Mozilla/4.0 (compatible; MSIE 6.0; Windows NT 5.1; SV1; .NET CLR 1.1.4322)"
84.58.5.95 - - [06/Mar/2007:12:09:03 +0000] "GET /biography.htm HTTP/1.0" 200 4087 "http://www.som-cap.com/submit.htm" "Mozilla/4.0 (compatible; MSIE 6.0; Windows NT 5.1; SV1; .NET CLR 1.1.4322)"
84.58.5.95 - - [06/Mar/2007:12:09:04 +0000] "GET /images/James%20Miller-2.jpg HTTP/1.0" 200 7075 "http://www.som-cap.com/biography.htm" "Mozilla/4.0 (compatible; MSIE 6.0; Windows NT 5.1; SV1; .NET CLR 1.1.4322)"
81.171.198.2 - - [06/Mar/2007:12:09:09 +0000] "GET /data.htm HTTP/1.1" 200 6628 "http://www.som-cap.com/trackrecord.htm" "Mozilla/4.0 (compatible; MSIE 6.0; Windows NT 5.1; SV1; .NET CLR 1.1.4322)"
84.58.5.95 - - [06/Mar/2007:12:09:26 +0000] "GET /background.htm HTTP/1.0" 200 4144 "http://www.som-cap.com/biography.htm" "Mozilla/4.0 (compatible; MSIE 6.0; Windows NT 5.1; SV1; .NET CLR 1.1.4322)"
195.95.137.6 - - [06/Mar/2007:12:09:28 +0000] "GET /oempro/read.php?EncryptedMemberID=MTczMA%3D%3D&CampaignID=79&CampaignStatisticsID=45&Demo=0&Email=berthold.garbas@wwasset.de HTTP/1.1" 200 55 "-" "Mozilla/4.0 (compatible; MSIE 6.0; Windows NT 5.1; SV1; .NET CLR 1.1.4322; .NET CLR 1.0.3705; .NET CLR 2.0.50727)"
84.58.5.95 - - [06/Mar/2007:12:09:30 +0000] "GET /trackrecord.htm HTTP/1.0" 200 4429 "http://www.som-cap.com/background.htm" "Mozilla/4.0 (compatible; MSIE 6.0; Windows NT 5.1; SV1; .NET CLR 1.1.4322)"
84.58.5.95 - - [06/Mar/2007:12:09:30 +0000] "GET /images/6pic.gif HTTP/1.0" 200 9094 "http://www.som-cap.com/trackrecord.htm" "Mozilla/4.0 (compatible; MSIE 6.0; Windows NT 5.1; SV1; .NET CLR 1.1.4322)"
84.58.5.95 - - [06/Mar/2007:12:09:30 +0000] "GET /images/5pic.gif HTTP/1.0" 200 9274 "http://www.som-cap.com/trackrecord.htm" "Mozilla/4.0 (compatible; MSIE 6.0; Windows NT 5.1; SV1; .NET CLR 1.1.4322)"
84.58.5.95 - - [06/Mar/2007:12:09:30 +0000] "GET /images/4pic.gif HTTP/1.0" 200 10003 "http://www.som-cap.com/trackrecord.htm" "Mozilla/4.0 (compatible; MSIE 6.0; Windows NT 5.1; SV1; .NET CLR 1.1.4322)"
84.58.5.95 - - [06/Mar/2007:12:09:30 +0000] "GET /images/3pic.gif HTTP/1.0" 200 10964 "http://www.som-cap.com/trackrecord.htm" "Mozilla/4.0 (compatible; MSIE 6.0; Windows NT 5.1; SV1; .NET CLR 1.1.4322)"
84.58.5.95 - - [06/Mar/2007:12:09:30 +0000] "GET /images/2pic.gif HTTP/1.0" 200 10701 "http://www.som-cap.com/trackrecord.htm" "Mozilla/4.0 (compatible; MSIE 6.0; Windows NT 5.1; SV1; .NET CLR 1.1.4322)"
84.58.5.95 - - [06/Mar/2007:12:09:30 +0000] "GET /images/1pic.gif HTTP/1.0" 200 12857 "http://www.som-cap.com/trackrecord.htm" "Mozilla/4.0 (compatible; MSIE 6.0; Windows NT 5.1; SV1; .NET CLR 1.1.4322)"
81.171.198.2 - - [06/Mar/2007:12:09:32 +0000] "GET /images/Private%20Equity%20Data%20Service%20Feb%2007.pdf HTTP/1.1" 200 29186 "http://www.som-cap.com/data.htm" "Mozilla/4.0 (compatible; MSIE 6.0; Windows NT 5.1; SV1; .NET CLR 1.1.4322)"
195.95.137.6 - - [06/Mar/2007:12:09:41 +0000] "GET /oempro/read.php?EncryptedMemberID=MTczMA%3D%3D&CampaignID=79&CampaignStatisticsID=45&Demo=0&Email=berthold.garbas@wwasset.de HTTP/1.1" 200 55 "-" "Mozilla/4.0 (compatible; MSIE 6.0; Windows NT 5.1; SV1; .NET CLR 1.1.4322; .NET CLR 1.0.3705; .NET CLR 2.0.50727)"
84.58.5.95 - - [06/Mar/2007:12:09:43 +0000] "GET /images/Private%20Equity%20Data%20Service%20Feb%2007.pdf HTTP/1.0" 200 29186 "http://www.som-cap.com/data.htm" "Mozilla/4.0 (compatible; MSIE 6.0; Windows NT 5.1; SV1; .NET CLR 1.1.4322)"
81.171.198.2 - - [06/Mar/2007:12:10:50 +0000] "GET /images/06%20H1%20Report.pdf HTTP/1.1" 200 41233 "http://www.som-cap.com/data.htm" "Mozilla/4.0 (compatible; MSIE 6.0; Windows NT 5.1; SV1; .NET CLR 1.1.4322)"
80.83.156.199 - - [06/Mar/2007:12:11:04 +0000] "GET /oempro/read.php?EncryptedMemberID=MTcxNw%3D%3D&CampaignID=79&CampaignStatisticsID=45&Demo=0&Email=ben.cronin@incisivemedia.com HTTP/1.0" 200 43 "-" "Mozilla/4.0 (compatible; MSIE 7.0; Windows NT 5.1; .NET CLR 1.1.4322)"
80.83.156.199 - - [06/Mar/2007:12:11:05 +0000] "GET /oempro/read.php?EncryptedMemberID=MTcxNw%3D%3D&CampaignID=79&CampaignStatisticsID=45&Demo=0&Email=ben.cronin@incisivemedia.com HTTP/1.0" 200 43 "-" "Mozilla/4.0 (compatible; MSIE 7.0; Windows NT 5.1; .NET CLR 1.1.4322)"
81.171.198.2 - - [06/Mar/2007:12:11:25 +0000] "GET /images/Vol%2010.%20June%2004%20Report.pdf HTTP/1.1" 200 39793 "http://www.som-cap.com/data.htm" "Mozilla/4.0 (compatible; MSIE 6.0; Windows NT 5.1; SV1; .NET CLR 1.1.4322)"
195.95.137.6 - - [06/Mar/2007:12:11:27 +0000] "GET /oempro/read.php?EncryptedMemberID=MTczMA%3D%3D&CampaignID=79&CampaignStatisticsID=45&Demo=0&Email=berthold.garbas@wwasset.de HTTP/1.1" 200 55 "-" "Mozilla/4.0 (compatible; MSIE 6.0; Windows NT 5.1; SV1; .NET CLR 1.1.4322; .NET CLR 1.0.3705; .NET CLR 2.0.50727)"
81.171.198.2 - - [06/Mar/2007:12:11:41 +0000] "GET /contact.htm HTTP/1.1" 200 2786 "http://www.som-cap.com/data.htm" "Mozilla/4.0 (compatible; MSIE 6.0; Windows NT 5.1; SV1; .NET CLR 1.1.4322)"
81.171.198.2 - - [06/Mar/2007:12:11:41 +0000] "GET /styles.css HTTP/1.1" 304 - "http://www.som-cap.com/contact.htm" "Mozilla/4.0 (compatible; MSIE 6.0; Windows NT 5.1; SV1; .NET CLR 1.1.4322)"
81.171.198.2 - - [06/Mar/2007:12:11:41 +0000] "GET /images/inbg.jpg HTTP/1.1" 304 - "http://www.som-cap.com/contact.htm" "Mozilla/4.0 (compatible; MSIE 6.0; Windows NT 5.1; SV1; .NET CLR 1.1.4322)"
81.171.198.2 - - [06/Mar/2007:12:11:41 +0000] "GET /images/logo.gif HTTP/1.1" 304 - "http://www.som-cap.com/contact.htm" "Mozilla/4.0 (compatible; MSIE 6.0; Windows NT 5.1; SV1; .NET CLR 1.1.4322)"
81.171.198.2 - - [06/Mar/2007:12:11:48 +0000] "GET /index.htm HTTP/1.1" 200 3426 "http://www.som-cap.com/contact.htm" "Mozilla/4.0 (compatible; MSIE 6.0; Windows NT 5.1; SV1; .NET CLR 1.1.4322)"
81.171.198.2 - - [06/Mar/2007:12:11:50 +0000] "GET /background.htm HTTP/1.1" 304 - "http://www.som-cap.com/index.htm" "Mozilla/4.0 (compatible; MSIE 6.0; Windows NT 5.1; SV1; .NET CLR 1.1.4322)"
217.45.219.5 - - [06/Mar/2007:12:16:20 +0000] "GET /oempro/read.php?EncryptedMemberID=MzYyOQ%3D%3D&CampaignID=79&CampaignStatisticsID=45&Demo=0&Email=sprim@parishcapital.com HTTP/1.1" 200 55 "-" "Mozilla/4.0 (compatible; MSIE 7.0; Windows NT 5.1; .NET CLR 1.1.4322)"
217.45.219.5 - - [06/Mar/2007:12:16:21 +0000] "GET /oempro/read.php?EncryptedMemberID=MzYyOQ%3D%3D&CampaignID=79&CampaignStatisticsID=45&Demo=0&Email=sprim@parishcapital.com HTTP/1.1" 200 55 "-" "Mozilla/4.0 (compatible; MSIE 7.0; Windows NT 5.1; .NET CLR 1.1.4322)"
217.45.219.5 - - [06/Mar/2007:12:16:28 +0000] "GET /oempro/read.php?EncryptedMemberID=MzYyOQ%3D%3D&CampaignID=79&CampaignStatisticsID=45&Demo=0&Email=sprim@parishcapital.com HTTP/1.1" 200 55 "-" "Mozilla/4.0 (compatible; MSIE 7.0; Windows NT 5.1; .NET CLR 1.1.4322)"
217.45.219.5 - - [06/Mar/2007:12:16:28 +0000] "GET /oempro/read.php?EncryptedMemberID=MzYyOQ%3D%3D&CampaignID=79&CampaignStatisticsID=45&Demo=0&Email=sprim@parishcapital.com HTTP/1.1" 200 55 "-" "Mozilla/4.0 (compatible; MSIE 7.0; Windows NT 5.1; .NET CLR 1.1.4322)"
195.95.137.6 - - [06/Mar/2007:12:17:35 +0000] "GET /oempro/read.php?EncryptedMemberID=MTczMA%3D%3D&CampaignID=79&CampaignStatisticsID=45&Demo=0&Email=berthold.garbas@wwasset.de HTTP/1.1" 200 55 "-" "Mozilla/4.0 (compatible; MSIE 6.0; Windows NT 5.1; SV1; .NET CLR 1.1.4322; .NET CLR 1.0.3705; .NET CLR 2.0.50727)"
195.202.37.22 - - [06/Mar/2007:12:19:36 +0000] "GET /oempro/read.php?EncryptedMemberID=MjQ4MA%3D%3D&CampaignID=79&CampaignStatisticsID=45&Demo=0&Email=j.natrop@aevwl.de HTTP/1.0" 200 43 "-" "Mozilla/4.0 (compatible; MSIE 6.0; Windows NT 5.0; .NET CLR 2.0.50727)"
80.83.156.199 - - [06/Mar/2007:12:20:41 +0000] "GET /oempro/read.php?EncryptedMemberID=MTcxNw%3D%3D&CampaignID=79&CampaignStatisticsID=45&Demo=0&Email=ben.cronin@incisivemedia.com HTTP/1.0" 200 43 "-" "Mozilla/4.0 (compatible; MSIE 6.0; Windows NT 5.2; SV1; .NET CLR 1.1.4322)"
80.83.156.199 - - [06/Mar/2007:12:20:47 +0000] "GET /oempro/read.php?EncryptedMemberID=MTcxNw%3D%3D&CampaignID=79&CampaignStatisticsID=45&Demo=0&Email=ben.cronin@incisivemedia.com HTTP/1.0" 200 43 "-" "Mozilla/4.0 (compatible; MSIE 6.0; Windows NT 5.2; SV1; .NET CLR 1.1.4322)"
81.171.198.2 - - [06/Mar/2007:12:22:05 +0000] "GET /biography.htm HTTP/1.1" 304 - "http://www.som-cap.com/background.htm" "Mozilla/4.0 (compatible; MSIE 6.0; Windows NT 5.1; SV1; .NET CLR 1.1.4322)"
81.171.198.2 - - [06/Mar/2007:12:22:05 +0000] "GET /images/James%20Miller-2.jpg HTTP/1.1" 304 - "http://www.som-cap.com/biography.htm" "Mozilla/4.0 (compatible; MSIE 6.0; Windows NT 5.1; SV1; .NET CLR 1.1.4322)"
81.171.198.2 - - [06/Mar/2007:12:22:06 +0000] "GET /trackrecord.htm HTTP/1.1" 304 - "http://www.som-cap.com/biography.htm" "Mozilla/4.0 (compatible; MSIE 6.0; Windows NT 5.1; SV1; .NET CLR 1.1.4322)"
81.171.198.2 - - [06/Mar/2007:12:22:06 +0000] "GET /images/6pic.gif HTTP/1.1" 304 - "http://www.som-cap.com/trackrecord.htm" "Mozilla/4.0 (compatible; MSIE 6.0; Windows NT 5.1; SV1; .NET CLR 1.1.4322)"
81.171.198.2 - - [06/Mar/2007:12:22:06 +0000] "GET /images/5pic.gif HTTP/1.1" 304 - "http://www.som-cap.com/trackrecord.htm" "Mozilla/4.0 (compatible; MSIE 6.0; Windows NT 5.1; SV1; .NET CLR 1.1.4322)"
81.171.198.2 - - [06/Mar/2007:12:22:06 +0000] "GET /images/4pic.gif HTTP/1.1" 304 - "http://www.som-cap.com/trackrecord.htm" "Mozilla/4.0 (compatible; MSIE 6.0; Windows NT 5.1; SV1; .NET CLR 1.1.4322)"
81.171.198.2 - - [06/Mar/2007:12:22:06 +0000] "GET /images/3pic.gif HTTP/1.1" 304 - "http://www.som-cap.com/trackrecord.htm" "Mozilla/4.0 (compatible; MSIE 6.0; Windows NT 5.1; SV1; .NET CLR 1.1.4322)"
81.171.198.2 - - [06/Mar/2007:12:22:06 +0000] "GET /images/2pic.gif HTTP/1.1" 304 - "http://www.som-cap.com/trackrecord.htm" "Mozilla/4.0 (compatible; MSIE 6.0; Windows NT 5.1; SV1; .NET CLR 1.1.4322)"
81.171.198.2 - - [06/Mar/2007:12:22:06 +0000] "GET /images/1pic.gif HTTP/1.1" 304 - "http://www.som-cap.com/trackrecord.htm" "Mozilla/4.0 (compatible; MSIE 6.0; Windows NT 5.1; SV1; .NET CLR 1.1.4322)"
212.161.79.129 - - [06/Mar/2007:12:24:00 +0000] "GET /oempro/link.php?URL=aHR0cDovL3d3dy5zb20tY2FwLmNvbS9vZW1wcm8vbGluay5waHA%2FVVJMPWFIUjBjRG92TDNkM2R5NXpiMjB0WTJGd0xtTnZiUzlrWVhSaExtaDBiUT09JmFtcDtOYW1lPSZhbXA7RW5jcnlwdGVkTWVtYmVySUQ9TkRBeU5BPT0mYW1wO0NhbXBhaWduSUQ9NzcmYW1wO0NhbXBhaWduU3RhdGlzdGljc0lEPTQzJmFtcDtEZW1vPTAmYW1wO0VtYWlsPW1hcmllQHNvbS1jYXAuY29t&Name=&EncryptedMemberID=MzEwNQ%3D%3D&CampaignID=79&CampaignStatisticsID=45&Demo=0&Email=nick.shaw@gartmore.com HTTP/1.1" 302 5 "-" "Mozilla/4.0 (compatible; MSIE 6.0; Windows NT 5.1; SV1; .NET CLR 1.1.4322; InfoPath.1)"
212.161.79.129 - - [06/Mar/2007:12:24:01 +0000] "GET /oempro/link.php?URL=aHR0cDovL3d3dy5zb20tY2FwLmNvbS9kYXRhLmh0bQ==&Name=&EncryptedMemberID=NDAyNA==&CampaignID=77&CampaignStatisticsID=43&Demo=0&Email=marie@som-cap.com HTTP/1.1" 302 5 "-" "Mozilla/4.0 (compatible; MSIE 6.0; Windows NT 5.1; SV1; .NET CLR 1.1.4322; InfoPath.1)"
212.161.79.129 - - [06/Mar/2007:12:24:01 +0000] "GET /data.htm HTTP/1.1" 200 6628 "-" "Mozilla/4.0 (compatible; MSIE 6.0; Windows NT 5.1; SV1; .NET CLR 1.1.4322; InfoPath.1)"
212.161.79.129 - - [06/Mar/2007:12:24:01 +0000] "GET /styles.css HTTP/1.1" 200 497 "http://www.som-cap.com/data.htm" "Mozilla/4.0 (compatible; MSIE 6.0; Windows NT 5.1; SV1; .NET CLR 1.1.4322; InfoPath.1)"
212.161.79.129 - - [06/Mar/2007:12:24:02 +0000] "GET /images/logo.gif HTTP/1.1" 200 1574 "http://www.som-cap.com/data.htm" "Mozilla/4.0 (compatible; MSIE 6.0; Windows NT 5.1; SV1; .NET CLR 1.1.4322; InfoPath.1)"
212.161.79.129 - - [06/Mar/2007:12:24:02 +0000] "GET /images/inbg.jpg HTTP/1.1" 200 32265 "http://www.som-cap.com/data.htm" "Mozilla/4.0 (compatible; MSIE 6.0; Windows NT 5.1; SV1; .NET CLR 1.1.4322; InfoPath.1)"
193.103.207.10 - - [06/Mar/2007:12:24:07 +0000] "GET /oempro/read.php?EncryptedMemberID=MTU0NQ%3D%3D&CampaignID=79&CampaignStatisticsID=45&Demo=0&Email=akoepp@meag.com HTTP/1.1" 200 55 "-" "Mozilla/4.0 (compatible; MSIE 6.0; Windows NT 5.0; .NET CLR 1.0.3705; .NET CLR 1.1.4322)"
81.171.198.2 - - [06/Mar/2007:12:24:21 +0000] "GET /data.htm HTTP/1.1" 304 - "http://www.som-cap.com/trackrecord.htm" "Mozilla/4.0 (compatible; MSIE 6.0; Windows NT 5.1; SV1; .NET CLR 1.1.4322)"
160.79.215.130 - - [06/Mar/2007:12:26:02 +0000] "GET /oempro/read.php?EncryptedMemberID=MzI4Ng%3D%3D&CampaignID=79&CampaignStatisticsID=45&Demo=0&Email=pmoon@uss.co.uk HTTP/1.1" 200 55 "-" "Mozilla/4.0 (compatible; MSIE 6.0; Windows NT 5.0)"
160.79.215.130 - - [06/Mar/2007:12:26:02 +0000] "GET /oempro/read.php?EncryptedMemberID=MzI4Ng%3D%3D&CampaignID=79&CampaignStatisticsID=45&Demo=0&Email=pmoon@uss.co.uk HTTP/1.1" 200 55 "-" "Mozilla/4.0 (compatible; MSIE 6.0; Windows NT 5.0)"
145.61.28.21 - - [06/Mar/2007:12:28:14 +0000] "GET /oempro/read.php?EncryptedMemberID=MjEyNA%3D%3D&CampaignID=79&CampaignStatisticsID=45&Demo=0&Email=e.van.de.sande@robeco.nl HTTP/1.0" 200 43 "-" "Mozilla/4.0 (compatible; Lotus-Notes/6.0; Windows-NT)"
164.38.132.100 - - [06/Mar/2007:12:28:51 +0000] "GET /oempro/read.php?EncryptedMemberID=MjIwMw%3D%3D&CampaignID=79&CampaignStatisticsID=45&Demo=0&Email=fenchurchst.sales@pcworldstores.co.uk HTTP/1.1" 200 55 "http://webmail.dixons.co.uk/w?Nh.DBE.E6m.TloITug.F1EQ.CXFvtRQE.J" "Mozilla/4.0 (compatible; MSIE 6.0; Windows NT 5.1; SV1)"
193.41.87.234 - - [06/Mar/2007:12:29:22 +0000] "GET /oempro/read.php?EncryptedMemberID=MTY0Mw%3D%3D&CampaignID=79&CampaignStatisticsID=45&Demo=0&Email=annette.hetzenegger@devk.de HTTP/1.0" 200 43 "-" "Mozilla/4.0 (compatible; MSIE 6.0; Windows NT 5.1; SV1; i-NavFourF; .NET CLR 1.1.4322; .NET CLR 2.0.50727)"
84.161.75.45 - - [06/Mar/2007:12:31:15 +0000] "GET /oempro/read.php?EncryptedMemberID=MzcyMw%3D%3D&CampaignID=79&CampaignStatisticsID=45&Demo=0&Email=t.kreindl@grazia.com HTTP/1.1" 200 55 "-" "Mozilla/4.0 (compatible; MSIE 6.0; Windows NT 5.1; SV1; .NET CLR 1.1.4322)"
84.227.132.211 - - [06/Mar/2007:12:32:13 +0000] "GET /oempro/read.php?EncryptedMemberID=MjYzMA%3D%3D&CampaignID=79&CampaignStatisticsID=45&Demo=0&Email=john@wjhopper.com HTTP/1.1" 200 55 "-" "Mozilla/4.0 (compatible; MSIE 7.0; Windows NT 5.1; .NET CLR 1.1.4322; .NET CLR 2.0.50727; .NET CLR 3.0.04506.30)"
217.45.219.5 - - [06/Mar/2007:12:36:17 +0000] "GET /oempro/read.php?EncryptedMemberID=MzYyOQ%3D%3D&CampaignID=79&CampaignStatisticsID=45&Demo=0&Email=sprim@parishcapital.com HTTP/1.1" 200 55 "-" "Mozilla/4.0 (compatible; MSIE 6.0; Windows NT 5.1; SV1; .NET CLR 1.1.4322)"
217.45.219.5 - - [06/Mar/2007:12:36:22 +0000] "GET /oempro/read.php?EncryptedMemberID=MzYyOQ%3D%3D&CampaignID=79&CampaignStatisticsID=45&Demo=0&Email=sprim@parishcapital.com HTTP/1.1" 200 55 "-" "Mozilla/4.0 (compatible; MSIE 6.0; Windows NT 5.1; SV1; .NET CLR 1.1.4322)"
217.45.219.5 - - [06/Mar/2007:12:36:24 +0000] "GET /oempro/read.php?EncryptedMemberID=MzYyOQ%3D%3D&CampaignID=79&CampaignStatisticsID=45&Demo=0&Email=sprim@parishcapital.com HTTP/1.1" 200 55 "-" "Mozilla/4.0 (compatible; MSIE 6.0; Windows NT 5.1; SV1; .NET CLR 1.1.4322)"
195.65.220.34 - - [06/Mar/2007:12:37:44 +0000] "GET /oempro/read.php?EncryptedMemberID=MzI4Nw%3D%3D&CampaignID=79&CampaignStatisticsID=45&Demo=0&Email=pnewsome@unigestion.com HTTP/1.1" 200 55 "-" "Mozilla/4.0 (compatible; MSIE 6.0; Windows NT 5.2; SV1; .NET CLR 1.1.4322)"
62.99.203.98 - - [06/Mar/2007:12:38:52 +0000] "GET /oempro/read.php?EncryptedMemberID=Mzk2MQ%3D%3D&CampaignID=79&CampaignStatisticsID=45&Demo=0&Email=yong.schattner-zhu@assetallocation.at HTTP/1.0" 200 43 "-" "Mozilla/4.0 (compatible; MSIE 6.0; Windows NT 5.0)"
84.49.8.91 - - [06/Mar/2007:12:39:14 +0000] "GET /oempro/read.php?EncryptedMemberID=MjM3MA%3D%3D&CampaignID=79&CampaignStatisticsID=45&Demo=0&Email=hans@fcapital.no HTTP/1.1" 200 55 "-" "Mozilla/4.0 (compatible; MSIE 6.0; Windows NT 5.1; SV1; .NET CLR 1.1.4322)"
84.49.8.91 - - [06/Mar/2007:12:39:14 +0000] "GET /oempro/read.php?EncryptedMemberID=MjM3MA%3D%3D&CampaignID=79&CampaignStatisticsID=45&Demo=0&Email=hans@fcapital.no HTTP/1.1" 200 55 "-" "Mozilla/4.0 (compatible; MSIE 6.0; Windows NT 5.1; SV1; .NET CLR 1.1.4322)"
84.49.8.91 - - [06/Mar/2007:12:40:45 +0000] "GET /oempro/read.php?EncryptedMemberID=MjM3MA%3D%3D&CampaignID=79&CampaignStatisticsID=45&Demo=0&Email=hans@fcapital.no HTTP/1.1" 200 55 "-" "Mozilla/4.0 (compatible; MSIE 6.0; Windows NT 5.1; SV1; .NET CLR 1.1.4322; .NET CLR 3.0.04506.30)"
84.49.8.91 - - [06/Mar/2007:12:44:47 +0000] "GET /oempro/read.php?EncryptedMemberID=MjM3MA%3D%3D&CampaignID=79&CampaignStatisticsID=45&Demo=0&Email=hans@fcapital.no HTTP/1.1" 200 55 "-" "Mozilla/4.0 (compatible; MSIE 7.0; Windows NT 5.1; .NET CLR 1.1.4322)"
209.27.63.170 - - [06/Mar/2007:12:45:12 +0000] "GET /oempro/read.php?EncryptedMemberID=MjQwMA%3D%3D&CampaignID=79&CampaignStatisticsID=45&Demo=0&Email=henry.smith@maplesandcalder.com HTTP/1.0" 200 43 "-" "Mozilla/4.0 (compatible; MSIE 6.0; Windows NT 5.0; .NET CLR 1.1.4322)"
135.196.48.86 - - [06/Mar/2007:12:46:45 +0000] "GET /oempro/read.php?EncryptedMemberID=MTk3OA%3D%3D&CampaignID=79&CampaignStatisticsID=45&Demo=0&Email=david.alexander@ironbridgecp.com HTTP/1.1" 200 55 "-" "Mozilla/4.0 (compatible; MSIE 7.0; Windows NT 5.1; .NET CLR 1.1.4322)"
135.196.48.86 - - [06/Mar/2007:12:46:45 +0000] "GET /oempro/read.php?EncryptedMemberID=MTk3OA%3D%3D&CampaignID=79&CampaignStatisticsID=45&Demo=0&Email=david.alexander@ironbridgecp.com HTTP/1.1" 200 55 "-" "Mozilla/4.0 (compatible; MSIE 7.0; Windows NT 5.1; .NET CLR 1.1.4322)"
195.65.220.34 - - [06/Mar/2007:12:46:56 +0000] "GET /oempro/read.php?EncryptedMemberID=MzI4Nw%3D%3D&CampaignID=79&CampaignStatisticsID=45&Demo=0&Email=pnewsome@unigestion.com HTTP/1.1" 200 55 "-" "Mozilla/4.0 (compatible; MSIE 6.0; Windows NT 5.2; SV1; .NET CLR 1.1.4322)"
135.196.48.86 - - [06/Mar/2007:12:47:27 +0000] "GET /oempro/read.php?EncryptedMemberID=MTk3OA%3D%3D&CampaignID=79&CampaignStatisticsID=45&Demo=0&Email=david.alexander@ironbridgecp.com HTTP/1.1" 200 55 "-" "Mozilla/4.0 (compatible; MSIE 7.0; Windows NT 5.1; .NET CLR 1.1.4322)"
135.196.48.86 - - [06/Mar/2007:12:47:28 +0000] "GET /oempro/read.php?EncryptedMemberID=MTk3OA%3D%3D&CampaignID=79&CampaignStatisticsID=45&Demo=0&Email=david.alexander@ironbridgecp.com HTTP/1.1" 200 55 "-" "Mozilla/4.0 (compatible; MSIE 7.0; Windows NT 5.1; .NET CLR 1.1.4322)"
135.196.48.86 - - [06/Mar/2007:12:49:30 +0000] "GET /oempro/read.php?EncryptedMemberID=MTk3OA%3D%3D&CampaignID=79&CampaignStatisticsID=45&Demo=0&Email=david.alexander@ironbridgecp.com HTTP/1.1" 200 55 "-" "Mozilla/4.0 (compatible; MSIE 7.0; Windows NT 5.1; .NET CLR 1.1.4322)"
63.94.95.45 - - [06/Mar/2007:12:49:54 +0000] "GET /oempro/read.php?EncryptedMemberID=MzU1OQ%3D%3D&CampaignID=79&CampaignStatisticsID=45&Demo=0&Email=sgreenhaus@whippoorwillassociates.com HTTP/1.1" 200 55 "-" "Mozilla/4.0 (compatible; MSIE 6.0; Windows NT 5.0; Creative; .NET CLR 1.1.4322; .NET CLR 2.0.50727)"
194.209.42.83 - - [06/Mar/2007:12:53:04 +0000] "GET /oempro/read.php?EncryptedMemberID=Mzc3Ng%3D%3D&CampaignID=79&CampaignStatisticsID=45&Demo=0&Email=tim.creed@adveq.com HTTP/1.1" 200 55 "-" "Mozilla/4.0 (compatible; MSIE 6.0; Windows NT 5.2; SV1; .NET CLR 1.1.4322; InfoPath.1; .NET CLR 2.0.50727)"
81.86.65.21 - - [06/Mar/2007:12:54:09 +0000] "GET /oempro/read.php?EncryptedMemberID=MTQ3OA%3D%3D&CampaignID=72&CampaignStatisticsID=&Demo=1&Email=richard_baker@mlc.com.au HTTP/1.1" 200 55 "-" "Mozilla/4.0 (compatible; MSIE 7.0; Windows NT 5.1)"
81.86.65.21 - - [06/Mar/2007:12:54:10 +0000] "GET /oempro/read.php?EncryptedMemberID=NDAyNA%3D%3D&CampaignID=77&CampaignStatisticsID=43&Demo=0&Email=marie@som-cap.com HTTP/1.1" 200 55 "-" "Mozilla/4.0 (compatible; MSIE 7.0; Windows NT 5.1)"
81.86.65.21 - - [06/Mar/2007:12:54:10 +0000] "GET /oempro/read.php?EncryptedMemberID=MTQ3OA%3D%3D&CampaignID=72&CampaignStatisticsID=&Demo=1&Email=richard_baker@mlc.com.au HTTP/1.1" 200 55 "-" "Mozilla/4.0 (compatible; MSIE 7.0; Windows NT 5.1)"
194.209.42.83 - - [06/Mar/2007:12:56:23 +0000] "GET /oempro/read.php?EncryptedMemberID=Mzc3Ng%3D%3D&CampaignID=79&CampaignStatisticsID=45&Demo=0&Email=tim.creed@adveq.com HTTP/1.1" 200 55 "-" "Mozilla/4.0 (compatible; MSIE 6.0; Windows NT 5.2; SV1; .NET CLR 1.1.4322; InfoPath.1; .NET CLR 2.0.50727)"
209.27.63.170 - - [06/Mar/2007:12:56:38 +0000] "GET /oempro/read.php?EncryptedMemberID=MjQwMA%3D%3D&CampaignID=79&CampaignStatisticsID=45&Demo=0&Email=henry.smith@maplesandcalder.com HTTP/1.0" 200 43 "-" "Mozilla/4.0 (compatible; MSIE 6.0; Windows NT 5.0; .NET CLR 1.1.4322)"
209.27.63.170 - - [06/Mar/2007:12:56:38 +0000] "GET /oempro/read.php?EncryptedMemberID=MjQwMA%3D%3D&CampaignID=79&CampaignStatisticsID=45&Demo=0&Email=henry.smith@maplesandcalder.com HTTP/1.0" 200 43 "-" "Mozilla/4.0 (compatible; MSIE 6.0; Windows NT 5.0; .NET CLR 1.1.4322)"
209.27.63.170 - - [06/Mar/2007:12:57:18 +0000] "GET /oempro/read.php?EncryptedMemberID=MjQwMA%3D%3D&CampaignID=79&CampaignStatisticsID=45&Demo=0&Email=henry.smith@maplesandcalder.com HTTP/1.0" 200 43 "-" "Mozilla/4.0 (compatible; MSIE 6.0; Windows NT 5.0; .NET CLR 1.1.4322)"
145.221.24.8 - - [06/Mar/2007:12:58:07 +0000] "GET /oempro/read.php?EncryptedMemberID=Mzc1Ng%3D%3D&CampaignID=79&CampaignStatisticsID=45&Demo=0&Email=thea.ruijtenschildt@ing.com HTTP/1.1" 200 55 "-" "Mozilla/4.0 (compatible; MSIE 6.0; Windows NT 5.1; .NET CLR 1.1.4322)"
145.221.24.8 - - [06/Mar/2007:12:58:52 +0000] "GET /oempro/read.php?EncryptedMemberID=Mzc1Ng%3D%3D&CampaignID=79&CampaignStatisticsID=45&Demo=0&Email=thea.ruijtenschildt@ing.com HTTP/1.1" 200 55 "-" "Mozilla/4.0 (compatible; MSIE 6.0; Windows NT 5.1; .NET CLR 1.1.4322)"
213.185.165.40 - - [06/Mar/2007:12:59:10 +0000] "GET /oempro/read.php?EncryptedMemberID=Mjc4MQ%3D%3D&CampaignID=79&CampaignStatisticsID=45&Demo=0&Email=lang@rcb.at HTTP/1.0" 200 43 "-" "Mozilla/4.0 (compatible; MSIE 6.0; Windows NT 5.1; SV1; .NET CLR 1.1.4322; InfoPath.1; .NET CLR 2.0.50727; .NET CLR 3.0.04506.30)"
212.72.26.42 - - [06/Mar/2007:13:00:41 +0000] "GET /oempro/read.php?EncryptedMemberID=Mjg1OA%3D%3D&CampaignID=79&CampaignStatisticsID=45&Demo=0&Email=mackaykm@sgrf.gov.om HTTP/1.1" 200 55 "-" "Mozilla/4.0 (compatible; MSIE 6.0; Windows NT 5.1; SV1; .NET CLR 1.1.4322)"
212.72.26.42 - - [06/Mar/2007:13:00:42 +0000] "GET /oempro/read.php?EncryptedMemberID=Mjg1OA%3D%3D&CampaignID=79&CampaignStatisticsID=45&Demo=0&Email=mackaykm@sgrf.gov.om HTTP/1.1" 200 55 "-" "Mozilla/4.0 (compatible; MSIE 6.0; Windows NT 5.1; SV1; .NET CLR 1.1.4322)"
212.72.26.42 - - [06/Mar/2007:13:00:46 +0000] "GET /oempro/read.php?EncryptedMemberID=Mjg1OA%3D%3D&CampaignID=79&CampaignStatisticsID=45&Demo=0&Email=mackaykm@sgrf.gov.om HTTP/1.1" 200 55 "-" "Mozilla/4.0 (compatible; MSIE 6.0; Windows NT 5.1; SV1; .NET CLR 1.1.4322)"
212.72.26.42 - - [06/Mar/2007:13:00:46 +0000] "GET /oempro/read.php?EncryptedMemberID=Mjg1OA%3D%3D&CampaignID=79&CampaignStatisticsID=45&Demo=0&Email=mackaykm@sgrf.gov.om HTTP/1.1" 200 55 "-" "Mozilla/4.0 (compatible; MSIE 6.0; Windows NT 5.1; SV1; .NET CLR 1.1.4322)"
195.95.137.6 - - [06/Mar/2007:13:01:53 +0000] "GET /oempro/read.php?EncryptedMemberID=MTczMA%3D%3D&CampaignID=79&CampaignStatisticsID=45&Demo=0&Email=berthold.garbas@wwasset.de HTTP/1.1" 200 55 "-" "Mozilla/4.0 (compatible; MSIE 6.0; Windows NT 5.1; SV1; .NET CLR 1.1.4322; .NET CLR 1.0.3705; .NET CLR 2.0.50727)"
212.72.26.42 - - [06/Mar/2007:13:01:56 +0000] "GET /oempro/read.php?EncryptedMemberID=Mjg1OA%3D%3D&CampaignID=79&CampaignStatisticsID=45&Demo=0&Email=mackaykm@sgrf.gov.om HTTP/1.1" 200 55 "-" "Mozilla/4.0 (compatible; MSIE 6.0; Windows NT 5.1; SV1; .NET CLR 1.1.4322)"
212.72.26.42 - - [06/Mar/2007:13:01:57 +0000] "GET /oempro/read.php?EncryptedMemberID=Mjg1OA%3D%3D&CampaignID=79&CampaignStatisticsID=45&Demo=0&Email=mackaykm@sgrf.gov.om HTTP/1.1" 200 55 "-" "Mozilla/4.0 (compatible; MSIE 6.0; Windows NT 5.1; SV1; .NET CLR 1.1.4322)"
209.27.63.170 - - [06/Mar/2007:13:02:14 +0000] "GET /oempro/read.php?EncryptedMemberID=MjQwMA%3D%3D&CampaignID=79&CampaignStatisticsID=45&Demo=0&Email=henry.smith@maplesandcalder.com HTTP/1.0" 200 43 "-" "Mozilla/4.0 (compatible; MSIE 6.0; Windows NT 5.0; .NET CLR 1.1.4322)"
209.27.63.170 - - [06/Mar/2007:13:02:23 +0000] "GET /oempro/read.php?EncryptedMemberID=MjQwMA%3D%3D&CampaignID=79&CampaignStatisticsID=45&Demo=0&Email=henry.smith@maplesandcalder.com HTTP/1.0" 200 43 "-" "Mozilla/4.0 (compatible; MSIE 6.0; Windows NT 5.0; .NET CLR 1.1.4322)"
195.95.137.6 - - [06/Mar/2007:13:02:37 +0000] "GET /oempro/read.php?EncryptedMemberID=MTczMA%3D%3D&CampaignID=79&CampaignStatisticsID=45&Demo=0&Email=berthold.garbas@wwasset.de HTTP/1.1" 200 55 "-" "Mozilla/4.0 (compatible; MSIE 6.0; Windows NT 5.1; SV1; .NET CLR 1.1.4322; .NET CLR 1.0.3705; .NET CLR 2.0.50727)"
194.209.42.83 - - [06/Mar/2007:13:03:10 +0000] "GET /oempro/read.php?EncryptedMemberID=Mzc3Ng%3D%3D&CampaignID=79&CampaignStatisticsID=45&Demo=0&Email=tim.creed@adveq.com HTTP/1.1" 200 55 "-" "Mozilla/4.0 (compatible; MSIE 6.0; Windows NT 5.2; SV1; .NET CLR 1.1.4322; InfoPath.1; .NET CLR 2.0.50727)"
194.7.114.2 - - [06/Mar/2007:13:03:21 +0000] "GET /oempro/read.php?EncryptedMemberID=MTc3OQ%3D%3D&CampaignID=79&CampaignStatisticsID=45&Demo=0&Email=brigitte.boone@fortisbank.com HTTP/1.1" 200 55 "-" "Mozilla/4.0 (compatible; MSIE 6.0; Windows NT 5.1; .NET CLR 1.1.4322)"
194.7.114.2 - - [06/Mar/2007:13:03:21 +0000] "GET /oempro/read.php?EncryptedMemberID=MTc3OQ%3D%3D&CampaignID=79&CampaignStatisticsID=45&Demo=0&Email=brigitte.boone@fortisbank.com HTTP/1.1" 200 55 "-" "Mozilla/4.0 (compatible; MSIE 6.0; Windows NT 5.1; .NET CLR 1.1.4322)"
194.7.114.2 - - [06/Mar/2007:13:03:22 +0000] "GET /oempro/read.php?EncryptedMemberID=MTc3OQ%3D%3D&CampaignID=79&CampaignStatisticsID=45&Demo=0&Email=brigitte.boone@fortisbank.com HTTP/1.1" 200 55 "-" "Mozilla/4.0 (compatible; MSIE 6.0; Windows NT 5.1; .NET CLR 1.1.4322)"
81.133.101.67 - - [06/Mar/2007:13:07:36 +0000] "GET /oempro/link.php?URL=aHR0cDovL3d3dy5zb20tY2FwLmNvbS9vZW1wcm8vbGluay5waHA%2FVVJMPWFIUjBjRG92TDNkM2R5NXpiMjB0WTJGd0xtTnZiUzlrWVhSaExtaDBiUT09JmFtcDtOYW1lPSZhbXA7RW5jcnlwdGVkTWVtYmVySUQ9TkRBeU5BPT0mYW1wO0NhbXBhaWduSUQ9NzcmYW1wO0NhbXBhaWduU3RhdGlzdGljc0lEPTQzJmFtcDtEZW1vPTAmYW1wO0VtYWlsPW1hcmllQHNvbS1jYXAuY29t&Name=&EncryptedMemberID=MTUwNQ%3D%3D&CampaignID=79&CampaignStatisticsID=45&Demo=0&Email=ac@northgatecapital.com HTTP/1.1" 302 5 "-" "Mozilla/4.0 (compatible; MSIE 6.0; Windows NT 5.1; SV1; .NET CLR 1.1.4322)"
81.133.101.67 - - [06/Mar/2007:13:07:36 +0000] "GET /oempro/link.php?URL=aHR0cDovL3d3dy5zb20tY2FwLmNvbS9kYXRhLmh0bQ==&Name=&EncryptedMemberID=NDAyNA==&CampaignID=77&CampaignStatisticsID=43&Demo=0&Email=marie@som-cap.com HTTP/1.1" 302 5 "-" "Mozilla/4.0 (compatible; MSIE 6.0; Windows NT 5.1; SV1; .NET CLR 1.1.4322)"
81.133.101.67 - - [06/Mar/2007:13:07:36 +0000] "GET /data.htm HTTP/1.1" 200 6628 "-" "Mozilla/4.0 (compatible; MSIE 6.0; Windows NT 5.1; SV1; .NET CLR 1.1.4322)"
81.133.101.67 - - [06/Mar/2007:13:07:36 +0000] "GET /styles.css HTTP/1.1" 304 - "http://www.som-cap.com/data.htm" "Mozilla/4.0 (compatible; MSIE 6.0; Windows NT 5.1; SV1; .NET CLR 1.1.4322)"
81.133.101.67 - - [06/Mar/2007:13:07:36 +0000] "GET /images/inbg.jpg HTTP/1.1" 200 32265 "http://www.som-cap.com/data.htm" "Mozilla/4.0 (compatible; MSIE 6.0; Windows NT 5.1; SV1; .NET CLR 1.1.4322)"
81.133.101.67 - - [06/Mar/2007:13:07:36 +0000] "GET /images/logo.gif HTTP/1.1" 304 - "http://www.som-cap.com/data.htm" "Mozilla/4.0 (compatible; MSIE 6.0; Windows NT 5.1; SV1; .NET CLR 1.1.4322)"
81.178.3.31 - - [06/Mar/2007:13:07:43 +0000] "GET /oempro/read.php?EncryptedMemberID=MzE5Mw%3D%3D&CampaignID=79&CampaignStatisticsID=45&Demo=0&Email=paul.pizzala@heartwoodwealth.com HTTP/1.1" 200 55 "-" "Mozilla/4.0 (compatible; MSIE 6.0; Windows NT 5.1; SV1; .NET CLR 1.1.4322; InfoPath.1; .NET CLR 2.0.50727)"
81.133.101.67 - - [06/Mar/2007:13:08:12 +0000] "GET /oempro/read.php?EncryptedMemberID=MTUwNQ%3D%3D&CampaignID=79&CampaignStatisticsID=45&Demo=0&Email=ac@northgatecapital.com HTTP/1.1" 200 55 "-" "Mozilla/4.0 (compatible; MSIE 6.0; Windows NT 5.1; SV1; .NET CLR 1.1.4322)"
81.133.101.67 - - [06/Mar/2007:13:08:12 +0000] "GET /oempro/read.php?EncryptedMemberID=MTUwNQ%3D%3D&CampaignID=79&CampaignStatisticsID=45&Demo=0&Email=ac@northgatecapital.com HTTP/1.1" 200 55 "-" "Mozilla/4.0 (compatible; MSIE 6.0; Windows NT 5.1; SV1; .NET CLR 1.1.4322)"
81.133.101.67 - - [06/Mar/2007:13:08:48 +0000] "GET /oempro/read.php?EncryptedMemberID=MTUwNQ%3D%3D&CampaignID=79&CampaignStatisticsID=45&Demo=0&Email=ac@northgatecapital.com HTTP/1.1" 200 55 "-" "Mozilla/4.0 (compatible; MSIE 7.0; Windows NT 5.1; .NET CLR 1.1.4322)"
81.133.101.67 - - [06/Mar/2007:13:08:58 +0000] "GET /oempro/read.php?EncryptedMemberID=MTUwNQ%3D%3D&CampaignID=79&CampaignStatisticsID=45&Demo=0&Email=ac@northgatecapital.com HTTP/1.1" 200 55 "-" "Mozilla/4.0 (compatible; MSIE 7.0; Windows NT 5.1; .NET CLR 1.1.4322)"
81.133.101.67 - - [06/Mar/2007:13:09:01 +0000] "GET /oempro/read.php?EncryptedMemberID=MTUwNQ%3D%3D&CampaignID=79&CampaignStatisticsID=45&Demo=0&Email=ac@northgatecapital.com HTTP/1.1" 200 55 "-" "Mozilla/4.0 (compatible; MSIE 7.0; Windows NT 5.1; .NET CLR 1.1.4322)"
195.95.137.6 - - [06/Mar/2007:13:09:33 +0000] "GET /oempro/read.php?EncryptedMemberID=MTczMA%3D%3D&CampaignID=79&CampaignStatisticsID=45&Demo=0&Email=berthold.garbas@wwasset.de HTTP/1.1" 200 55 "-" "Mozilla/4.0 (compatible; MSIE 6.0; Windows NT 5.1; SV1; .NET CLR 1.1.4322; .NET CLR 1.0.3705; .NET CLR 2.0.50727)"
81.133.101.67 - - [06/Mar/2007:13:10:46 +0000] "GET /oempro/read.php?EncryptedMemberID=MTUwNQ%3D%3D&CampaignID=79&CampaignStatisticsID=45&Demo=0&Email=ac@northgatecapital.com HTTP/1.1" 200 55 "-" "Mozilla/4.0 (compatible; MSIE 7.0; Windows NT 5.1; .NET CLR 1.1.4322)"
64.52.113.203 - - [06/Mar/2007:13:12:54 +0000] "GET /oempro/read.php?EncryptedMemberID=MjY0OA%3D%3D&CampaignID=79&CampaignStatisticsID=45&Demo=0&Email=joshua@747capital.com HTTP/1.1" 200 55 "-" "Mozilla/4.0 (compatible; MSIE 6.0; Windows NT 5.1; SV1; (R1 1.5); .NET CLR 1.1.4322)"
