192.44.63.162 - - [06/Mar/2007:08:55:27 +0000] "GET /styles.css HTTP/1.1" 200 497 "http://www.som-cap.com/data.htm" "Mozilla/4.0 (compatible; MSIE 6.0; Windows NT 5.1; SV1; .NET CLR 1.1.4322; InfoPath.1)"
192.44.63.162 - - [06/Mar/2007:08:55:27 +0000] "GET /images/inbg.jpg HTTP/1.1" 200 32265 "http://www.som-cap.com/data.htm" "Mozilla/4.0 (compatible; MSIE 6.0; Windows NT 5.1; SV1; .NET CLR 1.1.4322; InfoPath.1)"
192.44.63.162 - - [06/Mar/2007:08:55:27 +0000] "GET /images/logo.gif HTTP/1.1" 200 1574 "http://www.som-cap.com/data.htm" "Mozilla/4.0 (compatible; MSIE 6.0; Windows NT 5.1; SV1; .NET CLR 1.1.4322; InfoPath.1)"
192.44.63.162 - - [06/Mar/2007:08:55:31 +0000] "GET /images/06%20H1%20Report.pdf HTTP/1.1" 200 41233 "http://www.som-cap.com/data.htm" "Mozilla/4.0 (compatible; MSIE 6.0; Windows NT 5.1; SV1; .NET CLR 1.1.4322; InfoPath.1)"
85.133.32.138 - - [06/Mar/2007:08:55:51 +0000] "GET /oempro/read.php?EncryptedMemberID=MzkxMw%3D%3D&CampaignID=79&CampaignStatisticsID=45&Demo=0&Email=wh@mvision.com HTTP/1.1" 200 55 "-" "Mozilla/4.0 (compatible; MSIE 6.0; Windows NT 5.2; SV1; .NET CLR 1.1.4322; InfoPath.1; .NET CLR 2.0.50727)"
194.209.42.83 - - [06/Mar/2007:08:55:52 +0000] "GET /oempro/read.php?EncryptedMemberID=MjI1NA%3D%3D&CampaignID=79&CampaignStatisticsID=45&Demo=0&Email=gaia.arnaboldi@adveq.com HTTP/1.1" 200 55 "-" "Mozilla/4.0 (compatible; MSIE 6.0; Windows NT 5.2; SV1; .NET CLR 1.1.4322; InfoPath.1; .NET CLR 2.0.50727)"
85.133.32.138 - - [06/Mar/2007:08:55:54 +0000] "GET /oempro/read.php?EncryptedMemberID=MzkxMw%3D%3D&CampaignID=79&CampaignStatisticsID=45&Demo=0&Email=wh@mvision.com HTTP/1.1" 200 55 "-" "Mozilla/4.0 (compatible; MSIE 6.0; Windows NT 5.2; SV1; .NET CLR 1.1.4322; InfoPath.1; .NET CLR 2.0.50727)"
85.133.32.138 - - [06/Mar/2007:08:56:05 +0000] "GET /oempro/read.php?EncryptedMemberID=MzkxMw%3D%3D&CampaignID=79&CampaignStatisticsID=45&Demo=0&Email=wh@mvision.com HTTP/1.1" 200 55 "-" "Mozilla/4.0 (compatible; MSIE 6.0; Windows NT 5.2; SV1; .NET CLR 1.1.4322; InfoPath.1; .NET CLR 2.0.50727)"
80.84.166.230 - - [06/Mar/2007:08:56:20 +0000] "GET /oempro/read.php?EncryptedMemberID=MTQ4Mw%3D%3D&CampaignID=79&CampaignStatisticsID=45&Demo=0&Email=a.djanoeff@balmoralcapital.com HTTP/1.1" 200 55 "-" "Mozilla/4.0 (compatible; MSIE 7.0; Windows NT 5.1; .NET CLR 1.1.4322; IEMB3; IEMB3)"
85.133.32.138 - - [06/Mar/2007:08:56:22 +0000] "GET /oempro/read.php?EncryptedMemberID=MzkxMw%3D%3D&CampaignID=79&CampaignStatisticsID=45&Demo=0&Email=wh@mvision.com HTTP/1.1" 200 55 "-" "Mozilla/4.0 (compatible; MSIE 6.0; Windows NT 5.2; SV1; .NET CLR 1.1.4322; InfoPath.1; .NET CLR 2.0.50727)"
85.133.32.138 - - [06/Mar/2007:08:56:27 +0000] "GET /oempro/link.php?URL=aHR0cDovL3d3dy5zb20tY2FwLmNvbS9vZW1wcm8vbGluay5waHA%2FVVJMPWFIUjBjRG92TDNkM2R5NXpiMjB0WTJGd0xtTnZiUzg9JmFtcDtOYW1lPSZhbXA7RW5jcnlwdGVkTWVtYmVySUQ9TkRBeU5BPT0mYW1wO0NhbXBhaWduSUQ9NzcmYW1wO0NhbXBhaWduU3RhdGlzdGljc0lEPTQzJmFtcDtEZW1vPTAmYW1wO0VtYWlsPW1hcmllQHNvbS1jYXAuY29t&Name=&EncryptedMemberID=MzkxMw%3D%3D&CampaignID=79&CampaignStatisticsID=45&Demo=0&Email=wh@mvision.com HTTP/1.1" 302 5 "-" "Mozilla/4.0 (compatible; MSIE 6.0; Windows NT 5.2; SV1; .NET CLR 1.1.4322; InfoPath.1; .NET CLR 2.0.50727)"
85.133.32.138 - - [06/Mar/2007:08:56:27 +0000] "GET /oempro/read.php?EncryptedMemberID=MzkxMw%3D%3D&CampaignID=79&CampaignStatisticsID=45&Demo=0&Email=wh@mvision.com HTTP/1.1" 200 55 "-" "Mozilla/4.0 (compatible; MSIE 6.0; Windows NT 5.2; SV1; .NET CLR 1.1.4322; InfoPath.1; .NET CLR 2.0.50727)"
85.133.32.138 - - [06/Mar/2007:08:56:27 +0000] "GET /oempro/link.php?URL=aHR0cDovL3d3dy5zb20tY2FwLmNvbS8=&Name=&EncryptedMemberID=NDAyNA==&CampaignID=77&CampaignStatisticsID=43&Demo=0&Email=marie@som-cap.com HTTP/1.1" 302 5 "-" "Mozilla/4.0 (compatible; MSIE 6.0; Windows NT 5.2; SV1; .NET CLR 1.1.4322; InfoPath.1; .NET CLR 2.0.50727)"
85.133.32.138 - - [06/Mar/2007:08:56:27 +0000] "GET / HTTP/1.1" 200 3426 "-" "Mozilla/4.0 (compatible; MSIE 6.0; Windows NT 5.2; SV1; .NET CLR 1.1.4322; InfoPath.1; .NET CLR 2.0.50727)"
85.133.32.138 - - [06/Mar/2007:08:56:27 +0000] "GET /styles.css HTTP/1.1" 200 497 "http://www.som-cap.com/" "Mozilla/4.0 (compatible; MSIE 6.0; Windows NT 5.2; SV1; .NET CLR 1.1.4322; InfoPath.1; .NET CLR 2.0.50727)"
85.133.32.138 - - [06/Mar/2007:08:56:27 +0000] "GET /images/inbg.jpg HTTP/1.1" 200 32265 "http://www.som-cap.com/" "Mozilla/4.0 (compatible; MSIE 6.0; Windows NT 5.2; SV1; .NET CLR 1.1.4322; InfoPath.1; .NET CLR 2.0.50727)"
85.133.32.138 - - [06/Mar/2007:08:56:27 +0000] "GET /images/logo.gif HTTP/1.1" 200 1574 "http://www.som-cap.com/" "Mozilla/4.0 (compatible; MSIE 6.0; Windows NT 5.2; SV1; .NET CLR 1.1.4322; InfoPath.1; .NET CLR 2.0.50727)"
85.133.32.138 - - [06/Mar/2007:08:56:32 +0000] "GET /oempro/read.php?EncryptedMemberID=MzkxMw%3D%3D&CampaignID=79&CampaignStatisticsID=45&Demo=0&Email=wh@mvision.com HTTP/1.1" 200 55 "-" "Mozilla/4.0 (compatible; MSIE 6.0; Windows NT 5.2; SV1; .NET CLR 1.1.4322; InfoPath.1; .NET CLR 2.0.50727)"
85.133.32.138 - - [06/Mar/2007:08:56:34 +0000] "GET /background.htm HTTP/1.1" 200 4144 "http://www.som-cap.com/" "Mozilla/4.0 (compatible; MSIE 6.0; Windows NT 5.2; SV1; .NET CLR 1.1.4322; InfoPath.1; .NET CLR 2.0.50727)"
85.133.32.138 - - [06/Mar/2007:08:56:37 +0000] "GET /biography.htm HTTP/1.1" 200 4087 "http://www.som-cap.com/background.htm" "Mozilla/4.0 (compatible; MSIE 6.0; Windows NT 5.2; SV1; .NET CLR 1.1.4322; InfoPath.1; .NET CLR 2.0.50727)"
85.133.32.138 - - [06/Mar/2007:08:56:37 +0000] "GET /images/James%20Miller-2.jpg HTTP/1.1" 200 7075 "http://www.som-cap.com/biography.htm" "Mozilla/4.0 (compatible; MSIE 6.0; Windows NT 5.2; SV1; .NET CLR 1.1.4322; InfoPath.1; .NET CLR 2.0.50727)"
192.44.63.162 - - [06/Mar/2007:08:56:42 +0000] "GET /favicon.ico HTTP/1.1" 404 657 "-" "Mozilla/4.0 (compatible; MSIE 6.0; Windows NT 5.1; SV1; .NET CLR 1.1.4322; InfoPath.1)"
194.209.42.83 - - [06/Mar/2007:08:56:43 +0000] "GET /oempro/read.php?EncryptedMemberID=MjI1NA%3D%3D&CampaignID=79&CampaignStatisticsID=45&Demo=0&Email=gaia.arnaboldi@adveq.com HTTP/1.1" 200 55 "-" "Mozilla/4.0 (compatible; MSIE 6.0; Windows NT 5.2; SV1; .NET CLR 1.1.4322; InfoPath.1; .NET CLR 2.0.50727)"
192.44.63.162 - - [06/Mar/2007:08:56:52 +0000] "GET /trackrecord.htm HTTP/1.1" 200 4429 "http://www.som-cap.com/data.htm" "Mozilla/4.0 (compatible; MSIE 6.0; Windows NT 5.1; SV1; .NET CLR 1.1.4322; InfoPath.1)"
192.44.63.162 - - [06/Mar/2007:08:56:52 +0000] "GET /images/6pic.gif HTTP/1.1" 200 9094 "http://www.som-cap.com/trackrecord.htm" "Mozilla/4.0 (compatible; MSIE 6.0; Windows NT 5.1; SV1; .NET CLR 1.1.4322; InfoPath.1)"
192.44.63.162 - - [06/Mar/2007:08:56:53 +0000] "GET /images/5pic.gif HTTP/1.1" 200 9274 "http://www.som-cap.com/trackrecord.htm" "Mozilla/4.0 (compatible; MSIE 6.0; Windows NT 5.1; SV1; .NET CLR 1.1.4322; InfoPath.1)"
192.44.63.162 - - [06/Mar/2007:08:56:53 +0000] "GET /images/3pic.gif HTTP/1.1" 200 10964 "http://www.som-cap.com/trackrecord.htm" "Mozilla/4.0 (compatible; MSIE 6.0; Windows NT 5.1; SV1; .NET CLR 1.1.4322; InfoPath.1)"
192.44.63.162 - - [06/Mar/2007:08:56:53 +0000] "GET /images/4pic.gif HTTP/1.1" 200 10003 "http://www.som-cap.com/trackrecord.htm" "Mozilla/4.0 (compatible; MSIE 6.0; Windows NT 5.1; SV1; .NET CLR 1.1.4322; InfoPath.1)"
192.44.63.162 - - [06/Mar/2007:08:56:53 +0000] "GET /images/2pic.gif HTTP/1.1" 200 10701 "http://www.som-cap.com/trackrecord.htm" "Mozilla/4.0 (compatible; MSIE 6.0; Windows NT 5.1; SV1; .NET CLR 1.1.4322; InfoPath.1)"
192.44.63.162 - - [06/Mar/2007:08:56:53 +0000] "GET /images/1pic.gif HTTP/1.1" 200 12857 "http://www.som-cap.com/trackrecord.htm" "Mozilla/4.0 (compatible; MSIE 6.0; Windows NT 5.1; SV1; .NET CLR 1.1.4322; InfoPath.1)"
194.209.42.83 - - [06/Mar/2007:08:57:00 +0000] "GET /oempro/read.php?EncryptedMemberID=MjI1NA%3D%3D&CampaignID=79&CampaignStatisticsID=45&Demo=0&Email=gaia.arnaboldi@adveq.com HTTP/1.1" 200 55 "-" "Mozilla/4.0 (compatible; MSIE 6.0; Windows NT 5.2; SV1; .NET CLR 1.1.4322; InfoPath.1; .NET CLR 2.0.50727)"
85.133.32.138 - - [06/Mar/2007:08:57:02 +0000] "GET /oempro/read.php?EncryptedMemberID=MzkxMw%3D%3D&CampaignID=79&CampaignStatisticsID=45&Demo=0&Email=wh@mvision.com HTTP/1.1" 200 55 "-" "Mozilla/4.0 (compatible; MSIE 6.0; Windows NT 5.2; SV1; .NET CLR 1.1.4322; InfoPath.1; .NET CLR 2.0.50727)"
194.209.42.83 - - [06/Mar/2007:08:57:03 +0000] "GET /oempro/read.php?EncryptedMemberID=Mzc3Ng%3D%3D&CampaignID=79&CampaignStatisticsID=45&Demo=0&Email=tim.creed@adveq.com HTTP/1.1" 200 55 "-" "Mozilla/4.0 (compatible; MSIE 6.0; Windows NT 5.2; SV1; .NET CLR 1.1.4322; InfoPath.1; .NET CLR 2.0.50727)"
85.133.32.138 - - [06/Mar/2007:08:57:07 +0000] "GET /oempro/read.php?EncryptedMemberID=MzkxMw%3D%3D&CampaignID=79&CampaignStatisticsID=45&Demo=0&Email=wh@mvision.com HTTP/1.1" 200 55 "-" "Mozilla/4.0 (compatible; MSIE 6.0; Windows NT 5.2; SV1; .NET CLR 1.1.4322; InfoPath.1; .NET CLR 2.0.50727)"
85.133.32.138 - - [06/Mar/2007:08:57:09 +0000] "GET /trackrecord.htm HTTP/1.1" 200 4429 "http://www.som-cap.com/biography.htm" "Mozilla/4.0 (compatible; MSIE 6.0; Windows NT 5.2; SV1; .NET CLR 1.1.4322; InfoPath.1; .NET CLR 2.0.50727)"
85.133.32.138 - - [06/Mar/2007:08:57:09 +0000] "GET /images/6pic.gif HTTP/1.1" 200 9094 "http://www.som-cap.com/trackrecord.htm" "Mozilla/4.0 (compatible; MSIE 6.0; Windows NT 5.2; SV1; .NET CLR 1.1.4322; InfoPath.1; .NET CLR 2.0.50727)"
85.133.32.138 - - [06/Mar/2007:08:57:09 +0000] "GET /images/5pic.gif HTTP/1.1" 200 9274 "http://www.som-cap.com/trackrecord.htm" "Mozilla/4.0 (compatible; MSIE 6.0; Windows NT 5.2; SV1; .NET CLR 1.1.4322; InfoPath.1; .NET CLR 2.0.50727)"
85.133.32.138 - - [06/Mar/2007:08:57:09 +0000] "GET /images/4pic.gif HTTP/1.1" 200 10003 "http://www.som-cap.com/trackrecord.htm" "Mozilla/4.0 (compatible; MSIE 6.0; Windows NT 5.2; SV1; .NET CLR 1.1.4322; InfoPath.1; .NET CLR 2.0.50727)"
85.133.32.138 - - [06/Mar/2007:08:57:09 +0000] "GET /images/3pic.gif HTTP/1.1" 200 10964 "http://www.som-cap.com/trackrecord.htm" "Mozilla/4.0 (compatible; MSIE 6.0; Windows NT 5.2; SV1; .NET CLR 1.1.4322; InfoPath.1; .NET CLR 2.0.50727)"
85.133.32.138 - - [06/Mar/2007:08:57:09 +0000] "GET /images/2pic.gif HTTP/1.1" 200 10701 "http://www.som-cap.com/trackrecord.htm" "Mozilla/4.0 (compatible; MSIE 6.0; Windows NT 5.2; SV1; .NET CLR 1.1.4322; InfoPath.1; .NET CLR 2.0.50727)"
85.133.32.138 - - [06/Mar/2007:08:57:10 +0000] "GET /images/1pic.gif HTTP/1.1" 200 12857 "http://www.som-cap.com/trackrecord.htm" "Mozilla/4.0 (compatible; MSIE 6.0; Windows NT 5.2; SV1; .NET CLR 1.1.4322; InfoPath.1; .NET CLR 2.0.50727)"
85.133.32.138 - - [06/Mar/2007:08:57:22 +0000] "GET /data.htm HTTP/1.1" 200 6628 "http://www.som-cap.com/trackrecord.htm" "Mozilla/4.0 (compatible; MSIE 6.0; Windows NT 5.2; SV1; .NET CLR 1.1.4322; InfoPath.1; .NET CLR 2.0.50727)"
85.133.32.138 - - [06/Mar/2007:08:57:27 +0000] "GET /index.htm HTTP/1.1" 200 3426 "http://www.som-cap.com/data.htm" "Mozilla/4.0 (compatible; MSIE 6.0; Windows NT 5.2; SV1; .NET CLR 1.1.4322; InfoPath.1; .NET CLR 2.0.50727)"
85.133.32.138 - - [06/Mar/2007:08:57:30 +0000] "GET /contact.htm HTTP/1.1" 200 2786 "http://www.som-cap.com/index.htm" "Mozilla/4.0 (compatible; MSIE 6.0; Windows NT 5.2; SV1; .NET CLR 1.1.4322; InfoPath.1; .NET CLR 2.0.50727)"
80.168.232.190 - - [06/Mar/2007:08:57:40 +0000] "GET /oempro/read.php?EncryptedMemberID=MTg1MQ%3D%3D&CampaignID=79&CampaignStatisticsID=45&Demo=0&Email=charles.bodie@kelsoplace.com HTTP/1.1" 200 55 "-" "Mozilla/4.0 (compatible; MSIE 7.0; Windows NT 5.1; .NET CLR 1.1.4322)"
85.133.32.138 - - [06/Mar/2007:08:57:56 +0000] "GET /oempro/read.php?EncryptedMemberID=MzkxMw%3D%3D&CampaignID=79&CampaignStatisticsID=45&Demo=0&Email=wh@mvision.com HTTP/1.1" 200 55 "-" "Mozilla/4.0 (compatible; MSIE 6.0; Windows NT 5.2; SV1; .NET CLR 1.1.4322; InfoPath.1; .NET CLR 2.0.50727)"
213.23.137.6 - - [06/Mar/2007:08:58:27 +0000] "GET /oempro/link.php?URL=aHR0cDovL3d3dy5zb20tY2FwLmNvbS9vZW1wcm8vbGluay5waHA%2FVVJMPWFIUjBjRG92TDNkM2R5NXpiMjB0WTJGd0xtTnZiUzg9JmFtcDtOYW1lPSZhbXA7RW5jcnlwdGVkTWVtYmVySUQ9TkRBeU5BPT0mYW1wO0NhbXBhaWduSUQ9NzcmYW1wO0NhbXBhaWduU3RhdGlzdGljc0lEPTQzJmFtcDtEZW1vPTAmYW1wO0VtYWlsPW1hcmllQHNvbS1jYXAuY29t&Name=&EncryptedMemberID=Mjc1Mw%3D%3D&CampaignID=79&CampaignStatisticsID=45&Demo=0&Email=klemme@eqpa.de HTTP/1.1" 302 5 "-" "Mozilla/5.0 (Windows; U; Windows NT 5.1; de; rv:1.8.1.2) Gecko/20070219 Firefox/2.0.0.2"
213.23.137.6 - - [06/Mar/2007:08:58:27 +0000] "GET /oempro/link.php?URL=aHR0cDovL3d3dy5zb20tY2FwLmNvbS8=&Name=&EncryptedMemberID=NDAyNA==&CampaignID=77&CampaignStatisticsID=43&Demo=0&Email=marie@som-cap.com HTTP/1.1" 302 5 "-" "Mozilla/5.0 (Windows; U; Windows NT 5.1; de; rv:1.8.1.2) Gecko/20070219 Firefox/2.0.0.2"
213.23.137.6 - - [06/Mar/2007:08:58:27 +0000] "GET / HTTP/1.1" 200 3426 "-" "Mozilla/5.0 (Windows; U; Windows NT 5.1; de; rv:1.8.1.2) Gecko/20070219 Firefox/2.0.0.2"
213.23.137.6 - - [06/Mar/2007:08:58:27 +0000] "GET /styles.css HTTP/1.1" 200 497 "http://www.som-cap.com/" "Mozilla/5.0 (Windows; U; Windows NT 5.1; de; rv:1.8.1.2) Gecko/20070219 Firefox/2.0.0.2"
213.23.137.6 - - [06/Mar/2007:08:58:28 +0000] "GET /images/logo.gif HTTP/1.1" 200 1574 "http://www.som-cap.com/" "Mozilla/5.0 (Windows; U; Windows NT 5.1; de; rv:1.8.1.2) Gecko/20070219 Firefox/2.0.0.2"
213.23.137.6 - - [06/Mar/2007:08:58:28 +0000] "GET /images/inbg.jpg HTTP/1.1" 200 32265 "http://www.som-cap.com/" "Mozilla/5.0 (Windows; U; Windows NT 5.1; de; rv:1.8.1.2) Gecko/20070219 Firefox/2.0.0.2"
213.23.137.6 - - [06/Mar/2007:08:58:28 +0000] "GET /favicon.ico HTTP/1.1" 404 657 "-" "Mozilla/5.0 (Windows; U; Windows NT 5.1; de; rv:1.8.1.2) Gecko/20070219 Firefox/2.0.0.2"
213.23.137.6 - - [06/Mar/2007:08:58:31 +0000] "GET /background.htm HTTP/1.1" 200 4144 "http://www.som-cap.com/" "Mozilla/5.0 (Windows; U; Windows NT 5.1; de; rv:1.8.1.2) Gecko/20070219 Firefox/2.0.0.2"
213.23.137.6 - - [06/Mar/2007:08:58:39 +0000] "GET /biography.htm HTTP/1.1" 200 4087 "http://www.som-cap.com/background.htm" "Mozilla/5.0 (Windows; U; Windows NT 5.1; de; rv:1.8.1.2) Gecko/20070219 Firefox/2.0.0.2"
213.23.137.6 - - [06/Mar/2007:08:58:39 +0000] "GET /images/James%20Miller-2.jpg HTTP/1.1" 200 7075 "http://www.som-cap.com/biography.htm" "Mozilla/5.0 (Windows; U; Windows NT 5.1; de; rv:1.8.1.2) Gecko/20070219 Firefox/2.0.0.2"
62.96.105.178 - - [06/Mar/2007:08:58:42 +0000] "GET /oempro/read.php?EncryptedMemberID=MTg4Mw%3D%3D&CampaignID=79&CampaignStatisticsID=45&Demo=0&Email=christian.klersy@btv-holding.de HTTP/1.0" 200 43 "-" "Mozilla/4.0 (compatible; MSIE 6.0; Windows NT 5.0; Computec Media AG)"
62.96.105.178 - - [06/Mar/2007:08:58:42 +0000] "GET /oempro/read.php?EncryptedMemberID=MTg4Mw%3D%3D&CampaignID=79&CampaignStatisticsID=45&Demo=0&Email=christian.klersy@btv-holding.de HTTP/1.0" 200 43 "-" "Mozilla/4.0 (compatible; MSIE 6.0; Windows NT 5.0; Computec Media AG)"
85.133.32.138 - - [06/Mar/2007:08:58:43 +0000] "GET /oempro/read.php?EncryptedMemberID=MzkxMw%3D%3D&CampaignID=79&CampaignStatisticsID=45&Demo=0&Email=wh@mvision.com HTTP/1.1" 200 55 "-" "Mozilla/4.0 (compatible; MSIE 6.0; Windows NT 5.2; SV1; .NET CLR 1.1.4322; InfoPath.1; .NET CLR 2.0.50727)"
85.133.32.138 - - [06/Mar/2007:08:58:45 +0000] "GET /oempro/read.php?EncryptedMemberID=MzkxMw%3D%3D&CampaignID=79&CampaignStatisticsID=45&Demo=0&Email=wh@mvision.com HTTP/1.1" 200 55 "-" "Mozilla/4.0 (compatible; MSIE 6.0; Windows NT 5.2; SV1; .NET CLR 1.1.4322; InfoPath.1; .NET CLR 2.0.50727)"
194.209.42.83 - - [06/Mar/2007:08:59:21 +0000] "GET /oempro/read.php?EncryptedMemberID=Mzc3Ng%3D%3D&CampaignID=79&CampaignStatisticsID=45&Demo=0&Email=tim.creed@adveq.com HTTP/1.1" 200 55 "-" "Mozilla/4.0 (compatible; MSIE 6.0; Windows NT 5.2; SV1; .NET CLR 1.1.4322; InfoPath.1; .NET CLR 2.0.50727)"
194.209.42.83 - - [06/Mar/2007:08:59:22 +0000] "GET /oempro/read.php?EncryptedMemberID=Mzc3Ng%3D%3D&CampaignID=79&CampaignStatisticsID=45&Demo=0&Email=tim.creed@adveq.com HTTP/1.1" 200 55 "-" "Mozilla/4.0 (compatible; MSIE 6.0; Windows NT 5.2; SV1; .NET CLR 1.1.4322; InfoPath.1; .NET CLR 2.0.50727)"
194.209.42.83 - - [06/Mar/2007:08:59:32 +0000] "GET /oempro/read.php?EncryptedMemberID=Mzc3Ng%3D%3D&CampaignID=79&CampaignStatisticsID=45&Demo=0&Email=tim.creed@adveq.com HTTP/1.1" 200 55 "-" "Mozilla/4.0 (compatible; MSIE 6.0; Windows NT 5.2; SV1; .NET CLR 1.1.4322; InfoPath.1; .NET CLR 2.0.50727)"
84.92.92.82 - - [06/Mar/2007:08:59:48 +0000] "GET /oempro/read.php?EncryptedMemberID=MzE5MA%3D%3D&CampaignID=79&CampaignStatisticsID=45&Demo=0&Email=paul.hart@acanthus.eu.com HTTP/1.1" 200 55 "-" "Mozilla/4.0 (compatible; MSIE 6.0; Windows NT 5.1; SV1; .NET CLR 1.1.4322; .NET CLR 2.0.50727)"
194.209.42.83 - - [06/Mar/2007:08:59:53 +0000] "GET /oempro/link.php?URL=aHR0cDovL3d3dy5zb20tY2FwLmNvbS9vZW1wcm8vbGluay5waHA%2FVVJMPWFIUjBjRG92TDNkM2R5NXpiMjB0WTJGd0xtTnZiUzlrWVhSaExtaDBiUT09JmFtcDtOYW1lPSZhbXA7RW5jcnlwdGVkTWVtYmVySUQ9TkRBeU5BPT0mYW1wO0NhbXBhaWduSUQ9NzcmYW1wO0NhbXBhaWduU3RhdGlzdGljc0lEPTQzJmFtcDtEZW1vPTAmYW1wO0VtYWlsPW1hcmllQHNvbS1jYXAuY29t&Name=&EncryptedMemberID=Mzc3Ng%3D%3D&CampaignID=79&CampaignStatisticsID=45&Demo=0&Email=tim.creed@adveq.com HTTP/1.1" 302 5 "-" "Mozilla/4.0 (compatible; MSIE 6.0; Windows NT 5.2; SV1; .NET CLR 1.1.4322; InfoPath.1; .NET CLR 2.0.50727)"
194.209.42.83 - - [06/Mar/2007:08:59:53 +0000] "GET /oempro/link.php?URL=aHR0cDovL3d3dy5zb20tY2FwLmNvbS9kYXRhLmh0bQ==&Name=&EncryptedMemberID=NDAyNA==&CampaignID=77&CampaignStatisticsID=43&Demo=0&Email=marie@som-cap.com HTTP/1.1" 302 5 "-" "Mozilla/4.0 (compatible; MSIE 6.0; Windows NT 5.2; SV1; .NET CLR 1.1.4322; InfoPath.1; .NET CLR 2.0.50727)"
194.209.42.83 - - [06/Mar/2007:08:59:53 +0000] "GET /data.htm HTTP/1.1" 200 6628 "-" "Mozilla/4.0 (compatible; MSIE 6.0; Windows NT 5.2; SV1; .NET CLR 1.1.4322; InfoPath.1; .NET CLR 2.0.50727)"
194.209.42.83 - - [06/Mar/2007:08:59:53 +0000] "GET /styles.css HTTP/1.1" 200 497 "http://www.som-cap.com/data.htm" "Mozilla/4.0 (compatible; MSIE 6.0; Windows NT 5.2; SV1; .NET CLR 1.1.4322; InfoPath.1; .NET CLR 2.0.50727)"
194.209.42.83 - - [06/Mar/2007:08:59:53 +0000] "GET /images/inbg.jpg HTTP/1.1" 200 32265 "http://www.som-cap.com/data.htm" "Mozilla/4.0 (compatible; MSIE 6.0; Windows NT 5.2; SV1; .NET CLR 1.1.4322; InfoPath.1; .NET CLR 2.0.50727)"
194.209.42.83 - - [06/Mar/2007:08:59:53 +0000] "GET /images/logo.gif HTTP/1.1" 200 1574 "http://www.som-cap.com/data.htm" "Mozilla/4.0 (compatible; MSIE 6.0; Windows NT 5.2; SV1; .NET CLR 1.1.4322; InfoPath.1; .NET CLR 2.0.50727)"
194.209.42.83 - - [06/Mar/2007:09:00:00 +0000] "GET /biography.htm HTTP/1.1" 200 4087 "http://www.som-cap.com/data.htm" "Mozilla/4.0 (compatible; MSIE 6.0; Windows NT 5.2; SV1; .NET CLR 1.1.4322; InfoPath.1; .NET CLR 2.0.50727)"
194.209.42.83 - - [06/Mar/2007:09:00:00 +0000] "GET /images/James%20Miller-2.jpg HTTP/1.1" 200 7075 "http://www.som-cap.com/biography.htm" "Mozilla/4.0 (compatible; MSIE 6.0; Windows NT 5.2; SV1; .NET CLR 1.1.4322; InfoPath.1; .NET CLR 2.0.50727)"
85.133.32.138 - - [06/Mar/2007:09:00:00 +0000] "GET /oempro/read.php?EncryptedMemberID=MzkxMw%3D%3D&CampaignID=79&CampaignStatisticsID=45&Demo=0&Email=wh@mvision.com HTTP/1.1" 200 55 "-" "Mozilla/4.0 (compatible; MSIE 6.0; Windows NT 5.2; SV1; .NET CLR 1.1.4322; InfoPath.1; .NET CLR 2.0.50727)"
139.149.31.195 - - [06/Mar/2007:09:00:29 +0000] "GET /oempro/read.php?EncryptedMemberID=MjkwMw%3D%3D&CampaignID=79&CampaignStatisticsID=45&Demo=0&Email=mark.tucker@ubs.com HTTP/1.0" 200 43 "-" "Mozilla/4.0 (compatible; MSIE 6.0; Windows NT 5.0)"
87.194.5.72 - - [06/Mar/2007:09:00:32 +0000] "GET /oempro/read.php?EncryptedMemberID=MzU0OQ%3D%3D&CampaignID=79&CampaignStatisticsID=45&Demo=0&Email=sebastian@headwaycap.com HTTP/1.1" 200 55 "-" "Mozilla/4.0 (compatible; MSIE 6.0; Windows NT 5.1; SV1; .NET CLR 1.1.4322; InfoPath.1; .NET CLR 2.0.50727)"
62.96.105.178 - - [06/Mar/2007:09:00:33 +0000] "GET /oempro/read.php?EncryptedMemberID=MTg4Mw%3D%3D&CampaignID=79&CampaignStatisticsID=45&Demo=0&Email=christian.klersy@btv-holding.de HTTP/1.0" 200 43 "-" "Mozilla/4.0 (compatible; MSIE 6.0; Windows NT 5.0; Computec Media AG)"
195.6.48.191 - - [06/Mar/2007:09:00:40 +0000] "GET /oempro/read.php?EncryptedMemberID=MzM1Nw%3D%3D&CampaignID=79&CampaignStatisticsID=45&Demo=0&Email=research@hdf-finance.fr HTTP/1.0" 200 43 "-" "Mozilla/4.0 (compatible; Lotus-Notes/6.0; Windows-NT)"
85.133.32.138 - - [06/Mar/2007:09:00:41 +0000] "GET /oempro/read.php?EncryptedMemberID=MzkxMw%3D%3D&CampaignID=79&CampaignStatisticsID=45&Demo=0&Email=wh@mvision.com HTTP/1.1" 200 55 "-" "Mozilla/4.0 (compatible; MSIE 6.0; Windows NT 5.2; SV1; .NET CLR 1.1.4322; InfoPath.1; .NET CLR 2.0.50727)"
194.209.42.83 - - [06/Mar/2007:09:00:49 +0000] "GET /background.htm HTTP/1.1" 200 4144 "http://www.som-cap.com/biography.htm" "Mozilla/4.0 (compatible; MSIE 6.0; Windows NT 5.2; SV1; .NET CLR 1.1.4322; InfoPath.1; .NET CLR 2.0.50727)"
195.6.48.191 - - [06/Mar/2007:09:00:50 +0000] "GET /oempro/read.php?EncryptedMemberID=MzM1Nw%3D%3D&CampaignID=79&CampaignStatisticsID=45&Demo=0&Email=research@hdf-finance.fr HTTP/1.0" 200 43 "-" "Mozilla/4.0 (compatible; Lotus-Notes/6.0; Windows-NT)"
194.209.42.83 - - [06/Mar/2007:09:00:54 +0000] "GET /index.htm HTTP/1.1" 200 3426 "http://www.som-cap.com/background.htm" "Mozilla/4.0 (compatible; MSIE 6.0; Windows NT 5.2; SV1; .NET CLR 1.1.4322; InfoPath.1; .NET CLR 2.0.50727)"
194.209.42.83 - - [06/Mar/2007:09:00:56 +0000] "GET /trackrecord.htm HTTP/1.1" 200 4429 "http://www.som-cap.com/index.htm" "Mozilla/4.0 (compatible; MSIE 6.0; Windows NT 5.2; SV1; .NET CLR 1.1.4322; InfoPath.1; .NET CLR 2.0.50727)"
194.209.42.83 - - [06/Mar/2007:09:00:56 +0000] "GET /images/6pic.gif HTTP/1.1" 200 9094 "http://www.som-cap.com/trackrecord.htm" "Mozilla/4.0 (compatible; MSIE 6.0; Windows NT 5.2; SV1; .NET CLR 1.1.4322; InfoPath.1; .NET CLR 2.0.50727)"
194.209.42.83 - - [06/Mar/2007:09:00:56 +0000] "GET /images/5pic.gif HTTP/1.1" 200 9274 "http://www.som-cap.com/trackrecord.htm" "Mozilla/4.0 (compatible; MSIE 6.0; Windows NT 5.2; SV1; .NET CLR 1.1.4322; InfoPath.1; .NET CLR 2.0.50727)"
194.209.42.83 - - [06/Mar/2007:09:00:56 +0000] "GET /images/4pic.gif HTTP/1.1" 200 10003 "http://www.som-cap.com/trackrecord.htm" "Mozilla/4.0 (compatible; MSIE 6.0; Windows NT 5.2; SV1; .NET CLR 1.1.4322; InfoPath.1; .NET CLR 2.0.50727)"
194.209.42.83 - - [06/Mar/2007:09:00:56 +0000] "GET /images/3pic.gif HTTP/1.1" 200 10964 "http://www.som-cap.com/trackrecord.htm" "Mozilla/4.0 (compatible; MSIE 6.0; Windows NT 5.2; SV1; .NET CLR 1.1.4322; InfoPath.1; .NET CLR 2.0.50727)"
194.209.42.83 - - [06/Mar/2007:09:00:56 +0000] "GET /images/2pic.gif HTTP/1.1" 200 10701 "http://www.som-cap.com/trackrecord.htm" "Mozilla/4.0 (compatible; MSIE 6.0; Windows NT 5.2; SV1; .NET CLR 1.1.4322; InfoPath.1; .NET CLR 2.0.50727)"
194.209.42.83 - - [06/Mar/2007:09:00:56 +0000] "GET /images/1pic.gif HTTP/1.1" 200 12857 "http://www.som-cap.com/trackrecord.htm" "Mozilla/4.0 (compatible; MSIE 6.0; Windows NT 5.2; SV1; .NET CLR 1.1.4322; InfoPath.1; .NET CLR 2.0.50727)"
85.133.32.138 - - [06/Mar/2007:09:00:58 +0000] "GET /oempro/read.php?EncryptedMemberID=MzkxMw%3D%3D&CampaignID=79&CampaignStatisticsID=45&Demo=0&Email=wh@mvision.com HTTP/1.1" 200 55 "-" "Mozilla/4.0 (compatible; MSIE 6.0; Windows NT 5.2; SV1; .NET CLR 1.1.4322; InfoPath.1; .NET CLR 2.0.50727)"
194.209.42.83 - - [06/Mar/2007:09:01:17 +0000] "GET /images/06%20H1%20Report.pdf HTTP/1.1" 200 41233 "http://www.som-cap.com/data.htm" "Mozilla/4.0 (compatible; MSIE 6.0; Windows NT 5.2; SV1; .NET CLR 1.1.4322; InfoPath.1; .NET CLR 2.0.50727)"
62.96.105.178 - - [06/Mar/2007:09:01:26 +0000] "GET /oempro/read.php?EncryptedMemberID=MTg4Mw%3D%3D&CampaignID=79&CampaignStatisticsID=45&Demo=0&Email=christian.klersy@btv-holding.de HTTP/1.0" 200 43 "-" "Mozilla/4.0 (compatible; MSIE 6.0; Windows NT 5.0; Computec Media AG)"
62.96.105.178 - - [06/Mar/2007:09:01:26 +0000] "GET /oempro/read.php?EncryptedMemberID=MTg4Mw%3D%3D&CampaignID=79&CampaignStatisticsID=45&Demo=0&Email=christian.klersy@btv-holding.de HTTP/1.0" 200 43 "-" "Mozilla/4.0 (compatible; MSIE 6.0; Windows NT 5.0; Computec Media AG)"
87.194.5.72 - - [06/Mar/2007:09:01:28 +0000] "GET /oempro/read.php?EncryptedMemberID=Mjc4OA%3D%3D&CampaignID=79&CampaignStatisticsID=45&Demo=0&Email=laura@headwaycap.com HTTP/1.1" 200 55 "-" "Mozilla/4.0 (compatible; MSIE 6.0; Windows NT 5.1; SV1; .NET CLR 1.1.4322; InfoPath.1; .NET CLR 2.0.50727)"
62.96.105.178 - - [06/Mar/2007:09:01:33 +0000] "GET /oempro/read.php?EncryptedMemberID=MTk3MA%3D%3D&CampaignID=79&CampaignStatisticsID=45&Demo=0&Email=daniel.simon@btv-holding.de HTTP/1.0" 200 43 "-" "Mozilla/4.0 (compatible; MSIE 6.0; Windows NT 5.0; Computec Media AG)"
62.96.105.178 - - [06/Mar/2007:09:01:35 +0000] "GET /oempro/read.php?EncryptedMemberID=MTg4Mw%3D%3D&CampaignID=79&CampaignStatisticsID=45&Demo=0&Email=christian.klersy@btv-holding.de HTTP/1.0" 200 43 "-" "Mozilla/4.0 (compatible; MSIE 6.0; Windows NT 5.0; Computec Media AG)"
62.96.105.178 - - [06/Mar/2007:09:01:45 +0000] "GET /oempro/read.php?EncryptedMemberID=MTg4Mw%3D%3D&CampaignID=79&CampaignStatisticsID=45&Demo=0&Email=christian.klersy@btv-holding.de HTTP/1.0" 200 43 "-" "Mozilla/4.0 (compatible; MSIE 6.0; Windows NT 5.0; Computec Media AG)"
194.209.42.83 - - [06/Mar/2007:09:02:04 +0000] "GET /index.htm HTTP/1.1" 304 - "http://www.som-cap.com/data.htm" "Mozilla/4.0 (compatible; MSIE 6.0; Windows NT 5.2; SV1; .NET CLR 1.1.4322; InfoPath.1; .NET CLR 2.0.50727)"
194.209.42.83 - - [06/Mar/2007:09:02:04 +0000] "GET /styles.css HTTP/1.1" 304 - "http://www.som-cap.com/index.htm" "Mozilla/4.0 (compatible; MSIE 6.0; Windows NT 5.2; SV1; .NET CLR 1.1.4322; InfoPath.1; .NET CLR 2.0.50727)"
194.209.42.83 - - [06/Mar/2007:09:02:04 +0000] "GET /images/logo.gif HTTP/1.1" 304 - "http://www.som-cap.com/index.htm" "Mozilla/4.0 (compatible; MSIE 6.0; Windows NT 5.2; SV1; .NET CLR 1.1.4322; InfoPath.1; .NET CLR 2.0.50727)"
194.209.42.83 - - [06/Mar/2007:09:02:04 +0000] "GET /images/inbg.jpg HTTP/1.1" 304 - "http://www.som-cap.com/index.htm" "Mozilla/4.0 (compatible; MSIE 6.0; Windows NT 5.2; SV1; .NET CLR 1.1.4322; InfoPath.1; .NET CLR 2.0.50727)"
194.209.42.83 - - [06/Mar/2007:09:02:06 +0000] "GET /background.htm HTTP/1.1" 304 - "http://www.som-cap.com/index.htm" "Mozilla/4.0 (compatible; MSIE 6.0; Windows NT 5.2; SV1; .NET CLR 1.1.4322; InfoPath.1; .NET CLR 2.0.50727)"
85.133.32.138 - - [06/Mar/2007:09:02:07 +0000] "GET /oempro/read.php?EncryptedMemberID=MzkxMw%3D%3D&CampaignID=79&CampaignStatisticsID=45&Demo=0&Email=wh@mvision.com HTTP/1.1" 200 55 "-" "Mozilla/4.0 (compatible; MSIE 6.0; Windows NT 5.2; SV1; .NET CLR 1.1.4322; InfoPath.1; .NET CLR 2.0.50727)"
213.41.36.101 - - [06/Mar/2007:09:02:08 +0000] "GET /oempro/read.php?EncryptedMemberID=MzI4NA%3D%3D&CampaignID=79&CampaignStatisticsID=45&Demo=0&Email=p-m.passy@lcfr.fr HTTP/1.1" 200 55 "-" "Mozilla/4.0 (compatible; MSIE 6.0; Windows NT 5.0; .NET CLR 1.1.4322)"
194.209.42.83 - - [06/Mar/2007:09:02:08 +0000] "GET /data.htm HTTP/1.1" 304 - "http://www.som-cap.com/background.htm" "Mozilla/4.0 (compatible; MSIE 6.0; Windows NT 5.2; SV1; .NET CLR 1.1.4322; InfoPath.1; .NET CLR 2.0.50727)"
194.209.42.83 - - [06/Mar/2007:09:02:09 +0000] "GET /images/05%20H2%20Report.pdf HTTP/1.1" 200 36187 "http://www.som-cap.com/data.htm" "Mozilla/4.0 (compatible; MSIE 6.0; Windows NT 5.2; SV1; .NET CLR 1.1.4322; InfoPath.1; .NET CLR 2.0.50727)"
194.209.42.83 - - [06/Mar/2007:09:02:19 +0000] "GET /images/Vol%201.%20Oct%202001.pdf HTTP/1.1" 200 105169 "http://www.som-cap.com/data.htm" "Mozilla/4.0 (compatible; MSIE 6.0; Windows NT 5.2; SV1; .NET CLR 1.1.4322; InfoPath.1; .NET CLR 2.0.50727)"
194.209.42.83 - - [06/Mar/2007:09:02:30 +0000] "GET /trackrecord.htm HTTP/1.1" 304 - "http://www.som-cap.com/data.htm" "Mozilla/4.0 (compatible; MSIE 6.0; Windows NT 5.2; SV1; .NET CLR 1.1.4322; InfoPath.1; .NET CLR 2.0.50727)"
194.209.42.83 - - [06/Mar/2007:09:02:30 +0000] "GET /styles.css HTTP/1.1" 304 - "http://www.som-cap.com/trackrecord.htm" "Mozilla/4.0 (compatible; MSIE 6.0; Windows NT 5.2; SV1; .NET CLR 1.1.4322; InfoPath.1; .NET CLR 2.0.50727)"
194.209.42.83 - - [06/Mar/2007:09:02:30 +0000] "GET /images/logo.gif HTTP/1.1" 304 - "http://www.som-cap.com/trackrecord.htm" "Mozilla/4.0 (compatible; MSIE 6.0; Windows NT 5.2; SV1; .NET CLR 1.1.4322; InfoPath.1; .NET CLR 2.0.50727)"
194.209.42.83 - - [06/Mar/2007:09:02:30 +0000] "GET /images/inbg.jpg HTTP/1.1" 304 - "http://www.som-cap.com/trackrecord.htm" "Mozilla/4.0 (compatible; MSIE 6.0; Windows NT 5.2; SV1; .NET CLR 1.1.4322; InfoPath.1; .NET CLR 2.0.50727)"
194.209.42.83 - - [06/Mar/2007:09:02:30 +0000] "GET /images/6pic.gif HTTP/1.1" 304 - "http://www.som-cap.com/trackrecord.htm" "Mozilla/4.0 (compatible; MSIE 6.0; Windows NT 5.2; SV1; .NET CLR 1.1.4322; InfoPath.1; .NET CLR 2.0.50727)"
194.209.42.83 - - [06/Mar/2007:09:02:30 +0000] "GET /images/5pic.gif HTTP/1.1" 304 - "http://www.som-cap.com/trackrecord.htm" "Mozilla/4.0 (compatible; MSIE 6.0; Windows NT 5.2; SV1; .NET CLR 1.1.4322; InfoPath.1; .NET CLR 2.0.50727)"
194.209.42.83 - - [06/Mar/2007:09:02:30 +0000] "GET /images/4pic.gif HTTP/1.1" 304 - "http://www.som-cap.com/trackrecord.htm" "Mozilla/4.0 (compatible; MSIE 6.0; Windows NT 5.2; SV1; .NET CLR 1.1.4322; InfoPath.1; .NET CLR 2.0.50727)"
194.209.42.83 - - [06/Mar/2007:09:02:30 +0000] "GET /images/3pic.gif HTTP/1.1" 304 - "http://www.som-cap.com/trackrecord.htm" "Mozilla/4.0 (compatible; MSIE 6.0; Windows NT 5.2; SV1; .NET CLR 1.1.4322; InfoPath.1; .NET CLR 2.0.50727)"
194.209.42.83 - - [06/Mar/2007:09:02:30 +0000] "GET /images/2pic.gif HTTP/1.1" 304 - "http://www.som-cap.com/trackrecord.htm" "Mozilla/4.0 (compatible; MSIE 6.0; Windows NT 5.2; SV1; .NET CLR 1.1.4322; InfoPath.1; .NET CLR 2.0.50727)"
194.209.42.83 - - [06/Mar/2007:09:02:30 +0000] "GET /images/1pic.gif HTTP/1.1" 304 - "http://www.som-cap.com/trackrecord.htm" "Mozilla/4.0 (compatible; MSIE 6.0; Windows NT 5.2; SV1; .NET CLR 1.1.4322; InfoPath.1; .NET CLR 2.0.50727)"
194.209.42.83 - - [06/Mar/2007:09:02:31 +0000] "GET /biography.htm HTTP/1.1" 304 - "http://www.som-cap.com/trackrecord.htm" "Mozilla/4.0 (compatible; MSIE 6.0; Windows NT 5.2; SV1; .NET CLR 1.1.4322; InfoPath.1; .NET CLR 2.0.50727)"
194.209.42.83 - - [06/Mar/2007:09:02:31 +0000] "GET /images/James%20Miller-2.jpg HTTP/1.1" 304 - "http://www.som-cap.com/biography.htm" "Mozilla/4.0 (compatible; MSIE 6.0; Windows NT 5.2; SV1; .NET CLR 1.1.4322; InfoPath.1; .NET CLR 2.0.50727)"
194.209.42.83 - - [06/Mar/2007:09:02:32 +0000] "GET /background.htm HTTP/1.1" 304 - "http://www.som-cap.com/biography.htm" "Mozilla/4.0 (compatible; MSIE 6.0; Windows NT 5.2; SV1; .NET CLR 1.1.4322; InfoPath.1; .NET CLR 2.0.50727)"
194.209.42.83 - - [06/Mar/2007:09:02:35 +0000] "GET /index.htm HTTP/1.1" 304 - "http://www.som-cap.com/background.htm" "Mozilla/4.0 (compatible; MSIE 6.0; Windows NT 5.2; SV1; .NET CLR 1.1.4322; InfoPath.1; .NET CLR 2.0.50727)"
194.209.42.83 - - [06/Mar/2007:09:02:41 +0000] "GET /oempro/read.php?EncryptedMemberID=Mzc3Ng%3D%3D&CampaignID=79&CampaignStatisticsID=45&Demo=0&Email=tim.creed@adveq.com HTTP/1.1" 200 55 "-" "Mozilla/4.0 (compatible; MSIE 6.0; Windows NT 5.2; SV1; .NET CLR 1.1.4322; InfoPath.1; .NET CLR 2.0.50727)"
194.71.244.98 - - [06/Mar/2007:09:02:55 +0000] "GET /oempro/read.php?EncryptedMemberID=MzEwOA%3D%3D&CampaignID=79&CampaignStatisticsID=45&Demo=0&Email=nicklas.fahlstrom@wassum.com HTTP/1.1" 200 55 "-" "Mozilla/4.0 (compatible; MSIE 6.0; Windows NT 5.1; SV1; .NET CLR 1.1.4322; InfoPath.1)"
210.249.143.7 - - [06/Mar/2007:09:02:55 +0000] "GET /oempro/read.php?EncryptedMemberID=MjQ3Ng%3D%3D&CampaignID=79&CampaignStatisticsID=45&Demo=0&Email=iwaih@sumitomotrust.co.jp HTTP/1.0" 200 43 "-" "Mozilla/4.0 (compatible; MSIE 6.0; Windows NT 5.0)"
213.41.36.101 - - [06/Mar/2007:09:03:17 +0000] "GET /oempro/link.php?URL=aHR0cDovL3d3dy5zb20tY2FwLmNvbS9vZW1wcm8vbGluay5waHA%2FVVJMPWFIUjBjRG92TDNkM2R5NXpiMjB0WTJGd0xtTnZiUzlrWVhSaExtaDBiUT09JmFtcDtOYW1lPSZhbXA7RW5jcnlwdGVkTWVtYmVySUQ9TkRBeU5BPT0mYW1wO0NhbXBhaWduSUQ9NzcmYW1wO0NhbXBhaWduU3RhdGlzdGljc0lEPTQzJmFtcDtEZW1vPTAmYW1wO0VtYWlsPW1hcmllQHNvbS1jYXAuY29t&Name=&EncryptedMemberID=MzI4NA%3D%3D&CampaignID=79&CampaignStatisticsID=45&Demo=0&Email=p-m.passy@lcfr.fr HTTP/1.1" 302 5 "-" "Mozilla/4.0 (compatible; MSIE 6.0; Windows NT 5.0; .NET CLR 1.1.4322)"
213.41.36.101 - - [06/Mar/2007:09:03:17 +0000] "GET /oempro/link.php?URL=aHR0cDovL3d3dy5zb20tY2FwLmNvbS9kYXRhLmh0bQ==&Name=&EncryptedMemberID=NDAyNA==&CampaignID=77&CampaignStatisticsID=43&Demo=0&Email=marie@som-cap.com HTTP/1.1" 302 5 "-" "Mozilla/4.0 (compatible; MSIE 6.0; Windows NT 5.0; .NET CLR 1.1.4322)"
213.41.36.101 - - [06/Mar/2007:09:03:17 +0000] "GET /data.htm HTTP/1.1" 200 6628 "-" "Mozilla/4.0 (compatible; MSIE 6.0; Windows NT 5.0; .NET CLR 1.1.4322)"
213.41.36.101 - - [06/Mar/2007:09:03:17 +0000] "GET /styles.css HTTP/1.1" 200 497 "-" "Mozilla/4.0 (compatible;)"
213.41.36.101 - - [06/Mar/2007:09:03:17 +0000] "GET /images/logo.gif HTTP/1.1" 200 1574 "-" "Mozilla/4.0 (compatible;)"
213.41.36.101 - - [06/Mar/2007:09:03:17 +0000] "GET /images/inbg.jpg HTTP/1.1" 200 32265 "http://www.som-cap.com/data.htm" "Mozilla/4.0 (compatible; MSIE 6.0; Windows NT 5.0; .NET CLR 1.1.4322)"
213.41.36.101 - - [06/Mar/2007:09:03:26 +0000] "GET /trackrecord.htm HTTP/1.1" 200 4429 "http://www.som-cap.com/data.htm" "Mozilla/4.0 (compatible; MSIE 6.0; Windows NT 5.0; .NET CLR 1.1.4322)"
213.41.36.101 - - [06/Mar/2007:09:03:27 +0000] "GET /images/6pic.gif HTTP/1.1" 200 9094 "http://www.som-cap.com/trackrecord.htm" "Mozilla/4.0 (compatible; MSIE 6.0; Windows NT 5.0; .NET CLR 1.1.4322)"
213.41.36.101 - - [06/Mar/2007:09:03:27 +0000] "GET /images/5pic.gif HTTP/1.1" 200 9274 "http://www.som-cap.com/trackrecord.htm" "Mozilla/4.0 (compatible; MSIE 6.0; Windows NT 5.0; .NET CLR 1.1.4322)"
213.41.36.101 - - [06/Mar/2007:09:03:27 +0000] "GET /images/4pic.gif HTTP/1.1" 200 10003 "http://www.som-cap.com/trackrecord.htm" "Mozilla/4.0 (compatible; MSIE 6.0; Windows NT 5.0; .NET CLR 1.1.4322)"
213.41.36.101 - - [06/Mar/2007:09:03:27 +0000] "GET /images/3pic.gif HTTP/1.1" 200 10964 "http://www.som-cap.com/trackrecord.htm" "Mozilla/4.0 (compatible; MSIE 6.0; Windows NT 5.0; .NET CLR 1.1.4322)"
213.41.36.101 - - [06/Mar/2007:09:03:27 +0000] "GET /images/1pic.gif HTTP/1.1" 200 12857 "http://www.som-cap.com/trackrecord.htm" "Mozilla/4.0 (compatible; MSIE 6.0; Windows NT 5.0; .NET CLR 1.1.4322)"
213.41.36.101 - - [06/Mar/2007:09:03:27 +0000] "GET /images/2pic.gif HTTP/1.1" 200 10701 "http://www.som-cap.com/trackrecord.htm" "Mozilla/4.0 (compatible; MSIE 6.0; Windows NT 5.0; .NET CLR 1.1.4322)"
213.61.141.27 - - [06/Mar/2007:09:03:42 +0000] "GET /oempro/read.php?EncryptedMemberID=MzEyMA%3D%3D&CampaignID=79&CampaignStatisticsID=45&Demo=0&Email=nina.jung@bluecapital.de HTTP/1.0" 200 43 "-" "Mozilla/4.0 (compatible; MSIE 6.0; Windows NT 5.1; SV1)"
213.61.141.27 - - [06/Mar/2007:09:03:46 +0000] "GET /oempro/read.php?EncryptedMemberID=MzEyMA%3D%3D&CampaignID=79&CampaignStatisticsID=45&Demo=0&Email=nina.jung@bluecapital.de HTTP/1.0" 200 43 "-" "Mozilla/4.0 (compatible; MSIE 6.0; Windows NT 5.1; SV1)"
213.61.141.27 - - [06/Mar/2007:09:03:46 +0000] "GET /oempro/read.php?EncryptedMemberID=MzEyMA%3D%3D&CampaignID=79&CampaignStatisticsID=45&Demo=0&Email=nina.jung@bluecapital.de HTTP/1.0" 200 43 "-" "Mozilla/4.0 (compatible; MSIE 6.0; Windows NT 5.1; SV1)"
85.133.32.138 - - [06/Mar/2007:09:03:58 +0000] "GET /oempro/read.php?EncryptedMemberID=MzkxMw%3D%3D&CampaignID=79&CampaignStatisticsID=45&Demo=0&Email=wh@mvision.com HTTP/1.1" 200 55 "-" "Mozilla/4.0 (compatible; MSIE 6.0; Windows NT 5.2; SV1; .NET CLR 1.1.4322; InfoPath.1; .NET CLR 2.0.50727)"
194.71.244.98 - - [06/Mar/2007:09:04:04 +0000] "GET /oempro/read.php?EncryptedMemberID=MzEwOA%3D%3D&CampaignID=79&CampaignStatisticsID=45&Demo=0&Email=nicklas.fahlstrom@wassum.com HTTP/1.1" 200 55 "-" "Mozilla/4.0 (compatible; MSIE 6.0; Windows NT 5.1; SV1; .NET CLR 1.1.4322; InfoPath.1)"
195.141.68.50 - - [06/Mar/2007:09:04:07 +0000] "GET /oempro/read.php?EncryptedMemberID=MTc0MQ%3D%3D&CampaignID=79&CampaignStatisticsID=45&Demo=0&Email=bischoff@scmag.com HTTP/1.1" 200 55 "-" "Mozilla/4.0 (compatible; MSIE 7.0; Windows NT 5.1; .NET CLR 1.1.4322; .NET CLR 2.0.50727)"
194.209.42.83 - - [06/Mar/2007:09:04:11 +0000] "GET /oempro/read.php?EncryptedMemberID=MjI1NA%3D%3D&CampaignID=79&CampaignStatisticsID=45&Demo=0&Email=gaia.arnaboldi@adveq.com HTTP/1.1" 200 55 "-" "Mozilla/4.0 (compatible; MSIE 6.0; Windows NT 5.2; SV1; .NET CLR 1.1.4322; InfoPath.1; .NET CLR 2.0.50727)"
213.41.36.101 - - [06/Mar/2007:09:04:15 +0000] "GET /biography.htm HTTP/1.1" 200 4087 "http://www.som-cap.com/trackrecord.htm" "Mozilla/4.0 (compatible; MSIE 6.0; Windows NT 5.0; .NET CLR 1.1.4322)"
213.41.36.101 - - [06/Mar/2007:09:04:15 +0000] "GET /images/James%20Miller-2.jpg HTTP/1.1" 200 7075 "http://www.som-cap.com/biography.htm" "Mozilla/4.0 (compatible; MSIE 6.0; Windows NT 5.0; .NET CLR 1.1.4322)"
213.41.36.101 - - [06/Mar/2007:09:04:27 +0000] "GET /background.htm HTTP/1.1" 200 4144 "http://www.som-cap.com/biography.htm" "Mozilla/4.0 (compatible; MSIE 6.0; Windows NT 5.0; .NET CLR 1.1.4322)"
139.149.31.195 - - [06/Mar/2007:09:04:28 +0000] "GET /oempro/read.php?EncryptedMemberID=MjkwMw%3D%3D&CampaignID=79&CampaignStatisticsID=45&Demo=0&Email=mark.tucker@ubs.com HTTP/1.0" 200 43 "-" "Mozilla/4.0 (compatible; MSIE 6.0; Windows NT 5.0)"
213.41.36.101 - - [06/Mar/2007:09:04:35 +0000] "GET /index.htm HTTP/1.1" 200 3426 "http://www.som-cap.com/background.htm" "Mozilla/4.0 (compatible; MSIE 6.0; Windows NT 5.0; .NET CLR 1.1.4322)"
62.172.72.131 - - [06/Mar/2007:09:04:55 +0000] "GET /oempro/read.php?EncryptedMemberID=Mjg5OA%3D%3D&CampaignID=79&CampaignStatisticsID=45&Demo=0&Email=mark.calnan@eu.watsonwyatt.com HTTP/1.1" 200 55 "-" "Mozilla/4.0 (compatible; MSIE 6.0; Windows NT 5.1; SV1; .NET CLR 1.0.3705; .NET CLR 1.1.4322; .NET CLR 2.0.50727)"
84.92.92.82 - - [06/Mar/2007:09:05:09 +0000] "GET /oempro/read.php?EncryptedMemberID=MzE5MA%3D%3D&CampaignID=79&CampaignStatisticsID=45&Demo=0&Email=paul.hart@acanthus.eu.com HTTP/1.1" 200 55 "-" "Mozilla/4.0 (compatible; MSIE 6.0; Windows NT 5.1; SV1; .NET CLR 1.1.4322; .NET CLR 2.0.50727)"
217.17.139.117 - - [06/Mar/2007:09:05:44 +0000] "GET /oempro/read.php?EncryptedMemberID=MzI5MA%3D%3D&CampaignID=79&CampaignStatisticsID=45&Demo=0&Email=powell@gilde.nl HTTP/1.0" 200 43 "-" "Mozilla/4.0 (compatible; MSIE 6.0; Windows NT 5.1; SV1; .NET CLR 1.1.4322)"
217.17.139.117 - - [06/Mar/2007:09:05:44 +0000] "GET /oempro/read.php?EncryptedMemberID=MzI5MA%3D%3D&CampaignID=79&CampaignStatisticsID=45&Demo=0&Email=powell@gilde.nl HTTP/1.0" 200 43 "-" "Mozilla/4.0 (compatible; MSIE 6.0; Windows NT 5.1; SV1; .NET CLR 1.1.4322)"
85.133.32.138 - - [06/Mar/2007:09:06:05 +0000] "GET /oempro/read.php?EncryptedMemberID=MzkxMw%3D%3D&CampaignID=79&CampaignStatisticsID=45&Demo=0&Email=wh@mvision.com HTTP/1.1" 200 55 "-" "Mozilla/4.0 (compatible; MSIE 6.0; Windows NT 5.2; SV1; .NET CLR 1.1.4322; InfoPath.1; .NET CLR 2.0.50727)"
84.92.92.82 - - [06/Mar/2007:09:06:12 +0000] "GET /oempro/read.php?EncryptedMemberID=MzE5MA%3D%3D&CampaignID=79&CampaignStatisticsID=45&Demo=0&Email=paul.hart@acanthus.eu.com HTTP/1.1" 200 55 "-" "Mozilla/4.0 (compatible; MSIE 6.0; Windows NT 5.1; SV1; .NET CLR 1.1.4322; .NET CLR 2.0.50727)"
62.40.11.190 - - [06/Mar/2007:09:06:18 +0000] "GET /oempro/read.php?EncryptedMemberID=MjQyOA%3D%3D&CampaignID=79&CampaignStatisticsID=45&Demo=0&Email=horst.guedel@rwb-ag.de HTTP/1.0" 200 43 "-" "Mozilla/4.0 (compatible; MSIE 6.0; Windows NT 5.0)"
62.40.11.190 - - [06/Mar/2007:09:06:26 +0000] "GET /oempro/read.php?EncryptedMemberID=MjQyOA%3D%3D&CampaignID=79&CampaignStatisticsID=45&Demo=0&Email=horst.guedel@rwb-ag.de HTTP/1.0" 200 43 "-" "Mozilla/4.0 (compatible; MSIE 6.0; Windows NT 5.0)"
194.71.244.98 - - [06/Mar/2007:09:06:32 +0000] "GET /oempro/link.php?URL=aHR0cDovL3d3dy5zb20tY2FwLmNvbS9vZW1wcm8vbGluay5waHA%2FVVJMPWFIUjBjRG92TDNkM2R5NXpiMjB0WTJGd0xtTnZiUzlrWVhSaExtaDBiUT09JmFtcDtOYW1lPSZhbXA7RW5jcnlwdGVkTWVtYmVySUQ9TkRBeU5BPT0mYW1wO0NhbXBhaWduSUQ9NzcmYW1wO0NhbXBhaWduU3RhdGlzdGljc0lEPTQzJmFtcDtEZW1vPTAmYW1wO0VtYWlsPW1hcmllQHNvbS1jYXAuY29t&Name=&EncryptedMemberID=MzEwOA%3D%3D&CampaignID=79&CampaignStatisticsID=45&Demo=0&Email=nicklas.fahlstrom@wassum.com HTTP/1.1" 302 5 "-" "Mozilla/4.0 (compatible; MSIE 6.0; Windows NT 5.1; SV1; .NET CLR 1.1.4322; InfoPath.1)"
194.71.244.98 - - [06/Mar/2007:09:06:32 +0000] "GET /oempro/link.php?URL=aHR0cDovL3d3dy5zb20tY2FwLmNvbS9kYXRhLmh0bQ==&Name=&EncryptedMemberID=NDAyNA==&CampaignID=77&CampaignStatisticsID=43&Demo=0&Email=marie@som-cap.com HTTP/1.1" 302 5 "-" "Mozilla/4.0 (compatible; MSIE 6.0; Windows NT 5.1; SV1; .NET CLR 1.1.4322; InfoPath.1)"
194.71.244.98 - - [06/Mar/2007:09:06:32 +0000] "GET /data.htm HTTP/1.1" 200 6628 "-" "Mozilla/4.0 (compatible; MSIE 6.0; Windows NT 5.1; SV1; .NET CLR 1.1.4322; InfoPath.1)"
194.71.244.98 - - [06/Mar/2007:09:06:32 +0000] "GET /styles.css HTTP/1.1" 200 497 "http://www.som-cap.com/data.htm" "Mozilla/4.0 (compatible; MSIE 6.0; Windows NT 5.1; SV1; .NET CLR 1.1.4322; InfoPath.1)"
194.71.244.98 - - [06/Mar/2007:09:06:32 +0000] "GET /images/inbg.jpg HTTP/1.1" 200 32265 "http://www.som-cap.com/data.htm" "Mozilla/4.0 (compatible; MSIE 6.0; Windows NT 5.1; SV1; .NET CLR 1.1.4322; InfoPath.1)"
194.71.244.98 - - [06/Mar/2007:09:06:32 +0000] "GET /images/logo.gif HTTP/1.1" 200 1574 "http://www.som-cap.com/data.htm" "Mozilla/4.0 (compatible; MSIE 6.0; Windows NT 5.1; SV1; .NET CLR 1.1.4322; InfoPath.1)"
217.91.83.196 - - [06/Mar/2007:09:06:41 +0000] "GET /oempro/read.php?EncryptedMemberID=MTY1NQ%3D%3D&CampaignID=79&CampaignStatisticsID=45&Demo=0&Email=aoetker@ao-shipping.com HTTP/1.1" 200 55 "-" "Mozilla/4.0 (compatible; MSIE 6.0; Windows NT 5.1; SV1; .NET CLR 1.1.4322)"
217.91.83.196 - - [06/Mar/2007:09:06:41 +0000] "GET /oempro/read.php?EncryptedMemberID=MTY1NQ%3D%3D&CampaignID=79&CampaignStatisticsID=45&Demo=0&Email=aoetker@ao-shipping.com HTTP/1.1" 200 55 "-" "Mozilla/4.0 (compatible; MSIE 6.0; Windows NT 5.1; SV1; .NET CLR 1.1.4322)"
58.33.146.128 - - [06/Mar/2007:09:06:49 +0000] "GET /oempro/read.php?EncryptedMemberID=MzA0MQ%3D%3D&CampaignID=79&CampaignStatisticsID=45&Demo=0&Email=monikayan@minglyhk.com HTTP/1.0" 200 43 "-" "Mozilla/4.0 (compatible; Lotus-Notes/6.0; Windows-NT)"
81.255.60.44 - - [06/Mar/2007:09:06:54 +0000] "GET /oempro/link.php?URL=aHR0cDovL3d3dy5zb20tY2FwLmNvbS9vZW1wcm8vbGluay5waHA%2FVVJMPWFIUjBjRG92TDNkM2R5NXpiMjB0WTJGd0xtTnZiUzlrWVhSaExtaDBiUT09JmFtcDtOYW1lPSZhbXA7RW5jcnlwdGVkTWVtYmVySUQ9TkRBeU5BPT0mYW1wO0NhbXBhaWduSUQ9NzcmYW1wO0NhbXBhaWduU3RhdGlzdGljc0lEPTQzJmFtcDtEZW1vPTAmYW1wO0VtYWlsPW1hcmllQHNvbS1jYXAuY29t&Name=&EncryptedMemberID=Mjc5Ng%3D%3D&CampaignID=79&CampaignStatisticsID=45&Demo=0&Email=lbergeron@finama-pe.fr HTTP/1.1" 302 5 "-" "Mozilla/5.0 (Windows; U; Windows NT 5.1; fr; rv:1.8.1.2) Gecko/20070219 Firefox/2.0.0.2"
81.255.60.44 - - [06/Mar/2007:09:06:57 +0000] "GET /oempro/link.php?URL=aHR0cDovL3d3dy5zb20tY2FwLmNvbS9kYXRhLmh0bQ==&Name=&EncryptedMemberID=NDAyNA==&CampaignID=77&CampaignStatisticsID=43&Demo=0&Email=marie@som-cap.com HTTP/1.1" 302 5 "-" "Mozilla/5.0 (Windows; U; Windows NT 5.1; fr; rv:1.8.1.2) Gecko/20070219 Firefox/2.0.0.2"
81.255.60.44 - - [06/Mar/2007:09:06:58 +0000] "GET /data.htm HTTP/1.1" 200 6628 "-" "Mozilla/5.0 (Windows; U; Windows NT 5.1; fr; rv:1.8.1.2) Gecko/20070219 Firefox/2.0.0.2"
81.255.60.44 - - [06/Mar/2007:09:06:58 +0000] "GET /styles.css HTTP/1.1" 200 497 "http://www.som-cap.com/data.htm" "Mozilla/5.0 (Windows; U; Windows NT 5.1; fr; rv:1.8.1.2) Gecko/20070219 Firefox/2.0.0.2"
81.255.60.44 - - [06/Mar/2007:09:06:58 +0000] "GET /images/inbg.jpg HTTP/1.1" 200 32265 "http://www.som-cap.com/data.htm" "Mozilla/5.0 (Windows; U; Windows NT 5.1; fr; rv:1.8.1.2) Gecko/20070219 Firefox/2.0.0.2"
81.255.60.44 - - [06/Mar/2007:09:06:58 +0000] "GET /images/logo.gif HTTP/1.1" 200 1574 "http://www.som-cap.com/data.htm" "Mozilla/5.0 (Windows; U; Windows NT 5.1; fr; rv:1.8.1.2) Gecko/20070219 Firefox/2.0.0.2"
81.255.60.44 - - [06/Mar/2007:09:06:58 +0000] "GET /favicon.ico HTTP/1.1" 404 657 "-" "Mozilla/5.0 (Windows; U; Windows NT 5.1; fr; rv:1.8.1.2) Gecko/20070219 Firefox/2.0.0.2"
194.71.244.98 - - [06/Mar/2007:09:07:00 +0000] "GET /images/06%20H1%20Report.pdf HTTP/1.1" 200 41233 "http://www.som-cap.com/data.htm" "Mozilla/4.0 (compatible; MSIE 6.0; Windows NT 5.1; SV1; .NET CLR 1.1.4322; InfoPath.1)"
81.255.60.44 - - [06/Mar/2007:09:07:12 +0000] "GET /images/Private%20Equity%20Data%20Service%20Feb%2007.pdf HTTP/1.1" 200 29186 "http://www.som-cap.com/data.htm" "Mozilla/5.0 (Windows; U; Windows NT 5.1; fr; rv:1.8.1.2) Gecko/20070219 Firefox/2.0.0.2"
194.209.42.83 - - [06/Mar/2007:09:07:23 +0000] "GET /oempro/read.php?EncryptedMemberID=MjI1NA%3D%3D&CampaignID=79&CampaignStatisticsID=45&Demo=0&Email=gaia.arnaboldi@adveq.com HTTP/1.1" 200 55 "-" "Mozilla/4.0 (compatible; MSIE 6.0; Windows NT 5.2; SV1; .NET CLR 1.1.4322; InfoPath.1; .NET CLR 2.0.50727)"
194.209.42.83 - - [06/Mar/2007:09:07:23 +0000] "GET /oempro/read.php?EncryptedMemberID=MjI1NA%3D%3D&CampaignID=79&CampaignStatisticsID=45&Demo=0&Email=gaia.arnaboldi@adveq.com HTTP/1.1" 200 55 "-" "Mozilla/4.0 (compatible; MSIE 6.0; Windows NT 5.2; SV1; .NET CLR 1.1.4322; InfoPath.1; .NET CLR 2.0.50727)"
85.133.32.138 - - [06/Mar/2007:09:07:47 +0000] "GET /oempro/read.php?EncryptedMemberID=MzkxMw%3D%3D&CampaignID=79&CampaignStatisticsID=45&Demo=0&Email=wh@mvision.com HTTP/1.1" 200 55 "-" "Mozilla/4.0 (compatible; MSIE 6.0; Windows NT 5.2; SV1; .NET CLR 1.1.4322; InfoPath.1; .NET CLR 2.0.50727)"
139.149.31.195 - - [06/Mar/2007:09:07:49 +0000] "GET /oempro/read.php?EncryptedMemberID=MjkwMw%3D%3D&CampaignID=79&CampaignStatisticsID=45&Demo=0&Email=mark.tucker@ubs.com HTTP/1.0" 200 43 "-" "Mozilla/4.0 (compatible; MSIE 6.0; Windows NT 5.0)"
139.149.31.195 - - [06/Mar/2007:09:07:51 +0000] "GET /oempro/read.php?EncryptedMemberID=MjkwMw%3D%3D&CampaignID=79&CampaignStatisticsID=45&Demo=0&Email=mark.tucker@ubs.com HTTP/1.0" 200 43 "-" "Mozilla/4.0 (compatible; MSIE 6.0; Windows NT 5.0)"
139.149.31.195 - - [06/Mar/2007:09:07:54 +0000] "GET /oempro/link.php?URL=aHR0cDovL3d3dy5zb20tY2FwLmNvbS9vZW1wcm8vbGluay5waHA%2FVVJMPWFIUjBjRG92TDNkM2R5NXpiMjB0WTJGd0xtTnZiUzlrWVhSaExtaDBiUT09JmFtcDtOYW1lPSZhbXA7RW5jcnlwdGVkTWVtYmVySUQ9TkRBeU5BPT0mYW1wO0NhbXBhaWduSUQ9NzcmYW1wO0NhbXBhaWduU3RhdGlzdGljc0lEPTQzJmFtcDtEZW1vPTAmYW1wO0VtYWlsPW1hcmllQHNvbS1jYXAuY29t&Name=&EncryptedMemberID=MjkwMw%3D%3D&CampaignID=79&CampaignStatisticsID=45&Demo=0&Email=mark.tucker@ubs.com HTTP/1.0" 302 0 "-" "Mozilla/4.0 (compatible; MSIE 6.0; Windows NT 5.0)"
85.133.32.138 - - [06/Mar/2007:09:07:54 +0000] "GET /oempro/read.php?EncryptedMemberID=MzkxMw%3D%3D&CampaignID=79&CampaignStatisticsID=45&Demo=0&Email=wh@mvision.com HTTP/1.1" 200 55 "-" "Mozilla/4.0 (compatible; MSIE 6.0; Windows NT 5.2; SV1; .NET CLR 1.1.4322; InfoPath.1; .NET CLR 2.0.50727)"
139.149.31.195 - - [06/Mar/2007:09:07:54 +0000] "GET /oempro/link.php?URL=aHR0cDovL3d3dy5zb20tY2FwLmNvbS9kYXRhLmh0bQ==&Name=&EncryptedMemberID=NDAyNA==&CampaignID=77&CampaignStatisticsID=43&Demo=0&Email=marie@som-cap.com HTTP/1.0" 302 0 "-" "Mozilla/4.0 (compatible; MSIE 6.0; Windows NT 5.0)"
139.149.31.195 - - [06/Mar/2007:09:07:54 +0000] "GET /data.htm HTTP/1.0" 200 6628 "-" "Mozilla/4.0 (compatible; MSIE 6.0; Windows NT 5.0)"
139.149.31.195 - - [06/Mar/2007:09:07:54 +0000] "GET /styles.css HTTP/1.0" 200 497 "http://www.som-cap.com/data.htm" "Mozilla/4.0 (compatible; MSIE 6.0; Windows NT 5.0)"
139.149.31.195 - - [06/Mar/2007:09:07:54 +0000] "GET /images/logo.gif HTTP/1.0" 200 1574 "http://www.som-cap.com/data.htm" "Mozilla/4.0 (compatible; MSIE 6.0; Windows NT 5.0)"
139.149.31.195 - - [06/Mar/2007:09:07:54 +0000] "GET /images/inbg.jpg HTTP/1.0" 200 32265 "http://www.som-cap.com/data.htm" "Mozilla/4.0 (compatible; MSIE 6.0; Windows NT 5.0)"
139.149.31.195 - - [06/Mar/2007:09:07:59 +0000] "GET /images/Vol%201.%20Oct%202001.pdf HTTP/1.0" 200 105169 "http://www.som-cap.com/data.htm" "Mozilla/4.0 (compatible; MSIE 6.0; Windows NT 5.0)"
62.40.11.190 - - [06/Mar/2007:09:08:19 +0000] "GET /oempro/read.php?EncryptedMemberID=MjQyOA%3D%3D&CampaignID=79&CampaignStatisticsID=45&Demo=0&Email=horst.guedel@rwb-ag.de HTTP/1.0" 200 43 "-" "Mozilla/4.0 (compatible; MSIE 6.0; Windows NT 5.0; .NET CLR 1.1.4322)"
139.149.31.195 - - [06/Mar/2007:09:08:35 +0000] "GET /images/06%20H1%20Report.pdf HTTP/1.0" 200 41233 "http://www.som-cap.com/data.htm" "Mozilla/4.0 (compatible; MSIE 6.0; Windows NT 5.0)"
139.149.31.195 - - [06/Mar/2007:09:08:35 +0000] "GET /images/06%20H1%20Report.pdf HTTP/1.0" 304 - "-" "Mozilla/4.0 (compatible; MSIE 6.0; Windows NT 5.0)"
139.149.31.195 - - [06/Mar/2007:09:09:00 +0000] "GET /images/Private%20Equity%20Data%20Service%20Feb%2007.pdf HTTP/1.0" 200 29186 "http://www.som-cap.com/data.htm" "Mozilla/4.0 (compatible; MSIE 6.0; Windows NT 5.0)"
139.149.31.195 - - [06/Mar/2007:09:09:00 +0000] "GET /images/Private%20Equity%20Data%20Service%20Feb%2007.pdf HTTP/1.0" 304 - "-" "Mozilla/4.0 (compatible; MSIE 6.0; Windows NT 5.0)"
167.206.84.162 - - [06/Mar/2007:09:09:02 +0000] "GET /oempro/read.php?EncryptedMemberID=MjkyNg%3D%3D&CampaignID=79&CampaignStatisticsID=45&Demo=0&Email=martincampbell@newlineuml.com HTTP/1.1" 200 55 "-" "Mozilla/4.0 (compatible; MSIE 6.0; Windows NT 5.1; .NET CLR 1.1.4322)"
194.209.42.83 - - [06/Mar/2007:09:09:16 +0000] "GET /oempro/read.php?EncryptedMemberID=MjI1NA%3D%3D&CampaignID=79&CampaignStatisticsID=45&Demo=0&Email=gaia.arnaboldi@adveq.com HTTP/1.1" 200 55 "-" "Mozilla/4.0 (compatible; MSIE 6.0; Windows NT 5.2; SV1; .NET CLR 1.1.4322; InfoPath.1; .NET CLR 2.0.50727)"
139.149.31.195 - - [06/Mar/2007:09:09:16 +0000] "GET /oempro/read.php?EncryptedMemberID=MjkwMw%3D%3D&CampaignID=79&CampaignStatisticsID=45&Demo=0&Email=mark.tucker@ubs.com HTTP/1.0" 200 43 "-" "Mozilla/4.0 (compatible; MSIE 6.0; Windows NT 5.0)"
