198.240.212.26 - - [05/Mar/2007:20:45:02 +0000] "GET /oempro/read.php?EncryptedMemberID=MTY2Mw%3D%3D&CampaignID=79&CampaignStatisticsID=45&Demo=0&Email=arielsergio.goekmen@credit-suisse.com HTTP/1.1" 200 - "-" "Mozilla/4.0 (compatible; MSIE 6.0; Windows NT 5.1; SV1; i-NavFourF; .NET CLR 1.1.4322; InfoPath.1; .NET CLR 2.0.50727)"
70.107.245.64 - - [05/Mar/2007:20:45:02 +0000] "GET /oempro/read.php?EncryptedMemberID=MjM4Nw%3D%3D&CampaignID=79&CampaignStatisticsID=45&Demo=0&Email=hdm@britcap.com HTTP/1.1" 200 - "-" "Mozilla/4.0 (compatible; MSIE 7.0; Windows NT 5.1; .NET CLR 1.0.3705; .NET CLR 1.1.4322; Media Center PC 3.1)"
70.107.245.64 - - [05/Mar/2007:20:45:02 +0000] "GET /oempro/read.php?EncryptedMemberID=MjM4Nw%3D%3D&CampaignID=79&CampaignStatisticsID=45&Demo=0&Email=hdm@britcap.com HTTP/1.1" 200 - "-" "Mozilla/4.0 (compatible; MSIE 7.0; Windows NT 5.1; .NET CLR 1.0.3705; .NET CLR 1.1.4322; Media Center PC 3.1)"
212.199.154.132 - - [05/Mar/2007:20:45:02 +0000] "GET /oempro/read.php?EncryptedMemberID=Mzc3Nw%3D%3D&CampaignID=79&CampaignStatisticsID=45&Demo=0&Email=tim.cruttenden@vencap.com HTTP/1.1" 200 - "-" "Mozilla/4.0 (compatible; MSIE 6.0; Windows NT 5.1; SV1; .NET CLR 1.1.4322)"
208.251.127.102 - - [05/Mar/2007:20:45:02 +0000] "GET /oempro/read.php?EncryptedMemberID=MTk0NA%3D%3D&CampaignID=79&CampaignStatisticsID=45&Demo=0&Email=cwagner@lacera.com HTTP/1.0" 200 - "-" "Mozilla/4.0 (compatible; MSIE 6.0; Windows NT 5.0; .NET CLR 1.1.4322)"
208.251.127.102 - - [05/Mar/2007:20:45:02 +0000] "GET /oempro/read.php?EncryptedMemberID=MTk0NA%3D%3D&CampaignID=79&CampaignStatisticsID=45&Demo=0&Email=cwagner@lacera.com HTTP/1.0" 200 - "-" "Mozilla/4.0 (compatible; MSIE 6.0; Windows NT 5.0; .NET CLR 1.1.4322)"
81.149.48.108 - - [05/Mar/2007:20:45:02 +0000] "GET /oempro/read.php?EncryptedMemberID=MzY2NQ%3D%3D&CampaignID=79&CampaignStatisticsID=45&Demo=0&Email=stephan@stargatecapital.co.uk HTTP/1.1" 200 - "-" "Mozilla/4.0 (compatible; MSIE 6.0; Windows NT 5.1; SV1; .NET CLR 1.0.3705)"
198.240.213.25 - - [05/Mar/2007:20:45:02 +0000] "GET /oempro/read.php?EncryptedMemberID=MTY2Mw%3D%3D&CampaignID=79&CampaignStatisticsID=45&Demo=0&Email=arielsergio.goekmen@credit-suisse.com HTTP/1.1" 200 - "-" "Mozilla/4.0 (compatible; MSIE 6.0; Windows NT 5.1; SV1; i-NavFourF; .NET CLR 1.1.4322; .NET CLR 2.0.50727)"
198.240.212.26 - - [05/Mar/2007:20:45:03 +0000] "GET /oempro/read.php?EncryptedMemberID=MTY2Mw%3D%3D&CampaignID=79&CampaignStatisticsID=45&Demo=0&Email=arielsergio.goekmen@credit-suisse.com HTTP/1.1" 200 - "-" "Mozilla/4.0 (compatible; MSIE 6.0; Windows NT 5.1; SV1; i-NavFourF; .NET CLR 1.1.4322; InfoPath.1; .NET CLR 2.0.50727)"
208.251.127.102 - - [05/Mar/2007:20:45:04 +0000] "GET /oempro/read.php?EncryptedMemberID=MzY5Mg%3D%3D&CampaignID=79&CampaignStatisticsID=45&Demo=0&Email=stilaye@lacera.com HTTP/1.0" 200 - "-" "Mozilla/4.0 (compatible; MSIE 6.0; Windows NT 5.0; .NET CLR 1.1.4322)"
205.173.9.235 - - [05/Mar/2007:20:45:04 +0000] "GET /oempro/read.php?EncryptedMemberID=MzgyMg%3D%3D&CampaignID=79&CampaignStatisticsID=45&Demo=0&Email=trest@nystrs.state.ny.us HTTP/1.1" 200 - "-" "Mozilla/4.0 (compatible; MSIE 6.0; Windows NT 5.0; .NET CLR 1.1.4322; InfoPath.1)"
205.173.9.235 - - [05/Mar/2007:20:45:07 +0000] "GET /oempro/link.php?URL=aHR0cDovL3d3dy5zb20tY2FwLmNvbS9vZW1wcm8vbGluay5waHA%2FVVJMPWFIUjBjRG92TDNkM2R5NXpiMjB0WTJGd0xtTnZiUzlrWVhSaExtaDBiUT09JmFtcDtOYW1lPSZhbXA7RW5jcnlwdGVkTWVtYmVySUQ9TkRBeU5BPT0mYW1wO0NhbXBhaWduSUQ9NzcmYW1wO0NhbXBhaWduU3RhdGlzdGljc0lEPTQzJmFtcDtEZW1vPTAmYW1wO0VtYWlsPW1hcmllQHNvbS1jYXAuY29t&Name=&EncryptedMemberID=MzgyMg%3D%3D&CampaignID=79&CampaignStatisticsID=45&Demo=0&Email=trest@nystrs.state.ny.us HTTP/1.1" 200 - "-" "Mozilla/4.0 (compatible; MSIE 6.0; Windows NT 5.0; .NET CLR 1.1.4322; InfoPath.1)"
86.136.184.108 - - [05/Mar/2007:20:46:01 +0000] "GET /favicon.ico HTTP/1.1" 404 657 "-" "Mozilla/4.0 (compatible; MSIE 7.0; Windows NT 5.1; .NET CLR 1.0.3705; .NET CLR 1.1.4322; Media Center PC 4.0)"
208.251.127.102 - - [05/Mar/2007:20:48:46 +0000] "GET /oempro/read.php?EncryptedMemberID=MTk0NA%3D%3D&CampaignID=79&CampaignStatisticsID=45&Demo=0&Email=cwagner@lacera.com HTTP/1.0" 200 - "-" "Mozilla/4.0 (compatible; MSIE 6.0; Windows NT 5.0; .NET CLR 1.1.4322)"
210.177.173.225 - - [05/Mar/2007:20:48:46 +0000] "GET /oempro/read.php?EncryptedMemberID=MzM3OA%3D%3D&CampaignID=79&CampaignStatisticsID=45&Demo=0&Email=richard.thorp@maplesandcalder.com HTTP/1.1" 200 - "-" "Mozilla/4.0 (compatible; MSIE 6.0; Windows NT 5.0; .NET CLR 1.1.4322)"
70.107.245.64 - - [05/Mar/2007:20:49:51 +0000] "GET /oempro/link.php?URL=aHR0cDovL3d3dy5zb20tY2FwLmNvbS9vZW1wcm8vbGluay5waHA%2FVVJMPWFIUjBjRG92TDNkM2R5NXpiMjB0WTJGd0xtTnZiUzg9JmFtcDtOYW1lPSZhbXA7RW5jcnlwdGVkTWVtYmVySUQ9TkRBeU5BPT0mYW1wO0NhbXBhaWduSUQ9NzcmYW1wO0NhbXBhaWduU3RhdGlzdGljc0lEPTQzJmFtcDtEZW1vPTAmYW1wO0VtYWlsPW1hcmllQHNvbS1jYXAuY29t&Name=&EncryptedMemberID=MjM4Nw%3D%3D&CampaignID=79&CampaignStatisticsID=45&Demo=0&Email=hdm@britcap.com HTTP/1.1" 200 - "-" "Mozilla/4.0 (compatible; MSIE 7.0; Windows NT 5.1; .NET CLR 1.0.3705; .NET CLR 1.1.4322; Media Center PC 3.1)"
216.95.215.88 - - [05/Mar/2007:20:51:12 +0000] "GET /oempro/read.php?EncryptedMemberID=MjE0Mw%3D%3D&CampaignID=79&CampaignStatisticsID=45&Demo=0&Email=ehershberg@oncap.com HTTP/1.1" 200 - "-" "Mozilla/4.0 (compatible; MSIE 6.0; Windows NT 5.1; SV1; .NET CLR 1.1.4322; .NET CLR 2.0.50727)"
208.251.127.102 - - [05/Mar/2007:20:51:13 +0000] "GET /oempro/read.php?EncryptedMemberID=MTk0NA%3D%3D&CampaignID=79&CampaignStatisticsID=45&Demo=0&Email=cwagner@lacera.com HTTP/1.0" 200 - "-" "Mozilla/4.0 (compatible; MSIE 6.0; Windows NT 5.0; .NET CLR 1.1.4322)"
12.42.44.66 - - [05/Mar/2007:20:51:20 +0000] "GET /oempro/read.php?EncryptedMemberID=MjU3OQ%3D%3D&CampaignID=79&CampaignStatisticsID=45&Demo=0&Email=jlb@cpeaton.com HTTP/1.1" 200 224 "-" "Mozilla/4.0 (compatible; MSIE 6.0; Windows NT 5.1; SV1; .NET CLR 1.1.4322)"
12.42.44.66 - - [05/Mar/2007:20:51:20 +0000] "GET /oempro/read.php?EncryptedMemberID=MjU3OQ%3D%3D&CampaignID=79&CampaignStatisticsID=45&Demo=0&Email=jlb@cpeaton.com HTTP/1.1" 200 224 "-" "Mozilla/4.0 (compatible; MSIE 6.0; Windows NT 5.1; SV1; .NET CLR 1.1.4322)"
86.136.184.108 - - [05/Mar/2007:20:51:53 +0000] "GET /favicon.ico HTTP/1.1" 404 657 "-" "Mozilla/4.0 (compatible; MSIE 7.0; Windows NT 5.1; .NET CLR 1.0.3705; .NET CLR 1.1.4322; Media Center PC 4.0)"
65.205.246.194 - - [05/Mar/2007:20:53:19 +0000] "GET /oempro/read.php?EncryptedMemberID=MjQxMw%3D%3D&CampaignID=79&CampaignStatisticsID=45&Demo=0&Email=hjones@offithall.com HTTP/1.1" 200 - "-" "Mozilla/4.0 (compatible; MSIE 6.0; Windows NT 5.1; SV1; .NET CLR 1.1.4322; .NET CLR 2.0.50727; InfoPath.1)"
65.205.246.194 - - [05/Mar/2007:20:54:04 +0000] "GET /oempro/read.php?EncryptedMemberID=MjQxMw%3D%3D&CampaignID=79&CampaignStatisticsID=45&Demo=0&Email=hjones@offithall.com HTTP/1.1" 200 - "-" "Mozilla/4.0 (compatible; MSIE 6.0; Windows NT 5.1; SV1; .NET CLR 1.1.4322; .NET CLR 2.0.50727; InfoPath.1)"
62.172.72.131 - - [05/Mar/2007:20:54:05 +0000] "GET /oempro/read.php?EncryptedMemberID=Mjg5OA%3D%3D&CampaignID=79&CampaignStatisticsID=45&Demo=0&Email=mark.calnan@eu.watsonwyatt.com HTTP/1.1" 200 - "-" "Mozilla/4.0 (compatible; MSIE 6.0; Windows NT 5.1; SV1; .NET CLR 1.0.3705; .NET CLR 1.1.4322; .NET CLR 2.0.50727)"
210.177.173.225 - - [05/Mar/2007:20:54:38 +0000] "GET /oempro/read.php?EncryptedMemberID=MzM3OA%3D%3D&CampaignID=79&CampaignStatisticsID=45&Demo=0&Email=richard.thorp@maplesandcalder.com HTTP/1.1" 200 55 "-" "Mozilla/4.0 (compatible; MSIE 6.0; Windows NT 5.0; .NET CLR 1.1.4322)"
62.172.72.131 - - [05/Mar/2007:20:54:39 +0000] "GET /oempro/read.php?EncryptedMemberID=Mjg5OA%3D%3D&CampaignID=79&CampaignStatisticsID=45&Demo=0&Email=mark.calnan@eu.watsonwyatt.com HTTP/1.1" 200 55 "-" "Mozilla/4.0 (compatible; MSIE 6.0; Windows NT 5.1; SV1; .NET CLR 1.0.3705; .NET CLR 1.1.4322; .NET CLR 2.0.50727)"
142.32.208.232 - - [05/Mar/2007:20:56:20 +0000] "GET /oempro/read.php?EncryptedMemberID=MjgxNg%3D%3D&CampaignID=79&CampaignStatisticsID=45&Demo=0&Email=lincoln.webb@bcimc.com HTTP/1.1" 200 55 "-" "Mozilla/4.0 (compatible; MSIE 6.0; Windows NT 5.1; SV1; .NET CLR 1.1.4322)"
198.234.34.226 - - [05/Mar/2007:20:56:20 +0000] "GET /oempro/read.php?EncryptedMemberID=Mzc1NQ%3D%3D&CampaignID=79&CampaignStatisticsID=45&Demo=0&Email=thall@op-f.org HTTP/1.1" 200 55 "-" "Mozilla/4.0 (compatible; MSIE 6.0; Windows NT 5.1; SV1; .NET CLR 1.0.3705; .NET CLR 1.1.4322; .NET CLR 2.0.50727)"
66.100.94.98 - - [05/Mar/2007:20:56:20 +0000] "GET /oempro/read.php?EncryptedMemberID=MzMyOQ%3D%3D&CampaignID=79&CampaignStatisticsID=45&Demo=0&Email=rastruc@privateadvisors.com HTTP/1.1" 200 55 "-" "Mozilla/4.0 (compatible; MSIE 7.0; Windows NT 5.1; .NET CLR 1.1.4322)"
165.236.130.98 - - [05/Mar/2007:21:01:33 +0000] "GET /oempro/read.php?EncryptedMemberID=MjU4OQ%3D%3D&CampaignID=79&CampaignStatisticsID=45&Demo=0&Email=jmichael@peppertreefund.com HTTP/1.1" 200 - "-" "Mozilla/4.0 (compatible; MSIE 7.0; Windows NT 5.1; .NET CLR 1.0.3705; .NET CLR 1.1.4322)"
63.200.251.250 - - [05/Mar/2007:21:02:05 +0000] "GET /oempro/read.php?EncryptedMemberID=MzU3MQ%3D%3D&CampaignID=79&CampaignStatisticsID=45&Demo=0&Email=shogan@llcp.com HTTP/1.1" 200 - "-" "Mozilla/4.0 (compatible; MSIE 6.0; Windows NT 5.1; SV1; .NET CLR 1.1.4322)"
63.200.251.250 - - [05/Mar/2007:21:02:56 +0000] "GET /oempro/read.php?EncryptedMemberID=MzU3MQ%3D%3D&CampaignID=79&CampaignStatisticsID=45&Demo=0&Email=shogan@llcp.com HTTP/1.1" 200 - "-" "Mozilla/4.0 (compatible; MSIE 6.0; Windows NT 5.1; SV1; .NET CLR 1.1.4322)"
142.32.208.232 - - [05/Mar/2007:21:04:35 +0000] "GET /oempro/read.php?EncryptedMemberID=MjgxNg%3D%3D&CampaignID=79&CampaignStatisticsID=45&Demo=0&Email=lincoln.webb@bcimc.com HTTP/1.1" 200 - "-" "Mozilla/4.0 (compatible; MSIE 6.0; Windows NT 5.1; SV1; .NET CLR 1.1.4322)"
142.32.208.232 - - [05/Mar/2007:21:04:36 +0000] "GET /oempro/read.php?EncryptedMemberID=MjgxNg%3D%3D&CampaignID=79&CampaignStatisticsID=45&Demo=0&Email=lincoln.webb@bcimc.com HTTP/1.1" 200 - "-" "Mozilla/4.0 (compatible; MSIE 6.0; Windows NT 5.1; SV1; .NET CLR 1.1.4322)"
142.32.208.232 - - [05/Mar/2007:21:04:38 +0000] "GET /oempro/read.php?EncryptedMemberID=MjgxNg%3D%3D&CampaignID=79&CampaignStatisticsID=45&Demo=0&Email=lincoln.webb@bcimc.com HTTP/1.1" 200 - "-" "Mozilla/4.0 (compatible; MSIE 6.0; Windows NT 5.1; SV1; .NET CLR 1.1.4322; .NET CLR 2.0.50727)"
63.94.95.45 - - [05/Mar/2007:21:05:58 +0000] "GET /oempro/read.php?EncryptedMemberID=MzU1OQ%3D%3D&CampaignID=79&CampaignStatisticsID=45&Demo=0&Email=sgreenhaus@whippoorwillassociates.com HTTP/1.1" 200 55 "-" "Mozilla/4.0 (compatible; MSIE 6.0; Windows NT 5.0; Creative; .NET CLR 1.1.4322; .NET CLR 2.0.50727)"
64.190.19.2 - - [05/Mar/2007:21:05:58 +0000] "GET /oempro/read.php?EncryptedMemberID=MzQwNg%3D%3D&CampaignID=79&CampaignStatisticsID=45&Demo=0&Email=rmoseley@llmcapital.com HTTP/1.1" 200 55 "-" "Mozilla/4.0 (compatible; MSIE 6.0; Windows NT 5.1; SV1)"
65.205.246.194 - - [05/Mar/2007:21:05:58 +0000] "GET /oempro/read.php?EncryptedMemberID=MjUzMg%3D%3D&CampaignID=79&CampaignStatisticsID=45&Demo=0&Email=jdominguez@offithall.com HTTP/1.1" 200 55 "-" "Mozilla/4.0 (compatible; MSIE 6.0; Windows NT 5.1; SV1; .NET CLR 1.1.4322; InfoPath.1)"
38.114.132.138 - - [05/Mar/2007:21:05:59 +0000] "GET /oempro/read.php?EncryptedMemberID=MzI5NQ%3D%3D&CampaignID=79&CampaignStatisticsID=45&Demo=0&Email=preddy@pantheonventures.com HTTP/1.0" 200 43 "-" "Mozilla/4.0 (compatible; MSIE 6.0; Windows NT 5.1; SV1)"
65.205.246.194 - - [05/Mar/2007:21:06:00 +0000] "GET /oempro/read.php?EncryptedMemberID=MjUzMg%3D%3D&CampaignID=79&CampaignStatisticsID=45&Demo=0&Email=jdominguez@offithall.com HTTP/1.1" 200 55 "-" "Mozilla/4.0 (compatible; MSIE 6.0; Windows NT 5.1; SV1; .NET CLR 1.1.4322; InfoPath.1)"
63.94.95.45 - - [05/Mar/2007:21:06:00 +0000] "GET /oempro/read.php?EncryptedMemberID=MzU1OQ%3D%3D&CampaignID=79&CampaignStatisticsID=45&Demo=0&Email=sgreenhaus@whippoorwillassociates.com HTTP/1.1" 200 55 "-" "Mozilla/4.0 (compatible; MSIE 6.0; Windows NT 5.0; Creative; .NET CLR 1.1.4322; .NET CLR 2.0.50727)"
65.223.81.120 - - [05/Mar/2007:21:06:01 +0000] "GET /oempro/read.php?EncryptedMemberID=MzM4Mw%3D%3D&CampaignID=79&CampaignStatisticsID=45&Demo=0&Email=rick@gabrielvp.com HTTP/1.1" 200 55 "-" "Mozilla/4.0 (compatible; MSIE 7.0; Windows NT 5.1; .NET CLR 1.1.4322; .NET CLR 2.0.50727)"
65.205.246.194 - - [05/Mar/2007:21:06:11 +0000] "GET /oempro/link.php?URL=aHR0cDovL3d3dy5zb20tY2FwLmNvbS9vZW1wcm8vbGluay5waHA%2FVVJMPWFIUjBjRG92TDNkM2R5NXpiMjB0WTJGd0xtTnZiUzg9JmFtcDtOYW1lPSZhbXA7RW5jcnlwdGVkTWVtYmVySUQ9TkRBeU5BPT0mYW1wO0NhbXBhaWduSUQ9NzcmYW1wO0NhbXBhaWduU3RhdGlzdGljc0lEPTQzJmFtcDtEZW1vPTAmYW1wO0VtYWlsPW1hcmllQHNvbS1jYXAuY29t&Name=&EncryptedMemberID=MjUzMg%3D%3D&CampaignID=79&CampaignStatisticsID=45&Demo=0&Email=jdominguez@offithall.com HTTP/1.1" 302 5 "-" "Mozilla/4.0 (compatible; MSIE 6.0; Windows NT 5.1; SV1; .NET CLR 1.1.4322; InfoPath.1)"
65.205.246.194 - - [05/Mar/2007:21:06:14 +0000] "GET /oempro/link.php?URL=aHR0cDovL3d3dy5zb20tY2FwLmNvbS8=&Name=&EncryptedMemberID=NDAyNA==&CampaignID=77&CampaignStatisticsID=43&Demo=0&Email=marie@som-cap.com HTTP/1.1" 302 5 "-" "Mozilla/4.0 (compatible; MSIE 6.0; Windows NT 5.1; SV1; .NET CLR 1.1.4322; InfoPath.1)"
65.205.246.194 - - [05/Mar/2007:21:06:16 +0000] "GET / HTTP/1.1" 200 3426 "-" "Mozilla/4.0 (compatible; MSIE 6.0; Windows NT 5.1; SV1; .NET CLR 1.1.4322; InfoPath.1)"
65.205.246.194 - - [05/Mar/2007:21:06:17 +0000] "GET /images/inbg.jpg HTTP/1.1" 200 32265 "http://www.som-cap.com/" "Mozilla/4.0 (compatible; MSIE 6.0; Windows NT 5.1; SV1; .NET CLR 1.1.4322; InfoPath.1)"
65.205.246.194 - - [05/Mar/2007:21:06:19 +0000] "GET /styles.css HTTP/1.1" 200 497 "http://www.som-cap.com/" "Mozilla/4.0 (compatible; MSIE 6.0; Windows NT 5.1; SV1; .NET CLR 1.1.4322; InfoPath.1)"
65.205.246.194 - - [05/Mar/2007:21:06:19 +0000] "GET /images/logo.gif HTTP/1.1" 200 1574 "http://www.som-cap.com/" "Mozilla/4.0 (compatible; MSIE 6.0; Windows NT 5.1; SV1; .NET CLR 1.1.4322; InfoPath.1)"
65.205.246.194 - - [05/Mar/2007:21:06:24 +0000] "GET /biography.htm HTTP/1.1" 200 4087 "http://www.som-cap.com/" "Mozilla/4.0 (compatible; MSIE 6.0; Windows NT 5.1; SV1; .NET CLR 1.1.4322; InfoPath.1)"
65.205.246.194 - - [05/Mar/2007:21:06:24 +0000] "GET /styles.css HTTP/1.1" 304 - "http://www.som-cap.com/biography.htm" "Mozilla/4.0 (compatible; MSIE 6.0; Windows NT 5.1; SV1; .NET CLR 1.1.4322; InfoPath.1)"
65.205.246.194 - - [05/Mar/2007:21:06:24 +0000] "GET /images/inbg.jpg HTTP/1.1" 304 - "http://www.som-cap.com/biography.htm" "Mozilla/4.0 (compatible; MSIE 6.0; Windows NT 5.1; SV1; .NET CLR 1.1.4322; InfoPath.1)"
65.205.246.194 - - [05/Mar/2007:21:06:24 +0000] "GET /images/logo.gif HTTP/1.1" 304 - "http://www.som-cap.com/biography.htm" "Mozilla/4.0 (compatible; MSIE 6.0; Windows NT 5.1; SV1; .NET CLR 1.1.4322; InfoPath.1)"
65.205.246.194 - - [05/Mar/2007:21:06:27 +0000] "GET /images/James%20Miller-2.jpg HTTP/1.1" 200 7075 "http://www.som-cap.com/biography.htm" "Mozilla/4.0 (compatible; MSIE 6.0; Windows NT 5.1; SV1; .NET CLR 1.1.4322; InfoPath.1)"
209.212.79.3 - - [05/Mar/2007:21:06:34 +0000] "GET /oempro/read.php?EncryptedMemberID=MjAyNQ%3D%3D&CampaignID=79&CampaignStatisticsID=45&Demo=0&Email=ddempsey@bentleylp.com HTTP/1.1" 200 55 "-" "Mozilla/4.0 (compatible; MSIE 6.0; Windows NT 5.0)"
65.205.246.194 - - [05/Mar/2007:21:07:11 +0000] "GET /trackrecord.htm HTTP/1.1" 200 4429 "http://www.som-cap.com/biography.htm" "Mozilla/4.0 (compatible; MSIE 6.0; Windows NT 5.1; SV1; .NET CLR 1.1.4322; InfoPath.1)"
65.205.246.194 - - [05/Mar/2007:21:07:12 +0000] "GET /styles.css HTTP/1.1" 304 - "http://www.som-cap.com/trackrecord.htm" "Mozilla/4.0 (compatible; MSIE 6.0; Windows NT 5.1; SV1; .NET CLR 1.1.4322; InfoPath.1)"
65.205.246.194 - - [05/Mar/2007:21:07:12 +0000] "GET /images/logo.gif HTTP/1.1" 304 - "http://www.som-cap.com/trackrecord.htm" "Mozilla/4.0 (compatible; MSIE 6.0; Windows NT 5.1; SV1; .NET CLR 1.1.4322; InfoPath.1)"
65.205.246.194 - - [05/Mar/2007:21:07:12 +0000] "GET /images/6pic.gif HTTP/1.1" 200 9094 "http://www.som-cap.com/trackrecord.htm" "Mozilla/4.0 (compatible; MSIE 6.0; Windows NT 5.1; SV1; .NET CLR 1.1.4322; InfoPath.1)"
65.205.246.194 - - [05/Mar/2007:21:07:13 +0000] "GET /images/inbg.jpg HTTP/1.1" 304 - "http://www.som-cap.com/trackrecord.htm" "Mozilla/4.0 (compatible; MSIE 6.0; Windows NT 5.1; SV1; .NET CLR 1.1.4322; InfoPath.1)"
65.205.246.194 - - [05/Mar/2007:21:07:13 +0000] "GET /images/4pic.gif HTTP/1.1" 200 10003 "http://www.som-cap.com/trackrecord.htm" "Mozilla/4.0 (compatible; MSIE 6.0; Windows NT 5.1; SV1; .NET CLR 1.1.4322; InfoPath.1)"
65.205.246.194 - - [05/Mar/2007:21:07:14 +0000] "GET /images/5pic.gif HTTP/1.1" 200 9274 "http://www.som-cap.com/trackrecord.htm" "Mozilla/4.0 (compatible; MSIE 6.0; Windows NT 5.1; SV1; .NET CLR 1.1.4322; InfoPath.1)"
65.205.246.194 - - [05/Mar/2007:21:07:14 +0000] "GET /images/3pic.gif HTTP/1.1" 200 10964 "http://www.som-cap.com/trackrecord.htm" "Mozilla/4.0 (compatible; MSIE 6.0; Windows NT 5.1; SV1; .NET CLR 1.1.4322; InfoPath.1)"
65.205.246.194 - - [05/Mar/2007:21:07:15 +0000] "GET /images/2pic.gif HTTP/1.1" 200 10701 "http://www.som-cap.com/trackrecord.htm" "Mozilla/4.0 (compatible; MSIE 6.0; Windows NT 5.1; SV1; .NET CLR 1.1.4322; InfoPath.1)"
65.205.246.194 - - [05/Mar/2007:21:07:15 +0000] "GET /images/1pic.gif HTTP/1.1" 200 12857 "http://www.som-cap.com/trackrecord.htm" "Mozilla/4.0 (compatible; MSIE 6.0; Windows NT 5.1; SV1; .NET CLR 1.1.4322; InfoPath.1)"
82.69.90.37 - - [05/Mar/2007:21:07:15 +0000] "GET /oempro/read.php?EncryptedMemberID=MzIwNA%3D%3D&CampaignID=79&CampaignStatisticsID=45&Demo=0&Email=pbaker@lakeshorefunds.com HTTP/1.1" 200 55 "-" "Mozilla/4.0 (compatible; MSIE 7.0; Windows NT 5.1; .NET CLR 2.0.50727; .NET CLR 1.1.4322)"
65.205.246.194 - - [05/Mar/2007:21:08:26 +0000] "GET /oempro/read.php?EncryptedMemberID=MjQxMw%3D%3D&CampaignID=79&CampaignStatisticsID=45&Demo=0&Email=hjones@offithall.com HTTP/1.1" 200 55 "-" "Mozilla/4.0 (compatible; MSIE 6.0; Windows NT 5.1; SV1; .NET CLR 1.1.4322; .NET CLR 2.0.50727; InfoPath.1)"
67.154.139.70 - - [05/Mar/2007:21:09:58 +0000] "GET /oempro/read.php?EncryptedMemberID=MzI0Nw%3D%3D&CampaignID=79&CampaignStatisticsID=45&Demo=0&Email=petersen@sloan.org HTTP/1.1" 200 55 "-" "Mozilla/4.0 (compatible; MSIE 7.0; Windows NT 5.1; .NET CLR 1.1.4322)"
198.234.34.226 - - [05/Mar/2007:21:10:38 +0000] "GET /oempro/read.php?EncryptedMemberID=Mzc1NQ%3D%3D&CampaignID=79&CampaignStatisticsID=45&Demo=0&Email=thall@op-f.org HTTP/1.0" 200 43 "-" "Mozilla/4.0 (compatible; MSIE 6.0; Windows NT 5.1; SV1; .NET CLR 1.0.3705; .NET CLR 1.1.4322; .NET CLR 2.0.50727)"
198.234.34.226 - - [05/Mar/2007:21:10:47 +0000] "GET /oempro/read.php?EncryptedMemberID=Mzc1NQ%3D%3D&CampaignID=79&CampaignStatisticsID=45&Demo=0&Email=thall@op-f.org HTTP/1.0" 200 43 "-" "Mozilla/4.0 (compatible; MSIE 6.0; Windows NT 5.1; SV1; .NET CLR 1.0.3705; .NET CLR 1.1.4322; .NET CLR 2.0.50727)"
199.181.201.5 - - [05/Mar/2007:21:10:47 +0000] "GET /oempro/read.php?EncryptedMemberID=Mzc2MQ%3D%3D&CampaignID=79&CampaignStatisticsID=45&Demo=0&Email=thomas.hoge@bmo.com HTTP/1.1" 200 55 "-" "Mozilla/4.0 (compatible; MSIE 6.0; Windows NT 5.0)"
199.181.201.5 - - [05/Mar/2007:21:10:58 +0000] "GET /oempro/read.php?EncryptedMemberID=Mzc2MQ%3D%3D&CampaignID=79&CampaignStatisticsID=45&Demo=0&Email=thomas.hoge@bmo.com HTTP/1.1" 200 55 "-" "Mozilla/4.0 (compatible; MSIE 6.0; Windows NT 5.0)"
199.181.201.5 - - [05/Mar/2007:21:11:26 +0000] "GET /oempro/read.php?EncryptedMemberID=Mzc2MQ%3D%3D&CampaignID=79&CampaignStatisticsID=45&Demo=0&Email=thomas.hoge@bmo.com HTTP/1.1" 200 55 "-" "Mozilla/4.0 (compatible; MSIE 6.0; Windows NT 5.0)"
67.107.55.98 - - [05/Mar/2007:21:12:21 +0000] "GET /oempro/link.php?URL=aHR0cDovL3d3dy5zb20tY2FwLmNvbS9vZW1wcm8vbGluay5waHA%2FVVJMPWFIUjBjRG92TDNkM2R5NXpiMjB0WTJGd0xtTnZiUzlrWVhSaExtaDBiUT09JmFtcDtOYW1lPSZhbXA7RW5jcnlwdGVkTWVtYmVySUQ9TkRBeU5BPT0mYW1wO0NhbXBhaWduSUQ9NzcmYW1wO0NhbXBhaWduU3RhdGlzdGljc0lEPTQzJmFtcDtEZW1vPTAmYW1wO0VtYWlsPW1hcmllQHNvbS1jYXAuY29t&Name=&EncryptedMemberID=MTgyNw%3D%3D&CampaignID=79&CampaignStatisticsID=45&Demo=0&Email=cblumka@sterlingpartners.us HTTP/1.1" 302 5 "-" "Mozilla/4.0 (compatible; MSIE 6.0; Windows NT 5.1; SV1; .NET CLR 1.1.4322; InfoPath.1)"
67.107.55.98 - - [05/Mar/2007:21:12:22 +0000] "GET /oempro/link.php?URL=aHR0cDovL3d3dy5zb20tY2FwLmNvbS9kYXRhLmh0bQ==&Name=&EncryptedMemberID=NDAyNA==&CampaignID=77&CampaignStatisticsID=43&Demo=0&Email=marie@som-cap.com HTTP/1.1" 302 5 "-" "Mozilla/4.0 (compatible; MSIE 6.0; Windows NT 5.1; SV1; .NET CLR 1.1.4322; InfoPath.1)"
67.107.55.98 - - [05/Mar/2007:21:12:22 +0000] "GET /data.htm HTTP/1.1" 200 6628 "-" "Mozilla/4.0 (compatible; MSIE 6.0; Windows NT 5.1; SV1; .NET CLR 1.1.4322; InfoPath.1)"
67.107.55.98 - - [05/Mar/2007:21:12:23 +0000] "GET /styles.css HTTP/1.1" 200 497 "http://www.som-cap.com/data.htm" "Mozilla/4.0 (compatible; MSIE 6.0; Windows NT 5.1; SV1; .NET CLR 1.1.4322; InfoPath.1)"
67.107.55.98 - - [05/Mar/2007:21:12:23 +0000] "GET /images/inbg.jpg HTTP/1.1" 200 32265 "http://www.som-cap.com/data.htm" "Mozilla/4.0 (compatible; MSIE 6.0; Windows NT 5.1; SV1; .NET CLR 1.1.4322; InfoPath.1)"
67.107.55.98 - - [05/Mar/2007:21:12:23 +0000] "GET /images/logo.gif HTTP/1.1" 200 1574 "http://www.som-cap.com/data.htm" "Mozilla/4.0 (compatible; MSIE 6.0; Windows NT 5.1; SV1; .NET CLR 1.1.4322; InfoPath.1)"
67.107.55.98 - - [05/Mar/2007:21:12:42 +0000] "GET /images/Private%20Equity%20Data%20Service%20Feb%2007.pdf HTTP/1.1" 200 29186 "http://www.som-cap.com/data.htm" "Mozilla/4.0 (compatible; MSIE 6.0; Windows NT 5.1; SV1; .NET CLR 1.1.4322; InfoPath.1)"
211.26.229.162 - - [05/Mar/2007:21:13:23 +0000] "GET /oempro/read.php?EncryptedMemberID=MzQyNA%3D%3D&CampaignID=79&CampaignStatisticsID=45&Demo=0&Email=robert.sturzaker@jana.com.au HTTP/1.0" 200 43 "-" "Mozilla/4.0 (compatible; MSIE 7.0; Windows NT 5.1; .NET CLR 1.1.4322; InfoPath.1)"
211.26.229.162 - - [05/Mar/2007:21:13:33 +0000] "GET /oempro/read.php?EncryptedMemberID=MzQyNA%3D%3D&CampaignID=79&CampaignStatisticsID=45&Demo=0&Email=robert.sturzaker@jana.com.au HTTP/1.0" 200 43 "-" "Mozilla/4.0 (compatible; MSIE 7.0; Windows NT 5.1; .NET CLR 1.1.4322; InfoPath.1)"
198.234.34.226 - - [05/Mar/2007:21:13:44 +0000] "GET /oempro/read.php?EncryptedMemberID=Mzc1NQ%3D%3D&CampaignID=79&CampaignStatisticsID=45&Demo=0&Email=thall@op-f.org HTTP/1.0" 200 43 "-" "Mozilla/4.0 (compatible; MSIE 6.0; Windows NT 5.1; SV1; .NET CLR 1.0.3705; .NET CLR 1.1.4322; .NET CLR 2.0.50727)"
198.234.34.226 - - [05/Mar/2007:21:13:52 +0000] "GET /oempro/read.php?EncryptedMemberID=Mzc1NQ%3D%3D&CampaignID=79&CampaignStatisticsID=45&Demo=0&Email=thall@op-f.org HTTP/1.0" 200 43 "-" "Mozilla/4.0 (compatible; MSIE 6.0; Windows NT 5.1; SV1; .NET CLR 1.0.3705; .NET CLR 1.1.4322; .NET CLR 2.0.50727)"
199.181.201.5 - - [05/Mar/2007:21:13:53 +0000] "GET /oempro/read.php?EncryptedMemberID=Mzc2MQ%3D%3D&CampaignID=79&CampaignStatisticsID=45&Demo=0&Email=thomas.hoge@bmo.com HTTP/1.1" 200 55 "-" "Mozilla/4.0 (compatible; MSIE 6.0; Windows NT 5.0)"
81.86.65.21 - - [05/Mar/2007:21:13:54 +0000] "GET /oempro/cron_sendengine.php HTTP/1.1" 200 2572 "http://www.som-cap.com/oempro/admin/settings_cron.php" "Mozilla/4.0 (compatible; MSIE 7.0; Windows NT 5.1)"
64.74.79.5 - - [05/Mar/2007:21:13:58 +0000] "GET /oempro/read.php?EncryptedMemberID=MzQ5MQ%3D%3D&CampaignID=79&CampaignStatisticsID=45&Demo=0&Email=ryan.stepanian@lycap.com HTTP/1.1" 200 55 "-" "Mozilla/4.0 (compatible; MSIE 6.0; Windows NT 5.1; MyIE2; SV1; .NET CLR 1.1.4322)"
205.158.144.90 - - [05/Mar/2007:21:14:02 +0000] "GET /oempro/read.php?EncryptedMemberID=MjM0OA%3D%3D&CampaignID=79&CampaignStatisticsID=45&Demo=0&Email=gwatson@sterlingpartners.us HTTP/1.1" 200 55 "-" "Mozilla/4.0 (compatible; MSIE 6.0; Windows NT 5.1; SV1; .NET CLR 1.1.4322; InfoPath.1)"
203.6.223.18 - - [05/Mar/2007:21:14:18 +0000] "GET /oempro/read.php?EncryptedMemberID=Mjg0OA%3D%3D&CampaignID=79&CampaignStatisticsID=45&Demo=0&Email=lynnwilliams@australiansuper.com HTTP/1.0" 200 43 "-" "Mozilla/4.0 (compatible; Lotus-Notes/6.0; Windows-NT)"
86.144.194.156 - - [05/Mar/2007:21:14:24 +0000] "GET /oempro/read.php?EncryptedMemberID=MjY1OQ%3D%3D&CampaignID=79&CampaignStatisticsID=45&Demo=0&Email=jrobinson@middcap.com HTTP/1.1" 200 55 "-" "Mozilla/4.0 (compatible; MSIE 7.0; Windows NT 5.1; .NET CLR 1.1.4322)"
64.128.221.17 - - [05/Mar/2007:21:15:53 +0000] "GET /oempro/read.php?EncryptedMemberID=MzA2OQ%3D%3D&CampaignID=79&CampaignStatisticsID=45&Demo=0&Email=myusko@morgancreekcap.com HTTP/1.1" 200 55 "-" "Mozilla/4.0 (compatible; MSIE 7.0; Windows NT 5.1; .NET CLR 1.1.4322; IEMB3; IEMB3)"
64.128.221.17 - - [05/Mar/2007:21:15:53 +0000] "GET /oempro/read.php?EncryptedMemberID=MzA2OQ%3D%3D&CampaignID=79&CampaignStatisticsID=45&Demo=0&Email=myusko@morgancreekcap.com HTTP/1.1" 200 55 "-" "Mozilla/4.0 (compatible; MSIE 7.0; Windows NT 5.1; .NET CLR 1.1.4322; IEMB3; IEMB3)"
64.128.221.17 - - [05/Mar/2007:21:15:53 +0000] "GET /oempro/read.php?EncryptedMemberID=MzA2OQ%3D%3D&CampaignID=79&CampaignStatisticsID=45&Demo=0&Email=myusko@morgancreekcap.com HTTP/1.1" 200 55 "-" "Mozilla/4.0 (compatible; MSIE 7.0; Windows NT 5.1; .NET CLR 1.1.4322; IEMB3; IEMB3)"
64.128.221.17 - - [05/Mar/2007:21:15:54 +0000] "GET /oempro/read.php?EncryptedMemberID=MzA2OQ%3D%3D&CampaignID=79&CampaignStatisticsID=45&Demo=0&Email=myusko@morgancreekcap.com HTTP/1.1" 200 55 "-" "Mozilla/4.0 (compatible; MSIE 7.0; Windows NT 5.1; .NET CLR 1.1.4322; IEMB3; IEMB3)"
203.6.223.18 - - [05/Mar/2007:21:16:01 +0000] "GET /oempro/read.php?EncryptedMemberID=Mjg0OA%3D%3D&CampaignID=79&CampaignStatisticsID=45&Demo=0&Email=lynnwilliams@australiansuper.com HTTP/1.0" 200 43 "-" "Mozilla/4.0 (compatible; Lotus-Notes/6.0; Windows-NT)"
203.6.223.18 - - [05/Mar/2007:21:16:02 +0000] "GET /oempro/read.php?EncryptedMemberID=Mjg0OA%3D%3D&CampaignID=79&CampaignStatisticsID=45&Demo=0&Email=lynnwilliams@australiansuper.com HTTP/1.0" 200 43 "-" "Mozilla/4.0 (compatible; Lotus-Notes/6.0; Windows-NT)"
63.200.251.250 - - [05/Mar/2007:21:18:03 +0000] "GET /oempro/read.php?EncryptedMemberID=MzU3MQ%3D%3D&CampaignID=79&CampaignStatisticsID=45&Demo=0&Email=shogan@llcp.com HTTP/1.1" 200 55 "-" "Mozilla/4.0 (compatible; MSIE 6.0; Windows NT 5.1; SV1; .NET CLR 1.1.4322)"
12.145.185.163 - - [05/Mar/2007:21:18:23 +0000] "GET /oempro/read.php?EncryptedMemberID=MzkzMg%3D%3D&CampaignID=79&CampaignStatisticsID=45&Demo=0&Email=wjs@quarles.com HTTP/1.1" 200 55 "-" "Mozilla/4.0 (compatible; MSIE 6.0; Windows NT 5.1; SV1; .NET CLR 1.1.4322)"
65.215.61.226 - - [05/Mar/2007:21:18:58 +0000] "GET /oempro/read.php?EncryptedMemberID=MTc5Mw%3D%3D&CampaignID=79&CampaignStatisticsID=45&Demo=0&Email=bwright@pomonacapital.com HTTP/1.1" 200 55 "-" "Mozilla/4.0 (compatible; MSIE 6.0; Windows NT 5.1; SV1; .NET CLR 1.1.4322; InfoPath.1; .NET CLR 2.0.50727)"
64.128.221.17 - - [05/Mar/2007:21:19:22 +0000] "GET /oempro/read.php?EncryptedMemberID=MzA2OQ%3D%3D&CampaignID=79&CampaignStatisticsID=45&Demo=0&Email=myusko@morgancreekcap.com HTTP/1.1" 200 55 "-" "Mozilla/4.0 (compatible; MSIE 7.0; Windows NT 5.1; .NET CLR 1.1.4322)"
62.50.217.150 - - [05/Mar/2007:21:19:29 +0000] "GET /oempro/read.php?EncryptedMemberID=MjA0Ng%3D%3D&CampaignID=79&CampaignStatisticsID=45&Demo=0&Email=dgpierce@searchgroup.com HTTP/1.1" 200 55 "-" "Mozilla/4.0 (compatible; MSIE 7.0; Windows NT 5.1; .NET CLR 1.1.4322)"
62.50.217.150 - - [05/Mar/2007:21:19:29 +0000] "GET /oempro/read.php?EncryptedMemberID=MjA0Ng%3D%3D&CampaignID=79&CampaignStatisticsID=45&Demo=0&Email=dgpierce@searchgroup.com HTTP/1.1" 200 55 "-" "Mozilla/4.0 (compatible; MSIE 7.0; Windows NT 5.1; .NET CLR 1.1.4322)"
62.50.217.150 - - [05/Mar/2007:21:19:34 +0000] "GET /oempro/read.php?EncryptedMemberID=MjA0Ng%3D%3D&CampaignID=79&CampaignStatisticsID=45&Demo=0&Email=dgpierce@searchgroup.com HTTP/1.1" 200 55 "-" "Mozilla/4.0 (compatible; MSIE 7.0; Windows NT 5.1; .NET CLR 1.1.4322)"
62.50.217.150 - - [05/Mar/2007:21:19:34 +0000] "GET /oempro/read.php?EncryptedMemberID=MjA0Ng%3D%3D&CampaignID=79&CampaignStatisticsID=45&Demo=0&Email=dgpierce@searchgroup.com HTTP/1.1" 200 55 "-" "Mozilla/4.0 (compatible; MSIE 7.0; Windows NT 5.1; .NET CLR 1.1.4322)"
210.177.173.225 - - [05/Mar/2007:21:19:41 +0000] "GET /oempro/read.php?EncryptedMemberID=MzM3OA%3D%3D&CampaignID=79&CampaignStatisticsID=45&Demo=0&Email=richard.thorp@maplesandcalder.com HTTP/1.1" 200 55 "-" "Mozilla/4.0 (compatible; MSIE 6.0; Windows NT 5.0; .NET CLR 1.1.4322)"
82.69.90.37 - - [05/Mar/2007:21:19:48 +0000] "GET /oempro/read.php?EncryptedMemberID=MzIwNA%3D%3D&CampaignID=79&CampaignStatisticsID=45&Demo=0&Email=pbaker@lakeshorefunds.com HTTP/1.1" 200 55 "-" "Mozilla/4.0 (compatible; MSIE 7.0; Windows NT 5.1; .NET CLR 2.0.50727; .NET CLR 1.1.4322)"
82.69.90.37 - - [05/Mar/2007:21:19:48 +0000] "GET /oempro/read.php?EncryptedMemberID=MzIwNA%3D%3D&CampaignID=79&CampaignStatisticsID=45&Demo=0&Email=pbaker@lakeshorefunds.com HTTP/1.1" 200 55 "-" "Mozilla/4.0 (compatible; MSIE 7.0; Windows NT 5.1; .NET CLR 2.0.50727; .NET CLR 1.1.4322)"
86.144.194.156 - - [05/Mar/2007:21:20:05 +0000] "GET /oempro/read.php?EncryptedMemberID=MjY1OQ%3D%3D&CampaignID=79&CampaignStatisticsID=45&Demo=0&Email=jrobinson@middcap.com HTTP/1.1" 200 55 "-" "Mozilla/4.0 (compatible; MSIE 7.0; Windows NT 5.1; .NET CLR 1.1.4322)"
86.144.194.156 - - [05/Mar/2007:21:20:51 +0000] "GET /oempro/read.php?EncryptedMemberID=MjY1OQ%3D%3D&CampaignID=79&CampaignStatisticsID=45&Demo=0&Email=jrobinson@middcap.com HTTP/1.1" 200 55 "-" "Mozilla/4.0 (compatible; MSIE 7.0; Windows NT 5.1; .NET CLR 1.1.4322)"
85.210.27.30 - - [05/Mar/2007:21:22:10 +0000] "GET /oempro/read.php?EncryptedMemberID=MzU4OA%3D%3D&CampaignID=79&CampaignStatisticsID=45&Demo=0&Email=simon@simondarling.com HTTP/1.1" 200 55 "-" "Mozilla/4.0 (compatible; MSIE 7.0; Windows NT 5.1; .NET CLR 1.0.3705; .NET CLR 1.1.4322; Media Center PC 4.0; .NET CLR 2.0.50727)"
206.229.122.19 - - [05/Mar/2007:21:22:42 +0000] "GET /oempro/read.php?EncryptedMemberID=MzkwMQ%3D%3D&CampaignID=79&CampaignStatisticsID=45&Demo=0&Email=wboulais@apexvc.com HTTP/1.1" 200 55 "-" "Mozilla/4.0 (compatible; MSIE 6.0; Windows NT 5.1; SV1; .NET CLR 1.1.4322)"
206.229.122.19 - - [05/Mar/2007:21:22:42 +0000] "GET /oempro/read.php?EncryptedMemberID=MzkwMQ%3D%3D&CampaignID=79&CampaignStatisticsID=45&Demo=0&Email=wboulais@apexvc.com HTTP/1.1" 200 55 "-" "Mozilla/4.0 (compatible; MSIE 6.0; Windows NT 5.1; SV1; .NET CLR 1.1.4322)"
72.14.195.129 - - [05/Mar/2007:21:23:23 +0000] "GET /oempro/read.php?EncryptedMemberID=MzA2OQ%3D%3D&CampaignID=79&CampaignStatisticsID=45&Demo=0&Email=myusko@morgancreekcap.com HTTP/1.1" 200 55 "-" "Mozilla/4.0 (compatible; MSIE 7.0; Windows NT 5.1; .NET CLR 1.1.4322)"
65.215.61.226 - - [05/Mar/2007:21:23:31 +0000] "GET /oempro/read.php?EncryptedMemberID=MTc5Mw%3D%3D&CampaignID=79&CampaignStatisticsID=45&Demo=0&Email=bwright@pomonacapital.com HTTP/1.1" 200 55 "-" "Mozilla/4.0 (compatible; MSIE 6.0; Windows NT 5.1; SV1; .NET CLR 1.1.4322; InfoPath.1; .NET CLR 2.0.50727)"
209.77.202.2 - - [05/Mar/2007:21:24:15 +0000] "GET /oempro/read.php?EncryptedMemberID=MjM0OQ%3D%3D&CampaignID=79&CampaignStatisticsID=45&Demo=0&Email=gweaver@alpine-investors.com HTTP/1.1" 200 55 "-" "Mozilla/4.0 (compatible; MSIE 7.0; Windows NT 5.1; .NET CLR 1.1.4322)"
64.128.221.17 - - [05/Mar/2007:21:24:43 +0000] "GET /oempro/read.php?EncryptedMemberID=MzA2OQ%3D%3D&CampaignID=79&CampaignStatisticsID=45&Demo=0&Email=myusko@morgancreekcap.com HTTP/1.1" 200 55 "-" "Mozilla/4.0 (compatible; MSIE 6.0; Windows NT 5.1; SV1; .NET CLR 1.1.4322)"
155.144.251.120 - - [05/Mar/2007:21:25:51 +0000] "GET /oempro/read.php?EncryptedMemberID=MzY3NA%3D%3D&CampaignID=79&CampaignStatisticsID=45&Demo=0&Email=stephen.milburn-pyle@auspost.com.au HTTP/1.0" 200 43 "-" "Mozilla/4.0 (compatible; MSIE 6.0; Windows NT 5.1; .NET CLR 1.1.4322)"
155.144.251.120 - - [05/Mar/2007:21:25:52 +0000] "GET /oempro/read.php?EncryptedMemberID=MzY3NA%3D%3D&CampaignID=79&CampaignStatisticsID=45&Demo=0&Email=stephen.milburn-pyle@auspost.com.au HTTP/1.0" 200 43 "-" "Mozilla/4.0 (compatible; MSIE 6.0; Windows NT 5.1; .NET CLR 1.1.4322)"
155.144.251.120 - - [05/Mar/2007:21:26:07 +0000] "GET /oempro/read.php?EncryptedMemberID=MzY3NA%3D%3D&CampaignID=79&CampaignStatisticsID=45&Demo=0&Email=stephen.milburn-pyle@auspost.com.au HTTP/1.0" 200 43 "-" "Mozilla/4.0 (compatible; MSIE 6.0; Windows NT 5.1; .NET CLR 1.1.4322)"
63.241.250.130 - - [05/Mar/2007:21:26:18 +0000] "GET /oempro/read.php?EncryptedMemberID=MjU0Ng%3D%3D&CampaignID=79&CampaignStatisticsID=45&Demo=0&Email=jekberg@texpac.com HTTP/1.1" 200 55 "-" "Mozilla/4.0 (compatible; MSIE 6.0; Windows NT 5.1; SV1; InfoPath.1)"
83.76.211.233 - - [05/Mar/2007:21:27:25 +0000] "GET /oempro/read.php?EncryptedMemberID=MjQzMg%3D%3D&CampaignID=79&CampaignStatisticsID=45&Demo=0&Email=hschneeberger@privateclientbank.ch HTTP/1.1" 200 55 "-" "Mozilla/4.0 (compatible; MSIE 6.0; Windows NT 5.1; SV1)"
142.32.208.232 - - [05/Mar/2007:21:28:32 +0000] "GET /oempro/read.php?EncryptedMemberID=MjgxNg%3D%3D&CampaignID=79&CampaignStatisticsID=45&Demo=0&Email=lincoln.webb@bcimc.com HTTP/1.1" 200 55 "-" "Mozilla/4.0 (compatible; MSIE 6.0; Windows NT 5.1; SV1; .NET CLR 1.1.4322; .NET CLR 2.0.50727)"
64.74.79.5 - - [05/Mar/2007:21:28:42 +0000] "GET /oempro/read.php?EncryptedMemberID=MzQ5MQ%3D%3D&CampaignID=79&CampaignStatisticsID=45&Demo=0&Email=ryan.stepanian@lycap.com HTTP/1.1" 200 55 "-" "Mozilla/4.0 (compatible; MSIE 6.0; Windows NT 5.1; MyIE2; SV1; .NET CLR 1.1.4322)"
64.128.221.17 - - [05/Mar/2007:21:28:55 +0000] "GET /oempro/read.php?EncryptedMemberID=MzA2OQ%3D%3D&CampaignID=79&CampaignStatisticsID=45&Demo=0&Email=myusko@morgancreekcap.com HTTP/1.1" 200 55 "-" "Mozilla/4.0 (compatible; MSIE 6.0; Windows NT 5.1; SV1; .NET CLR 1.1.4322)"
67.107.55.98 - - [05/Mar/2007:21:29:11 +0000] "GET /oempro/read.php?EncryptedMemberID=MzcyMQ%3D%3D&CampaignID=79&CampaignStatisticsID=45&Demo=0&Email=szoller@sterlingpartners.us HTTP/1.1" 200 55 "-" "Mozilla/4.0 (compatible; MSIE 6.0; Windows NT 5.1; SV1; .NET CLR 1.1.4322)"
12.42.44.66 - - [05/Mar/2007:21:30:56 +0000] "GET /oempro/read.php?EncryptedMemberID=MjU3OQ%3D%3D&CampaignID=79&CampaignStatisticsID=45&Demo=0&Email=jlb@cpeaton.com HTTP/1.1" 200 55 "-" "Mozilla/4.0 (compatible; MSIE 6.0; Windows NT 5.1; SV1; .NET CLR 1.1.4322)"
199.164.56.10 - - [05/Mar/2007:21:31:07 +0000] "GET /oempro/read.php?EncryptedMemberID=MjU1NQ%3D%3D&CampaignID=79&CampaignStatisticsID=45&Demo=0&Email=jesus_arguelles@calpers.ca.gov HTTP/1.1" 200 55 "-" "Mozilla/4.0 (compatible; MSIE 6.0; Windows NT 5.1; SV1; .NET CLR 1.0.3705; .NET CLR 1.1.4322)"
199.164.56.10 - - [05/Mar/2007:21:31:07 +0000] "GET /oempro/read.php?EncryptedMemberID=MjU1NQ%3D%3D&CampaignID=79&CampaignStatisticsID=45&Demo=0&Email=jesus_arguelles@calpers.ca.gov HTTP/1.1" 200 55 "-" "Mozilla/4.0 (compatible; MSIE 6.0; Windows NT 5.1; SV1; .NET CLR 1.0.3705; .NET CLR 1.1.4322)"
155.144.251.120 - - [05/Mar/2007:21:32:50 +0000] "GET /oempro/read.php?EncryptedMemberID=MTYzNA%3D%3D&CampaignID=79&CampaignStatisticsID=45&Demo=0&Email=angus.mckenzie@auspost.com.au HTTP/1.0" 200 43 "-" "Mozilla/4.0 (compatible; MSIE 6.0; Windows NT 5.1)"
155.144.251.120 - - [05/Mar/2007:21:33:32 +0000] "GET /oempro/link.php?URL=aHR0cDovL3d3dy5zb20tY2FwLmNvbS9vZW1wcm8vbGluay5waHA%2FVVJMPWFIUjBjRG92TDNkM2R5NXpiMjB0WTJGd0xtTnZiUzg9JmFtcDtOYW1lPSZhbXA7RW5jcnlwdGVkTWVtYmVySUQ9TkRBeU5BPT0mYW1wO0NhbXBhaWduSUQ9NzcmYW1wO0NhbXBhaWduU3RhdGlzdGljc0lEPTQzJmFtcDtEZW1vPTAmYW1wO0VtYWlsPW1hcmllQHNvbS1jYXAuY29t&Name=&EncryptedMemberID=MTYzNA%3D%3D&CampaignID=79&CampaignStatisticsID=45&Demo=0&Email=angus.mckenzie@auspost.com.au HTTP/1.0" 302 0 "-" "Mozilla/4.0 (compatible; MSIE 6.0; Windows NT 5.1)"
155.144.251.120 - - [05/Mar/2007:21:33:33 +0000] "GET /oempro/link.php?URL=aHR0cDovL3d3dy5zb20tY2FwLmNvbS8=&Name=&EncryptedMemberID=NDAyNA==&CampaignID=77&CampaignStatisticsID=43&Demo=0&Email=marie@som-cap.com HTTP/1.0" 302 0 "-" "Mozilla/4.0 (compatible; MSIE 6.0; Windows NT 5.1)"
155.144.251.120 - - [05/Mar/2007:21:33:34 +0000] "GET / HTTP/1.0" 200 3426 "-" "Mozilla/4.0 (compatible; MSIE 6.0; Windows NT 5.1)"
155.144.251.120 - - [05/Mar/2007:21:33:35 +0000] "GET /images/logo.gif HTTP/1.0" 200 1574 "http://www.som-cap.com/" "Mozilla/4.0 (compatible; MSIE 6.0; Windows NT 5.1)"
155.144.251.120 - - [05/Mar/2007:21:33:35 +0000] "GET /styles.css HTTP/1.0" 200 497 "http://www.som-cap.com/" "Mozilla/4.0 (compatible; MSIE 6.0; Windows NT 5.1)"
155.144.251.120 - - [05/Mar/2007:21:33:37 +0000] "GET /images/inbg.jpg HTTP/1.0" 200 32265 "http://www.som-cap.com/" "Mozilla/4.0 (compatible; MSIE 6.0; Windows NT 5.1)"
155.144.251.120 - - [05/Mar/2007:21:33:45 +0000] "GET /background.htm HTTP/1.0" 200 4144 "http://www.som-cap.com/" "Mozilla/4.0 (compatible; MSIE 6.0; Windows NT 5.1)"
128.135.130.80 - - [05/Mar/2007:21:34:05 +0000] "GET /oempro/read.php?EncryptedMemberID=MzU5NQ%3D%3D&CampaignID=79&CampaignStatisticsID=45&Demo=0&Email=skaplan@uchicago.edu HTTP/1.1" 200 55 "-" "Mozilla/5.0 (Macintosh; U; Intel Mac OS X; en) AppleWebKit/418.9.1 (KHTML, like Gecko)"
155.144.251.120 - - [05/Mar/2007:21:34:12 +0000] "GET /data.htm HTTP/1.0" 200 6628 "http://www.som-cap.com/background.htm" "Mozilla/4.0 (compatible; MSIE 6.0; Windows NT 5.1)"
128.135.130.80 - - [05/Mar/2007:21:34:14 +0000] "GET /oempro/read.php?EncryptedMemberID=MzU5NQ%3D%3D&CampaignID=79&CampaignStatisticsID=45&Demo=0&Email=skaplan@uchicago.edu HTTP/1.1" 200 55 "-" "Mozilla/5.0 (Macintosh; U; Intel Mac OS X; en) AppleWebKit/418.9.1 (KHTML, like Gecko)"
128.135.130.80 - - [05/Mar/2007:21:34:18 +0000] "GET /oempro/read.php?EncryptedMemberID=MzU5NQ%3D%3D&CampaignID=79&CampaignStatisticsID=45&Demo=0&Email=skaplan@uchicago.edu HTTP/1.1" 200 55 "-" "Mozilla/5.0 (Macintosh; U; Intel Mac OS X; en) AppleWebKit/418.9.1 (KHTML, like Gecko)"
155.144.251.120 - - [05/Mar/2007:21:34:27 +0000] "GET /images/Private%20Equity%20Data%20Service%20Feb%2007.pdf HTTP/1.0" 200 29186 "http://www.som-cap.com/data.htm" "Mozilla/4.0 (compatible; MSIE 6.0; Windows NT 5.1)"
192.30.92.238 - - [05/Mar/2007:21:34:31 +0000] "GET /oempro/read.php?EncryptedMemberID=MjY2Nw%3D%3D&CampaignID=79&CampaignStatisticsID=45&Demo=0&Email=jsmith@ifm.net.au HTTP/1.0" 200 43 "-" "Mozilla/4.0 (compatible; MSIE 6.0; Windows NT 5.0; .NET CLR 1.1.4322)"
216.15.121.41 - - [05/Mar/2007:21:35:55 +0000] "GET /oempro/read.php?EncryptedMemberID=MjI5Mw%3D%3D&CampaignID=79&CampaignStatisticsID=45&Demo=0&Email=gjones@grandbankscapital.com HTTP/1.1" 200 55 "-" "Mozilla/4.0 (compatible; MSIE 7.0; Windows NT 5.1; .NET CLR 1.1.4322)"
128.241.20.85 - - [05/Mar/2007:21:36:23 +0000] "GET /oempro/link.php?URL=aHR0cDovL3d3dy5zb20tY2FwLmNvbS9vZW1wcm8vbGluay5waHA/VVJMPWFIUjBjRG92TDNkM2R5NXpiMjB0WTJGd0xtTnZiUzlrWVhSaExtaDBiUT09JmFtcDtOYW1lPSZhbXA7RW5jcnlwdGVkTWVtYmVySUQ9TkRBeU5BPT0mYW1wO0NhbXBhaWduSUQ9NzcmYW1wO0NhbXBhaWduU3RhdGlzdGljc0lEPTQzJmFtcDtEZW1vPTAmYW1wO0VtYWlsPW1hcmllQHNvbS1jYXAuY29t&Name=&EncryptedMemberID=MTU0OQ==&CampaignID=79&CampaignStatisticsID=45&Demo=0&Email=alain.willemsen@tmf-group.com HTTP/1.1" 302 5 "-" "Mozilla/4.0 (compatible; MSIE 7.0; Windows NT 5.1; SV1; .NET CLR 2.0.50727)"
128.241.20.85 - - [05/Mar/2007:21:36:24 +0000] "GET /oempro/link.php?URL=aHR0cDovL3d3dy5zb20tY2FwLmNvbS9kYXRhLmh0bQ==&Name=&EncryptedMemberID=NDAyNA==&CampaignID=77&CampaignStatisticsID=43&Demo=0&Email=marie@som-cap.com HTTP/1.1" 302 5 "-" "Mozilla/4.0 (compatible; MSIE 7.0; Windows NT 5.1; SV1; .NET CLR 2.0.50727)"
128.241.20.85 - - [05/Mar/2007:21:36:24 +0000] "GET /data.htm HTTP/1.1" 200 6628 "-" "Mozilla/4.0 (compatible; MSIE 7.0; Windows NT 5.1; SV1; .NET CLR 2.0.50727)"
84.87.49.237 - - [05/Mar/2007:21:36:25 +0000] "GET /oempro/link.php?URL=aHR0cDovL3d3dy5zb20tY2FwLmNvbS9vZW1wcm8vbGluay5waHA%2FVVJMPWFIUjBjRG92TDNkM2R5NXpiMjB0WTJGd0xtTnZiUzlrWVhSaExtaDBiUT09JmFtcDtOYW1lPSZhbXA7RW5jcnlwdGVkTWVtYmVySUQ9TkRBeU5BPT0mYW1wO0NhbXBhaWduSUQ9NzcmYW1wO0NhbXBhaWduU3RhdGlzdGljc0lEPTQzJmFtcDtEZW1vPTAmYW1wO0VtYWlsPW1hcmllQHNvbS1jYXAuY29t&Name=&EncryptedMemberID=MTU0OQ%3D%3D&CampaignID=79&CampaignStatisticsID=45&Demo=0&Email=alain.willemsen@tmf-group.com HTTP/1.1" 302 5 "-" "Mozilla/4.0 (compatible; MSIE 6.0; Windows NT 5.1; SV1; .NET CLR 1.1.4322)"
84.87.49.237 - - [05/Mar/2007:21:36:25 +0000] "GET /oempro/link.php?URL=aHR0cDovL3d3dy5zb20tY2FwLmNvbS9kYXRhLmh0bQ==&Name=&EncryptedMemberID=NDAyNA==&CampaignID=77&CampaignStatisticsID=43&Demo=0&Email=marie@som-cap.com HTTP/1.1" 302 5 "-" "Mozilla/4.0 (compatible; MSIE 6.0; Windows NT 5.1; SV1; .NET CLR 1.1.4322)"
84.87.49.237 - - [05/Mar/2007:21:36:26 +0000] "GET /data.htm HTTP/1.1" 200 6628 "-" "Mozilla/4.0 (compatible; MSIE 6.0; Windows NT 5.1; SV1; .NET CLR 1.1.4322)"
84.87.49.237 - - [05/Mar/2007:21:36:26 +0000] "GET /images/inbg.jpg HTTP/1.1" 200 32265 "http://www.som-cap.com/data.htm" "Mozilla/4.0 (compatible; MSIE 6.0; Windows NT 5.1; SV1; .NET CLR 1.1.4322)"
84.87.49.237 - - [05/Mar/2007:21:36:26 +0000] "GET /styles.css HTTP/1.1" 200 497 "http://www.som-cap.com/data.htm" "Mozilla/4.0 (compatible; MSIE 6.0; Windows NT 5.1; SV1; .NET CLR 1.1.4322)"
84.87.49.237 - - [05/Mar/2007:21:36:26 +0000] "GET /images/logo.gif HTTP/1.1" 200 1574 "http://www.som-cap.com/data.htm" "Mozilla/4.0 (compatible; MSIE 6.0; Windows NT 5.1; SV1; .NET CLR 1.1.4322)"
66.180.82.87 - - [05/Mar/2007:21:36:29 +0000] "GET /oempro/link.php?URL=aHR0cDovL3d3dy5zb20tY2FwLmNvbS9kYXRhLmh0bQ==&Name=&EncryptedMemberID=NDAyNA==&CampaignID=77&CampaignStatisticsID=43&Demo=0&Email=marie@som-cap.com HTTP/1.1" 302 5 "-" "Mozilla/4.0 (compatible; MSIE 7.0; Windows NT 5.1; SV1; .NET CLR 2.0.50727)"
66.180.82.87 - - [05/Mar/2007:21:36:30 +0000] "GET /data.htm HTTP/1.1" 200 6628 "-" "Mozilla/4.0 (compatible; MSIE 7.0; Windows NT 5.1; SV1; .NET CLR 2.0.50727)"
216.153.19.58 - - [05/Mar/2007:21:36:45 +0000] "GET /oempro/read.php?EncryptedMemberID=MTcwNg%3D%3D&CampaignID=79&CampaignStatisticsID=45&Demo=0&Email=bbyrd@gencapamerica.com HTTP/1.1" 200 55 "-" "Mozilla/4.0 (compatible; MSIE 6.0; Windows NT 5.0; .NET CLR 2.0.50727)"
84.87.49.237 - - [05/Mar/2007:21:37:39 +0000] "POST /cgi-bin/123Formmail.pl HTTP/1.1" 302 225 "http://www.som-cap.com/data.htm" "Mozilla/4.0 (compatible; MSIE 6.0; Windows NT 5.1; SV1; .NET CLR 1.1.4322)"
84.87.49.237 - - [05/Mar/2007:21:37:39 +0000] "GET /submit.htm HTTP/1.1" 200 2625 "http://www.som-cap.com/data.htm" "Mozilla/4.0 (compatible; MSIE 6.0; Windows NT 5.1; SV1; .NET CLR 1.1.4322)"
84.87.49.237 - - [05/Mar/2007:21:37:39 +0000] "GET /images/spacer.gif HTTP/1.1" 200 43 "http://www.som-cap.com/submit.htm" "Mozilla/4.0 (compatible; MSIE 6.0; Windows NT 5.1; SV1; .NET CLR 1.1.4322)"
203.185.215.144 - - [05/Mar/2007:21:37:43 +0000] "GET /oempro/read.php?EncryptedMemberID=MzMwNw%3D%3D&CampaignID=79&CampaignStatisticsID=45&Demo=0&Email=pweidman@chicagogsb.edu HTTP/1.1" 200 55 "http://gsbims.chicagogsb.edu/frame.html?&security=false&lang=en&popupLevel=undefined&charset=escaped_unicode" "Mozilla/4.0 (compatible; MSIE 6.0; Windows NT 5.1; SV1; .NET CLR 1.1.4322; InfoPath.1)"
203.185.215.144 - - [05/Mar/2007:21:38:26 +0000] "GET /oempro/read.php?EncryptedMemberID=MzMwNw%3D%3D&CampaignID=79&CampaignStatisticsID=45&Demo=0&Email=pweidman@chicagogsb.edu HTTP/1.1" 200 55 "-" "Mozilla/4.0 (compatible; MSIE 6.0; Windows NT 5.1; SV1; .NET CLR 1.1.4322; InfoPath.1)"
199.181.201.5 - - [05/Mar/2007:21:38:32 +0000] "GET /oempro/read.php?EncryptedMemberID=Mzc2MQ%3D%3D&CampaignID=79&CampaignStatisticsID=45&Demo=0&Email=thomas.hoge@bmo.com HTTP/1.1" 200 55 "-" "Mozilla/4.0 (compatible; MSIE 6.0; Windows NT 5.0)"
211.26.229.162 - - [05/Mar/2007:21:38:36 +0000] "GET /oempro/read.php?EncryptedMemberID=MzQyNA%3D%3D&CampaignID=79&CampaignStatisticsID=45&Demo=0&Email=robert.sturzaker@jana.com.au HTTP/1.0" 200 43 "-" "Mozilla/4.0 (compatible; MSIE 7.0; Windows NT 5.1; .NET CLR 1.1.4322; InfoPath.1)"
203.185.215.144 - - [05/Mar/2007:21:39:43 +0000] "GET /oempro/read.php?EncryptedMemberID=MzMwNw%3D%3D&CampaignID=79&CampaignStatisticsID=45&Demo=0&Email=pweidman@chicagogsb.edu HTTP/1.1" 200 55 "-" "Mozilla/4.0 (compatible; MSIE 6.0; Windows NT 5.1; SV1; .NET CLR 1.1.4322; InfoPath.1)"
211.26.229.162 - - [05/Mar/2007:21:39:50 +0000] "GET /oempro/read.php?EncryptedMemberID=MzQyNA%3D%3D&CampaignID=79&CampaignStatisticsID=45&Demo=0&Email=robert.sturzaker@jana.com.au HTTP/1.0" 200 43 "-" "Mozilla/4.0 (compatible; MSIE 7.0; Windows NT 5.1; .NET CLR 1.1.4322; InfoPath.1)"
211.26.229.162 - - [05/Mar/2007:21:40:05 +0000] "GET /oempro/read.php?EncryptedMemberID=MzQyNA%3D%3D&CampaignID=79&CampaignStatisticsID=45&Demo=0&Email=robert.sturzaker@jana.com.au HTTP/1.0" 200 43 "-" "Mozilla/4.0 (compatible; MSIE 7.0; Windows NT 5.1; .NET CLR 1.1.4322; InfoPath.1)"
211.26.229.162 - - [05/Mar/2007:21:40:06 +0000] "GET /oempro/read.php?EncryptedMemberID=MzQyNA%3D%3D&CampaignID=79&CampaignStatisticsID=45&Demo=0&Email=robert.sturzaker@jana.com.au HTTP/1.0" 200 43 "-" "Mozilla/4.0 (compatible; MSIE 7.0; Windows NT 5.1; .NET CLR 1.1.4322; InfoPath.1)"
67.107.55.98 - - [05/Mar/2007:21:42:02 +0000] "GET /oempro/read.php?EncryptedMemberID=MjgzNA%3D%3D&CampaignID=79&CampaignStatisticsID=45&Demo=0&Email=lremer@sterlingpartners.us HTTP/1.1" 200 55 "-" "Mozilla/4.0 (compatible; MSIE 6.0; Windows NT 5.1; SV1; .NET CLR 1.1.4322; InfoPath.1)"
65.124.180.19 - - [05/Mar/2007:21:42:02 +0000] "GET /oempro/link.php?URL=aHR0cDovL3d3dy5zb20tY2FwLmNvbS9vZW1wcm8vbGluay5waHA%2FVVJMPWFIUjBjRG92TDNkM2R5NXpiMjB0WTJGd0xtTnZiUzlrWVhSaExtaDBiUT09JmFtcDtOYW1lPSZhbXA7RW5jcnlwdGVkTWVtYmVySUQ9TkRBeU5BPT0mYW1wO0NhbXBhaWduSUQ9NzcmYW1wO0NhbXBhaWduU3RhdGlzdGljc0lEPTQzJmFtcDtEZW1vPTAmYW1wO0VtYWlsPW1hcmllQHNvbS1jYXAuY29t&Name=&EncryptedMemberID=Mzc0Nw%3D%3D&CampaignID=79&CampaignStatisticsID=45&Demo=0&Email=tcotton@apcap.com HTTP/1.1" 302 5 "-" "BlackBerry8700/4.1.0 Profile/MIDP-2.0 Configuration/CLDC-1.1 VendorID/125"
65.124.180.19 - - [05/Mar/2007:21:42:03 +0000] "GET /oempro/link.php?URL=aHR0cDovL3d3dy5zb20tY2FwLmNvbS9kYXRhLmh0bQ==&Name=&EncryptedMemberID=NDAyNA==&CampaignID=77&CampaignStatisticsID=43&Demo=0&Email=marie@som-cap.com HTTP/1.1" 302 5 "-" "BlackBerry8700/4.1.0 Profile/MIDP-2.0 Configuration/CLDC-1.1 VendorID/125"
65.124.180.19 - - [05/Mar/2007:21:42:03 +0000] "GET /data.htm HTTP/1.1" 200 6628 "-" "BlackBerry8700/4.1.0 Profile/MIDP-2.0 Configuration/CLDC-1.1 VendorID/125"
65.124.180.19 - - [05/Mar/2007:21:42:03 +0000] "GET /images/inbg.jpg HTTP/1.1" 200 32265 "http://www.som-cap.com/data.htm" "BlackBerry8700/4.1.0 Profile/MIDP-2.0 Configuration/CLDC-1.1 VendorID/125"
65.124.180.19 - - [05/Mar/2007:21:42:03 +0000] "GET /images/logo.gif HTTP/1.1" 200 1574 "http://www.som-cap.com/data.htm" "BlackBerry8700/4.1.0 Profile/MIDP-2.0 Configuration/CLDC-1.1 VendorID/125"
67.107.55.98 - - [05/Mar/2007:21:42:14 +0000] "GET /oempro/read.php?EncryptedMemberID=MjgzNA%3D%3D&CampaignID=79&CampaignStatisticsID=45&Demo=0&Email=lremer@sterlingpartners.us HTTP/1.1" 200 55 "-" "Mozilla/4.0 (compatible; MSIE 6.0; Windows NT 5.1; SV1; .NET CLR 1.1.4322; InfoPath.1)"
199.181.201.5 - - [05/Mar/2007:21:42:32 +0000] "GET /oempro/read.php?EncryptedMemberID=Mzc2MQ%3D%3D&CampaignID=79&CampaignStatisticsID=45&Demo=0&Email=thomas.hoge@bmo.com HTTP/1.1" 200 55 "-" "Mozilla/4.0 (compatible; MSIE 6.0; Windows NT 5.0)"
65.124.180.19 - - [05/Mar/2007:21:42:33 +0000] "GET /images/06%20H1%20Report.pdf HTTP/1.1" 200 41233 "http://www.som-cap.com/oempro/link.php?URL=aHR0cDovL3d3dy5zb20tY2FwLmNvbS9vZW1wcm8vbGluay5waHA%2FVVJMPWFIUjBjRG92TDNkM2R5NXpiMjB0WTJGd0xtTnZiUzlrWVhSaExtaDBiUT09JmFtcDtOYW1lPSZhbXA7RW5jcnlwdGVkTWVtYmVySUQ9TkRBeU5BPT0mYW1wO0NhbXBhaWduSUQ9NzcmYW1wO0NhbXBhaWduU3RhdGlzdGljc0lEPTQzJmFtcDtEZW1vPTAmYW1wO0VtYWlsPW1hcmllQHNvbS1jYXAuY29t&Name=&EncryptedMemberID=Mzc0Nw%3D%3D&CampaignID=79&CampaignStatisticsID=45&Demo=0&Email=tcotton@apcap.com" "BlackBerry8700/4.1.0 Profile/MIDP-2.0 Configuration/CLDC-1.1 VendorID/125"
65.124.180.19 - - [05/Mar/2007:21:42:40 +0000] "GET /images/Private%20Equity%20Data%20Service%20Feb%2007.pdf HTTP/1.1" 200 29186 "http://www.som-cap.com/oempro/link.php?URL=aHR0cDovL3d3dy5zb20tY2FwLmNvbS9vZW1wcm8vbGluay5waHA%2FVVJMPWFIUjBjRG92TDNkM2R5NXpiMjB0WTJGd0xtTnZiUzlrWVhSaExtaDBiUT09JmFtcDtOYW1lPSZhbXA7RW5jcnlwdGVkTWVtYmVySUQ9TkRBeU5BPT0mYW1wO0NhbXBhaWduSUQ9NzcmYW1wO0NhbXBhaWduU3RhdGlzdGljc0lEPTQzJmFtcDtEZW1vPTAmYW1wO0VtYWlsPW1hcmllQHNvbS1jYXAuY29t&Name=&EncryptedMemberID=Mzc0Nw%3D%3D&CampaignID=79&CampaignStatisticsID=45&Demo=0&Email=tcotton@apcap.com" "BlackBerry8700/4.1.0 Profile/MIDP-2.0 Configuration/CLDC-1.1 VendorID/125"
87.80.156.242 - - [05/Mar/2007:21:43:56 +0000] "GET /oempro/read.php?EncryptedMemberID=MjgzMg%3D%3D&CampaignID=79&CampaignStatisticsID=45&Demo=0&Email=lpitt@mba1996.hbs.edu HTTP/1.1" 200 55 "-" "Mozilla/4.0 (compatible; MSIE 7.0; Windows NT 5.1; .NET CLR 1.1.4322; .NET CLR 2.0.50727)"
87.80.156.242 - - [05/Mar/2007:21:44:01 +0000] "GET /oempro/read.php?EncryptedMemberID=MjgzMg%3D%3D&CampaignID=79&CampaignStatisticsID=45&Demo=0&Email=lpitt@mba1996.hbs.edu HTTP/1.1" 200 55 "-" "Mozilla/4.0 (compatible; MSIE 7.0; Windows NT 5.1; .NET CLR 1.1.4322; .NET CLR 2.0.50727)"
203.6.223.18 - - [05/Mar/2007:21:45:16 +0000] "GET /oempro/read.php?EncryptedMemberID=Mjg0OA%3D%3D&CampaignID=79&CampaignStatisticsID=45&Demo=0&Email=lynnwilliams@australiansuper.com HTTP/1.0" 200 43 "-" "Mozilla/4.0 (compatible; Lotus-Notes/6.0; Windows-NT)"
162.93.199.2 - - [05/Mar/2007:21:45:19 +0000] "GET /oempro/read.php?EncryptedMemberID=MjgxMg%3D%3D&CampaignID=79&CampaignStatisticsID=45&Demo=0&Email=lgardella@ustrust.com HTTP/1.1" 200 55 "-" "Mozilla/4.0 (compatible; MSIE 6.0; Windows NT 5.1; SV1; Tablet PC 1.7; .NET CLR 1.0.3705)"
155.144.251.120 - - [05/Mar/2007:21:48:23 +0000] "GET /oempro/read.php?EncryptedMemberID=MzY3NA%3D%3D&CampaignID=79&CampaignStatisticsID=45&Demo=0&Email=stephen.milburn-pyle@auspost.com.au HTTP/1.0" 200 43 "-" "Mozilla/4.0 (compatible; MSIE 6.0; Windows NT 5.1; .NET CLR 1.1.4322)"
