60.248.193.166 - - [06/Mar/2007:09:32:46 +0000] "GET /oempro/link.php?URL=aHR0cDovL3d3dy5zb20tY2FwLmNvbS9vZW1wcm8vbGluay5waHA%2FVVJMPWFIUjBjRG92TDNkM2R5NXpiMjB0WTJGd0xtTnZiUzlrWVhSaExtaDBiUT09JmFtcDtOYW1lPSZhbXA7RW5jcnlwdGVkTWVtYmVySUQ9TkRBeU5BPT0mYW1wO0NhbXBhaWduSUQ9NzcmYW1wO0NhbXBhaWduU3RhdGlzdGljc0lEPTQzJmFtcDtEZW1vPTAmYW1wO0VtYWlsPW1hcmllQHNvbS1jYXAuY29t&Name=&EncryptedMemberID=MjQ5OA%3D%3D&CampaignID=79&CampaignStatisticsID=45&Demo=0&Email=jameschew@vcfortune.com HTTP/1.1" 302 5 "-" "Mozilla/4.0 (compatible; MSIE 6.0; Windows NT 5.1; SV1)"
60.248.193.166 - - [06/Mar/2007:09:32:46 +0000] "GET /oempro/link.php?URL=aHR0cDovL3d3dy5zb20tY2FwLmNvbS9kYXRhLmh0bQ==&Name=&EncryptedMemberID=NDAyNA==&CampaignID=77&CampaignStatisticsID=43&Demo=0&Email=marie@som-cap.com HTTP/1.1" 302 5 "-" "Mozilla/4.0 (compatible; MSIE 6.0; Windows NT 5.1; SV1)"
60.248.193.166 - - [06/Mar/2007:09:32:47 +0000] "GET /oempro/link.php?URL=aHR0cDovL3d3dy5zb20tY2FwLmNvbS9vZW1wcm8vbGluay5waHA%2FVVJMPWFIUjBjRG92TDNkM2R5NXpiMjB0WTJGd0xtTnZiUzlrWVhSaExtaDBiUT09JmFtcDtOYW1lPSZhbXA7RW5jcnlwdGVkTWVtYmVySUQ9TkRBeU5BPT0mYW1wO0NhbXBhaWduSUQ9NzcmYW1wO0NhbXBhaWduU3RhdGlzdGljc0lEPTQzJmFtcDtEZW1vPTAmYW1wO0VtYWlsPW1hcmllQHNvbS1jYXAuY29t&Name=&EncryptedMemberID=MjQ5OA%3D%3D&CampaignID=79&CampaignStatisticsID=45&Demo=0&Email=jameschew@vcfortune.com HTTP/1.1" 302 5 "-" "Mozilla/4.0 (compatible; MSIE 6.0; Windows NT 5.1; SV1)"
60.248.193.166 - - [06/Mar/2007:09:32:47 +0000] "GET /oempro/link.php?URL=aHR0cDovL3d3dy5zb20tY2FwLmNvbS9kYXRhLmh0bQ==&Name=&EncryptedMemberID=NDAyNA==&CampaignID=77&CampaignStatisticsID=43&Demo=0&Email=marie@som-cap.com HTTP/1.1" 302 5 "-" "Mozilla/4.0 (compatible; MSIE 6.0; Windows NT 5.1; SV1)"
208.215.188.253 - - [06/Mar/2007:09:33:00 +0000] "GET /oempro/read.php?EncryptedMemberID=MjkyNg%3D%3D&CampaignID=79&CampaignStatisticsID=45&Demo=0&Email=martincampbell@newlineuml.com HTTP/1.1" 200 55 "-" "Mozilla/4.0 (compatible; MSIE 6.0; Windows NT 5.1; .NET CLR 1.1.4322)"
62.172.72.131 - - [06/Mar/2007:09:33:12 +0000] "GET /oempro/read.php?EncryptedMemberID=Mjg5OA%3D%3D&CampaignID=79&CampaignStatisticsID=45&Demo=0&Email=mark.calnan@eu.watsonwyatt.com HTTP/1.1" 200 55 "-" "Mozilla/4.0 (compatible; MSIE 6.0; Windows NT 5.1; SV1; .NET CLR 1.0.3705; .NET CLR 1.1.4322; .NET CLR 2.0.50727)"
60.248.193.166 - - [06/Mar/2007:09:33:30 +0000] "GET /oempro/read.php?EncryptedMemberID=MjQ5OA%3D%3D&CampaignID=79&CampaignStatisticsID=45&Demo=0&Email=jameschew@vcfortune.com HTTP/1.1" 200 55 "-" "Mozilla/4.0 (compatible; MSIE 6.0; Windows NT 5.1; SV1)"
80.46.46.75 - - [06/Mar/2007:09:33:35 +0000] "GET /oempro/read.php?EncryptedMemberID=MzIxNg%3D%3D&CampaignID=79&CampaignStatisticsID=45&Demo=0&Email=pehrlich@mountcap.com HTTP/1.1" 200 55 "-" "Mozilla/4.0 (compatible; MSIE 6.0; Windows NT 5.1; SV1; .NET CLR 1.1.4322)"
82.135.30.155 - - [06/Mar/2007:09:33:36 +0000] "GET /oempro/read.php?EncryptedMemberID=MTU2MA%3D%3D&CampaignID=79&CampaignStatisticsID=45&Demo=0&Email=alesia.dawidowicz@vcm.de HTTP/1.0" 200 43 "-" "Mozilla/4.0 (compatible; MSIE 6.0; Windows NT 5.1; SV1; .NET CLR 1.1.4322; .NET CLR 2.0.50727)"
80.83.156.199 - - [06/Mar/2007:09:33:44 +0000] "GET /oempro/read.php?EncryptedMemberID=MTU2NA%3D%3D&CampaignID=79&CampaignStatisticsID=45&Demo=0&Email=alex.hingston@incisivemedia.com HTTP/1.0" 200 43 "-" "Mozilla/4.0 (compatible; MSIE 6.0; Windows NT 5.1; SV1)"
62.173.204.131 - - [06/Mar/2007:09:33:56 +0000] "GET /oempro/read.php?EncryptedMemberID=MjYxNg%3D%3D&CampaignID=79&CampaignStatisticsID=45&Demo=0&Email=john.euers@ppmmanagers.com HTTP/1.1" 200 55 "-" "Mozilla/4.0 (compatible; MSIE 6.0; Windows NT 5.1)"
62.173.204.131 - - [06/Mar/2007:09:33:56 +0000] "GET /oempro/read.php?EncryptedMemberID=MjYxNg%3D%3D&CampaignID=79&CampaignStatisticsID=45&Demo=0&Email=john.euers@ppmmanagers.com HTTP/1.1" 200 55 "-" "Mozilla/4.0 (compatible; MSIE 6.0; Windows NT 5.1)"
62.173.204.131 - - [06/Mar/2007:09:33:59 +0000] "GET /oempro/read.php?EncryptedMemberID=MjYxNg%3D%3D&CampaignID=79&CampaignStatisticsID=45&Demo=0&Email=john.euers@ppmmanagers.com HTTP/1.1" 200 55 "-" "Mozilla/4.0 (compatible; MSIE 6.0; Windows NT 5.1)"
205.156.117.1 - - [06/Mar/2007:09:34:00 +0000] "GET /oempro/read.php?EncryptedMemberID=MzUxOA%3D%3D&CampaignID=79&CampaignStatisticsID=45&Demo=0&Email=sanjay.mistry@mercer.com HTTP/1.1" 200 55 "-" "Mozilla/4.0 (compatible; MSIE 6.0; Windows NT 5.1; SV1; .NET CLR 1.0.3705; .NET CLR 1.1.4322)"
194.213.14.10 - - [06/Mar/2007:09:34:32 +0000] "GET /oempro/read.php?EncryptedMemberID=MjIyNQ%3D%3D&CampaignID=79&CampaignStatisticsID=45&Demo=0&Email=francis.bento@inter-ikea.com HTTP/1.1" 200 55 "-" "Mozilla/4.0 (compatible; MSIE 6.0; Windows NT 5.1; SV1; .NET CLR 2.0.50727)"
194.213.14.10 - - [06/Mar/2007:09:34:34 +0000] "GET /oempro/read.php?EncryptedMemberID=MjIyNQ%3D%3D&CampaignID=79&CampaignStatisticsID=45&Demo=0&Email=francis.bento@inter-ikea.com HTTP/1.1" 200 55 "-" "Mozilla/4.0 (compatible; MSIE 6.0; Windows NT 5.1; SV1; .NET CLR 2.0.50727)"
194.213.14.10 - - [06/Mar/2007:09:35:00 +0000] "GET /oempro/read.php?EncryptedMemberID=MjIyNQ%3D%3D&CampaignID=79&CampaignStatisticsID=45&Demo=0&Email=francis.bento@inter-ikea.com HTTP/1.1" 200 55 "-" "Mozilla/4.0 (compatible; MSIE 6.0; Windows NT 5.1; SV1; .NET CLR 2.0.50727)"
62.173.204.131 - - [06/Mar/2007:09:35:42 +0000] "GET /oempro/read.php?EncryptedMemberID=MjYxNg%3D%3D&CampaignID=79&CampaignStatisticsID=45&Demo=0&Email=john.euers@ppmmanagers.com HTTP/1.1" 200 55 "-" "Mozilla/4.0 (compatible; MSIE 6.0; Windows NT 5.1)"
62.173.204.131 - - [06/Mar/2007:09:35:43 +0000] "GET /oempro/read.php?EncryptedMemberID=MjYxNg%3D%3D&CampaignID=79&CampaignStatisticsID=45&Demo=0&Email=john.euers@ppmmanagers.com HTTP/1.1" 200 55 "-" "Mozilla/4.0 (compatible; MSIE 6.0; Windows NT 5.1)"
62.173.204.131 - - [06/Mar/2007:09:35:46 +0000] "GET /oempro/link.php?URL=aHR0cDovL3d3dy5zb20tY2FwLmNvbS9vZW1wcm8vbGluay5waHA%2FVVJMPWFIUjBjRG92TDNkM2R5NXpiMjB0WTJGd0xtTnZiUzlrWVhSaExtaDBiUT09JmFtcDtOYW1lPSZhbXA7RW5jcnlwdGVkTWVtYmVySUQ9TkRBeU5BPT0mYW1wO0NhbXBhaWduSUQ9NzcmYW1wO0NhbXBhaWduU3RhdGlzdGljc0lEPTQzJmFtcDtEZW1vPTAmYW1wO0VtYWlsPW1hcmllQHNvbS1jYXAuY29t&Name=&EncryptedMemberID=MjYxNg%3D%3D&CampaignID=79&CampaignStatisticsID=45&Demo=0&Email=john.euers@ppmmanagers.com HTTP/1.1" 302 5 "-" "Mozilla/4.0 (compatible; MSIE 6.0; Windows NT 5.1)"
62.173.204.131 - - [06/Mar/2007:09:35:46 +0000] "GET /oempro/link.php?URL=aHR0cDovL3d3dy5zb20tY2FwLmNvbS9kYXRhLmh0bQ==&Name=&EncryptedMemberID=NDAyNA==&CampaignID=77&CampaignStatisticsID=43&Demo=0&Email=marie@som-cap.com HTTP/1.1" 302 5 "-" "Mozilla/4.0 (compatible; MSIE 6.0; Windows NT 5.1)"
62.173.204.131 - - [06/Mar/2007:09:35:46 +0000] "GET /data.htm HTTP/1.1" 200 6628 "-" "Mozilla/4.0 (compatible; MSIE 6.0; Windows NT 5.1)"
62.173.204.131 - - [06/Mar/2007:09:35:47 +0000] "GET /styles.css HTTP/1.1" 200 497 "http://www.som-cap.com/data.htm" "Mozilla/4.0 (compatible; MSIE 6.0; Windows NT 5.1)"
62.173.204.131 - - [06/Mar/2007:09:35:47 +0000] "GET /images/inbg.jpg HTTP/1.1" 200 32265 "http://www.som-cap.com/data.htm" "Mozilla/4.0 (compatible; MSIE 6.0; Windows NT 5.1)"
62.173.204.131 - - [06/Mar/2007:09:35:47 +0000] "GET /images/logo.gif HTTP/1.1" 200 1574 "http://www.som-cap.com/data.htm" "Mozilla/4.0 (compatible; MSIE 6.0; Windows NT 5.1)"
62.173.204.131 - - [06/Mar/2007:09:35:55 +0000] "GET /images/Private%20Equity%20Data%20Service%20Feb%2007.pdf HTTP/1.1" 200 29186 "http://www.som-cap.com/data.htm" "Mozilla/4.0 (compatible; MSIE 6.0; Windows NT 5.1)"
213.52.137.178 - - [06/Mar/2007:09:37:26 +0000] "GET /oempro/read.php?EncryptedMemberID=MTc3NA%3D%3D&CampaignID=79&CampaignStatisticsID=45&Demo=0&Email=brian.macdonald@insightinvestment.com HTTP/1.1" 200 55 "-" "Mozilla/4.0 (compatible; MSIE 6.0; Windows NT 5.1; SV1; .NET CLR 1.1.4322)"
62.173.204.131 - - [06/Mar/2007:09:39:27 +0000] "GET /oempro/read.php?EncryptedMemberID=MzQzMQ%3D%3D&CampaignID=79&CampaignStatisticsID=45&Demo=0&Email=roberto.pilotto@ppmv.com HTTP/1.1" 200 55 "-" "Mozilla/4.0 (compatible; MSIE 6.0; Windows NT 5.1)"
205.156.117.1 - - [06/Mar/2007:09:39:55 +0000] "GET /oempro/read.php?EncryptedMemberID=MzUxOA%3D%3D&CampaignID=79&CampaignStatisticsID=45&Demo=0&Email=sanjay.mistry@mercer.com HTTP/1.1" 200 55 "-" "Mozilla/4.0 (compatible; MSIE 6.0; Windows NT 5.1; SV1; .NET CLR 1.0.3705; .NET CLR 1.1.4322)"
212.249.2.158 - - [06/Mar/2007:09:40:18 +0000] "GET /oempro/read.php?EncryptedMemberID=MzE4MA%3D%3D&CampaignID=79&CampaignStatisticsID=45&Demo=0&Email=patric.gysin@rmf.ch HTTP/1.1" 200 55 "-" "Mozilla/4.0 (compatible; MSIE 6.0; Windows NT 5.2; .NET CLR 1.1.4322)"
195.65.220.34 - - [06/Mar/2007:09:40:43 +0000] "GET /oempro/read.php?EncryptedMemberID=MzI4Nw%3D%3D&CampaignID=79&CampaignStatisticsID=45&Demo=0&Email=pnewsome@unigestion.com HTTP/1.1" 200 55 "-" "Mozilla/4.0 (compatible; MSIE 6.0; Windows NT 5.2; SV1; .NET CLR 1.1.4322)"
194.201.66.7 - - [06/Mar/2007:09:40:48 +0000] "GET /oempro/read.php?EncryptedMemberID=MjYzNA%3D%3D&CampaignID=79&CampaignStatisticsID=45&Demo=0&Email=jonathan.blake@sjberwin.com HTTP/1.1" 200 55 "-" "Mozilla/4.0 (compatible; MSIE 6.0; Windows NT 5.1; SV1; .NET CLR 1.1.4322)"
145.61.28.21 - - [06/Mar/2007:09:41:29 +0000] "GET /oempro/read.php?EncryptedMemberID=MjEyNA%3D%3D&CampaignID=79&CampaignStatisticsID=45&Demo=0&Email=e.van.de.sande@robeco.nl HTTP/1.0" 200 43 "-" "Mozilla/4.0 (compatible; Lotus-Notes/6.0; Windows-NT)"
83.206.164.106 - - [06/Mar/2007:09:41:40 +0000] "GET /oempro/read.php?EncryptedMemberID=MjgwMw%3D%3D&CampaignID=79&CampaignStatisticsID=45&Demo=0&Email=lduquesne@euris.fr HTTP/1.1" 200 55 "-" "Mozilla/4.0 (compatible; MSIE 6.0; Windows NT 5.1; SV1; .NET CLR 1.1.4322)"
83.206.164.106 - - [06/Mar/2007:09:41:47 +0000] "GET /oempro/read.php?EncryptedMemberID=MjgwMw%3D%3D&CampaignID=79&CampaignStatisticsID=45&Demo=0&Email=lduquesne@euris.fr HTTP/1.1" 200 55 "-" "Mozilla/4.0 (compatible; MSIE 6.0; Windows NT 5.1; SV1; .NET CLR 1.1.4322)"
81.86.65.21 - - [06/Mar/2007:09:43:00 +0000] "GET /oempro/read.php?EncryptedMemberID=MjYxNg%3D%3D&CampaignID=79&CampaignStatisticsID=45&Demo=0&Email=john.euers@ppmmanagers.com HTTP/1.1" 200 55 "-" "Mozilla/4.0 (compatible; MSIE 7.0; Windows NT 5.1; .NET CLR 1.1.4322; InfoPath.1)"
81.86.65.21 - - [06/Mar/2007:09:43:03 +0000] "GET /oempro/read.php?EncryptedMemberID=NDAyNg%3D%3D&CampaignID=79&CampaignStatisticsID=45&Demo=0&Email=rudolf@kinsky.biz HTTP/1.1" 200 55 "-" "Mozilla/4.0 (compatible; MSIE 7.0; Windows NT 5.1; .NET CLR 1.1.4322; InfoPath.1)"
81.86.65.21 - - [06/Mar/2007:09:43:12 +0000] "GET /oempro/read.php?EncryptedMemberID=NDAyNg%3D%3D&CampaignID=79&CampaignStatisticsID=45&Demo=0&Email=rudolf@kinsky.biz HTTP/1.1" 200 55 "-" "Mozilla/4.0 (compatible; MSIE 7.0; Windows NT 5.1; .NET CLR 1.1.4322; InfoPath.1)"
218.189.237.251 - - [06/Mar/2007:09:43:18 +0000] "GET /oempro/read.php?EncryptedMemberID=MjEwNg%3D%3D&CampaignID=79&CampaignStatisticsID=45&Demo=0&Email=dtagliere@gppgroup.com HTTP/1.1" 200 55 "-" "Mozilla/4.0 (compatible; MSIE 7.0; Windows NT 5.1; .NET CLR 1.1.4322)"
194.98.34.59 - - [06/Mar/2007:09:43:33 +0000] "GET /oempro/read.php?EncryptedMemberID=MzgyMw%3D%3D&CampaignID=79&CampaignStatisticsID=45&Demo=0&Email=trincano@agfprivatequity.com HTTP/1.1" 200 55 "-" "Mozilla/4.0 (compatible; MSIE 6.0; Windows NT 5.1; AGF; .NET CLR 1.1.4322)"
195.65.220.34 - - [06/Mar/2007:09:43:35 +0000] "GET /oempro/read.php?EncryptedMemberID=MTgzNg%3D%3D&CampaignID=79&CampaignStatisticsID=45&Demo=0&Email=cdedardel@unigestion.com HTTP/1.1" 200 55 "-" "Mozilla/4.0 (compatible; MSIE 6.0; Windows NT 5.2; SV1; .NET CLR 1.1.4322)"
81.86.65.21 - - [06/Mar/2007:09:44:08 +0000] "GET /oempro/read.php?EncryptedMemberID=MTQ3OA%3D%3D&CampaignID=79&CampaignStatisticsID=&Demo=1&Email=richard_baker@mlc.com.au HTTP/1.1" 200 55 "-" "Mozilla/4.0 (compatible; MSIE 7.0; Windows NT 5.1)"
205.156.117.1 - - [06/Mar/2007:09:44:29 +0000] "GET /oempro/read.php?EncryptedMemberID=MzUxOA%3D%3D&CampaignID=79&CampaignStatisticsID=45&Demo=0&Email=sanjay.mistry@mercer.com HTTP/1.1" 200 55 "-" "Mozilla/4.0 (compatible; MSIE 6.0; Windows NT 5.1; SV1; .NET CLR 1.0.3705; .NET CLR 1.1.4322)"
67.151.230.234 - - [06/Mar/2007:09:44:35 +0000] "GET /oempro/read.php?EncryptedMemberID=MzM0Ng%3D%3D&CampaignID=79&CampaignStatisticsID=45&Demo=0&Email=rd@chatsworthgroup.com HTTP/1.1" 200 55 "-" "Mozilla/4.0 (compatible; MSIE 6.0; Windows NT 5.1; SV1; .NET CLR 1.1.4322)"
194.98.34.59 - - [06/Mar/2007:09:46:32 +0000] "GET /oempro/read.php?EncryptedMemberID=MjA5MQ%3D%3D&CampaignID=79&CampaignStatisticsID=45&Demo=0&Email=doyle@agfprivatequity.com HTTP/1.1" 200 55 "-" "Mozilla/4.0 (compatible; MSIE 6.0; Windows NT 5.1; AGF; .NET CLR 1.1.4322)"
89.145.233.193 - - [06/Mar/2007:09:46:51 +0000] "GET /oempro/read.php?EncryptedMemberID=MjY2NA%3D%3D&CampaignID=79&CampaignStatisticsID=45&Demo=0&Email=jsevaux@stanhopecapital.com HTTP/1.1" 200 55 "-" "Mozilla/4.0 (compatible; MSIE 6.0; Windows NT 5.1; SV1; .NET CLR 1.1.4322; .NET CLR 2.0.50727)"
89.145.233.193 - - [06/Mar/2007:09:46:53 +0000] "GET /oempro/read.php?EncryptedMemberID=MjY2NA%3D%3D&CampaignID=79&CampaignStatisticsID=45&Demo=0&Email=jsevaux@stanhopecapital.com HTTP/1.1" 200 55 "-" "Mozilla/4.0 (compatible; MSIE 6.0; Windows NT 5.1; SV1; .NET CLR 1.1.4322; .NET CLR 2.0.50727)"
83.206.164.106 - - [06/Mar/2007:09:47:09 +0000] "GET /oempro/read.php?EncryptedMemberID=MjgwMw%3D%3D&CampaignID=79&CampaignStatisticsID=45&Demo=0&Email=lduquesne@euris.fr HTTP/1.1" 200 55 "-" "Mozilla/4.0 (compatible; MSIE 6.0; Windows NT 5.1; SV1)"
195.65.220.34 - - [06/Mar/2007:09:47:29 +0000] "GET /oempro/read.php?EncryptedMemberID=MTgzNg%3D%3D&CampaignID=79&CampaignStatisticsID=45&Demo=0&Email=cdedardel@unigestion.com HTTP/1.1" 200 55 "-" "Mozilla/4.0 (compatible; MSIE 6.0; Windows NT 5.2; SV1; .NET CLR 1.1.4322)"
81.19.57.138 - - [06/Mar/2007:09:47:50 +0000] "GET /oempro/read.php?EncryptedMemberID=MjMxMA%3D%3D&CampaignID=79&CampaignStatisticsID=45&Demo=0&Email=graham.clempson@midoceanpartners.com HTTP/1.0" 200 43 "-" "Mozilla/4.0 (compatible; MSIE 6.0; Windows NT 5.1; SV1)"
81.19.57.138 - - [06/Mar/2007:09:47:52 +0000] "GET /oempro/read.php?EncryptedMemberID=MjMxMA%3D%3D&CampaignID=79&CampaignStatisticsID=45&Demo=0&Email=graham.clempson@midoceanpartners.com HTTP/1.0" 200 43 "-" "Mozilla/4.0 (compatible; MSIE 6.0; Windows NT 5.1; SV1)"
81.19.57.138 - - [06/Mar/2007:09:47:59 +0000] "GET /oempro/read.php?EncryptedMemberID=MjMxMA%3D%3D&CampaignID=79&CampaignStatisticsID=45&Demo=0&Email=graham.clempson@midoceanpartners.com HTTP/1.0" 200 43 "-" "Mozilla/4.0 (compatible; MSIE 6.0; Windows NT 5.1; SV1)"
80.88.250.65 - - [06/Mar/2007:09:50:03 +0000] "GET /oempro/link.php?URL=aHR0cDovL3d3dy5zb20tY2FwLmNvbS9vZW1wcm8vbGluay5waHA%2FVVJMPWFIUjBjRG92TDNkM2R5NXpiMjB0WTJGd0xtTnZiUzlrWVhSaExtaDBiUT09JmFtcDtOYW1lPSZhbXA7RW5jcnlwdGVkTWVtYmVySUQ9TkRBeU5BPT0mYW1wO0NhbXBhaWduSUQ9NzcmYW1wO0NhbXBhaWduU3RhdGlzdGljc0lEPTQzJmFtcDtEZW1vPTAmYW1wO0VtYWlsPW1hcmllQHNvbS1jYXAuY29t&Name=&EncryptedMemberID=Mjk5NA%3D%3D&CampaignID=79&CampaignStatisticsID=45&Demo=0&Email=michael.miller@arabbanking.com HTTP/1.1" 302 5 "-" "Mozilla/4.0 (compatible; MSIE 6.0; Windows NT 5.1; SV1; InfoPath.1; .NET CLR 1.1.4322)"
80.88.250.65 - - [06/Mar/2007:09:50:03 +0000] "GET /oempro/link.php?URL=aHR0cDovL3d3dy5zb20tY2FwLmNvbS9kYXRhLmh0bQ==&Name=&EncryptedMemberID=NDAyNA==&CampaignID=77&CampaignStatisticsID=43&Demo=0&Email=marie@som-cap.com HTTP/1.1" 302 5 "-" "Mozilla/4.0 (compatible; MSIE 6.0; Windows NT 5.1; SV1; InfoPath.1; .NET CLR 1.1.4322)"
80.88.250.65 - - [06/Mar/2007:09:50:03 +0000] "GET /data.htm HTTP/1.1" 200 6628 "-" "Mozilla/4.0 (compatible; MSIE 6.0; Windows NT 5.1; SV1; InfoPath.1; .NET CLR 1.1.4322)"
80.88.250.65 - - [06/Mar/2007:09:50:04 +0000] "GET /styles.css HTTP/1.1" 200 497 "http://www.som-cap.com/data.htm" "Mozilla/4.0 (compatible; MSIE 6.0; Windows NT 5.1; SV1; InfoPath.1; .NET CLR 1.1.4322)"
80.88.250.65 - - [06/Mar/2007:09:50:04 +0000] "GET /images/inbg.jpg HTTP/1.1" 200 32265 "http://www.som-cap.com/data.htm" "Mozilla/4.0 (compatible; MSIE 6.0; Windows NT 5.1; SV1; InfoPath.1; .NET CLR 1.1.4322)"
80.88.250.65 - - [06/Mar/2007:09:50:05 +0000] "GET /images/logo.gif HTTP/1.1" 200 1574 "http://www.som-cap.com/data.htm" "Mozilla/4.0 (compatible; MSIE 6.0; Windows NT 5.1; SV1; InfoPath.1; .NET CLR 1.1.4322)"
62.40.11.190 - - [06/Mar/2007:09:50:05 +0000] "GET /oempro/read.php?EncryptedMemberID=MjQyOA%3D%3D&CampaignID=79&CampaignStatisticsID=45&Demo=0&Email=horst.guedel@rwb-ag.de HTTP/1.0" 200 43 "-" "Mozilla/4.0 (compatible; MSIE 6.0; Windows NT 5.0; .NET CLR 1.1.4322)"
62.40.11.190 - - [06/Mar/2007:09:50:10 +0000] "GET /oempro/read.php?EncryptedMemberID=MjQyOA%3D%3D&CampaignID=79&CampaignStatisticsID=45&Demo=0&Email=horst.guedel@rwb-ag.de HTTP/1.0" 200 43 "-" "Mozilla/4.0 (compatible; MSIE 6.0; Windows NT 5.0; .NET CLR 1.1.4322)"
80.88.250.65 - - [06/Mar/2007:09:50:15 +0000] "GET /images/Private%20Equity%20Data%20Service%20Feb%2007.pdf HTTP/1.1" 200 29186 "http://www.som-cap.com/data.htm" "Mozilla/4.0 (compatible; MSIE 6.0; Windows NT 5.1; SV1; InfoPath.1; .NET CLR 1.1.4322)"
80.32.157.37 - - [06/Mar/2007:09:50:33 +0000] "GET /oempro/read.php?EncryptedMemberID=MjU5NA%3D%3D&CampaignID=79&CampaignStatisticsID=45&Demo=0&Email=jmunoz@marchgestion.com HTTP/1.1" 200 55 "-" "Mozilla/4.0 (compatible; MSIE 7.0; Windows NT 5.1; .NET CLR 2.0.50727)"
80.88.250.65 - - [06/Mar/2007:09:50:35 +0000] "GET /images/06%20H1%20Report.pdf HTTP/1.1" 200 41233 "http://www.som-cap.com/data.htm" "Mozilla/4.0 (compatible; MSIE 6.0; Windows NT 5.1; SV1; InfoPath.1; .NET CLR 1.1.4322)"
195.65.220.34 - - [06/Mar/2007:09:51:56 +0000] "GET /oempro/read.php?EncryptedMemberID=MzI4Nw%3D%3D&CampaignID=79&CampaignStatisticsID=45&Demo=0&Email=pnewsome@unigestion.com HTTP/1.1" 200 55 "-" "Mozilla/4.0 (compatible; MSIE 6.0; Windows NT 5.2; SV1; .NET CLR 1.1.4322)"
83.95.19.114 - - [06/Mar/2007:09:52:00 +0000] "GET /oempro/read.php?EncryptedMemberID=Mjc3Mg%3D%3D&CampaignID=79&CampaignStatisticsID=45&Demo=0&Email=kvo@atp-pep.com HTTP/1.1" 200 55 "-" "Mozilla/4.0 (compatible; MSIE 7.0; Windows NT 5.1; .NET CLR 1.1.4322; .NET CLR 2.0.50727; InfoPath.1)"
81.86.65.21 - - [06/Mar/2007:09:54:13 +0000] "GET /oempro/read.php?EncryptedMemberID=MjQ5OA%3D%3D&CampaignID=79&CampaignStatisticsID=45&Demo=0&Email=jameschew@vcfortune.com HTTP/1.1" 200 55 "-" "Mozilla/4.0 (compatible; MSIE 7.0; Windows NT 5.1; .NET CLR 1.1.4322; InfoPath.1)"
81.86.65.21 - - [06/Mar/2007:09:54:31 +0000] "GET /oempro/read.php?EncryptedMemberID=MjQ5OA%3D%3D&CampaignID=79&CampaignStatisticsID=45&Demo=0&Email=jameschew@vcfortune.com HTTP/1.1" 200 55 "-" "Mozilla/4.0 (compatible; MSIE 7.0; Windows NT 5.1; .NET CLR 1.1.4322; InfoPath.1)"
81.86.65.21 - - [06/Mar/2007:09:54:33 +0000] "GET /oempro/read.php?EncryptedMemberID=MjQ5OA%3D%3D&CampaignID=79&CampaignStatisticsID=45&Demo=0&Email=jameschew@vcfortune.com HTTP/1.1" 200 55 "-" "Mozilla/4.0 (compatible; MSIE 7.0; Windows NT 5.1; .NET CLR 1.1.4322; InfoPath.1)"
82.135.125.30 - - [06/Mar/2007:09:54:34 +0000] "GET /oempro/read.php?EncryptedMemberID=MTU2MA%3D%3D&CampaignID=79&CampaignStatisticsID=45&Demo=0&Email=alesia.dawidowicz@vcm.de HTTP/1.0" 200 43 "-" "Mozilla/4.0 (compatible; MSIE 6.0; Windows NT 5.1; SV1; .NET CLR 1.1.4322)"
81.86.65.21 - - [06/Mar/2007:09:55:03 +0000] "GET /oempro/read.php?EncryptedMemberID=MjQ5OA%3D%3D&CampaignID=79&CampaignStatisticsID=45&Demo=0&Email=jameschew@vcfortune.com HTTP/1.1" 200 55 "-" "Mozilla/4.0 (compatible; MSIE 7.0; Windows NT 5.1; .NET CLR 1.1.4322; InfoPath.1)"
81.86.65.21 - - [06/Mar/2007:09:55:05 +0000] "GET /oempro/read.php?EncryptedMemberID=MjA4Ng%3D%3D&CampaignID=79&CampaignStatisticsID=45&Demo=0&Email=dominique@activecapitalasia.com HTTP/1.1" 200 55 "-" "Mozilla/4.0 (compatible; MSIE 7.0; Windows NT 5.1; .NET CLR 1.1.4322; InfoPath.1)"
83.206.164.106 - - [06/Mar/2007:09:55:18 +0000] "GET /oempro/read.php?EncryptedMemberID=MjgwMw%3D%3D&CampaignID=79&CampaignStatisticsID=45&Demo=0&Email=lduquesne@euris.fr HTTP/1.1" 200 55 "-" "Mozilla/4.0 (compatible; MSIE 6.0; Windows NT 5.1; SV1)"
81.114.184.110 - - [06/Mar/2007:09:55:18 +0000] "GET /oempro/read.php?EncryptedMemberID=MTU4OA%3D%3D&CampaignID=79&CampaignStatisticsID=45&Demo=0&Email=amerigo_borrini@generali.com HTTP/1.1" 200 55 "-" "Mozilla/4.0 (compatible; MSIE 6.0; Windows NT 5.0)"
81.86.65.21 - - [06/Mar/2007:09:55:30 +0000] "GET /oempro/read.php?EncryptedMemberID=Mzg3MA%3D%3D&CampaignID=79&CampaignStatisticsID=45&Demo=0&Email=vincent.chan@jafcoasia.com HTTP/1.1" 200 55 "-" "Mozilla/4.0 (compatible; MSIE 7.0; Windows NT 5.1; .NET CLR 1.1.4322; InfoPath.1)"
193.126.32.86 - - [06/Mar/2007:09:55:56 +0000] "GET /oempro/read.php?EncryptedMemberID=MTUyMQ%3D%3D&CampaignID=79&CampaignStatisticsID=45&Demo=0&Email=adm@pmeinvestimentos.pt HTTP/1.1" 200 55 "-" "Mozilla/4.0 (compatible; MSIE 6.0; Windows NT 5.1; SV1; .NET CLR 1.1.4322)"
80.83.156.199 - - [06/Mar/2007:09:56:14 +0000] "GET /oempro/read.php?EncryptedMemberID=MTU2NA%3D%3D&CampaignID=79&CampaignStatisticsID=45&Demo=0&Email=alex.hingston@incisivemedia.com HTTP/1.0" 200 43 "-" "Mozilla/4.0 (compatible; MSIE 6.0; Windows NT 5.0)"
217.13.142.157 - - [06/Mar/2007:09:56:18 +0000] "GET /oempro/read.php?EncryptedMemberID=MjUwOA%3D%3D&CampaignID=79&CampaignStatisticsID=45&Demo=0&Email=jason.webster@ffandp.com HTTP/1.1" 200 55 "-" "Mozilla/4.0 (compatible; MSIE 6.0; Windows NT 5.1; SV1; InfoPath.1; .NET CLR 2.0.50727)"
217.13.142.157 - - [06/Mar/2007:09:56:20 +0000] "GET /oempro/read.php?EncryptedMemberID=MjUwOA%3D%3D&CampaignID=79&CampaignStatisticsID=45&Demo=0&Email=jason.webster@ffandp.com HTTP/1.1" 200 55 "-" "Mozilla/4.0 (compatible; MSIE 6.0; Windows NT 5.1; SV1; InfoPath.1; .NET CLR 2.0.50727)"
194.71.244.98 - - [06/Mar/2007:09:56:57 +0000] "GET /oempro/read.php?EncryptedMemberID=MzEwOA%3D%3D&CampaignID=79&CampaignStatisticsID=45&Demo=0&Email=nicklas.fahlstrom@wassum.com HTTP/1.1" 200 55 "-" "Mozilla/4.0 (compatible; MSIE 7.0; Windows NT 5.1; .NET CLR 1.1.4322; InfoPath.1)"
81.86.65.21 - - [06/Mar/2007:09:57:02 +0000] "GET /oempro/read.php?EncryptedMemberID=NDAyNA%3D%3D&CampaignID=79&CampaignStatisticsID=45&Demo=0&Email=marie@som-cap.com HTTP/1.1" 200 55 "-" "Mozilla/4.0 (compatible; MSIE 7.0; Windows NT 5.1)"
87.139.34.121 - - [06/Mar/2007:09:57:15 +0000] "GET /oempro/read.php?EncryptedMemberID=MjQyMQ%3D%3D&CampaignID=79&CampaignStatisticsID=45&Demo=0&Email=hoffmann@wegasupport.de HTTP/1.0" 200 43 "-" "Mozilla/4.0 (compatible; MSIE 6.0; Windows NT 5.2; SV1; .NET CLR 1.1.4322; .NET CLR 2.0.50727)"
193.126.32.86 - - [06/Mar/2007:09:57:15 +0000] "GET /oempro/read.php?EncryptedMemberID=MTUyMQ%3D%3D&CampaignID=79&CampaignStatisticsID=45&Demo=0&Email=adm@pmeinvestimentos.pt HTTP/1.1" 200 55 "-" "Mozilla/4.0 (compatible; MSIE 6.0; Windows NT 5.1; SV1; .NET CLR 1.1.4322)"
81.86.65.21 - - [06/Mar/2007:09:57:21 +0000] "GET /oempro/read.php?EncryptedMemberID=NDAyNA%3D%3D&CampaignID=79&CampaignStatisticsID=45&Demo=0&Email=marie@som-cap.com HTTP/1.1" 200 55 "-" "Mozilla/4.0 (compatible; MSIE 7.0; Windows NT 5.1)"
81.86.65.21 - - [06/Mar/2007:09:57:26 +0000] "GET /oempro/read.php?EncryptedMemberID=NDAyNA%3D%3D&CampaignID=79&CampaignStatisticsID=45&Demo=0&Email=marie@som-cap.com HTTP/1.1" 200 55 "-" "Mozilla/4.0 (compatible; MSIE 7.0; Windows NT 5.1)"
213.61.141.27 - - [06/Mar/2007:09:59:05 +0000] "GET /oempro/read.php?EncryptedMemberID=MzEyMA%3D%3D&CampaignID=79&CampaignStatisticsID=45&Demo=0&Email=nina.jung@bluecapital.de HTTP/1.0" 200 43 "-" "Mozilla/4.0 (compatible; MSIE 6.0; Windows NT 5.1; SV1)"
81.144.245.2 - - [06/Mar/2007:10:01:40 +0000] "GET /oempro/link.php?URL=aHR0cDovL3d3dy5zb20tY2FwLmNvbS9vZW1wcm8vbGluay5waHA%2FVVJMPWFIUjBjRG92TDNkM2R5NXpiMjB0WTJGd0xtTnZiUzlrWVhSaExtaDBiUT09JmFtcDtOYW1lPSZhbXA7RW5jcnlwdGVkTWVtYmVySUQ9TkRBeU5BPT0mYW1wO0NhbXBhaWduSUQ9NzcmYW1wO0NhbXBhaWduU3RhdGlzdGljc0lEPTQzJmFtcDtEZW1vPTAmYW1wO0VtYWlsPW1hcmllQHNvbS1jYXAuY29t&Name=&EncryptedMemberID=NDAzOQ%3D%3D&CampaignID=79&CampaignStatisticsID=45&Demo=0&Email=g.grewal@wellcome.ac.uk HTTP/1.0" 302 0 "-" "Mozilla/4.0 (compatible; MSIE 6.0; Windows NT 5.1; SV1; .NET CLR 1.1.4322; .NET CLR 2.0.50727; InfoPath.1)"
81.144.245.2 - - [06/Mar/2007:10:01:41 +0000] "GET /oempro/link.php?URL=aHR0cDovL3d3dy5zb20tY2FwLmNvbS9kYXRhLmh0bQ==&Name=&EncryptedMemberID=NDAyNA==&CampaignID=77&CampaignStatisticsID=43&Demo=0&Email=marie@som-cap.com HTTP/1.0" 302 0 "-" "Mozilla/4.0 (compatible; MSIE 6.0; Windows NT 5.1; SV1; .NET CLR 1.1.4322; .NET CLR 2.0.50727; InfoPath.1)"
81.144.245.2 - - [06/Mar/2007:10:01:41 +0000] "GET /data.htm HTTP/1.0" 200 6628 "-" "Mozilla/4.0 (compatible; MSIE 6.0; Windows NT 5.1; SV1; .NET CLR 1.1.4322; .NET CLR 2.0.50727; InfoPath.1)"
81.144.245.2 - - [06/Mar/2007:10:01:41 +0000] "GET /styles.css HTTP/1.0" 200 497 "http://www.som-cap.com/data.htm" "Mozilla/4.0 (compatible; MSIE 6.0; Windows NT 5.1; SV1; .NET CLR 1.1.4322; .NET CLR 2.0.50727; InfoPath.1)"
81.144.245.2 - - [06/Mar/2007:10:01:41 +0000] "GET /images/logo.gif HTTP/1.0" 200 1574 "http://www.som-cap.com/data.htm" "Mozilla/4.0 (compatible; MSIE 6.0; Windows NT 5.1; SV1; .NET CLR 1.1.4322; .NET CLR 2.0.50727; InfoPath.1)"
81.144.245.2 - - [06/Mar/2007:10:01:41 +0000] "GET /images/inbg.jpg HTTP/1.0" 200 32265 "http://www.som-cap.com/data.htm" "Mozilla/4.0 (compatible; MSIE 6.0; Windows NT 5.1; SV1; .NET CLR 1.1.4322; .NET CLR 2.0.50727; InfoPath.1)"
212.130.58.118 - - [06/Mar/2007:10:02:34 +0000] "GET /oempro/link.php?URL=aHR0cDovL3d3dy5zb20tY2FwLmNvbS9kYXRhLmh0bQ==&Name=&EncryptedMemberID=NDAyNA==&CampaignID=77&CampaignStatisticsID=43&Demo=0&Email=marie@som-cap.com HTTP/1.1" 302 5 "-" "Mozilla/4.0 (compatible; MSIE 7.0; Windows NT 5.1; .NET CLR 1.1.4322; .NET CLR 2.0.50727)"
212.130.58.118 - - [06/Mar/2007:10:02:34 +0000] "GET /data.htm HTTP/1.1" 200 6628 "-" "Mozilla/4.0 (compatible; MSIE 7.0; Windows NT 5.1; .NET CLR 1.1.4322; .NET CLR 2.0.50727)"
212.130.58.118 - - [06/Mar/2007:10:02:35 +0000] "GET /styles.css HTTP/1.1" 200 497 "http://www.som-cap.com/data.htm" "Mozilla/4.0 (compatible; MSIE 7.0; Windows NT 5.1; .NET CLR 1.1.4322; .NET CLR 2.0.50727)"
212.130.58.118 - - [06/Mar/2007:10:02:35 +0000] "GET /images/inbg.jpg HTTP/1.1" 200 32265 "http://www.som-cap.com/data.htm" "Mozilla/4.0 (compatible; MSIE 7.0; Windows NT 5.1; .NET CLR 1.1.4322; .NET CLR 2.0.50727)"
212.130.58.118 - - [06/Mar/2007:10:02:35 +0000] "GET /images/logo.gif HTTP/1.1" 200 1574 "http://www.som-cap.com/data.htm" "Mozilla/4.0 (compatible; MSIE 7.0; Windows NT 5.1; .NET CLR 1.1.4322; .NET CLR 2.0.50727)"
85.133.32.138 - - [06/Mar/2007:10:23:42 +0000] "GET /oempro/read.php?EncryptedMemberID=MzkxMw%3D%3D&CampaignID=79&CampaignStatisticsID=45&Demo=0&Email=wh@mvision.com HTTP/1.1" 200 55 "-" "Mozilla/4.0 (compatible; MSIE 6.0; Windows NT 5.2; SV1; .NET CLR 1.1.4322; InfoPath.1; .NET CLR 2.0.50727)"
62.49.141.139 - - [06/Mar/2007:10:23:42 +0000] "GET /oempro/read.php?EncryptedMemberID=MjkyNQ%3D%3D&CampaignID=79&CampaignStatisticsID=45&Demo=0&Email=martin@etcapital.com HTTP/1.1" 200 55 "-" "Mozilla/4.0 (compatible; MSIE 7.0; Windows NT 5.1; .NET CLR 1.1.4322)"
195.141.68.50 - - [06/Mar/2007:10:23:42 +0000] "GET /oempro/read.php?EncryptedMemberID=MzUzNg%3D%3D&CampaignID=79&CampaignStatisticsID=45&Demo=0&Email=schurch@scmag.com HTTP/1.1" 200 55 "-" "Mozilla/4.0 (compatible; MSIE 7.0; Windows NT 5.1; .NET CLR 1.1.4322; .NET CLR 2.0.50727)"
195.141.68.50 - - [06/Mar/2007:10:23:53 +0000] "GET /oempro/link.php?URL=aHR0cDovL3d3dy5zb20tY2FwLmNvbS9vZW1wcm8vbGluay5waHA%2FVVJMPWFIUjBjRG92TDNkM2R5NXpiMjB0WTJGd0xtTnZiUzlrWVhSaExtaDBiUT09JmFtcDtOYW1lPSZhbXA7RW5jcnlwdGVkTWVtYmVySUQ9TkRBeU5BPT0mYW1wO0NhbXBhaWduSUQ9NzcmYW1wO0NhbXBhaWduU3RhdGlzdGljc0lEPTQzJmFtcDtEZW1vPTAmYW1wO0VtYWlsPW1hcmllQHNvbS1jYXAuY29t&Name=&EncryptedMemberID=MzUzNg%3D%3D&CampaignID=79&CampaignStatisticsID=45&Demo=0&Email=schurch@scmag.com HTTP/1.1" 302 5 "-" "Mozilla/4.0 (compatible; MSIE 7.0; Windows NT 5.1; .NET CLR 1.1.4322; .NET CLR 2.0.50727)"
195.141.68.50 - - [06/Mar/2007:10:23:53 +0000] "GET /oempro/link.php?URL=aHR0cDovL3d3dy5zb20tY2FwLmNvbS9kYXRhLmh0bQ==&Name=&EncryptedMemberID=NDAyNA==&CampaignID=77&CampaignStatisticsID=43&Demo=0&Email=marie@som-cap.com HTTP/1.1" 302 5 "-" "Mozilla/4.0 (compatible; MSIE 7.0; Windows NT 5.1; .NET CLR 1.1.4322; .NET CLR 2.0.50727)"
195.141.68.50 - - [06/Mar/2007:10:23:53 +0000] "GET /data.htm HTTP/1.1" 200 6628 "-" "Mozilla/4.0 (compatible; MSIE 7.0; Windows NT 5.1; .NET CLR 1.1.4322; .NET CLR 2.0.50727)"
195.141.68.50 - - [06/Mar/2007:10:23:53 +0000] "GET /styles.css HTTP/1.1" 200 497 "http://www.som-cap.com/data.htm" "Mozilla/4.0 (compatible; MSIE 7.0; Windows NT 5.1; .NET CLR 1.1.4322; .NET CLR 2.0.50727)"
195.141.68.50 - - [06/Mar/2007:10:23:53 +0000] "GET /images/inbg.jpg HTTP/1.1" 200 32265 "http://www.som-cap.com/data.htm" "Mozilla/4.0 (compatible; MSIE 7.0; Windows NT 5.1; .NET CLR 1.1.4322; .NET CLR 2.0.50727)"
195.141.68.50 - - [06/Mar/2007:10:23:53 +0000] "GET /images/logo.gif HTTP/1.1" 200 1574 "http://www.som-cap.com/data.htm" "Mozilla/4.0 (compatible; MSIE 7.0; Windows NT 5.1; .NET CLR 1.1.4322; .NET CLR 2.0.50727)"
195.141.68.50 - - [06/Mar/2007:10:23:54 +0000] "GET /favicon.ico HTTP/1.1" 404 657 "-" "Mozilla/4.0 (compatible; MSIE 7.0; Windows NT 5.1; .NET CLR 1.1.4322; .NET CLR 2.0.50727)"
62.49.141.139 - - [06/Mar/2007:10:23:59 +0000] "GET /oempro/read.php?EncryptedMemberID=MjkyNQ%3D%3D&CampaignID=79&CampaignStatisticsID=45&Demo=0&Email=martin@etcapital.com HTTP/1.1" 200 55 "-" "Mozilla/4.0 (compatible; MSIE 7.0; Windows NT 5.1; .NET CLR 1.1.4322)"
195.141.68.50 - - [06/Mar/2007:10:24:00 +0000] "GET /images/Private%20Equity%20Data%20Service%20Feb%2007.pdf HTTP/1.1" 200 29186 "http://www.som-cap.com/data.htm" "Mozilla/4.0 (compatible; MSIE 7.0; Windows NT 5.1; .NET CLR 1.1.4322; .NET CLR 2.0.50727)"
195.141.68.50 - - [06/Mar/2007:10:24:33 +0000] "GET /images/Private%20Equity%20Data%20Service%20Feb%2007.pdf HTTP/1.1" 304 - "http://www.som-cap.com/data.htm" "Mozilla/4.0 (compatible; MSIE 7.0; Windows NT 5.1; .NET CLR 1.1.4322; .NET CLR 2.0.50727)"
217.150.120.34 - - [06/Mar/2007:10:24:56 +0000] "GET /oempro/read.php?EncryptedMemberID=Mzk3NQ%3D%3D&CampaignID=79&CampaignStatisticsID=45&Demo=0&Email=ziff@collercapital.com HTTP/1.1" 200 55 "-" "Mozilla/4.0 (compatible; MSIE 6.0; Windows NT 5.1; SV1; InfoPath.1; .NET CLR 1.1.4322; .NET CLR 2.0.50727)"
195.141.68.50 - - [06/Mar/2007:10:25:02 +0000] "GET /oempro/read.php?EncryptedMemberID=MzUzNg%3D%3D&CampaignID=79&CampaignStatisticsID=45&Demo=0&Email=schurch@scmag.com HTTP/1.1" 200 55 "-" "Mozilla/4.0 (compatible; MSIE 7.0; Windows NT 5.1; .NET CLR 1.1.4322; .NET CLR 2.0.50727)"
195.141.68.50 - - [06/Mar/2007:10:25:02 +0000] "GET /oempro/read.php?EncryptedMemberID=MzUzNg%3D%3D&CampaignID=79&CampaignStatisticsID=45&Demo=0&Email=schurch@scmag.com HTTP/1.1" 200 55 "-" "Mozilla/4.0 (compatible; MSIE 7.0; Windows NT 5.1; .NET CLR 1.1.4322; .NET CLR 2.0.50727)"
80.83.156.199 - - [06/Mar/2007:10:25:03 +0000] "GET /oempro/read.php?EncryptedMemberID=MTcxNw%3D%3D&CampaignID=79&CampaignStatisticsID=45&Demo=0&Email=ben.cronin@incisivemedia.com HTTP/1.0" 200 43 "-" "Mozilla/4.0 (compatible; MSIE 6.0; Windows NT 5.2; SV1; .NET CLR 1.1.4322)"
58.185.241.198 - - [06/Mar/2007:10:26:42 +0000] "GET /oempro/read.php?EncryptedMemberID=MTcxMA%3D%3D&CampaignID=79&CampaignStatisticsID=45&Demo=0&Email=bctan@oww.com.sg HTTP/1.1" 200 55 "-" "Mozilla/4.0 (compatible; MSIE 6.0; Windows NT 5.1; SV1; .NET CLR 1.1.4322)"
62.225.112.236 - - [06/Mar/2007:10:27:07 +0000] "GET /oempro/read.php?EncryptedMemberID=Mjg5Mw%3D%3D&CampaignID=79&CampaignStatisticsID=45&Demo=0&Email=marie.dowling@telekom.de HTTP/1.1" 200 55 "-" "Mozilla/4.0 (compatible; MSIE 6.0; Windows NT 5.1; .NET CLR 2.0.50727)"
58.185.241.198 - - [06/Mar/2007:10:27:18 +0000] "GET /oempro/read.php?EncryptedMemberID=MTcxMA%3D%3D&CampaignID=79&CampaignStatisticsID=45&Demo=0&Email=bctan@oww.com.sg HTTP/1.1" 200 55 "-" "Mozilla/4.0 (compatible; MSIE 6.0; Windows NT 5.1; SV1; .NET CLR 1.1.4322)"
80.83.156.199 - - [06/Mar/2007:10:27:28 +0000] "GET /oempro/read.php?EncryptedMemberID=MTcxNw%3D%3D&CampaignID=79&CampaignStatisticsID=45&Demo=0&Email=ben.cronin@incisivemedia.com HTTP/1.0" 200 43 "-" "Mozilla/4.0 (compatible; MSIE 6.0; Windows NT 5.1; .NET CLR 1.1.4322)"
80.83.156.199 - - [06/Mar/2007:10:27:36 +0000] "GET /oempro/read.php?EncryptedMemberID=MTcxNw%3D%3D&CampaignID=79&CampaignStatisticsID=45&Demo=0&Email=ben.cronin@incisivemedia.com HTTP/1.0" 200 43 "-" "Mozilla/4.0 (compatible; MSIE 6.0; Windows NT 5.2; SV1; .NET CLR 1.1.4322)"
217.150.120.34 - - [06/Mar/2007:10:27:56 +0000] "GET /oempro/read.php?EncryptedMemberID=Mzk3NQ%3D%3D&CampaignID=79&CampaignStatisticsID=45&Demo=0&Email=ziff@collercapital.com HTTP/1.1" 200 55 "-" "Mozilla/4.0 (compatible; MSIE 6.0; Windows NT 5.1; SV1; InfoPath.1; .NET CLR 1.1.4322; .NET CLR 2.0.50727)"
80.83.156.199 - - [06/Mar/2007:10:28:25 +0000] "GET /oempro/read.php?EncryptedMemberID=MTcxNw%3D%3D&CampaignID=79&CampaignStatisticsID=45&Demo=0&Email=ben.cronin@incisivemedia.com HTTP/1.0" 200 43 "-" "Mozilla/4.0 (compatible; MSIE 6.0; Windows NT 5.1; .NET CLR 1.1.4322)"
80.83.156.199 - - [06/Mar/2007:10:28:27 +0000] "GET /oempro/read.php?EncryptedMemberID=MTcxNw%3D%3D&CampaignID=79&CampaignStatisticsID=45&Demo=0&Email=ben.cronin@incisivemedia.com HTTP/1.0" 200 43 "-" "Mozilla/4.0 (compatible; MSIE 6.0; Windows NT 5.1; .NET CLR 1.1.4322)"
80.83.156.199 - - [06/Mar/2007:10:28:47 +0000] "GET /oempro/link.php?URL=aHR0cDovL3d3dy5zb20tY2FwLmNvbS9vZW1wcm8vbGluay5waHA%2FVVJMPWFIUjBjRG92TDNkM2R5NXpiMjB0WTJGd0xtTnZiUzlrWVhSaExtaDBiUT09JmFtcDtOYW1lPSZhbXA7RW5jcnlwdGVkTWVtYmVySUQ9TkRBeU5BPT0mYW1wO0NhbXBhaWduSUQ9NzcmYW1wO0NhbXBhaWduU3RhdGlzdGljc0lEPTQzJmFtcDtEZW1vPTAmYW1wO0VtYWlsPW1hcmllQHNvbS1jYXAuY29t&Name=&EncryptedMemberID=MTcxNw%3D%3D&CampaignID=79&CampaignStatisticsID=45&Demo=0&Email=ben.cronin@incisivemedia.com HTTP/1.0" 302 0 "-" "Mozilla/4.0 (compatible; MSIE 6.0; Windows NT 5.1; .NET CLR 1.1.4322)"
80.83.156.199 - - [06/Mar/2007:10:28:48 +0000] "GET /oempro/link.php?URL=aHR0cDovL3d3dy5zb20tY2FwLmNvbS9kYXRhLmh0bQ==&Name=&EncryptedMemberID=NDAyNA==&CampaignID=77&CampaignStatisticsID=43&Demo=0&Email=marie@som-cap.com HTTP/1.0" 302 0 "-" "Mozilla/4.0 (compatible; MSIE 6.0; Windows NT 5.1; .NET CLR 1.1.4322)"
80.83.156.199 - - [06/Mar/2007:10:28:48 +0000] "GET /data.htm HTTP/1.0" 200 6628 "-" "Mozilla/4.0 (compatible; MSIE 6.0; Windows NT 5.1; .NET CLR 1.1.4322)"
80.83.156.199 - - [06/Mar/2007:10:28:48 +0000] "GET /styles.css HTTP/1.0" 200 497 "http://www.som-cap.com/data.htm" "Mozilla/4.0 (compatible; MSIE 6.0; Windows NT 5.1; .NET CLR 1.1.4322)"
80.83.156.199 - - [06/Mar/2007:10:28:48 +0000] "GET /images/inbg.jpg HTTP/1.0" 200 32265 "http://www.som-cap.com/data.htm" "Mozilla/4.0 (compatible; MSIE 6.0; Windows NT 5.1; .NET CLR 1.1.4322)"
80.83.156.199 - - [06/Mar/2007:10:28:48 +0000] "GET /images/logo.gif HTTP/1.0" 200 1574 "http://www.som-cap.com/data.htm" "Mozilla/4.0 (compatible; MSIE 6.0; Windows NT 5.1; .NET CLR 1.1.4322)"
80.83.156.199 - - [06/Mar/2007:10:28:51 +0000] "GET /biography.htm HTTP/1.0" 200 4087 "http://www.som-cap.com/data.htm" "Mozilla/4.0 (compatible; MSIE 6.0; Windows NT 5.1; .NET CLR 1.1.4322)"
80.83.156.199 - - [06/Mar/2007:10:28:51 +0000] "GET /images/James%20Miller-2.jpg HTTP/1.0" 200 7075 "http://www.som-cap.com/biography.htm" "Mozilla/4.0 (compatible; MSIE 6.0; Windows NT 5.1; .NET CLR 1.1.4322)"
80.83.156.199 - - [06/Mar/2007:10:29:11 +0000] "GET /oempro/link.php?URL=aHR0cDovL3d3dy5zb20tY2FwLmNvbS9vZW1wcm8vbGluay5waHA%2FVVJMPWFIUjBjRG92TDNkM2R5NXpiMjB0WTJGd0xtTnZiUzlrWVhSaExtaDBiUT09JmFtcDtOYW1lPSZhbXA7RW5jcnlwdGVkTWVtYmVySUQ9TkRBeU5BPT0mYW1wO0NhbXBhaWduSUQ9NzcmYW1wO0NhbXBhaWduU3RhdGlzdGljc0lEPTQzJmFtcDtEZW1vPTAmYW1wO0VtYWlsPW1hcmllQHNvbS1jYXAuY29t&Name=&EncryptedMemberID=MTcxNw%3D%3D&CampaignID=79&CampaignStatisticsID=45&Demo=0&Email=ben.cronin@incisivemedia.com HTTP/1.0" 302 0 "-" "Mozilla/4.0 (compatible; MSIE 6.0; Windows NT 5.0)"
80.83.156.199 - - [06/Mar/2007:10:29:11 +0000] "GET /oempro/link.php?URL=aHR0cDovL3d3dy5zb20tY2FwLmNvbS9kYXRhLmh0bQ==&Name=&EncryptedMemberID=NDAyNA==&CampaignID=77&CampaignStatisticsID=43&Demo=0&Email=marie@som-cap.com HTTP/1.0" 302 0 "-" "Mozilla/4.0 (compatible; MSIE 6.0; Windows NT 5.0)"
80.83.156.199 - - [06/Mar/2007:10:29:14 +0000] "GET /trackrecord.htm HTTP/1.0" 200 4429 "http://www.som-cap.com/biography.htm" "Mozilla/4.0 (compatible; MSIE 6.0; Windows NT 5.1; .NET CLR 1.1.4322)"
80.83.156.199 - - [06/Mar/2007:10:29:14 +0000] "GET /images/6pic.gif HTTP/1.0" 200 9094 "http://www.som-cap.com/trackrecord.htm" "Mozilla/4.0 (compatible; MSIE 6.0; Windows NT 5.1; .NET CLR 1.1.4322)"
80.83.156.199 - - [06/Mar/2007:10:29:14 +0000] "GET /images/5pic.gif HTTP/1.0" 200 9274 "http://www.som-cap.com/trackrecord.htm" "Mozilla/4.0 (compatible; MSIE 6.0; Windows NT 5.1; .NET CLR 1.1.4322)"
80.83.156.199 - - [06/Mar/2007:10:29:14 +0000] "GET /images/4pic.gif HTTP/1.0" 200 10003 "http://www.som-cap.com/trackrecord.htm" "Mozilla/4.0 (compatible; MSIE 6.0; Windows NT 5.1; .NET CLR 1.1.4322)"
80.83.156.199 - - [06/Mar/2007:10:29:14 +0000] "GET /images/3pic.gif HTTP/1.0" 200 10964 "http://www.som-cap.com/trackrecord.htm" "Mozilla/4.0 (compatible; MSIE 6.0; Windows NT 5.1; .NET CLR 1.1.4322)"
80.83.156.199 - - [06/Mar/2007:10:29:14 +0000] "GET /images/2pic.gif HTTP/1.0" 200 10701 "http://www.som-cap.com/trackrecord.htm" "Mozilla/4.0 (compatible; MSIE 6.0; Windows NT 5.1; .NET CLR 1.1.4322)"
80.83.156.199 - - [06/Mar/2007:10:29:14 +0000] "GET /images/1pic.gif HTTP/1.0" 200 12857 "http://www.som-cap.com/trackrecord.htm" "Mozilla/4.0 (compatible; MSIE 6.0; Windows NT 5.1; .NET CLR 1.1.4322)"
80.83.156.199 - - [06/Mar/2007:10:29:16 +0000] "GET /oempro/link.php?URL=aHR0cDovL3d3dy5zb20tY2FwLmNvbS9vZW1wcm8vbGluay5waHA%2FVVJMPWFIUjBjRG92TDNkM2R5NXpiMjB0WTJGd0xtTnZiUzg9JmFtcDtOYW1lPSZhbXA7RW5jcnlwdGVkTWVtYmVySUQ9TkRBeU5BPT0mYW1wO0NhbXBhaWduSUQ9NzcmYW1wO0NhbXBhaWduU3RhdGlzdGljc0lEPTQzJmFtcDtEZW1vPTAmYW1wO0VtYWlsPW1hcmllQHNvbS1jYXAuY29t&Name=&EncryptedMemberID=MTcxNw%3D%3D&CampaignID=79&CampaignStatisticsID=45&Demo=0&Email=ben.cronin@incisivemedia.com HTTP/1.0" 302 0 "-" "Mozilla/4.0 (compatible; MSIE 6.0; Windows NT 5.0)"
80.83.156.199 - - [06/Mar/2007:10:29:16 +0000] "GET /oempro/link.php?URL=aHR0cDovL3d3dy5zb20tY2FwLmNvbS8=&Name=&EncryptedMemberID=NDAyNA==&CampaignID=77&CampaignStatisticsID=43&Demo=0&Email=marie@som-cap.com HTTP/1.0" 302 0 "-" "Mozilla/4.0 (compatible; MSIE 6.0; Windows NT 5.0)"
80.83.156.199 - - [06/Mar/2007:10:29:16 +0000] "GET / HTTP/1.0" 200 3426 "-" "Mozilla/4.0 (compatible; MSIE 6.0; Windows NT 5.0)"
195.141.68.50 - - [06/Mar/2007:10:29:25 +0000] "GET /oempro/read.php?EncryptedMemberID=MzUzNg%3D%3D&CampaignID=79&CampaignStatisticsID=45&Demo=0&Email=schurch@scmag.com HTTP/1.1" 200 55 "-" "Mozilla/4.0 (compatible; MSIE 6.0; Windows NT 5.1; SV1; .NET CLR 1.1.4322; .NET CLR 2.0.50727)"
80.83.156.199 - - [06/Mar/2007:10:29:45 +0000] "GET /background.htm HTTP/1.0" 200 4144 "http://www.som-cap.com/trackrecord.htm" "Mozilla/4.0 (compatible; MSIE 6.0; Windows NT 5.1; .NET CLR 1.1.4322)"
195.141.68.50 - - [06/Mar/2007:10:29:51 +0000] "GET /oempro/read.php?EncryptedMemberID=MTc0MQ%3D%3D&CampaignID=79&CampaignStatisticsID=45&Demo=0&Email=bischoff@scmag.com HTTP/1.1" 200 55 "-" "Mozilla/4.0 (compatible; MSIE 7.0; Windows NT 5.1; .NET CLR 1.1.4322; .NET CLR 2.0.50727)"
80.83.156.199 - - [06/Mar/2007:10:30:04 +0000] "GET /contact.htm HTTP/1.0" 200 2786 "http://www.som-cap.com/data.htm" "Mozilla/4.0 (compatible; MSIE 6.0; Windows NT 5.1; .NET CLR 1.1.4322)"
80.83.156.199 - - [06/Mar/2007:10:30:08 +0000] "GET /index.htm HTTP/1.0" 200 3426 "http://www.som-cap.com/contact.htm" "Mozilla/4.0 (compatible; MSIE 6.0; Windows NT 5.1; .NET CLR 1.1.4322)"
82.135.30.155 - - [06/Mar/2007:10:30:22 +0000] "GET /oempro/read.php?EncryptedMemberID=MjkzOQ%3D%3D&CampaignID=79&CampaignStatisticsID=45&Demo=0&Email=matthias.unser@vcm.de HTTP/1.0" 200 43 "-" "Mozilla/4.0 (compatible; MSIE 7.0; Windows NT 5.1; .NET CLR 1.1.4322)"
62.245.218.134 - - [06/Mar/2007:10:30:52 +0000] "GET /oempro/read.php?EncryptedMemberID=MzcxMQ%3D%3D&CampaignID=79&CampaignStatisticsID=45&Demo=0&Email=svenja.becker@extorel.de HTTP/1.1" 200 55 "-" "Mozilla/4.0 (compatible; MSIE 6.0; Windows NT 5.1; SV1; .NET CLR 1.1.4322)"
83.216.92.36 - - [06/Mar/2007:10:31:04 +0000] "GET /oempro/read.php?EncryptedMemberID=MjUxMg%3D%3D&CampaignID=79&CampaignStatisticsID=45&Demo=0&Email=jaz@pages123.com HTTP/1.1" 200 55 "-" "Mozilla/4.0 (compatible; MSIE 6.0; Windows NT 5.1; {8ADFF5F5-B593-48DB-FD07-606584D35CBD}; .NET CLR 1.1.4322)"
80.83.156.199 - - [06/Mar/2007:10:31:10 +0000] "GET /oempro/read.php?EncryptedMemberID=MTcxNw%3D%3D&CampaignID=79&CampaignStatisticsID=45&Demo=0&Email=ben.cronin@incisivemedia.com HTTP/1.0" 200 43 "-" "Mozilla/4.0 (compatible; MSIE 6.0; Windows NT 5.2; SV1; .NET CLR 1.1.4322)"
195.65.220.34 - - [06/Mar/2007:10:31:38 +0000] "GET /oempro/read.php?EncryptedMemberID=MzI4Nw%3D%3D&CampaignID=79&CampaignStatisticsID=45&Demo=0&Email=pnewsome@unigestion.com HTTP/1.1" 200 55 "-" "Mozilla/4.0 (compatible; MSIE 6.0; Windows NT 5.2; SV1; .NET CLR 1.1.4322)"
195.65.220.34 - - [06/Mar/2007:10:32:05 +0000] "GET /oempro/read.php?EncryptedMemberID=MzI4Nw%3D%3D&CampaignID=79&CampaignStatisticsID=45&Demo=0&Email=pnewsome@unigestion.com HTTP/1.1" 200 55 "-" "Mozilla/4.0 (compatible; MSIE 6.0; Windows NT 5.2; SV1; .NET CLR 1.1.4322)"
205.156.117.1 - - [06/Mar/2007:10:34:19 +0000] "GET /oempro/read.php?EncryptedMemberID=MzUxOA%3D%3D&CampaignID=79&CampaignStatisticsID=45&Demo=0&Email=sanjay.mistry@mercer.com HTTP/1.1" 200 55 "-" "Mozilla/4.0 (compatible; MSIE 6.0; Windows NT 5.1; SV1; .NET CLR 1.0.3705; .NET CLR 1.1.4322)"
80.83.156.199 - - [06/Mar/2007:10:36:08 +0000] "GET /oempro/read.php?EncryptedMemberID=MTcxNw%3D%3D&CampaignID=79&CampaignStatisticsID=45&Demo=0&Email=ben.cronin@incisivemedia.com HTTP/1.0" 200 43 "-" "Mozilla/4.0 (compatible; MSIE 6.0; Windows NT 5.0)"
62.196.2.183 - - [06/Mar/2007:10:36:20 +0000] "GET /oempro/read.php?EncryptedMemberID=MzI1Mw%3D%3D&CampaignID=79&CampaignStatisticsID=45&Demo=0&Email=pg@advancedcapital.com HTTP/1.1" 200 55 "-" "Mozilla/4.0 (compatible; MSIE 7.0; Windows NT 5.1; .NET CLR 1.1.4322)"
195.103.161.121 - - [06/Mar/2007:10:37:07 +0000] "GET / HTTP/1.0" 200 3426 "-" "Mozilla/4.0 (compatible; MSIE 5.0; Windows NT)"
195.103.161.121 - - [06/Mar/2007:10:37:11 +0000] "GET /images/logo.gif HTTP/1.0" 200 1574 "-" "Mozilla/4.0 (compatible; MSIE 5.0; Windows NT)"
195.103.161.121 - - [06/Mar/2007:10:37:11 +0000] "GET /background.htm HTTP/1.0" 200 4144 "-" "Mozilla/4.0 (compatible; MSIE 5.0; Windows NT)"
195.103.161.121 - - [06/Mar/2007:10:37:12 +0000] "GET /biography.htm HTTP/1.0" 200 4087 "-" "Mozilla/4.0 (compatible; MSIE 5.0; Windows NT)"
195.103.161.121 - - [06/Mar/2007:10:37:13 +0000] "GET /trackrecord.htm HTTP/1.0" 200 4429 "-" "Mozilla/4.0 (compatible; MSIE 5.0; Windows NT)"
195.103.161.121 - - [06/Mar/2007:10:37:13 +0000] "GET /data.htm HTTP/1.0" 200 6628 "-" "Mozilla/4.0 (compatible; MSIE 5.0; Windows NT)"
195.103.161.121 - - [06/Mar/2007:10:37:13 +0000] "GET /contact.htm HTTP/1.0" 200 2786 "-" "Mozilla/4.0 (compatible; MSIE 5.0; Windows NT)"
195.65.220.34 - - [06/Mar/2007:10:38:43 +0000] "GET /oempro/read.php?EncryptedMemberID=MzI4Nw%3D%3D&CampaignID=79&CampaignStatisticsID=45&Demo=0&Email=pnewsome@unigestion.com HTTP/1.1" 200 55 "-" "Mozilla/4.0 (compatible; MSIE 6.0; Windows NT 5.2; SV1; .NET CLR 1.1.4322)"
164.38.132.100 - - [06/Mar/2007:10:38:51 +0000] "GET /oempro/read.php?EncryptedMemberID=MjIwMw%3D%3D&CampaignID=79&CampaignStatisticsID=45&Demo=0&Email=fenchurchst.sales@pcworldstores.co.uk HTTP/1.1" 200 55 "http://webmail.dixons.co.uk/w?Nh.DBE.E6m.TC6ETug.ECGEQ.C5zztRQE.J" "Mozilla/4.0 (compatible; MSIE 6.0; Windows NT 5.1; SV1)"
81.86.65.21 - - [06/Mar/2007:10:39:27 +0000] "GET /oempro/read.php?EncryptedMemberID=MTcxMA%3D%3D&CampaignID=79&CampaignStatisticsID=45&Demo=0&Email=bctan@oww.com.sg HTTP/1.1" 200 55 "-" "Mozilla/4.0 (compatible; MSIE 7.0; Windows NT 5.1; .NET CLR 1.1.4322; InfoPath.1)"
82.135.125.30 - - [06/Mar/2007:10:39:28 +0000] "GET /oempro/read.php?EncryptedMemberID=MjkzOQ%3D%3D&CampaignID=79&CampaignStatisticsID=45&Demo=0&Email=matthias.unser@vcm.de HTTP/1.0" 200 43 "-" "Mozilla/4.0 (compatible; MSIE 7.0; Windows NT 5.1; .NET CLR 1.1.4322)"
81.86.65.21 - - [06/Mar/2007:10:39:36 +0000] "GET /oempro/read.php?EncryptedMemberID=MTcxMA%3D%3D&CampaignID=79&CampaignStatisticsID=45&Demo=0&Email=bctan@oww.com.sg HTTP/1.1" 200 55 "-" "Mozilla/4.0 (compatible; MSIE 7.0; Windows NT 5.1; .NET CLR 1.1.4322; InfoPath.1)"
195.65.220.34 - - [06/Mar/2007:10:40:37 +0000] "GET /oempro/read.php?EncryptedMemberID=MzI4Nw%3D%3D&CampaignID=79&CampaignStatisticsID=45&Demo=0&Email=pnewsome@unigestion.com HTTP/1.1" 200 55 "-" "Mozilla/4.0 (compatible; MSIE 6.0; Windows NT 5.2; SV1; .NET CLR 1.1.4322)"
194.209.42.83 - - [06/Mar/2007:10:40:48 +0000] "GET /oempro/read.php?EncryptedMemberID=Mzc3Ng%3D%3D&CampaignID=79&CampaignStatisticsID=45&Demo=0&Email=tim.creed@adveq.com HTTP/1.1" 200 55 "-" "Mozilla/4.0 (compatible; MSIE 6.0; Windows NT 5.2; SV1; .NET CLR 1.1.4322; InfoPath.1; .NET CLR 2.0.50727)"
80.240.227.211 - - [06/Mar/2007:10:41:37 +0000] "GET /oempro/read.php?EncryptedMemberID=MzIzNQ%3D%3D&CampaignID=79&CampaignStatisticsID=45&Demo=0&Email=peter.stodola@wuestenrot.at HTTP/1.0" 200 43 "-" "Mozilla/4.0 (compatible; Lotus-Notes/6.0; Windows-NT)"
217.13.142.157 - - [06/Mar/2007:10:42:32 +0000] "GET /oempro/read.php?EncryptedMemberID=MzI3Mg%3D%3D&CampaignID=79&CampaignStatisticsID=45&Demo=0&Email=piers.metcalfe@ffandp.com HTTP/1.1" 200 55 "-" "Mozilla/4.0 (compatible; MSIE 6.0; Windows NT 5.1; SV1; InfoPath.1; .NET CLR 2.0.50727)"
195.95.137.6 - - [06/Mar/2007:10:42:56 +0000] "GET /oempro/read.php?EncryptedMemberID=MTczMA%3D%3D&CampaignID=79&CampaignStatisticsID=45&Demo=0&Email=berthold.garbas@wwasset.de HTTP/1.1" 200 55 "-" "Mozilla/4.0 (compatible; MSIE 6.0; Windows NT 5.1; SV1; .NET CLR 1.1.4322; .NET CLR 1.0.3705; .NET CLR 2.0.50727)"
195.6.48.191 - - [06/Mar/2007:10:43:30 +0000] "GET /oempro/read.php?EncryptedMemberID=MzM1Nw%3D%3D&CampaignID=79&CampaignStatisticsID=45&Demo=0&Email=research@hdf-finance.fr HTTP/1.0" 200 43 "-" "Mozilla/4.0 (compatible; Lotus-Notes/6.0; Windows-NT)"
57.66.51.74 - - [06/Mar/2007:10:43:35 +0000] "GET /oempro/read.php?EncryptedMemberID=MjkyNA%3D%3D&CampaignID=79&CampaignStatisticsID=45&Demo=0&Email=martin.stapleton@rvc.com HTTP/1.0" 200 43 "-" "Mozilla/4.0 (compatible; MSIE 6.0; Windows NT 5.1; SV1; .NET CLR 1.1.4322; .NET CLR 2.0.50727; InfoPath.1)"
194.209.42.83 - - [06/Mar/2007:10:44:06 +0000] "GET /oempro/read.php?EncryptedMemberID=MjI1NA%3D%3D&CampaignID=79&CampaignStatisticsID=45&Demo=0&Email=gaia.arnaboldi@adveq.com HTTP/1.1" 200 55 "-" "Mozilla/4.0 (compatible; MSIE 6.0; Windows NT 5.2; SV1; .NET CLR 1.1.4322; InfoPath.1; .NET CLR 2.0.50727)"
62.245.218.134 - - [06/Mar/2007:10:44:43 +0000] "GET /oempro/read.php?EncryptedMemberID=MzcxMQ%3D%3D&CampaignID=79&CampaignStatisticsID=45&Demo=0&Email=svenja.becker@extorel.de HTTP/1.1" 200 55 "-" "Mozilla/4.0 (compatible; MSIE 6.0; Windows NT 5.1; SV1; .NET CLR 1.1.4322)"
195.157.146.108 - - [06/Mar/2007:10:45:24 +0000] "GET /oempro/read.php?EncryptedMemberID=MjU3Ng%3D%3D&CampaignID=79&CampaignStatisticsID=45&Demo=0&Email=jkennell@beringea.co.uk HTTP/1.1" 200 55 "-" "Mozilla/4.0 (compatible; MSIE 6.0; Windows NT 5.1; SV1)"
195.157.146.108 - - [06/Mar/2007:10:45:25 +0000] "GET /oempro/read.php?EncryptedMemberID=MjU3Ng%3D%3D&CampaignID=79&CampaignStatisticsID=45&Demo=0&Email=jkennell@beringea.co.uk HTTP/1.1" 200 55 "-" "Mozilla/4.0 (compatible; MSIE 6.0; Windows NT 5.1; SV1)"
80.240.227.211 - - [06/Mar/2007:10:45:53 +0000] "GET /oempro/read.php?EncryptedMemberID=MzIzNQ%3D%3D&CampaignID=79&CampaignStatisticsID=45&Demo=0&Email=peter.stodola@wuestenrot.at HTTP/1.0" 200 43 "-" "Mozilla/4.0 (compatible; Lotus-Notes/6.0; Windows-NT)"
195.141.68.50 - - [06/Mar/2007:10:46:50 +0000] "GET /oempro/read.php?EncryptedMemberID=MTc0MQ%3D%3D&CampaignID=79&CampaignStatisticsID=45&Demo=0&Email=bischoff@scmag.com HTTP/1.1" 200 55 "-" "Mozilla/4.0 (compatible; MSIE 7.0; Windows NT 5.1; .NET CLR 1.1.4322; .NET CLR 2.0.50727)"
194.107.108.10 - - [06/Mar/2007:10:47:04 +0000] "GET /oempro/read.php?EncryptedMemberID=Mzg0Ng%3D%3D&CampaignID=79&CampaignStatisticsID=45&Demo=0&Email=ursula.federsel@bawag.com HTTP/1.1" 200 55 "-" "Mozilla/4.0 (compatible; MSIE 6.0; Windows NT 5.1; SV1; .NET CLR 1.1.4322; .NET CLR 2.0.50727)"
195.141.68.50 - - [06/Mar/2007:10:47:14 +0000] "GET /oempro/read.php?EncryptedMemberID=MTc0MQ%3D%3D&CampaignID=79&CampaignStatisticsID=45&Demo=0&Email=bischoff@scmag.com HTTP/1.1" 200 55 "-" "Mozilla/4.0 (compatible; MSIE 7.0; Windows NT 5.1; .NET CLR 1.1.4322; .NET CLR 2.0.50727)"
194.209.42.83 - - [06/Mar/2007:10:49:37 +0000] "GET /oempro/read.php?EncryptedMemberID=MjI1NA%3D%3D&CampaignID=79&CampaignStatisticsID=45&Demo=0&Email=gaia.arnaboldi@adveq.com HTTP/1.1" 200 55 "-" "Mozilla/4.0 (compatible; MSIE 6.0; Windows NT 5.2; SV1; .NET CLR 1.1.4322; InfoPath.1; .NET CLR 2.0.50727)"
62.245.218.134 - - [06/Mar/2007:10:49:53 +0000] "GET /oempro/read.php?EncryptedMemberID=MzcxMQ%3D%3D&CampaignID=79&CampaignStatisticsID=45&Demo=0&Email=svenja.becker@extorel.de HTTP/1.1" 200 55 "-" "Mozilla/4.0 (compatible; MSIE 6.0; Windows NT 5.1; SV1; .NET CLR 1.1.4322)"
82.135.30.155 - - [06/Mar/2007:10:51:24 +0000] "GET /oempro/read.php?EncryptedMemberID=MjkzOQ%3D%3D&CampaignID=79&CampaignStatisticsID=45&Demo=0&Email=matthias.unser@vcm.de HTTP/1.0" 200 43 "-" "Mozilla/4.0 (compatible; MSIE 7.0; Windows NT 5.1; .NET CLR 1.1.4322)"
194.209.42.83 - - [06/Mar/2007:10:51:28 +0000] "GET /oempro/read.php?EncryptedMemberID=MjI1NA%3D%3D&CampaignID=79&CampaignStatisticsID=45&Demo=0&Email=gaia.arnaboldi@adveq.com HTTP/1.1" 200 55 "-" "Mozilla/4.0 (compatible; MSIE 6.0; Windows NT 5.2; SV1; .NET CLR 1.1.4322; InfoPath.1; .NET CLR 2.0.50727)"
