210.249.143.7 - - [06/Mar/2007:00:06:17 +0000] "GET /oempro/link.php?URL=aHR0cDovL3d3dy5zb20tY2FwLmNvbS9vZW1wcm8vbGluay5waHA%2FVVJMPWFIUjBjRG92TDNkM2R5NXpiMjB0WTJGd0xtTnZiUzlrWVhSaExtaDBiUT09JmFtcDtOYW1lPSZhbXA7RW5jcnlwdGVkTWVtYmVySUQ9TkRBeU5BPT0mYW1wO0NhbXBhaWduSUQ9NzcmYW1wO0NhbXBhaWduU3RhdGlzdGljc0lEPTQzJmFtcDtEZW1vPTAmYW1wO0VtYWlsPW1hcmllQHNvbS1jYXAuY29t&Name=&EncryptedMemberID=MjQ3Ng%3D%3D&CampaignID=79&CampaignStatisticsID=45&Demo=0&Email=iwaih@sumitomotrust.co.jp HTTP/1.0" 302 0 "-" "Mozilla/4.0 (compatible; MSIE 6.0; Windows NT 5.0)"
210.249.143.7 - - [06/Mar/2007:00:06:20 +0000] "GET /oempro/link.php?URL=aHR0cDovL3d3dy5zb20tY2FwLmNvbS9kYXRhLmh0bQ==&Name=&EncryptedMemberID=NDAyNA==&CampaignID=77&CampaignStatisticsID=43&Demo=0&Email=marie@som-cap.com HTTP/1.0" 302 0 "-" "Mozilla/4.0 (compatible; MSIE 6.0; Windows NT 5.0)"
210.249.143.7 - - [06/Mar/2007:00:06:21 +0000] "GET /data.htm HTTP/1.0" 200 6628 "-" "Mozilla/4.0 (compatible; MSIE 6.0; Windows NT 5.0)"
210.249.143.7 - - [06/Mar/2007:00:06:21 +0000] "GET /styles.css HTTP/1.0" 200 497 "http://www.som-cap.com/data.htm" "Mozilla/4.0 (compatible; MSIE 6.0; Windows NT 5.0)"
210.249.143.7 - - [06/Mar/2007:00:06:21 +0000] "GET /images/inbg.jpg HTTP/1.0" 200 32265 "http://www.som-cap.com/data.htm" "Mozilla/4.0 (compatible; MSIE 6.0; Windows NT 5.0)"
210.249.143.7 - - [06/Mar/2007:00:06:22 +0000] "GET /images/logo.gif HTTP/1.0" 200 1574 "http://www.som-cap.com/data.htm" "Mozilla/4.0 (compatible; MSIE 6.0; Windows NT 5.0)"
211.120.52.67 - - [06/Mar/2007:00:08:35 +0000] "GET /oempro/link.php?URL=aHR0cDovL3d3dy5zb20tY2FwLmNvbS9vZW1wcm8vbGluay5waHA%2FVVJMPWFIUjBjRG92TDNkM2R5NXpiMjB0WTJGd0xtTnZiUzlrWVhSaExtaDBiUT09JmFtcDtOYW1lPSZhbXA7RW5jcnlwdGVkTWVtYmVySUQ9TkRBeU5BPT0mYW1wO0NhbXBhaWduSUQ9NzcmYW1wO0NhbXBhaWduU3RhdGlzdGljc0lEPTQzJmFtcDtEZW1vPTAmYW1wO0VtYWlsPW1hcmllQHNvbS1jYXAuY29t&Name=&EncryptedMemberID=MjkzMA%3D%3D&CampaignID=79&CampaignStatisticsID=45&Demo=0&Email=masahiko.ejima@mizuho-cb.co.jp HTTP/1.0" 302 0 "-" "Mozilla/4.0 (compatible; MSIE 5.5; Windows NT 5.0; T312461)"
211.120.52.67 - - [06/Mar/2007:00:08:37 +0000] "GET /oempro/link.php?URL=aHR0cDovL3d3dy5zb20tY2FwLmNvbS9kYXRhLmh0bQ==&Name=&EncryptedMemberID=NDAyNA==&CampaignID=77&CampaignStatisticsID=43&Demo=0&Email=marie@som-cap.com HTTP/1.0" 302 0 "-" "Mozilla/4.0 (compatible; MSIE 5.5; Windows NT 5.0; T312461)"
211.120.52.67 - - [06/Mar/2007:00:09:01 +0000] "GET /images/Vol%201.%20Oct%202001.pdf HTTP/1.0" 200 105169 "http://www.som-cap.com/data.htm" "Mozilla/4.0 (compatible; MSIE 5.5; Windows NT 5.0; T312461)"
63.94.95.40 - - [06/Mar/2007:00:09:14 +0000] "GET /oempro/read.php?EncryptedMemberID=MjEwNA%3D%3D&CampaignID=79&CampaignStatisticsID=45&Demo=0&Email=dstrumwasser@whippoorwillassociates.com HTTP/1.1" 200 55 "-" "Mozilla/4.0 (compatible; MSIE 6.0; Windows NT 5.0; .NET CLR 1.1.4322)"
63.94.95.40 - - [06/Mar/2007:00:09:15 +0000] "GET /oempro/read.php?EncryptedMemberID=MjEwNA%3D%3D&CampaignID=79&CampaignStatisticsID=45&Demo=0&Email=dstrumwasser@whippoorwillassociates.com HTTP/1.1" 200 55 "-" "Mozilla/4.0 (compatible; MSIE 6.0; Windows NT 5.0; .NET CLR 1.1.4322)"
221.186.67.140 - - [06/Mar/2007:00:09:36 +0000] "GET /oempro/read.php?EncryptedMemberID=MjY5OQ%3D%3D&CampaignID=79&CampaignStatisticsID=45&Demo=0&Email=k.miisho@banctec.co.jp HTTP/1.1" 200 55 "-" "Mozilla/4.0 (compatible; MSIE 6.0; Windows NT 5.1)"
63.94.95.40 - - [06/Mar/2007:00:09:46 +0000] "GET /oempro/read.php?EncryptedMemberID=MjEwNA%3D%3D&CampaignID=79&CampaignStatisticsID=45&Demo=0&Email=dstrumwasser@whippoorwillassociates.com HTTP/1.1" 200 55 "-" "Mozilla/4.0 (compatible; MSIE 6.0; Windows NT 5.0; .NET CLR 1.1.4322)"
221.186.67.140 - - [06/Mar/2007:00:09:51 +0000] "GET /oempro/read.php?EncryptedMemberID=MjY5OQ%3D%3D&CampaignID=79&CampaignStatisticsID=45&Demo=0&Email=k.miisho@banctec.co.jp HTTP/1.1" 200 55 "-" "Mozilla/4.0 (compatible; MSIE 6.0; Windows NT 5.1)"
63.94.95.40 - - [06/Mar/2007:00:09:54 +0000] "GET /oempro/read.php?EncryptedMemberID=MjEwNA%3D%3D&CampaignID=79&CampaignStatisticsID=45&Demo=0&Email=dstrumwasser@whippoorwillassociates.com HTTP/1.1" 200 55 "-" "Mozilla/4.0 (compatible; MSIE 6.0; Windows NT 5.0; .NET CLR 1.1.4322)"
63.94.95.40 - - [06/Mar/2007:00:10:09 +0000] "GET /oempro/read.php?EncryptedMemberID=MzIxMQ%3D%3D&CampaignID=79&CampaignStatisticsID=45&Demo=0&Email=pcosta@whippoorwillassociates.com HTTP/1.1" 200 55 "-" "Mozilla/4.0 (compatible; MSIE 6.0; Windows NT 5.0; .NET CLR 1.1.4322)"
211.120.52.67 - - [06/Mar/2007:00:10:09 +0000] "GET /images/06%20H1%20Report.pdf HTTP/1.0" 206 39149 "-" "Mozilla/4.0 (compatible; MSIE 5.5; Windows NT 5.0; T312461)"
63.94.95.40 - - [06/Mar/2007:00:10:11 +0000] "GET /oempro/read.php?EncryptedMemberID=MzIxMQ%3D%3D&CampaignID=79&CampaignStatisticsID=45&Demo=0&Email=pcosta@whippoorwillassociates.com HTTP/1.1" 200 55 "-" "Mozilla/4.0 (compatible; MSIE 6.0; Windows NT 5.0; .NET CLR 1.1.4322)"
63.94.95.45 - - [06/Mar/2007:00:12:30 +0000] "GET /oempro/read.php?EncryptedMemberID=MjEwNA%3D%3D&CampaignID=79&CampaignStatisticsID=45&Demo=0&Email=dstrumwasser@whippoorwillassociates.com HTTP/1.1" 200 55 "-" "Mozilla/4.0 (compatible; MSIE 6.0; Windows NT 5.0; Creative; .NET CLR 1.1.4322; .NET CLR 2.0.50727)"
63.94.95.45 - - [06/Mar/2007:00:12:31 +0000] "GET /oempro/read.php?EncryptedMemberID=MjEwNA%3D%3D&CampaignID=79&CampaignStatisticsID=45&Demo=0&Email=dstrumwasser@whippoorwillassociates.com HTTP/1.1" 200 55 "-" "Mozilla/4.0 (compatible; MSIE 6.0; Windows NT 5.0; Creative; .NET CLR 1.1.4322; .NET CLR 2.0.50727)"
128.135.130.80 - - [06/Mar/2007:00:16:05 +0000] "GET /oempro/read.php?EncryptedMemberID=MzU5NQ%3D%3D&CampaignID=79&CampaignStatisticsID=45&Demo=0&Email=skaplan@uchicago.edu HTTP/1.1" 200 55 "-" "Mozilla/5.0 (Macintosh; U; Intel Mac OS X; en) AppleWebKit/418.9.1 (KHTML, like Gecko)"
61.209.162.96 - - [06/Mar/2007:00:16:20 +0000] "GET /oempro/read.php?EncryptedMemberID=Mzg5Mg%3D%3D&CampaignID=79&CampaignStatisticsID=45&Demo=0&Email=wakamoto@aicapital.co.jp HTTP/1.1" 200 55 "-" "Mozilla/4.0 (compatible; MSIE 6.0; Windows NT 5.1; SV1; .NET CLR 1.1.4322)"
204.152.239.216 - - [06/Mar/2007:00:17:48 +0000] "GET /oempro/read.php?EncryptedMemberID=MjcyOA%3D%3D&CampaignID=79&CampaignStatisticsID=45&Demo=0&Email=kerrin.rosenberg@hewittbaconwoodrow.com HTTP/1.0" 200 43 "-" "Mozilla/4.0 (compatible; Lotus-Notes/6.0; Windows-NT)"
210.249.143.7 - - [06/Mar/2007:00:18:05 +0000] "GET /oempro/read.php?EncryptedMemberID=MjQ3Ng%3D%3D&CampaignID=79&CampaignStatisticsID=45&Demo=0&Email=iwaih@sumitomotrust.co.jp HTTP/1.0" 200 43 "-" "Mozilla/4.0 (compatible; MSIE 6.0; Windows NT 5.0)"
64.12.117.15 - - [06/Mar/2007:00:20:19 +0000] "GET /oempro/read.php?EncryptedMemberID=MjEwNA%3D%3D&CampaignID=79&CampaignStatisticsID=45&Demo=0&Email=dstrumwasser@whippoorwillassociates.com HTTP/1.1" 200 55 "-" "Moozilla"
199.43.48.129 - - [06/Mar/2007:00:20:19 +0000] "GET /oempro/read.php?EncryptedMemberID=Mjg2MA%3D%3D&CampaignID=79&CampaignStatisticsID=45&Demo=0&Email=magdalen_yum@ml.com HTTP/1.1" 200 55 "-" "Mozilla/4.0 (compatible; MSIE 6.0; Windows NT 5.1; SV1; .NET CLR 1.1.4322)"
210.249.143.7 - - [06/Mar/2007:00:20:20 +0000] "GET /oempro/read.php?EncryptedMemberID=MjQ3Ng%3D%3D&CampaignID=79&CampaignStatisticsID=45&Demo=0&Email=iwaih@sumitomotrust.co.jp HTTP/1.0" 200 43 "-" "Mozilla/4.0 (compatible; MSIE 6.0; Windows NT 5.0)"
70.88.225.89 - - [06/Mar/2007:00:20:29 +0000] "GET /oempro/link.php?URL=aHR0cDovL3d3dy5zb20tY2FwLmNvbS9vZW1wcm8vbGluay5waHA%2FVVJMPWFIUjBjRG92TDNkM2R5NXpiMjB0WTJGd0xtTnZiUzlrWVhSaExtaDBiUT09JmFtcDtOYW1lPSZhbXA7RW5jcnlwdGVkTWVtYmVySUQ9TkRBeU5BPT0mYW1wO0NhbXBhaWduSUQ9NzcmYW1wO0NhbXBhaWduU3RhdGlzdGljc0lEPTQzJmFtcDtEZW1vPTAmYW1wO0VtYWlsPW1hcmllQHNvbS1jYXAuY29t&Name=&EncryptedMemberID=MTY3Mw%3D%3D&CampaignID=79&CampaignStatisticsID=45&Demo=0&Email=ashton@montagunewhall.com HTTP/1.1" 302 5 "-" "Mozilla/4.0 (compatible; MSIE 6.0; Windows NT 5.1; SV1; .NET CLR 1.1.4322)"
70.88.225.89 - - [06/Mar/2007:00:20:30 +0000] "GET /oempro/link.php?URL=aHR0cDovL3d3dy5zb20tY2FwLmNvbS9kYXRhLmh0bQ==&Name=&EncryptedMemberID=NDAyNA==&CampaignID=77&CampaignStatisticsID=43&Demo=0&Email=marie@som-cap.com HTTP/1.1" 302 5 "-" "Mozilla/4.0 (compatible; MSIE 6.0; Windows NT 5.1; SV1; .NET CLR 1.1.4322)"
70.88.225.89 - - [06/Mar/2007:00:20:30 +0000] "GET /data.htm HTTP/1.1" 200 6628 "-" "Mozilla/4.0 (compatible; MSIE 6.0; Windows NT 5.1; SV1; .NET CLR 1.1.4322)"
70.88.225.89 - - [06/Mar/2007:00:20:30 +0000] "GET /styles.css HTTP/1.1" 200 497 "http://www.som-cap.com/data.htm" "Mozilla/4.0 (compatible; MSIE 6.0; Windows NT 5.1; SV1; .NET CLR 1.1.4322)"
70.88.225.89 - - [06/Mar/2007:00:20:30 +0000] "GET /images/inbg.jpg HTTP/1.1" 200 32265 "http://www.som-cap.com/data.htm" "Mozilla/4.0 (compatible; MSIE 6.0; Windows NT 5.1; SV1; .NET CLR 1.1.4322)"
70.88.225.89 - - [06/Mar/2007:00:20:30 +0000] "GET /images/logo.gif HTTP/1.1" 200 1574 "http://www.som-cap.com/data.htm" "Mozilla/4.0 (compatible; MSIE 6.0; Windows NT 5.1; SV1; .NET CLR 1.1.4322)"
70.88.225.89 - - [06/Mar/2007:00:20:56 +0000] "GET /images/Private%20Equity%20Data%20Service%20Feb%2007.pdf HTTP/1.1" 200 29186 "http://www.som-cap.com/data.htm" "Mozilla/4.0 (compatible; MSIE 6.0; Windows NT 5.1; SV1; .NET CLR 1.1.4322)"
66.31.26.98 - - [06/Mar/2007:00:27:23 +0000] "GET /oempro/read.php?EncryptedMemberID=MjU0NQ%3D%3D&CampaignID=79&CampaignStatisticsID=45&Demo=0&Email=jeh@mmcmass.com HTTP/1.1" 200 55 "-" "Mozilla/4.0 (compatible; MSIE 6.0; Windows NT 5.1; SV1; .NET CLR 1.1.4322; .NET CLR 2.0.50727)"
58.81.219.18 - - [06/Mar/2007:00:27:42 +0000] "GET /oempro/read.php?EncryptedMemberID=Mzk2MA%3D%3D&CampaignID=79&CampaignStatisticsID=45&Demo=0&Email=yonezawa@jafco.co.jp HTTP/1.0" 200 43 "-" "Mozilla/4.0 (compatible; MSIE 6.0; Windows NT 5.0; .NET CLR 1.1.4322)"
58.81.219.18 - - [06/Mar/2007:00:27:51 +0000] "GET /oempro/read.php?EncryptedMemberID=Mzk2MA%3D%3D&CampaignID=79&CampaignStatisticsID=45&Demo=0&Email=yonezawa@jafco.co.jp HTTP/1.0" 200 43 "-" "Mozilla/4.0 (compatible; MSIE 6.0; Windows NT 5.0; .NET CLR 1.1.4322)"
144.131.77.190 - - [06/Mar/2007:00:34:46 +0000] "GET /oempro/read.php?EncryptedMemberID=MzM1Ng%3D%3D&CampaignID=79&CampaignStatisticsID=45&Demo=0&Email=renee@principleadvisory.com HTTP/1.0" 200 43 "-" "Mozilla/4.0 (compatible; MSIE 6.0; Windows NT 5.1; SV1; .NET CLR 1.1.4322)"
211.120.52.67 - - [06/Mar/2007:00:34:57 +0000] "GET /oempro/link.php?URL=aHR0cDovL3d3dy5zb20tY2FwLmNvbS9vZW1wcm8vbGluay5waHA%2FVVJMPWFIUjBjRG92TDNkM2R5NXpiMjB0WTJGd0xtTnZiUzlrWVhSaExtaDBiUT09JmFtcDtOYW1lPSZhbXA7RW5jcnlwdGVkTWVtYmVySUQ9TkRBeU5BPT0mYW1wO0NhbXBhaWduSUQ9NzcmYW1wO0NhbXBhaWduU3RhdGlzdGljc0lEPTQzJmFtcDtEZW1vPTAmYW1wO0VtYWlsPW1hcmllQHNvbS1jYXAuY29t&Name=&EncryptedMemberID=MjkzMA%3D%3D&CampaignID=79&CampaignStatisticsID=45&Demo=0&Email=masahiko.ejima@mizuho-cb.co.jp HTTP/1.0" 302 0 "-" "Mozilla/4.0 (compatible; MSIE 5.5; Windows NT 5.0; T312461)"
211.120.52.67 - - [06/Mar/2007:00:34:58 +0000] "GET /oempro/link.php?URL=aHR0cDovL3d3dy5zb20tY2FwLmNvbS9kYXRhLmh0bQ==&Name=&EncryptedMemberID=NDAyNA==&CampaignID=77&CampaignStatisticsID=43&Demo=0&Email=marie@som-cap.com HTTP/1.0" 302 0 "-" "Mozilla/4.0 (compatible; MSIE 5.5; Windows NT 5.0; T312461)"
211.120.52.67 - - [06/Mar/2007:00:35:12 +0000] "GET /images/Vol%201.%20Oct%202001.pdf HTTP/1.0" 206 70615 "-" "Mozilla/4.0 (compatible; MSIE 5.5; Windows NT 5.0; T312461)"
66.180.82.83 - - [06/Mar/2007:00:36:09 +0000] "GET /oempro/link.php?URL=aHR0cDovL3d3dy5zb20tY2FwLmNvbS9vZW1wcm8vbGluay5waHA/VVJMPWFIUjBjRG92TDNkM2R5NXpiMjB0WTJGd0xtTnZiUzlrWVhSaExtaDBiUT09JmFtcDtOYW1lPSZhbXA7RW5jcnlwdGVkTWVtYmVySUQ9TkRBeU5BPT0mYW1wO0NhbXBhaWduSUQ9NzcmYW1wO0NhbXBhaWduU3RhdGlzdGljc0lEPTQzJmFtcDtEZW1vPTAmYW1wO0VtYWlsPW1hcmllQHNvbS1jYXAuY29t&Name=&EncryptedMemberID=Mzg5Mg==&CampaignID=79&CampaignStatisticsID=45&Demo=0&Email=wakamoto@aicapital.co.jp HTTP/1.1" 302 5 "-" "Mozilla/4.0 (compatible; MSIE 7.0; Windows NT 5.1; SV1; .NET CLR 2.0.50727)"
66.180.82.83 - - [06/Mar/2007:00:36:09 +0000] "GET /oempro/link.php?URL=aHR0cDovL3d3dy5zb20tY2FwLmNvbS9kYXRhLmh0bQ==&Name=&EncryptedMemberID=NDAyNA==&CampaignID=77&CampaignStatisticsID=43&Demo=0&Email=marie@som-cap.com HTTP/1.1" 302 5 "-" "Mozilla/4.0 (compatible; MSIE 7.0; Windows NT 5.1; SV1; .NET CLR 2.0.50727)"
66.180.82.83 - - [06/Mar/2007:00:36:10 +0000] "GET /data.htm HTTP/1.1" 200 6628 "-" "Mozilla/4.0 (compatible; MSIE 7.0; Windows NT 5.1; SV1; .NET CLR 2.0.50727)"
61.209.162.96 - - [06/Mar/2007:00:36:11 +0000] "GET /oempro/link.php?URL=aHR0cDovL3d3dy5zb20tY2FwLmNvbS9vZW1wcm8vbGluay5waHA%2FVVJMPWFIUjBjRG92TDNkM2R5NXpiMjB0WTJGd0xtTnZiUzlrWVhSaExtaDBiUT09JmFtcDtOYW1lPSZhbXA7RW5jcnlwdGVkTWVtYmVySUQ9TkRBeU5BPT0mYW1wO0NhbXBhaWduSUQ9NzcmYW1wO0NhbXBhaWduU3RhdGlzdGljc0lEPTQzJmFtcDtEZW1vPTAmYW1wO0VtYWlsPW1hcmllQHNvbS1jYXAuY29t&Name=&EncryptedMemberID=Mzg5Mg%3D%3D&CampaignID=79&CampaignStatisticsID=45&Demo=0&Email=wakamoto@aicapital.co.jp HTTP/1.1" 302 5 "-" "Mozilla/4.0 (compatible; MSIE 6.0; Windows NT 5.1; SV1; .NET CLR 1.1.4322)"
61.209.162.96 - - [06/Mar/2007:00:36:11 +0000] "GET /oempro/link.php?URL=aHR0cDovL3d3dy5zb20tY2FwLmNvbS9kYXRhLmh0bQ==&Name=&EncryptedMemberID=NDAyNA==&CampaignID=77&CampaignStatisticsID=43&Demo=0&Email=marie@som-cap.com HTTP/1.1" 302 5 "-" "Mozilla/4.0 (compatible; MSIE 6.0; Windows NT 5.1; SV1; .NET CLR 1.1.4322)"
66.180.82.83 - - [06/Mar/2007:00:36:12 +0000] "GET /oempro/link.php?URL=aHR0cDovL3d3dy5zb20tY2FwLmNvbS9kYXRhLmh0bQ==&Name=&EncryptedMemberID=NDAyNA==&CampaignID=77&CampaignStatisticsID=43&Demo=0&Email=marie@som-cap.com HTTP/1.1" 302 5 "-" "Mozilla/4.0 (compatible; MSIE 7.0; Windows NT 5.1; SV1; .NET CLR 2.0.50727)"
61.209.162.96 - - [06/Mar/2007:00:36:12 +0000] "GET /data.htm HTTP/1.1" 200 6628 "-" "Mozilla/4.0 (compatible; MSIE 6.0; Windows NT 5.1; SV1; .NET CLR 1.1.4322)"
66.180.82.83 - - [06/Mar/2007:00:36:12 +0000] "GET /data.htm HTTP/1.1" 200 6628 "-" "Mozilla/4.0 (compatible; MSIE 7.0; Windows NT 5.1; SV1; .NET CLR 2.0.50727)"
61.209.162.96 - - [06/Mar/2007:00:36:13 +0000] "GET /images/logo.gif HTTP/1.1" 200 1574 "http://www.som-cap.com/data.htm" "Mozilla/4.0 (compatible; MSIE 6.0; Windows NT 5.1; SV1; .NET CLR 1.1.4322)"
61.209.162.96 - - [06/Mar/2007:00:36:13 +0000] "GET /images/inbg.jpg HTTP/1.1" 200 32265 "http://www.som-cap.com/data.htm" "Mozilla/4.0 (compatible; MSIE 6.0; Windows NT 5.1; SV1; .NET CLR 1.1.4322)"
61.209.162.96 - - [06/Mar/2007:00:36:13 +0000] "GET /styles.css HTTP/1.1" 200 497 "http://www.som-cap.com/data.htm" "Mozilla/4.0 (compatible; MSIE 6.0; Windows NT 5.1; SV1; .NET CLR 1.1.4322)"
66.180.82.87 - - [06/Mar/2007:00:36:43 +0000] "GET /images/Private Equity Data Service Feb 07.pdf HTTP/1.1" 404 645 "-" "Mozilla/4.0 (compatible; MSIE 7.0; Windows NT 5.1; SV1; .NET CLR 2.0.50727)"
61.209.162.96 - - [06/Mar/2007:00:36:44 +0000] "GET /images/Private%20Equity%20Data%20Service%20Feb%2007.pdf HTTP/1.1" 200 29186 "http://www.som-cap.com/data.htm" "Mozilla/4.0 (compatible; MSIE 6.0; Windows NT 5.1; SV1; .NET CLR 1.1.4322)"
66.31.26.98 - - [06/Mar/2007:00:36:56 +0000] "GET /oempro/read.php?EncryptedMemberID=MjU0NQ%3D%3D&CampaignID=79&CampaignStatisticsID=45&Demo=0&Email=jeh@mmcmass.com HTTP/1.1" 200 55 "-" "Mozilla/4.0 (compatible; MSIE 6.0; Windows NT 5.1; SV1; .NET CLR 1.1.4322; .NET CLR 2.0.50727)"
67.107.55.98 - - [06/Mar/2007:00:41:47 +0000] "GET /oempro/read.php?EncryptedMemberID=MzE2OQ%3D%3D&CampaignID=79&CampaignStatisticsID=45&Demo=0&Email=palphonse@sterlingpartners.us HTTP/1.1" 200 55 "-" "Mozilla/4.0 (compatible; MSIE 6.0; Windows NT 5.1; SV1; .NET CLR 1.1.4322; InfoPath.1)"
218.102.78.233 - - [06/Mar/2007:00:42:03 +0000] "GET /oempro/read.php?EncryptedMemberID=MzY1OA%3D%3D&CampaignID=79&CampaignStatisticsID=45&Demo=0&Email=stefan.rust@sun.com HTTP/1.1" 200 55 "-" "Mozilla/4.0 (compatible; MSIE 7.0; Windows NT 5.1; .NET CLR 1.1.4322)"
66.31.26.98 - - [06/Mar/2007:00:42:54 +0000] "GET /oempro/read.php?EncryptedMemberID=MjU0NQ%3D%3D&CampaignID=79&CampaignStatisticsID=45&Demo=0&Email=jeh@mmcmass.com HTTP/1.1" 200 55 "-" "Mozilla/4.0 (compatible; MSIE 6.0; Windows NT 5.1; SV1; .NET CLR 1.1.4322; .NET CLR 2.0.50727)"
66.31.26.98 - - [06/Mar/2007:00:43:22 +0000] "GET /oempro/read.php?EncryptedMemberID=MjU0NQ%3D%3D&CampaignID=79&CampaignStatisticsID=45&Demo=0&Email=jeh@mmcmass.com HTTP/1.1" 200 55 "-" "Mozilla/4.0 (compatible; MSIE 6.0; Windows NT 5.1; SV1; .NET CLR 1.1.4322; .NET CLR 2.0.50727)"
66.31.26.98 - - [06/Mar/2007:00:43:22 +0000] "GET /oempro/read.php?EncryptedMemberID=MjU0NQ%3D%3D&CampaignID=79&CampaignStatisticsID=45&Demo=0&Email=jeh@mmcmass.com HTTP/1.1" 200 55 "-" "Mozilla/4.0 (compatible; MSIE 6.0; Windows NT 5.1; SV1; .NET CLR 1.1.4322; .NET CLR 2.0.50727)"
202.155.248.101 - - [06/Mar/2007:00:45:14 +0000] "GET /oempro/read.php?EncryptedMemberID=MjYxOQ%3D%3D&CampaignID=79&CampaignStatisticsID=45&Demo=0&Email=john.levack@electra-asia.com HTTP/1.1" 200 55 "-" "Mozilla/4.0 (compatible; MSIE 7.0; Windows NT 5.1; .NET CLR 1.1.4322)"
202.95.77.194 - - [06/Mar/2007:00:46:52 +0000] "GET /oempro/read.php?EncryptedMemberID=MjAwNg%3D%3D&CampaignID=79&CampaignStatisticsID=45&Demo=0&Email=davidlai@affinityequity.com HTTP/1.0" 200 43 "-" "Mozilla/4.0 (compatible; MSIE 7.0; Windows NT 5.1; .NET CLR 1.1.4322; InfoPath.1)"
217.169.46.98 - - [06/Mar/2007:00:49:02 +0000] "GET /oempro/read.php?EncryptedMemberID=MjI5Mg==&CampaignID=79&CampaignStatisticsID=45&Demo=0&Email=giuseppe@tlcom.co. HTTP/1.1" 302 343 "-" "Mozilla/4.0 (compatible; MSIE 6.0; Bluecoat DRTR)"
217.169.46.98 - - [06/Mar/2007:00:49:03 +0000] "GET /oempro/read.php?EncryptedMemberID=MjI5Mg==&CampaignID=79&CampaignStatisticsID=45&Demo=0&Email=giuseppe@tlcom.co. HTTP/1.1" 200 55 "-" "Mozilla/4.0 (compatible; MSIE 6.0; Bluecoat DRTR)"
212.183.134.67 - - [06/Mar/2007:00:49:03 +0000] "GET /oempro/read.php?EncryptedMemberID=MjI5Mg%3D%3D&CampaignID=79&CampaignStatisticsID=45&Demo=0&Email=giuseppe@tlcom.co.uk HTTP/1.0" 200 43 "-" "Mozilla/4.0 (compatible; MSIE 6.0; Windows NT 5.1; SV1; Tablet PC 1.7; .NET CLR 1.0.3705; .NET CLR 1.1.4322)"
217.169.46.98 - - [06/Mar/2007:00:49:04 +0000] "GET /oempro/read.php?EncryptedMemberID=Mjk0NA==&CampaignID=79&CampaignStatisticsID=45&Demo=0&Email=maurizio.caio@tlcom.co. HTTP/1.1" 302 348 "-" "Mozilla/4.0 (compatible; MSIE 6.0; Bluecoat DRTR)"
217.169.46.98 - - [06/Mar/2007:00:49:05 +0000] "GET /oempro/read.php?EncryptedMemberID=Mjk0NA==&CampaignID=79&CampaignStatisticsID=45&Demo=0&Email=maurizio.caio@tlcom.co. HTTP/1.1" 200 55 "-" "Mozilla/4.0 (compatible; MSIE 6.0; Bluecoat DRTR)"
212.183.134.67 - - [06/Mar/2007:00:49:07 +0000] "GET /oempro/read.php?EncryptedMemberID=Mjk0NA%3D%3D&CampaignID=79&CampaignStatisticsID=45&Demo=0&Email=maurizio.caio@tlcom.co.uk HTTP/1.0" 200 43 "-" "Mozilla/4.0 (compatible; MSIE 6.0; Windows NT 5.1; SV1; Tablet PC 1.7; .NET CLR 1.0.3705; .NET CLR 1.1.4322)"
210.176.232.139 - - [06/Mar/2007:00:53:48 +0000] "GET /oempro/read.php?EncryptedMemberID=MjA0Ng%3D%3D&CampaignID=79&CampaignStatisticsID=45&Demo=0&Email=dgpierce@searchgroup.com HTTP/1.1" 200 55 "-" "Mozilla/4.0 (compatible; MSIE 6.0; Windows NT 5.1; SV1; .NET CLR 1.1.4322)"
210.176.232.139 - - [06/Mar/2007:00:55:24 +0000] "GET /oempro/read.php?EncryptedMemberID=MjA0Ng%3D%3D&CampaignID=79&CampaignStatisticsID=45&Demo=0&Email=dgpierce@searchgroup.com HTTP/1.1" 200 55 "-" "Mozilla/4.0 (compatible; MSIE 6.0; Windows NT 5.1; SV1; .NET CLR 1.1.4322)"
195.65.220.34 - - [06/Mar/2007:00:56:14 +0000] "GET /oempro/read.php?EncryptedMemberID=MzI4Nw%3D%3D&CampaignID=79&CampaignStatisticsID=45&Demo=0&Email=pnewsome@unigestion.com HTTP/1.1" 200 55 "-" "Mozilla/4.0 (compatible; MSIE 6.0; Windows NT 5.2; SV1; .NET CLR 1.1.4322)"
165.21.155.10 - - [06/Mar/2007:00:56:35 +0000] "GET /oempro/read.php?EncryptedMemberID=MzYxNQ%3D%3D&CampaignID=79&CampaignStatisticsID=45&Demo=0&Email=sooboonkoh@iglobepartners.com HTTP/1.1" 200 55 "-" "Mozilla/4.0 (compatible; MSIE 6.0; Windows NT 5.1; SV1)"
12.149.159.194 - - [06/Mar/2007:00:56:40 +0000] "GET /oempro/read.php?EncryptedMemberID=MjE5NA%3D%3D&CampaignID=79&CampaignStatisticsID=45&Demo=0&Email=faysal@cmeaventures.com HTTP/1.1" 200 55 "-" "Mozilla/4.0 (compatible; MSIE 6.0; Windows NT 5.1; SV1; .NET CLR 1.1.4322)"
142.32.208.232 - - [06/Mar/2007:01:00:44 +0000] "GET /oempro/read.php?EncryptedMemberID=MjgxNg%3D%3D&CampaignID=79&CampaignStatisticsID=45&Demo=0&Email=lincoln.webb@bcimc.com HTTP/1.1" 200 55 "-" "Mozilla/4.0 (compatible; MSIE 6.0; Windows NT 5.1; SV1; .NET CLR 1.1.4322; .NET CLR 2.0.50727)"
199.43.19.222 - - [06/Mar/2007:01:04:59 +0000] "GET /oempro/read.php?EncryptedMemberID=Mzk1OQ%3D%3D&CampaignID=79&CampaignStatisticsID=45&Demo=0&Email=yoko_tanaka@ml.com HTTP/1.1" 200 55 "-" "Mozilla/4.0 (compatible; MSIE 6.0; Windows NT 5.1; SV1; .NET CLR 1.0.3705; .NET CLR 1.1.4322)"
203.49.58.107 - - [06/Mar/2007:01:05:59 +0000] "GET /oempro/read.php?EncryptedMemberID=MzQwMQ%3D%3D&CampaignID=79&CampaignStatisticsID=45&Demo=0&Email=rmckelvie@gresham.com.au HTTP/1.1" 200 55 "-" "Mozilla/4.0 (compatible; MSIE 6.0; Windows NT 5.1; SV1; .NET CLR 1.1.4322; InfoPath.1; .NET CLR 2.0.50727)"
203.49.58.107 - - [06/Mar/2007:01:06:00 +0000] "GET /oempro/read.php?EncryptedMemberID=MzQwMQ%3D%3D&CampaignID=79&CampaignStatisticsID=45&Demo=0&Email=rmckelvie@gresham.com.au HTTP/1.1" 200 55 "-" "Mozilla/4.0 (compatible; MSIE 6.0; Windows NT 5.1; SV1; .NET CLR 1.1.4322; InfoPath.1; .NET CLR 2.0.50727)"
203.49.58.107 - - [06/Mar/2007:01:07:01 +0000] "GET /oempro/read.php?EncryptedMemberID=MzQwMQ%3D%3D&CampaignID=79&CampaignStatisticsID=45&Demo=0&Email=rmckelvie@gresham.com.au HTTP/1.1" 200 55 "-" "Mozilla/4.0 (compatible; MSIE 6.0; Windows NT 5.1; SV1; .NET CLR 1.1.4322; .NET CLR 2.0.50727; InfoPath.1)"
203.49.58.107 - - [06/Mar/2007:01:07:39 +0000] "GET /oempro/read.php?EncryptedMemberID=MzQwMQ%3D%3D&CampaignID=79&CampaignStatisticsID=45&Demo=0&Email=rmckelvie@gresham.com.au HTTP/1.1" 200 55 "-" "Mozilla/4.0 (compatible; MSIE 6.0; Windows NT 5.1; SV1; .NET CLR 1.1.4322; .NET CLR 2.0.50727; InfoPath.1)"
203.49.58.107 - - [06/Mar/2007:01:07:40 +0000] "GET /oempro/read.php?EncryptedMemberID=MzQwMQ%3D%3D&CampaignID=79&CampaignStatisticsID=45&Demo=0&Email=rmckelvie@gresham.com.au HTTP/1.1" 200 55 "-" "Mozilla/4.0 (compatible; MSIE 6.0; Windows NT 5.1; SV1; .NET CLR 1.1.4322; .NET CLR 2.0.50727; InfoPath.1)"
203.49.58.107 - - [06/Mar/2007:01:08:27 +0000] "GET /oempro/read.php?EncryptedMemberID=MzQwMQ%3D%3D&CampaignID=79&CampaignStatisticsID=45&Demo=0&Email=rmckelvie@gresham.com.au HTTP/1.1" 200 55 "-" "Mozilla/4.0 (compatible; MSIE 6.0; Windows NT 5.1; SV1; .NET CLR 1.1.4322; .NET CLR 2.0.50727; InfoPath.1)"
203.49.58.107 - - [06/Mar/2007:01:08:55 +0000] "GET /oempro/read.php?EncryptedMemberID=MzQwMQ%3D%3D&CampaignID=79&CampaignStatisticsID=45&Demo=0&Email=rmckelvie@gresham.com.au HTTP/1.1" 200 55 "-" "Mozilla/4.0 (compatible; MSIE 6.0; Windows NT 5.1; SV1; .NET CLR 1.1.4322; .NET CLR 2.0.50727; InfoPath.1)"
203.49.58.107 - - [06/Mar/2007:01:09:01 +0000] "GET /oempro/read.php?EncryptedMemberID=MzQwMQ%3D%3D&CampaignID=79&CampaignStatisticsID=45&Demo=0&Email=rmckelvie@gresham.com.au HTTP/1.1" 200 55 "-" "Mozilla/4.0 (compatible; MSIE 6.0; Windows NT 5.1; SV1; .NET CLR 1.1.4322; .NET CLR 2.0.50727; InfoPath.1)"
203.49.58.107 - - [06/Mar/2007:01:12:24 +0000] "GET /oempro/read.php?EncryptedMemberID=MzQwMQ%3D%3D&CampaignID=79&CampaignStatisticsID=45&Demo=0&Email=rmckelvie@gresham.com.au HTTP/1.1" 200 55 "-" "Mozilla/4.0 (compatible; MSIE 6.0; Windows NT 5.1; SV1; .NET CLR 1.1.4322; .NET CLR 2.0.50727; InfoPath.1)"
211.128.111.136 - - [06/Mar/2007:01:13:55 +0000] "GET /oempro/read.php?EncryptedMemberID=MzUyMQ%3D%3D&CampaignID=79&CampaignStatisticsID=45&Demo=0&Email=satoshi.nakamura@mhmjapan.com HTTP/1.0" 200 43 "-" "Mozilla/4.0 (compatible; MSIE 6.0; Windows NT 5.0; .NET CLR 1.1.4322; .NET CLR 2.0.50727; InfoPath.1)"
58.185.241.198 - - [06/Mar/2007:01:19:08 +0000] "GET /oempro/read.php?EncryptedMemberID=MTcxMA%3D%3D&CampaignID=79&CampaignStatisticsID=45&Demo=0&Email=bctan@oww.com.sg HTTP/1.1" 200 55 "-" "Mozilla/4.0 (compatible; MSIE 6.0; Windows NT 5.1; SV1; .NET CLR 1.1.4322)"
58.185.241.198 - - [06/Mar/2007:01:19:53 +0000] "GET /oempro/read.php?EncryptedMemberID=MTcxMA%3D%3D&CampaignID=79&CampaignStatisticsID=45&Demo=0&Email=bctan@oww.com.sg HTTP/1.1" 200 55 "-" "Mozilla/4.0 (compatible; MSIE 6.0; Windows NT 5.1; SV1; .NET CLR 1.1.4322)"
58.185.241.198 - - [06/Mar/2007:01:20:46 +0000] "GET /oempro/read.php?EncryptedMemberID=MTcxMA%3D%3D&CampaignID=79&CampaignStatisticsID=45&Demo=0&Email=bctan@oww.com.sg HTTP/1.1" 200 55 "-" "Mozilla/4.0 (compatible; MSIE 6.0; Windows NT 5.1; SV1; .NET CLR 1.1.4322)"
210.176.232.139 - - [06/Mar/2007:01:21:05 +0000] "GET /oempro/read.php?EncryptedMemberID=MjA0Ng%3D%3D&CampaignID=79&CampaignStatisticsID=45&Demo=0&Email=dgpierce@searchgroup.com HTTP/1.1" 200 55 "-" "Mozilla/4.0 (compatible; MSIE 6.0; Windows NT 5.1; FunWebProducts; SV1; .NET CLR 1.1.4322)"
58.185.241.198 - - [06/Mar/2007:01:21:59 +0000] "GET /oempro/read.php?EncryptedMemberID=MTcxMA%3D%3D&CampaignID=79&CampaignStatisticsID=45&Demo=0&Email=bctan@oww.com.sg HTTP/1.1" 200 55 "-" "Mozilla/4.0 (compatible; MSIE 7.0; Windows NT 5.1; .NET CLR 1.1.4322)"
210.176.232.139 - - [06/Mar/2007:01:25:26 +0000] "GET /oempro/read.php?EncryptedMemberID=MjA0Ng%3D%3D&CampaignID=79&CampaignStatisticsID=45&Demo=0&Email=dgpierce@searchgroup.com HTTP/1.1" 200 55 "-" "Mozilla/4.0 (compatible; MSIE 6.0; Windows NT 5.1; SV1; .NET CLR 1.1.4322)"
210.176.232.139 - - [06/Mar/2007:01:25:30 +0000] "GET /oempro/read.php?EncryptedMemberID=MjA0Ng%3D%3D&CampaignID=79&CampaignStatisticsID=45&Demo=0&Email=dgpierce@searchgroup.com HTTP/1.1" 200 55 "-" "Mozilla/4.0 (compatible; MSIE 6.0; Windows NT 5.1; SV1; .NET CLR 1.1.4322)"
202.82.252.137 - - [06/Mar/2007:01:26:16 +0000] "GET /oempro/read.php?EncryptedMemberID=MzkwOA%3D%3D&CampaignID=79&CampaignStatisticsID=45&Demo=0&Email=wendychan@minglyhk.com HTTP/1.0" 200 43 "-" "Mozilla/4.0 (compatible; Lotus-Notes/5.0; Windows-NT)"
192.30.92.238 - - [06/Mar/2007:01:26:53 +0000] "GET /oempro/read.php?EncryptedMemberID=MjY2Nw%3D%3D&CampaignID=79&CampaignStatisticsID=45&Demo=0&Email=jsmith@ifm.net.au HTTP/1.0" 200 43 "-" "Mozilla/4.0 (compatible; MSIE 6.0; Windows NT 5.0; .NET CLR 1.1.4322)"
202.95.77.194 - - [06/Mar/2007:01:30:12 +0000] "GET /oempro/read.php?EncryptedMemberID=MjAwNg%3D%3D&CampaignID=79&CampaignStatisticsID=45&Demo=0&Email=davidlai@affinityequity.com HTTP/1.0" 200 43 "-" "Mozilla/4.0 (compatible; MSIE 7.0; Windows NT 5.1; .NET CLR 1.1.4322; InfoPath.1)"
202.82.252.137 - - [06/Mar/2007:01:30:37 +0000] "GET /oempro/read.php?EncryptedMemberID=MzkwOA%3D%3D&CampaignID=79&CampaignStatisticsID=45&Demo=0&Email=wendychan@minglyhk.com HTTP/1.0" 200 43 "-" "Mozilla/4.0 (compatible; Lotus-Notes/5.0; Windows-NT)"
202.82.252.137 - - [06/Mar/2007:01:30:59 +0000] "GET /oempro/read.php?EncryptedMemberID=MzkwOA%3D%3D&CampaignID=79&CampaignStatisticsID=45&Demo=0&Email=wendychan@minglyhk.com HTTP/1.0" 200 43 "-" "Mozilla/4.0 (compatible; Lotus-Notes/5.0; Windows-NT)"
82.224.241.186 - - [06/Mar/2007:01:33:28 +0000] "GET /oempro/read.php?EncryptedMemberID=MjY5Mw%3D%3D&CampaignID=79&CampaignStatisticsID=45&Demo=0&Email=jxo@melcion.com HTTP/1.1" 200 55 "-" "Mozilla/4.0 (compatible; MSIE 6.0; Windows NT 5.1; SV1; .NET CLR 2.0.50727)"
82.224.241.186 - - [06/Mar/2007:01:33:53 +0000] "GET /oempro/read.php?EncryptedMemberID=MjY5Mw%3D%3D&CampaignID=79&CampaignStatisticsID=45&Demo=0&Email=jxo@melcion.com HTTP/1.1" 200 55 "-" "Mozilla/4.0 (compatible; MSIE 6.0; Windows NT 5.1; SV1; .NET CLR 2.0.50727)"
82.224.241.186 - - [06/Mar/2007:01:34:18 +0000] "GET /oempro/read.php?EncryptedMemberID=MjY5Mw%3D%3D&CampaignID=79&CampaignStatisticsID=45&Demo=0&Email=jxo@melcion.com HTTP/1.1" 200 55 "-" "Mozilla/4.0 (compatible; MSIE 6.0; Windows NT 5.1; SV1; .NET CLR 2.0.50727)"
210.0.136.174 - - [06/Mar/2007:01:37:33 +0000] "GET /oempro/read.php?EncryptedMemberID=MzU3OA%3D%3D&CampaignID=79&CampaignStatisticsID=45&Demo=0&Email=simon.cox@ninepeaks.com HTTP/1.1" 200 55 "-" "Mozilla/4.0 (compatible; MSIE 6.0; Windows NT 5.1; {985F04E5-C23C-42C4-88F7-FE41C3A5E918}; .NET CLR 1.1.4322)"
210.176.232.139 - - [06/Mar/2007:01:41:25 +0000] "GET /oempro/read.php?EncryptedMemberID=MjA0Ng%3D%3D&CampaignID=79&CampaignStatisticsID=45&Demo=0&Email=dgpierce@searchgroup.com HTTP/1.1" 200 55 "-" "Mozilla/4.0 (compatible; MSIE 6.0; Windows NT 5.1; SV1; .NET CLR 1.1.4322)"
210.176.232.139 - - [06/Mar/2007:01:41:35 +0000] "GET /oempro/read.php?EncryptedMemberID=MjA0Ng%3D%3D&CampaignID=79&CampaignStatisticsID=45&Demo=0&Email=dgpierce@searchgroup.com HTTP/1.1" 200 55 "-" "Mozilla/4.0 (compatible; MSIE 6.0; Windows NT 5.1; SV1; .NET CLR 1.1.4322)"
202.95.77.194 - - [06/Mar/2007:01:43:28 +0000] "GET /oempro/read.php?EncryptedMemberID=MjAwNg%3D%3D&CampaignID=79&CampaignStatisticsID=45&Demo=0&Email=davidlai@affinityequity.com HTTP/1.0" 200 43 "-" "Mozilla/4.0 (compatible; MSIE 7.0; Windows NT 5.1; .NET CLR 1.1.4322; InfoPath.1)"
210.177.251.28 - - [06/Mar/2007:01:43:31 +0000] "GET /oempro/read.php?EncryptedMemberID=MzIxNQ%3D%3D&CampaignID=79&CampaignStatisticsID=45&Demo=0&Email=peggie.wong@gthk.com.hk HTTP/1.1" 200 55 "-" "Mozilla/4.0 (compatible; MSIE 6.0; Windows NT 5.1; SV1; .NET CLR 1.1.4322)"
210.177.251.28 - - [06/Mar/2007:01:43:35 +0000] "GET /oempro/read.php?EncryptedMemberID=MzIxNQ%3D%3D&CampaignID=79&CampaignStatisticsID=45&Demo=0&Email=peggie.wong@gthk.com.hk HTTP/1.1" 200 55 "-" "Mozilla/4.0 (compatible; MSIE 6.0; Windows NT 5.1; SV1; .NET CLR 1.1.4322)"
199.43.48.129 - - [06/Mar/2007:01:48:13 +0000] "GET /oempro/read.php?EncryptedMemberID=Mjg2MA%3D%3D&CampaignID=79&CampaignStatisticsID=45&Demo=0&Email=magdalen_yum@ml.com HTTP/1.1" 200 55 "-" "Mozilla/4.0 (compatible; MSIE 6.0; Windows NT 5.1; SV1; .NET CLR 1.1.4322)"
58.185.241.198 - - [06/Mar/2007:01:52:05 +0000] "GET /oempro/read.php?EncryptedMemberID=MTcxMA%3D%3D&CampaignID=79&CampaignStatisticsID=45&Demo=0&Email=bctan@oww.com.sg HTTP/1.1" 200 55 "-" "Mozilla/4.0 (compatible; MSIE 7.0; Windows NT 5.1; .NET CLR 1.1.4322)"
66.249.72.177 - - [06/Mar/2007:01:53:58 +0000] "GET /robots.txt HTTP/1.1" 404 657 "-" "AdsBot-Google (+http://www.google.com/adsbot.html)"
72.14.199.80 - - [06/Mar/2007:01:53:58 +0000] "GET / HTTP/1.1" 200 3426 "-" "AdsBot-Google (+http://www.google.com/adsbot.html)"
202.82.252.137 - - [06/Mar/2007:02:01:13 +0000] "GET /oempro/read.php?EncryptedMemberID=MzkwOA%3D%3D&CampaignID=79&CampaignStatisticsID=45&Demo=0&Email=wendychan@minglyhk.com HTTP/1.0" 200 43 "-" "Mozilla/4.0 (compatible; Lotus-Notes/5.0; Windows-NT)"
211.128.111.136 - - [06/Mar/2007:02:02:19 +0000] "GET /oempro/read.php?EncryptedMemberID=MzUyMQ%3D%3D&CampaignID=79&CampaignStatisticsID=45&Demo=0&Email=satoshi.nakamura@mhmjapan.com HTTP/1.0" 200 43 "-" "Mozilla/4.0 (compatible; MSIE 6.0; Windows NT 5.0; .NET CLR 1.1.4322; .NET CLR 2.0.50727; InfoPath.1)"
210.176.232.139 - - [06/Mar/2007:02:03:35 +0000] "GET /oempro/read.php?EncryptedMemberID=MjA0Ng%3D%3D&CampaignID=79&CampaignStatisticsID=45&Demo=0&Email=dgpierce@searchgroup.com HTTP/1.1" 200 55 "-" "Mozilla/4.0 (compatible; MSIE 7.0; Windows NT 5.1; .NET CLR 1.1.4322; InfoPath.1)"
210.176.232.139 - - [06/Mar/2007:02:03:37 +0000] "GET /oempro/read.php?EncryptedMemberID=MjA0Ng%3D%3D&CampaignID=79&CampaignStatisticsID=45&Demo=0&Email=dgpierce@searchgroup.com HTTP/1.1" 200 55 "-" "Mozilla/4.0 (compatible; MSIE 7.0; Windows NT 5.1; .NET CLR 1.1.4322; InfoPath.1)"
210.249.143.7 - - [06/Mar/2007:02:05:18 +0000] "GET /oempro/read.php?EncryptedMemberID=MjQ3Ng%3D%3D&CampaignID=79&CampaignStatisticsID=45&Demo=0&Email=iwaih@sumitomotrust.co.jp HTTP/1.0" 200 43 "-" "Mozilla/4.0 (compatible; MSIE 6.0; Windows NT 5.0)"
71.131.202.116 - - [06/Mar/2007:02:07:44 +0000] "GET /oempro/read.php?EncryptedMemberID=MjkzMg%3D%3D&CampaignID=79&CampaignStatisticsID=45&Demo=0&Email=masterson@sciencefuturesinc.com HTTP/1.1" 200 55 "-" "Mozilla/4.0 (compatible; MSIE 7.0; Windows NT 5.1; .NET CLR 1.1.4322; .NET CLR 2.0.50727)"
71.131.202.116 - - [06/Mar/2007:02:07:45 +0000] "GET /oempro/read.php?EncryptedMemberID=MjkzMg%3D%3D&CampaignID=79&CampaignStatisticsID=45&Demo=0&Email=masterson@sciencefuturesinc.com HTTP/1.1" 200 55 "-" "Mozilla/4.0 (compatible; MSIE 7.0; Windows NT 5.1; .NET CLR 1.1.4322; .NET CLR 2.0.50727)"
203.126.242.57 - - [06/Mar/2007:02:09:26 +0000] "GET /oempro/read.php?EncryptedMemberID=MzA5OA%3D%3D&CampaignID=79&CampaignStatisticsID=45&Demo=0&Email=ngiamtd@hdbcorp.com HTTP/1.0" 200 43 "-" "Mozilla/4.0 (compatible; Lotus-Notes/5.0; Windows-NT)"
61.51.199.158 - - [06/Mar/2007:02:15:20 +0000] "GET /oempro/read.php?EncryptedMemberID=MjY4MQ%3D%3D&CampaignID=79&CampaignStatisticsID=45&Demo=0&Email=junzhao62@yahoo.com HTTP/1.1" 200 55 "http://us.f522.mail.yahoo.com/dc/launch?.rand=4qiraig63qbpf" "Mozilla/4.0 (compatible; MSIE 6.0; Windows NT 5.1; SV1; .NET CLR 1.1.4322; InfoPath.1; .NET CLR 2.0.50727)"
61.51.199.158 - - [06/Mar/2007:02:15:21 +0000] "GET /oempro/read.php?EncryptedMemberID=MjY4MQ%3D%3D&CampaignID=79&CampaignStatisticsID=45&Demo=0&Email=junzhao62@yahoo.com HTTP/1.1" 200 55 "http://us.f522.mail.yahoo.com/dc/launch?.rand=4qiraig63qbpf" "Mozilla/4.0 (compatible; MSIE 6.0; Windows NT 5.1; SV1; .NET CLR 1.1.4322; InfoPath.1; .NET CLR 2.0.50727)"
61.51.199.158 - - [06/Mar/2007:02:15:39 +0000] "GET /oempro/read.php?EncryptedMemberID=MjY4MQ%3D%3D&CampaignID=79&CampaignStatisticsID=45&Demo=0&Email=junzhao62@yahoo.com HTTP/1.1" 200 55 "http://us.f522.mail.yahoo.com/dc/launch?.rand=4qiraig63qbpf" "Mozilla/4.0 (compatible; MSIE 6.0; Windows NT 5.1; SV1; .NET CLR 1.1.4322; InfoPath.1; .NET CLR 2.0.50727)"
202.82.252.137 - - [06/Mar/2007:02:16:57 +0000] "GET /oempro/read.php?EncryptedMemberID=MzkwOA%3D%3D&CampaignID=79&CampaignStatisticsID=45&Demo=0&Email=wendychan@minglyhk.com HTTP/1.0" 200 43 "-" "Mozilla/4.0 (compatible; Lotus-Notes/5.0; Windows-NT)"
83.202.55.132 - - [06/Mar/2007:02:23:05 +0000] "GET /oempro/read.php?EncryptedMemberID=MjYzMw%3D%3D&CampaignID=79&CampaignStatisticsID=45&Demo=0&Email=jonathan.baird@wanadoo.fr HTTP/1.1" 200 55 "stream://1/" "Mozilla/4.0 (compatible; MSIE ; Mac_PPC)"
148.122.3.26 - - [06/Mar/2007:02:25:41 +0000] "GET /oempro/read.php?EncryptedMemberID=MzcxMw%3D%3D&CampaignID=79&CampaignStatisticsID=45&Demo=0&Email=sverre.huse@warrisk.no HTTP/1.0" 200 43 "-" "-"
64.12.116.5 - - [06/Mar/2007:02:26:36 +0000] "GET /oempro/read.php?EncryptedMemberID=MzU1OQ%3D%3D&CampaignID=79&CampaignStatisticsID=45&Demo=0&Email=sgreenhaus@whippoorwillassociates.com HTTP/1.1" 200 55 "-" "Moozilla"
199.43.48.129 - - [06/Mar/2007:02:31:50 +0000] "GET /oempro/read.php?EncryptedMemberID=Mjg2MA%3D%3D&CampaignID=79&CampaignStatisticsID=45&Demo=0&Email=magdalen_yum@ml.com HTTP/1.1" 200 55 "-" "Mozilla/4.0 (compatible; MSIE 6.0; Windows NT 5.1; SV1; .NET CLR 1.1.4322)"
203.49.118.194 - - [06/Mar/2007:02:34:06 +0000] "GET /oempro/read.php?EncryptedMemberID=MTY0Mg%3D%3D&CampaignID=79&CampaignStatisticsID=45&Demo=0&Email=annette.fainbloom@aria.gov.au HTTP/1.1" 200 55 "-" "Mozilla/4.0 (compatible; MSIE 7.0; Windows NT 5.1)"
64.95.11.9 - - [06/Mar/2007:02:35:30 +0000] "GET /data.htm HTTP/1.0" 200 6628 "-" "Mozilla/4.0 (compatible; MSIE 6.0; Windows NT 5.1; SV1; .NET CLR 1.0.3705)"
64.95.11.9 - - [06/Mar/2007:02:35:30 +0000] "GET /styles.css HTTP/1.0" 200 497 "http://www.som-cap.com/data.htm" "Mozilla/4.0 (compatible; MSIE 6.0; Windows NT 5.1; SV1; .NET CLR 1.0.3705)"
64.95.11.9 - - [06/Mar/2007:02:35:30 +0000] "GET /images/inbg.jpg HTTP/1.0" 200 32265 "http://www.som-cap.com/data.htm" "Mozilla/4.0 (compatible; MSIE 6.0; Windows NT 5.1; SV1; .NET CLR 1.0.3705)"
64.95.11.9 - - [06/Mar/2007:02:35:30 +0000] "GET /images/logo.gif HTTP/1.0" 200 1574 "http://www.som-cap.com/data.htm" "Mozilla/4.0 (compatible; MSIE 6.0; Windows NT 5.1; SV1; .NET CLR 1.0.3705)"
64.95.11.9 - - [06/Mar/2007:02:35:35 +0000] "GET /images/Private%20Equity%20Data%20Service%20Feb%2007.pdf HTTP/1.0" 200 29186 "http://www.som-cap.com/data.htm" "Mozilla/4.0 (compatible; MSIE 6.0; Windows NT 5.1; SV1; .NET CLR 1.0.3705)"
155.144.251.120 - - [06/Mar/2007:02:37:53 +0000] "GET /oempro/read.php?EncryptedMemberID=MzY3NA%3D%3D&CampaignID=79&CampaignStatisticsID=45&Demo=0&Email=stephen.milburn-pyle@auspost.com.au HTTP/1.0" 200 43 "-" "Mozilla/4.0 (compatible; MSIE 6.0; Windows NT 5.1; .NET CLR 1.1.4322)"
155.144.251.120 - - [06/Mar/2007:02:41:15 +0000] "GET /oempro/read.php?EncryptedMemberID=MzY3NA%3D%3D&CampaignID=79&CampaignStatisticsID=45&Demo=0&Email=stephen.milburn-pyle@auspost.com.au HTTP/1.0" 200 43 "-" "Mozilla/4.0 (compatible; MSIE 6.0; Windows NT 5.1; .NET CLR 1.1.4322)"
155.144.251.120 - - [06/Mar/2007:02:42:23 +0000] "GET /oempro/read.php?EncryptedMemberID=MzY3NA%3D%3D&CampaignID=79&CampaignStatisticsID=45&Demo=0&Email=stephen.milburn-pyle@auspost.com.au HTTP/1.0" 200 43 "-" "Mozilla/4.0 (compatible; MSIE 6.0; Windows NT 5.1; .NET CLR 1.1.4322)"
155.144.251.120 - - [06/Mar/2007:02:43:03 +0000] "GET /oempro/read.php?EncryptedMemberID=MzY3NA%3D%3D&CampaignID=79&CampaignStatisticsID=45&Demo=0&Email=stephen.milburn-pyle@auspost.com.au HTTP/1.0" 200 43 "-" "Mozilla/4.0 (compatible; MSIE 6.0; Windows NT 5.1; .NET CLR 1.1.4322)"
159.226.98.65 - - [06/Mar/2007:02:56:27 +0000] "GET /oempro/read.php?EncryptedMemberID=Mzk0OA%3D%3D&CampaignID=79&CampaignStatisticsID=45&Demo=0&Email=xiayang@legendcapital.com.cn HTTP/1.0" 200 43 "-" "Mozilla/4.0 (compatible; Lotus-Notes/5.0; Windows-NT)"
67.98.68.229 - - [06/Mar/2007:02:58:57 +0000] "GET /oempro/read.php?EncryptedMemberID=MTgwNg%3D%3D&CampaignID=79&CampaignStatisticsID=45&Demo=0&Email=cam@probitaspartners.com HTTP/1.1" 200 55 "-" "Mozilla/4.0 (compatible; MSIE 7.0; Windows NT 5.1; .NET CLR 1.1.4322; .NET CLR 2.0.50727)"
67.98.68.229 - - [06/Mar/2007:02:58:59 +0000] "GET /oempro/read.php?EncryptedMemberID=MTgwNg%3D%3D&CampaignID=79&CampaignStatisticsID=45&Demo=0&Email=cam@probitaspartners.com HTTP/1.1" 200 55 "-" "Mozilla/4.0 (compatible; MSIE 7.0; Windows NT 5.1; .NET CLR 1.1.4322; .NET CLR 2.0.50727)"
203.125.158.170 - - [06/Mar/2007:02:59:38 +0000] "GET /oempro/read.php?EncryptedMemberID=MTgxNw%3D%3D&CampaignID=79&CampaignStatisticsID=45&Demo=0&Email=caroline.wee@ing-bcea.com HTTP/1.1" 200 55 "-" "Mozilla/4.0 (compatible; MSIE 6.0; Windows NT 5.1; SV1)"
203.125.158.170 - - [06/Mar/2007:02:59:44 +0000] "GET /oempro/read.php?EncryptedMemberID=MTgxNw%3D%3D&CampaignID=79&CampaignStatisticsID=45&Demo=0&Email=caroline.wee@ing-bcea.com HTTP/1.1" 200 55 "-" "Mozilla/4.0 (compatible; MSIE 6.0; Windows NT 5.1; SV1)"
155.144.251.120 - - [06/Mar/2007:03:00:29 +0000] "GET /oempro/read.php?EncryptedMemberID=MzY3NA%3D%3D&CampaignID=79&CampaignStatisticsID=45&Demo=0&Email=stephen.milburn-pyle@auspost.com.au HTTP/1.0" 200 43 "-" "Mozilla/4.0 (compatible; MSIE 6.0; Windows NT 5.1; .NET CLR 1.1.4322)"
159.226.98.65 - - [06/Mar/2007:03:00:44 +0000] "GET /oempro/read.php?EncryptedMemberID=MTg2Mg%3D%3D&CampaignID=79&CampaignStatisticsID=45&Demo=0&Email=chenhao@legendcapital.com.cn HTTP/1.0" 200 43 "-" "Mozilla/4.0 (compatible; Lotus-Notes/5.0; Windows-NT)"
159.226.98.65 - - [06/Mar/2007:03:02:02 +0000] "GET /oempro/read.php?EncryptedMemberID=MTg2Mg%3D%3D&CampaignID=79&CampaignStatisticsID=45&Demo=0&Email=chenhao@legendcapital.com.cn HTTP/1.0" 200 43 "-" "Mozilla/4.0 (compatible; Lotus-Notes/5.0; Windows-NT)"
159.226.98.65 - - [06/Mar/2007:03:02:04 +0000] "GET /oempro/read.php?EncryptedMemberID=MTg2Mg%3D%3D&CampaignID=79&CampaignStatisticsID=45&Demo=0&Email=chenhao@legendcapital.com.cn HTTP/1.0" 200 43 "-" "Mozilla/4.0 (compatible; Lotus-Notes/5.0; Windows-NT)"
67.98.68.229 - - [06/Mar/2007:03:02:16 +0000] "GET /oempro/read.php?EncryptedMemberID=MTgwNg%3D%3D&CampaignID=79&CampaignStatisticsID=45&Demo=0&Email=cam@probitaspartners.com HTTP/1.1" 200 55 "-" "Mozilla/4.0 (compatible; MSIE 7.0; Windows NT 5.1; .NET CLR 1.1.4322; .NET CLR 2.0.50727)"
211.23.152.206 - - [06/Mar/2007:03:06:38 +0000] "GET /oempro/read.php?EncryptedMemberID=MzM2OQ%3D%3D&CampaignID=79&CampaignStatisticsID=45&Demo=0&Email=richard.chen@vinceraventures.com HTTP/1.1" 200 55 "-" "Mozilla/4.0 (compatible; MSIE 6.0; Windows NT 5.1; SV1; .NET CLR 1.1.4322)"
155.144.251.120 - - [06/Mar/2007:03:09:40 +0000] "GET /oempro/read.php?EncryptedMemberID=MzY3NA%3D%3D&CampaignID=79&CampaignStatisticsID=45&Demo=0&Email=stephen.milburn-pyle@auspost.com.au HTTP/1.0" 200 43 "-" "Mozilla/4.0 (compatible; MSIE 6.0; Windows NT 5.1; .NET CLR 1.1.4322)"
207.38.255.125 - - [06/Mar/2007:03:09:44 +0000] "GET /oempro/read.php?EncryptedMemberID=MzQyNg%3D%3D&CampaignID=79&CampaignStatisticsID=45&Demo=0&Email=robert@comvest.com HTTP/1.1" 200 55 "-" "Mozilla/4.0 (compatible; MSIE 7.0; Windows NT 5.1; .NET CLR 1.1.4322)"
58.33.95.58 - - [06/Mar/2007:03:18:28 +0000] "GET /oempro/read.php?EncryptedMemberID=MzQzNQ%3D%3D&CampaignID=79&CampaignStatisticsID=45&Demo=0&Email=robmccormack@tridentcap.com HTTP/1.1" 200 55 "-" "Mozilla/4.0 (compatible; MSIE 7.0; Windows NT 5.1; .NET CLR 1.1.4322; InfoPath.1; .NET CLR 2.0.50727)"
203.185.215.144 - - [06/Mar/2007:03:19:06 +0000] "GET /oempro/read.php?EncryptedMemberID=MzMwNw%3D%3D&CampaignID=79&CampaignStatisticsID=45&Demo=0&Email=pweidman@chicagogsb.edu HTTP/1.1" 200 55 "http://gsbims.chicagogsb.edu/frame.html?&security=false&lang=en&popupLevel=undefined&charset=escaped_unicode" "Mozilla/4.0 (compatible; MSIE 6.0; Windows NT 5.1; SV1; .NET CLR 1.1.4322; InfoPath.1)"
202.95.77.194 - - [06/Mar/2007:03:20:28 +0000] "GET /oempro/read.php?EncryptedMemberID=MjAwNg%3D%3D&CampaignID=79&CampaignStatisticsID=45&Demo=0&Email=davidlai@affinityequity.com HTTP/1.0" 200 43 "-" "Mozilla/4.0 (compatible; MSIE 7.0; Windows NT 5.1; .NET CLR 1.1.4322; InfoPath.1)"
202.95.77.194 - - [06/Mar/2007:03:20:35 +0000] "GET /oempro/read.php?EncryptedMemberID=MjAwNg%3D%3D&CampaignID=79&CampaignStatisticsID=45&Demo=0&Email=davidlai@affinityequity.com HTTP/1.0" 200 43 "-" "Mozilla/4.0 (compatible; MSIE 7.0; Windows NT 5.1; .NET CLR 1.1.4322; InfoPath.1)"
71.131.231.116 - - [06/Mar/2007:03:23:42 +0000] "GET /oempro/read.php?EncryptedMemberID=MjkzMg%3D%3D&CampaignID=79&CampaignStatisticsID=45&Demo=0&Email=masterson@sciencefuturesinc.com HTTP/1.1" 200 55 "-" "Mozilla/4.0 (compatible; MSIE 7.0; Windows NT 5.1; .NET CLR 1.1.4322; .NET CLR 2.0.50727)"
58.33.95.58 - - [06/Mar/2007:03:29:26 +0000] "GET /oempro/read.php?EncryptedMemberID=MzQzNQ%3D%3D&CampaignID=79&CampaignStatisticsID=45&Demo=0&Email=robmccormack@tridentcap.com HTTP/1.1" 200 55 "-" "Mozilla/4.0 (compatible; MSIE 7.0; Windows NT 5.1; .NET CLR 1.1.4322; InfoPath.1; .NET CLR 2.0.50727)"
210.0.136.174 - - [06/Mar/2007:03:42:39 +0000] "GET /oempro/read.php?EncryptedMemberID=MzU3OA%3D%3D&CampaignID=79&CampaignStatisticsID=45&Demo=0&Email=simon.cox@ninepeaks.com HTTP/1.1" 200 55 "-" "Mozilla/4.0 (compatible; MSIE 7.0; Windows NT 5.1; .NET CLR 1.1.4322)"
210.0.136.174 - - [06/Mar/2007:03:42:40 +0000] "GET /oempro/read.php?EncryptedMemberID=MzU3OA%3D%3D&CampaignID=79&CampaignStatisticsID=45&Demo=0&Email=simon.cox@ninepeaks.com HTTP/1.1" 200 55 "-" "Mozilla/4.0 (compatible; MSIE 7.0; Windows NT 5.1; .NET CLR 1.1.4322)"
159.226.98.65 - - [06/Mar/2007:03:43:50 +0000] "GET /data.htm HTTP/1.1" 200 6628 "-" "Mozilla/4.0 (compatible; MSIE 6.0; Windows NT 5.1; SV1; InfoPath.1)"
159.226.98.65 - - [06/Mar/2007:03:43:51 +0000] "GET /styles.css HTTP/1.1" 200 497 "http://www.som-cap.com/data.htm" "Mozilla/4.0 (compatible; MSIE 6.0; Windows NT 5.1; SV1; InfoPath.1)"
159.226.98.65 - - [06/Mar/2007:03:43:51 +0000] "GET /images/inbg.jpg HTTP/1.1" 200 32265 "http://www.som-cap.com/data.htm" "Mozilla/4.0 (compatible; MSIE 6.0; Windows NT 5.1; SV1; InfoPath.1)"
159.226.98.65 - - [06/Mar/2007:03:43:51 +0000] "GET /images/logo.gif HTTP/1.1" 200 1574 "http://www.som-cap.com/data.htm" "Mozilla/4.0 (compatible; MSIE 6.0; Windows NT 5.1; SV1; InfoPath.1)"
159.226.98.65 - - [06/Mar/2007:03:50:06 +0000] "GET /oempro/read.php?EncryptedMemberID=Mzk0OA%3D%3D&CampaignID=79&CampaignStatisticsID=45&Demo=0&Email=xiayang@legendcapital.com.cn HTTP/1.0" 200 43 "-" "Mozilla/4.0 (compatible; Lotus-Notes/5.0; Windows-NT)"
84.56.236.72 - - [06/Mar/2007:03:55:18 +0000] "GET /oempro/read.php?EncryptedMemberID=MzM1Mw%3D%3D&CampaignID=79&CampaignStatisticsID=45&Demo=0&Email=reinhard.hartl@globalvision-ag.com HTTP/1.1" 200 55 "-" "Mozilla/4.0 (compatible; MSIE 6.0; Windows NT 5.1; SV1; .NET CLR 1.1.4322)"
63.117.96.81 - - [06/Mar/2007:03:55:51 +0000] "GET /oempro/read.php?EncryptedMemberID=MzQ4Mw%3D%3D&CampaignID=79&CampaignStatisticsID=45&Demo=0&Email=rutherfurdj@vss.com HTTP/1.1" 200 55 "-" "Mozilla/4.0 (compatible; MSIE 6.0; Windows NT 5.0; .NET CLR 1.1.4322)"
63.117.96.81 - - [06/Mar/2007:03:56:06 +0000] "GET /oempro/read.php?EncryptedMemberID=MzQ4Mw%3D%3D&CampaignID=79&CampaignStatisticsID=45&Demo=0&Email=rutherfurdj@vss.com HTTP/1.1" 200 55 "-" "Mozilla/4.0 (compatible; MSIE 6.0; Windows NT 5.0; .NET CLR 1.1.4322)"
63.117.96.81 - - [06/Mar/2007:03:56:06 +0000] "GET /oempro/read.php?EncryptedMemberID=MzQ4Mw%3D%3D&CampaignID=79&CampaignStatisticsID=45&Demo=0&Email=rutherfurdj@vss.com HTTP/1.1" 200 55 "-" "Mozilla/4.0 (compatible; MSIE 6.0; Windows NT 5.0; .NET CLR 1.1.4322)"
210.176.232.139 - - [06/Mar/2007:04:01:47 +0000] "GET /oempro/read.php?EncryptedMemberID=MjA0Ng%3D%3D&CampaignID=79&CampaignStatisticsID=45&Demo=0&Email=dgpierce@searchgroup.com HTTP/1.1" 200 55 "-" "Mozilla/4.0 (compatible; MSIE 6.0; Windows NT 5.1; SV1; .NET CLR 1.1.4322)"
210.176.232.139 - - [06/Mar/2007:04:01:50 +0000] "GET /oempro/read.php?EncryptedMemberID=MjA0Ng%3D%3D&CampaignID=79&CampaignStatisticsID=45&Demo=0&Email=dgpierce@searchgroup.com HTTP/1.1" 200 55 "-" "Mozilla/4.0 (compatible; MSIE 6.0; Windows NT 5.1; SV1; .NET CLR 1.1.4322)"
159.226.98.65 - - [06/Mar/2007:04:08:26 +0000] "GET /data.htm HTTP/1.1" 304 - "-" "Mozilla/4.0 (compatible; MSIE 6.0; Windows NT 5.1; SV1; InfoPath.1)"
159.226.98.65 - - [06/Mar/2007:04:08:26 +0000] "GET /styles.css HTTP/1.1" 304 - "http://www.som-cap.com/data.htm" "Mozilla/4.0 (compatible; MSIE 6.0; Windows NT 5.1; SV1; InfoPath.1)"
159.226.98.65 - - [06/Mar/2007:04:08:27 +0000] "GET /images/logo.gif HTTP/1.1" 304 - "http://www.som-cap.com/data.htm" "Mozilla/4.0 (compatible; MSIE 6.0; Windows NT 5.1; SV1; InfoPath.1)"
159.226.98.65 - - [06/Mar/2007:04:08:27 +0000] "GET /images/inbg.jpg HTTP/1.1" 304 - "http://www.som-cap.com/data.htm" "Mozilla/4.0 (compatible; MSIE 6.0; Windows NT 5.1; SV1; InfoPath.1)"
159.226.98.65 - - [06/Mar/2007:04:08:43 +0000] "GET /index.htm HTTP/1.1" 200 3426 "http://www.som-cap.com/data.htm" "Mozilla/4.0 (compatible; MSIE 6.0; Windows NT 5.1; SV1; InfoPath.1)"
159.226.98.65 - - [06/Mar/2007:04:08:54 +0000] "GET /background.htm HTTP/1.1" 200 4144 "http://www.som-cap.com/index.htm" "Mozilla/4.0 (compatible; MSIE 6.0; Windows NT 5.1; SV1; InfoPath.1)"
61.17.98.2 - - [06/Mar/2007:04:11:01 +0000] "GET /oempro/read.php?EncryptedMemberID=Mzg4NA%3D%3D&CampaignID=79&CampaignStatisticsID=45&Demo=0&Email=vs@capvent.com HTTP/1.1" 200 55 "http://www.capvent.com/emailarchitect/mail/mailcontent.asp?sid=9da61f768abe1d00b96f5be50dbf5bc2&mbx=Inbox&uidl=02007030513175782801.76537" "Mozilla/5.0 (Windows; U; Windows NT 5.1; en-US; rv:1.8.0.10) Gecko/20070216 Firefox/1.5.0.10"
210.176.232.139 - - [06/Mar/2007:04:11:04 +0000] "GET /oempro/read.php?EncryptedMemberID=Mjc4Mg%3D%3D&CampaignID=79&CampaignStatisticsID=45&Demo=0&Email=lanny.lim@sailfunds.com HTTP/1.1" 200 55 "-" "Mozilla/4.0 (compatible; MSIE 6.0; Windows NT 5.1; SV1; .NET CLR 1.1.4322)"
210.176.232.139 - - [06/Mar/2007:04:11:06 +0000] "GET /oempro/read.php?EncryptedMemberID=Mjc4Mg%3D%3D&CampaignID=79&CampaignStatisticsID=45&Demo=0&Email=lanny.lim@sailfunds.com HTTP/1.1" 200 55 "-" "Mozilla/4.0 (compatible; MSIE 6.0; Windows NT 5.1; SV1; .NET CLR 1.1.4322)"
61.17.98.2 - - [06/Mar/2007:04:11:26 +0000] "GET /oempro/read.php?EncryptedMemberID=Mzc0NA%3D%3D&CampaignID=79&CampaignStatisticsID=45&Demo=0&Email=tc@capvent.com HTTP/1.1" 200 55 "http://www.capvent.com/emailarchitect/mail/mailcontent.asp?sid=9da61f768abe1d00b96f5be50dbf5bc2&mbx=Inbox&uidl=02007030512261231202.76511" "Mozilla/5.0 (Windows; U; Windows NT 5.1; en-US; rv:1.8.0.10) Gecko/20070216 Firefox/1.5.0.10"
61.17.98.2 - - [06/Mar/2007:04:11:33 +0000] "GET /oempro/read.php?EncryptedMemberID=Mzc0NA%3D%3D&CampaignID=79&CampaignStatisticsID=45&Demo=0&Email=tc@capvent.com HTTP/1.1" 200 55 "http://www.capvent.com/emailarchitect/mail/mailcontent.asp?sid=9da61f768abe1d00b96f5be50dbf5bc2&mbx=Inbox&uidl=02007030512261231202.76511" "Mozilla/5.0 (Windows; U; Windows NT 5.1; en-US; rv:1.8.0.10) Gecko/20070216 Firefox/1.5.0.10"
67.166.118.255 - - [06/Mar/2007:04:32:50 +0000] "GET /data.htm HTTP/1.1" 200 6628 "http://www.som-cap.com/biography.htm" "Mozilla/4.0 (compatible; MSIE 6.0; Windows NT 5.1; {9FF4180B-738E-2C0B-BC31-F142AB59E570}; .NET CLR 1.1.4322; .NET CLR 2.0.50727)"
67.166.118.255 - - [06/Mar/2007:04:33:12 +0000] "GET /images/Private%20Equity%20Data%20Service%20Feb%2007.pdf HTTP/1.1" 200 29186 "http://www.som-cap.com/data.htm" "Mozilla/4.0 (compatible; MSIE 6.0; Windows NT 5.1; {9FF4180B-738E-2C0B-BC31-F142AB59E570}; .NET CLR 1.1.4322; .NET CLR 2.0.50727)"
67.166.118.255 - - [06/Mar/2007:04:33:13 +0000] "GET /images/Private%20Equity%20Data%20Service%20Feb%2007.pdf HTTP/1.1" 200 29186 "http://www.som-cap.com/data.htm" "Mozilla/4.0 (compatible; MSIE 6.0; Windows NT 5.1; {9FF4180B-738E-2C0B-BC31-F142AB59E570}; .NET CLR 1.1.4322; .NET CLR 2.0.50727)"
67.166.118.255 - - [06/Mar/2007:04:33:14 +0000] "GET /images/Private%20Equity%20Data%20Service%20Feb%2007.pdf HTTP/1.1" 206 26660 "-" "Mozilla/4.0 (compatible; MSIE 6.0; Windows NT 5.1; {9FF4180B-738E-2C0B-BC31-F142AB59E570}; .NET CLR 1.1.4322; .NET CLR 2.0.50727)"
67.166.118.255 - - [06/Mar/2007:04:33:14 +0000] "GET /images/Private%20Equity%20Data%20Service%20Feb%2007.pdf HTTP/1.1" 200 29186 "-" "Mozilla/4.0 (compatible; MSIE 6.0; Windows NT 5.1; {9FF4180B-738E-2C0B-BC31-F142AB59E570}; .NET CLR 1.1.4322; .NET CLR 2.0.50727)"
