85.221.34.63 - - [06/Mar/2007:07:47:30 +0000] "GET /oempro/read.php?EncryptedMemberID=MzMxNw%3D%3D&CampaignID=79&CampaignStatisticsID=45&Demo=0&Email=r2h@storebrand.no HTTP/1.0" 200 43 "-" "Mozilla/4.0 (compatible; Lotus-Notes/6.0; Windows-NT)"
217.111.62.100 - - [06/Mar/2007:07:47:34 +0000] "GET /oempro/read.php?EncryptedMemberID=MzY2MQ%3D%3D&CampaignID=79&CampaignStatisticsID=45&Demo=0&Email=steffen.opree@helaba-trust.de HTTP/1.1" 200 55 "-" "Mozilla/4.0 (compatible; MSIE 6.0; Windows NT 5.0; .NET CLR 2.0.50727)"
85.221.34.63 - - [06/Mar/2007:07:47:35 +0000] "GET /oempro/read.php?EncryptedMemberID=MzMxNw%3D%3D&CampaignID=79&CampaignStatisticsID=45&Demo=0&Email=r2h@storebrand.no HTTP/1.0" 200 43 "-" "Mozilla/4.0 (compatible; Lotus-Notes/6.0; Windows-NT)"
213.132.101.3 - - [06/Mar/2007:07:48:10 +0000] "GET /oempro/read.php?EncryptedMemberID=MjQ1NQ%3D%3D&CampaignID=79&CampaignStatisticsID=45&Demo=0&Email=info@icecapital.fi HTTP/1.1" 200 55 "-" "Mozilla/4.0 (compatible; MSIE 7.0; Windows NT 5.1; .NET CLR 1.1.4322; .NET CLR 2.0.50727)"
212.183.134.130 - - [06/Mar/2007:07:48:55 +0000] "GET /oempro/read.php?EncryptedMemberID=Mjk0NA%3D%3D&CampaignID=79&CampaignStatisticsID=45&Demo=0&Email=maurizio.caio@tlcom.co.uk HTTP/1.0" 200 43 "-" "Mozilla/4.0 (compatible; MSIE 6.0; Windows NT 5.1; SV1; Tablet PC 1.7; .NET CLR 1.0.3705; .NET CLR 1.1.4322)"
145.221.52.72 - - [06/Mar/2007:07:49:00 +0000] "GET /oempro/read.php?EncryptedMemberID=MTYzMg%3D%3D&CampaignID=79&CampaignStatisticsID=45&Demo=0&Email=angelien.kemna@ingim.com HTTP/1.1" 200 55 "-" "Mozilla/4.0 (compatible; MSIE 6.0; Windows NT 5.1; .NET CLR 1.1.4322)"
145.221.52.72 - - [06/Mar/2007:07:49:03 +0000] "GET /oempro/read.php?EncryptedMemberID=MTYzMg%3D%3D&CampaignID=79&CampaignStatisticsID=45&Demo=0&Email=angelien.kemna@ingim.com HTTP/1.1" 200 55 "-" "Mozilla/4.0 (compatible; MSIE 6.0; Windows NT 5.1; .NET CLR 1.1.4322)"
62.96.105.178 - - [06/Mar/2007:07:49:15 +0000] "GET /oempro/read.php?EncryptedMemberID=MTk3MA%3D%3D&CampaignID=79&CampaignStatisticsID=45&Demo=0&Email=daniel.simon@btv-holding.de HTTP/1.0" 200 43 "-" "Mozilla/4.0 (compatible; MSIE 6.0; Windows NT 5.0; Computec Media AG)"
62.96.105.178 - - [06/Mar/2007:07:49:27 +0000] "GET /oempro/read.php?EncryptedMemberID=MTk3MA%3D%3D&CampaignID=79&CampaignStatisticsID=45&Demo=0&Email=daniel.simon@btv-holding.de HTTP/1.0" 200 43 "-" "Mozilla/4.0 (compatible; MSIE 6.0; Windows NT 5.0; Computec Media AG)"
212.203.90.101 - - [06/Mar/2007:07:49:37 +0000] "GET /oempro/read.php?EncryptedMemberID=MzQ2Mw%3D%3D&CampaignID=79&CampaignStatisticsID=45&Demo=0&Email=roy.baumann@partnersgroup.net HTTP/1.1" 200 55 "-" "Mozilla/4.0 (compatible; MSIE 6.0; Windows NT 5.1; SV1)"
81.255.204.238 - - [06/Mar/2007:07:49:49 +0000] "GET /oempro/read.php?EncryptedMemberID=MTg1Mw%3D%3D&CampaignID=79&CampaignStatisticsID=45&Demo=0&Email=charles.diehl@activacapital.com HTTP/1.1" 200 55 "-" "Mozilla/4.0 (compatible; MSIE 6.0; Windows NT 5.1; SV1; .NET CLR 1.1.4322)"
195.141.68.50 - - [06/Mar/2007:07:50:22 +0000] "GET /oempro/read.php?EncryptedMemberID=MTc0MQ%3D%3D&CampaignID=79&CampaignStatisticsID=45&Demo=0&Email=bischoff@scmag.com HTTP/1.1" 200 55 "-" "Mozilla/4.0 (compatible; MSIE 7.0; Windows NT 5.1; .NET CLR 1.1.4322; .NET CLR 2.0.50727)"
195.141.68.50 - - [06/Mar/2007:07:50:22 +0000] "GET /oempro/read.php?EncryptedMemberID=MTc0MQ%3D%3D&CampaignID=79&CampaignStatisticsID=45&Demo=0&Email=bischoff@scmag.com HTTP/1.1" 200 55 "-" "Mozilla/4.0 (compatible; MSIE 7.0; Windows NT 5.1; .NET CLR 1.1.4322; .NET CLR 2.0.50727)"
213.132.101.3 - - [06/Mar/2007:07:50:59 +0000] "GET /oempro/read.php?EncryptedMemberID=MjQ1NQ%3D%3D&CampaignID=79&CampaignStatisticsID=45&Demo=0&Email=info@icecapital.fi HTTP/1.1" 200 55 "-" "Mozilla/4.0 (compatible; MSIE 7.0; Windows NT 5.1; .NET CLR 1.1.4322; .NET CLR 2.0.50727)"
82.135.30.155 - - [06/Mar/2007:07:51:01 +0000] "GET /oempro/read.php?EncryptedMemberID=MTU2MA%3D%3D&CampaignID=79&CampaignStatisticsID=45&Demo=0&Email=alesia.dawidowicz@vcm.de HTTP/1.0" 200 43 "-" "Mozilla/4.0 (compatible; MSIE 6.0; Windows NT 5.0)"
82.135.30.155 - - [06/Mar/2007:07:51:01 +0000] "GET /oempro/read.php?EncryptedMemberID=MTk2OQ%3D%3D&CampaignID=79&CampaignStatisticsID=45&Demo=0&Email=daniel.schmidt@vcm.de HTTP/1.0" 200 43 "-" "Mozilla/4.0 (compatible; MSIE 6.0; Windows NT 5.0)"
82.135.30.155 - - [06/Mar/2007:07:51:02 +0000] "GET /oempro/read.php?EncryptedMemberID=MzU4Ng%3D%3D&CampaignID=79&CampaignStatisticsID=45&Demo=0&Email=simon.tang@vcm.de HTTP/1.0" 200 43 "-" "Mozilla/4.0 (compatible; MSIE 6.0; Windows NT 5.0)"
82.135.30.155 - - [06/Mar/2007:07:51:02 +0000] "GET /oempro/read.php?EncryptedMemberID=Mzc3NA%3D%3D&CampaignID=79&CampaignStatisticsID=45&Demo=0&Email=tilman.richter@vcm.de HTTP/1.0" 200 43 "-" "Mozilla/4.0 (compatible; MSIE 6.0; Windows NT 5.0)"
210.0.136.174 - - [06/Mar/2007:07:51:03 +0000] "GET /oempro/read.php?EncryptedMemberID=MzU3OA%3D%3D&CampaignID=79&CampaignStatisticsID=45&Demo=0&Email=simon.cox@ninepeaks.com HTTP/1.1" 200 55 "-" "Mozilla/4.0 (compatible; MSIE 7.0; Windows NT 5.1; .NET CLR 1.1.4322)"
217.110.32.193 - - [06/Mar/2007:07:51:13 +0000] "GET /oempro/read.php?EncryptedMemberID=MjM3NA%3D%3D&CampaignID=79&CampaignStatisticsID=45&Demo=0&Email=hans-peter.schliemann@feri.de HTTP/1.1" 200 55 "-" "Mozilla/4.0 (compatible; MSIE 6.0; Windows NT 5.1; SV1; .NET CLR 1.1.4322; .NET CLR 2.0.50727; .NET CLR 3.0.04506.30)"
217.110.32.193 - - [06/Mar/2007:07:51:16 +0000] "GET /oempro/read.php?EncryptedMemberID=MjM3NA%3D%3D&CampaignID=79&CampaignStatisticsID=45&Demo=0&Email=hans-peter.schliemann@feri.de HTTP/1.1" 200 55 "-" "Mozilla/4.0 (compatible; MSIE 6.0; Windows NT 5.1; SV1; .NET CLR 1.1.4322; .NET CLR 2.0.50727; .NET CLR 3.0.04506.30)"
145.61.28.21 - - [06/Mar/2007:07:51:19 +0000] "GET /oempro/read.php?EncryptedMemberID=MjE2Mw%3D%3D&CampaignID=79&CampaignStatisticsID=45&Demo=0&Email=erf@robeco.nl HTTP/1.0" 200 43 "-" "Mozilla/4.0 (compatible; Lotus-Notes/6.0; Windows-NT)"
217.167.206.206 - - [06/Mar/2007:07:51:23 +0000] "GET /oempro/read.php?EncryptedMemberID=MjAxOA%3D%3D&CampaignID=79&CampaignStatisticsID=45&Demo=0&Email=dchampenois@innovacom.fr HTTP/1.0" 200 43 "-" "Mozilla/4.0 (compatible; MSIE 6.0; Windows NT 5.0)"
81.188.15.102 - - [06/Mar/2007:07:51:36 +0000] "GET /oempro/read.php?EncryptedMemberID=MTgxMQ%3D%3D&CampaignID=79&CampaignStatisticsID=45&Demo=0&Email=capricorn@capricorn.be HTTP/1.1" 200 55 "-" "Mozilla/4.0 (compatible; MSIE 7.0; Windows NT 5.1; InfoPath.1)"
87.194.5.72 - - [06/Mar/2007:07:51:40 +0000] "GET /oempro/read.php?EncryptedMemberID=MzU0OQ%3D%3D&CampaignID=79&CampaignStatisticsID=45&Demo=0&Email=sebastian@headwaycap.com HTTP/1.1" 200 55 "-" "Mozilla/4.0 (compatible; MSIE 6.0; Windows NT 5.1; SV1; .NET CLR 1.1.4322; InfoPath.1)"
87.194.5.72 - - [06/Mar/2007:07:51:40 +0000] "GET /oempro/read.php?EncryptedMemberID=MzU0OQ%3D%3D&CampaignID=79&CampaignStatisticsID=45&Demo=0&Email=sebastian@headwaycap.com HTTP/1.1" 200 55 "-" "Mozilla/4.0 (compatible; MSIE 6.0; Windows NT 5.1; SV1; .NET CLR 1.1.4322; InfoPath.1)"
87.194.5.72 - - [06/Mar/2007:07:52:06 +0000] "GET /oempro/read.php?EncryptedMemberID=MzU0OQ%3D%3D&CampaignID=79&CampaignStatisticsID=45&Demo=0&Email=sebastian@headwaycap.com HTTP/1.1" 200 55 "-" "Mozilla/4.0 (compatible; MSIE 6.0; Windows NT 5.1; SV1; .NET CLR 1.1.4322; InfoPath.1)"
87.194.5.72 - - [06/Mar/2007:07:52:09 +0000] "GET /oempro/read.php?EncryptedMemberID=MzU0OQ%3D%3D&CampaignID=79&CampaignStatisticsID=45&Demo=0&Email=sebastian@headwaycap.com HTTP/1.1" 200 55 "-" "Mozilla/4.0 (compatible; MSIE 6.0; Windows NT 5.1; SV1; .NET CLR 1.1.4322; InfoPath.1)"
87.194.5.72 - - [06/Mar/2007:07:52:10 +0000] "GET /oempro/read.php?EncryptedMemberID=MzU0OQ%3D%3D&CampaignID=79&CampaignStatisticsID=45&Demo=0&Email=sebastian@headwaycap.com HTTP/1.1" 200 55 "-" "Mozilla/4.0 (compatible; MSIE 6.0; Windows NT 5.1; SV1; .NET CLR 1.1.4322; InfoPath.1)"
87.194.5.72 - - [06/Mar/2007:07:52:10 +0000] "GET /oempro/read.php?EncryptedMemberID=MzU0OQ%3D%3D&CampaignID=79&CampaignStatisticsID=45&Demo=0&Email=sebastian@headwaycap.com HTTP/1.1" 200 55 "-" "Mozilla/4.0 (compatible; MSIE 6.0; Windows NT 5.1; SV1; .NET CLR 1.1.4322; InfoPath.1)"
139.149.31.196 - - [06/Mar/2007:07:54:02 +0000] "GET /oempro/read.php?EncryptedMemberID=MjkwMw%3D%3D&CampaignID=79&CampaignStatisticsID=45&Demo=0&Email=mark.tucker@ubs.com HTTP/1.0" 200 43 "-" "Mozilla/4.0 (compatible; MSIE 6.0; Windows NT 5.0)"
195.141.68.50 - - [06/Mar/2007:07:54:08 +0000] "GET /oempro/read.php?EncryptedMemberID=MTc0MQ%3D%3D&CampaignID=79&CampaignStatisticsID=45&Demo=0&Email=bischoff@scmag.com HTTP/1.1" 200 55 "-" "Mozilla/4.0 (compatible; MSIE 7.0; Windows NT 5.1; .NET CLR 1.1.4322; .NET CLR 2.0.50727)"
62.101.126.208 - - [06/Mar/2007:07:54:28 +0000] "GET /oempro/read.php?EncryptedMemberID=MjMwMg%3D%3D&CampaignID=79&CampaignStatisticsID=45&Demo=0&Email=goldie.c@orchideaviaggi.it HTTP/1.0" 200 43 "-" "Mozilla/4.0 (compatible; Lotus-Notes/6.0; Windows-NT)"
213.88.226.82 - - [06/Mar/2007:07:54:28 +0000] "GET /oempro/read.php?EncryptedMemberID=MzAwNw%3D%3D&CampaignID=79&CampaignStatisticsID=45&Demo=0&Email=mikael.huldt@ap3.se HTTP/1.1" 200 55 "-" "Mozilla/4.0 (compatible; MSIE 6.0; Windows NT 5.1; SV1; InfoPath.1)"
213.151.89.130 - - [06/Mar/2007:07:54:38 +0000] "GET /oempro/read.php?EncryptedMemberID=MjgyNA%3D%3D&CampaignID=79&CampaignStatisticsID=45&Demo=0&Email=ljspengler@ceag.cz HTTP/1.0" 200 43 "-" "Mozilla/4.0 (compatible; MSIE 6.0; Windows NT 5.1; SV1; .NET CLR 2.0.50727)"
213.132.101.3 - - [06/Mar/2007:07:55:58 +0000] "GET /oempro/read.php?EncryptedMemberID=MjQ1NQ%3D%3D&CampaignID=79&CampaignStatisticsID=45&Demo=0&Email=info@icecapital.fi HTTP/1.1" 200 55 "-" "Mozilla/4.0 (compatible; MSIE 7.0; Windows NT 5.1; .NET CLR 1.1.4322; .NET CLR 2.0.50727)"
213.61.141.27 - - [06/Mar/2007:07:56:05 +0000] "GET /oempro/read.php?EncryptedMemberID=MzEyMA%3D%3D&CampaignID=79&CampaignStatisticsID=45&Demo=0&Email=nina.jung@bluecapital.de HTTP/1.0" 200 43 "-" "Mozilla/4.0 (compatible; MSIE 6.0; Windows NT 5.1; SV1)"
213.61.141.27 - - [06/Mar/2007:07:56:11 +0000] "GET /oempro/read.php?EncryptedMemberID=MzEyMA%3D%3D&CampaignID=79&CampaignStatisticsID=45&Demo=0&Email=nina.jung@bluecapital.de HTTP/1.0" 200 43 "-" "Mozilla/4.0 (compatible; MSIE 6.0; Windows NT 5.1; SV1)"
213.61.141.27 - - [06/Mar/2007:07:56:18 +0000] "GET /oempro/read.php?EncryptedMemberID=MzEyMA%3D%3D&CampaignID=79&CampaignStatisticsID=45&Demo=0&Email=nina.jung@bluecapital.de HTTP/1.0" 200 43 "-" "Mozilla/4.0 (compatible; MSIE 6.0; Windows NT 5.1; SV1)"
87.194.5.72 - - [06/Mar/2007:07:58:06 +0000] "GET /oempro/read.php?EncryptedMemberID=MzU0OQ%3D%3D&CampaignID=79&CampaignStatisticsID=45&Demo=0&Email=sebastian@headwaycap.com HTTP/1.1" 200 55 "-" "Mozilla/4.0 (compatible; MSIE 6.0; Windows NT 5.1; SV1; .NET CLR 1.1.4322; InfoPath.1)"
213.61.141.27 - - [06/Mar/2007:07:58:17 +0000] "GET /oempro/read.php?EncryptedMemberID=MzEyMA%3D%3D&CampaignID=79&CampaignStatisticsID=45&Demo=0&Email=nina.jung@bluecapital.de HTTP/1.0" 200 43 "-" "Mozilla/4.0 (compatible; MSIE 6.0; Windows NT 5.1; SV1)"
213.61.141.27 - - [06/Mar/2007:07:58:19 +0000] "GET /oempro/read.php?EncryptedMemberID=MzEyMA%3D%3D&CampaignID=79&CampaignStatisticsID=45&Demo=0&Email=nina.jung@bluecapital.de HTTP/1.0" 200 43 "-" "Mozilla/4.0 (compatible; MSIE 6.0; Windows NT 5.1; SV1)"
195.141.68.50 - - [06/Mar/2007:07:58:26 +0000] "GET /oempro/read.php?EncryptedMemberID=MzUzNg%3D%3D&CampaignID=79&CampaignStatisticsID=45&Demo=0&Email=schurch@scmag.com HTTP/1.1" 200 55 "-" "Mozilla/4.0 (compatible; MSIE 7.0; Windows NT 5.1; .NET CLR 1.1.4322; .NET CLR 2.0.50727)"
77.4.59.153 - - [06/Mar/2007:07:58:48 +0000] "GET /oempro/read.php?EncryptedMemberID=MzMyMQ%3D%3D&CampaignID=79&CampaignStatisticsID=45&Demo=0&Email=ralf.beeg@marketcontrol.de HTTP/1.1" 200 55 "-" "Mozilla/4.0 (compatible; MSIE 6.0; Windows NT 5.1; SV1; .NET CLR 1.1.4322; AVPersonalSerial 01ea68b813494ab7725c57f93f2136fb29f95ef4)"
193.178.168.100 - - [06/Mar/2007:07:59:02 +0000] "GET / HTTP/1.0" 200 3426 "-" "Mozilla/4.0 (compatible; MSIE 6.0; Windows NT 5.1; SV1; .NET CLR 1.1.4322)"
193.178.168.100 - - [06/Mar/2007:07:59:02 +0000] "GET /styles.css HTTP/1.0" 200 497 "http://www.som-cap.com/" "Mozilla/4.0 (compatible; MSIE 6.0; Windows NT 5.1; SV1; .NET CLR 1.1.4322)"
193.178.168.100 - - [06/Mar/2007:07:59:02 +0000] "GET /images/inbg.jpg HTTP/1.0" 200 32265 "http://www.som-cap.com/" "Mozilla/4.0 (compatible; MSIE 6.0; Windows NT 5.1; SV1; .NET CLR 1.1.4322)"
193.178.168.100 - - [06/Mar/2007:07:59:02 +0000] "GET /images/logo.gif HTTP/1.0" 200 1574 "http://www.som-cap.com/" "Mozilla/4.0 (compatible; MSIE 6.0; Windows NT 5.1; SV1; .NET CLR 1.1.4322)"
193.178.168.100 - - [06/Mar/2007:07:59:16 +0000] "GET /biography.htm HTTP/1.0" 200 4087 "http://www.som-cap.com/" "Mozilla/4.0 (compatible; MSIE 6.0; Windows NT 5.1; SV1; .NET CLR 1.1.4322)"
193.178.168.100 - - [06/Mar/2007:07:59:16 +0000] "GET /images/James%20Miller-2.jpg HTTP/1.0" 200 7075 "http://www.som-cap.com/biography.htm" "Mozilla/4.0 (compatible; MSIE 6.0; Windows NT 5.1; SV1; .NET CLR 1.1.4322)"
195.229.241.180 - - [06/Mar/2007:07:59:25 +0000] "GET /oempro/read.php?EncryptedMemberID=MTU2Nw%3D%3D&CampaignID=79&CampaignStatisticsID=45&Demo=0&Email=alex.ocinneide@quorum-europe.com HTTP/1.1" 200 55 "-" "Mozilla/4.0 (compatible; MSIE 7.0; Windows NT 5.1)"
193.178.168.100 - - [06/Mar/2007:07:59:28 +0000] "GET /background.htm HTTP/1.0" 200 4144 "http://www.som-cap.com/biography.htm" "Mozilla/4.0 (compatible; MSIE 6.0; Windows NT 5.1; SV1; .NET CLR 1.1.4322)"
193.178.168.100 - - [06/Mar/2007:07:59:31 +0000] "GET /index.htm HTTP/1.0" 200 3426 "http://www.som-cap.com/background.htm" "Mozilla/4.0 (compatible; MSIE 6.0; Windows NT 5.1; SV1; .NET CLR 1.1.4322)"
193.178.168.100 - - [06/Mar/2007:07:59:32 +0000] "GET /trackrecord.htm HTTP/1.0" 200 4429 "http://www.som-cap.com/index.htm" "Mozilla/4.0 (compatible; MSIE 6.0; Windows NT 5.1; SV1; .NET CLR 1.1.4322)"
193.178.168.100 - - [06/Mar/2007:07:59:33 +0000] "GET /images/6pic.gif HTTP/1.0" 200 9094 "http://www.som-cap.com/trackrecord.htm" "Mozilla/4.0 (compatible; MSIE 6.0; Windows NT 5.1; SV1; .NET CLR 1.1.4322)"
193.178.168.100 - - [06/Mar/2007:07:59:33 +0000] "GET /images/4pic.gif HTTP/1.0" 200 10003 "http://www.som-cap.com/trackrecord.htm" "Mozilla/4.0 (compatible; MSIE 6.0; Windows NT 5.1; SV1; .NET CLR 1.1.4322)"
193.178.168.100 - - [06/Mar/2007:07:59:33 +0000] "GET /images/5pic.gif HTTP/1.0" 200 9274 "http://www.som-cap.com/trackrecord.htm" "Mozilla/4.0 (compatible; MSIE 6.0; Windows NT 5.1; SV1; .NET CLR 1.1.4322)"
193.178.168.100 - - [06/Mar/2007:07:59:33 +0000] "GET /images/3pic.gif HTTP/1.0" 200 10964 "http://www.som-cap.com/trackrecord.htm" "Mozilla/4.0 (compatible; MSIE 6.0; Windows NT 5.1; SV1; .NET CLR 1.1.4322)"
193.178.168.100 - - [06/Mar/2007:07:59:33 +0000] "GET /images/2pic.gif HTTP/1.0" 200 10701 "http://www.som-cap.com/trackrecord.htm" "Mozilla/4.0 (compatible; MSIE 6.0; Windows NT 5.1; SV1; .NET CLR 1.1.4322)"
193.178.168.100 - - [06/Mar/2007:07:59:33 +0000] "GET /images/1pic.gif HTTP/1.0" 200 12857 "http://www.som-cap.com/trackrecord.htm" "Mozilla/4.0 (compatible; MSIE 6.0; Windows NT 5.1; SV1; .NET CLR 1.1.4322)"
193.178.168.100 - - [06/Mar/2007:07:59:58 +0000] "GET /data.htm HTTP/1.0" 200 6628 "http://www.som-cap.com/trackrecord.htm" "Mozilla/4.0 (compatible; MSIE 6.0; Windows NT 5.1; SV1; .NET CLR 1.1.4322)"
193.178.168.100 - - [06/Mar/2007:08:00:02 +0000] "GET /contact.htm HTTP/1.0" 200 2786 "http://www.som-cap.com/data.htm" "Mozilla/4.0 (compatible; MSIE 6.0; Windows NT 5.1; SV1; .NET CLR 1.1.4322)"
195.65.220.34 - - [06/Mar/2007:08:00:08 +0000] "GET /oempro/read.php?EncryptedMemberID=MzI4Nw%3D%3D&CampaignID=79&CampaignStatisticsID=45&Demo=0&Email=pnewsome@unigestion.com HTTP/1.1" 200 55 "-" "Mozilla/4.0 (compatible; MSIE 6.0; Windows NT 5.2; SV1; .NET CLR 1.1.4322)"
84.177.30.218 - - [06/Mar/2007:08:00:13 +0000] "GET /oempro/read.php?EncryptedMemberID=Mjc1MA%3D%3D&CampaignID=79&CampaignStatisticsID=45&Demo=0&Email=klaus.nestler@bioconnect.de HTTP/1.0" 200 43 "-" "Mozilla/4.0 (compatible; MSIE 6.0; Windows NT 5.1; SV1; .NET CLR 1.1.4322)"
195.65.220.34 - - [06/Mar/2007:08:00:15 +0000] "GET /oempro/read.php?EncryptedMemberID=MzI4Nw%3D%3D&CampaignID=79&CampaignStatisticsID=45&Demo=0&Email=pnewsome@unigestion.com HTTP/1.1" 200 55 "-" "Mozilla/4.0 (compatible; MSIE 6.0; Windows NT 5.2; SV1; .NET CLR 1.1.4322)"
195.65.220.34 - - [06/Mar/2007:08:01:26 +0000] "GET /oempro/read.php?EncryptedMemberID=MTgzNg%3D%3D&CampaignID=79&CampaignStatisticsID=45&Demo=0&Email=cdedardel@unigestion.com HTTP/1.1" 200 55 "-" "Mozilla/4.0 (compatible; MSIE 6.0; Windows NT 5.2; SV1; .NET CLR 1.1.4322)"
195.65.220.34 - - [06/Mar/2007:08:01:27 +0000] "GET /oempro/read.php?EncryptedMemberID=MTgzNg%3D%3D&CampaignID=79&CampaignStatisticsID=45&Demo=0&Email=cdedardel@unigestion.com HTTP/1.1" 200 55 "-" "Mozilla/4.0 (compatible; MSIE 6.0; Windows NT 5.2; SV1; .NET CLR 1.1.4322)"
195.65.220.34 - - [06/Mar/2007:08:01:41 +0000] "GET /oempro/read.php?EncryptedMemberID=MzI4Nw%3D%3D&CampaignID=79&CampaignStatisticsID=45&Demo=0&Email=pnewsome@unigestion.com HTTP/1.1" 200 55 "-" "Mozilla/4.0 (compatible; MSIE 6.0; Windows NT 5.2; SV1; .NET CLR 1.1.4322)"
195.65.220.34 - - [06/Mar/2007:08:01:41 +0000] "GET /oempro/read.php?EncryptedMemberID=MzI4Nw%3D%3D&CampaignID=79&CampaignStatisticsID=45&Demo=0&Email=pnewsome@unigestion.com HTTP/1.1" 200 55 "-" "Mozilla/4.0 (compatible; MSIE 6.0; Windows NT 5.2; SV1; .NET CLR 1.1.4322)"
84.177.30.218 - - [06/Mar/2007:08:02:01 +0000] "GET /oempro/read.php?EncryptedMemberID=Mjc1MA%3D%3D&CampaignID=79&CampaignStatisticsID=45&Demo=0&Email=klaus.nestler@bioconnect.de HTTP/1.0" 200 43 "-" "Mozilla/4.0 (compatible; MSIE 6.0; Windows NT 5.1; SV1; .NET CLR 1.1.4322)"
195.65.220.34 - - [06/Mar/2007:08:02:10 +0000] "GET /oempro/read.php?EncryptedMemberID=MzI4Nw%3D%3D&CampaignID=79&CampaignStatisticsID=45&Demo=0&Email=pnewsome@unigestion.com HTTP/1.1" 200 55 "-" "Mozilla/4.0 (compatible; MSIE 6.0; Windows NT 5.2; SV1; .NET CLR 1.1.4322)"
212.209.133.18 - - [06/Mar/2007:08:02:16 +0000] "GET /oempro/read.php?EncryptedMemberID=Mzg0Nw%3D%3D&CampaignID=79&CampaignStatisticsID=45&Demo=0&Email=urwitz@segulah.se HTTP/1.1" 200 55 "-" "Mozilla/4.0 (compatible; MSIE 6.0; Windows NT 5.1; SV1)"
213.88.226.82 - - [06/Mar/2007:08:02:40 +0000] "GET /oempro/read.php?EncryptedMemberID=MzAwNw%3D%3D&CampaignID=79&CampaignStatisticsID=45&Demo=0&Email=mikael.huldt@ap3.se HTTP/1.1" 200 55 "-" "Mozilla/4.0 (compatible; MSIE 6.0; Windows NT 5.1; SV1; InfoPath.1)"
195.65.220.34 - - [06/Mar/2007:08:03:18 +0000] "GET /oempro/read.php?EncryptedMemberID=MzI4Nw%3D%3D&CampaignID=79&CampaignStatisticsID=45&Demo=0&Email=pnewsome@unigestion.com HTTP/1.1" 200 55 "-" "Mozilla/4.0 (compatible; MSIE 6.0; Windows NT 5.2; SV1; .NET CLR 1.1.4322)"
195.141.68.50 - - [06/Mar/2007:08:04:05 +0000] "GET /oempro/read.php?EncryptedMemberID=MTc0MQ%3D%3D&CampaignID=79&CampaignStatisticsID=45&Demo=0&Email=bischoff@scmag.com HTTP/1.1" 200 55 "-" "Mozilla/4.0 (compatible; MSIE 7.0; Windows NT 5.1; .NET CLR 1.1.4322; .NET CLR 2.0.50727)"
213.173.168.196 - - [06/Mar/2007:08:04:35 +0000] "GET /oempro/read.php?EncryptedMemberID=Mzg0MA%3D%3D&CampaignID=79&CampaignStatisticsID=45&Demo=0&Email=uge@ceresiobank.com HTTP/1.1" 200 55 "-" "Mozilla/4.0 (compatible; MSIE 6.0; Windows NT 5.0)"
194.6.163.244 - - [06/Mar/2007:08:05:26 +0000] "GET /oempro/read.php?EncryptedMemberID=MjUzOQ%3D%3D&CampaignID=79&CampaignStatisticsID=45&Demo=0&Email=jeanyves.bonvin@lodh.com HTTP/1.1" 200 55 "-" "Mozilla/4.0 (compatible; Lotus-Notes/6.0; Windows-NT)"
62.31.16.22 - - [06/Mar/2007:08:05:30 +0000] "GET /oempro/read.php?EncryptedMemberID=MjU2Nw%3D%3D&CampaignID=79&CampaignStatisticsID=45&Demo=0&Email=jhattersley@sypa.org.uk HTTP/1.0" 200 43 "-" "Mozilla/4.0 (compatible; MSIE 6.0; Windows NT 5.1; SV1)"
213.88.226.82 - - [06/Mar/2007:08:05:51 +0000] "GET /oempro/read.php?EncryptedMemberID=MzAwNw%3D%3D&CampaignID=79&CampaignStatisticsID=45&Demo=0&Email=mikael.huldt@ap3.se HTTP/1.1" 200 55 "-" "Mozilla/4.0 (compatible; MSIE 6.0; Windows NT 5.1; SV1; InfoPath.1)"
213.88.226.82 - - [06/Mar/2007:08:06:00 +0000] "GET /oempro/read.php?EncryptedMemberID=MzAwNw%3D%3D&CampaignID=79&CampaignStatisticsID=45&Demo=0&Email=mikael.huldt@ap3.se HTTP/1.1" 200 55 "-" "Mozilla/4.0 (compatible; MSIE 6.0; Windows NT 5.1; SV1; InfoPath.1)"
139.149.31.196 - - [06/Mar/2007:08:06:25 +0000] "GET /oempro/read.php?EncryptedMemberID=MjkwMw%3D%3D&CampaignID=79&CampaignStatisticsID=45&Demo=0&Email=mark.tucker@ubs.com HTTP/1.0" 200 43 "-" "Mozilla/4.0 (compatible; MSIE 6.0; Windows NT 5.0)"
195.65.220.34 - - [06/Mar/2007:08:06:41 +0000] "GET /oempro/read.php?EncryptedMemberID=MzI4Nw%3D%3D&CampaignID=79&CampaignStatisticsID=45&Demo=0&Email=pnewsome@unigestion.com HTTP/1.1" 200 55 "-" "Mozilla/4.0 (compatible; MSIE 6.0; Windows NT 5.2; SV1; .NET CLR 1.1.4322)"
195.65.220.34 - - [06/Mar/2007:08:06:49 +0000] "GET /oempro/read.php?EncryptedMemberID=MzI4Nw%3D%3D&CampaignID=79&CampaignStatisticsID=45&Demo=0&Email=pnewsome@unigestion.com HTTP/1.1" 200 55 "-" "Mozilla/4.0 (compatible; MSIE 6.0; Windows NT 5.2; SV1; .NET CLR 1.1.4322)"
195.65.220.34 - - [06/Mar/2007:08:06:50 +0000] "GET /oempro/read.php?EncryptedMemberID=MzI4Nw%3D%3D&CampaignID=79&CampaignStatisticsID=45&Demo=0&Email=pnewsome@unigestion.com HTTP/1.1" 200 55 "-" "Mozilla/4.0 (compatible; MSIE 6.0; Windows NT 5.2; SV1; .NET CLR 1.1.4322)"
193.41.87.233 - - [06/Mar/2007:08:06:57 +0000] "GET /oempro/read.php?EncryptedMemberID=MTY0Mw%3D%3D&CampaignID=79&CampaignStatisticsID=45&Demo=0&Email=annette.hetzenegger@devk.de HTTP/1.0" 200 43 "-" "Mozilla/4.0 (compatible; MSIE 6.0; Windows NT 5.1; SV1; i-NavFourF; .NET CLR 1.1.4322; .NET CLR 2.0.50727)"
195.65.220.34 - - [06/Mar/2007:08:07:03 +0000] "GET /oempro/read.php?EncryptedMemberID=MzI4Nw%3D%3D&CampaignID=79&CampaignStatisticsID=45&Demo=0&Email=pnewsome@unigestion.com HTTP/1.1" 200 55 "-" "Mozilla/4.0 (compatible; MSIE 6.0; Windows NT 5.2; SV1; .NET CLR 1.1.4322)"
83.95.19.114 - - [06/Mar/2007:08:07:05 +0000] "GET /oempro/read.php?EncryptedMemberID=Mjc3Mg%3D%3D&CampaignID=79&CampaignStatisticsID=45&Demo=0&Email=kvo@atp-pep.com HTTP/1.1" 200 55 "-" "Mozilla/4.0 (compatible; MSIE 7.0; Windows NT 5.1; .NET CLR 1.1.4322; .NET CLR 2.0.50727; InfoPath.1)"
213.61.141.27 - - [06/Mar/2007:08:07:19 +0000] "GET /oempro/read.php?EncryptedMemberID=MzEyMA%3D%3D&CampaignID=79&CampaignStatisticsID=45&Demo=0&Email=nina.jung@bluecapital.de HTTP/1.0" 200 43 "-" "Mozilla/4.0 (compatible; MSIE 6.0; Windows NT 5.1; SV1)"
194.6.172.194 - - [06/Mar/2007:08:07:50 +0000] "GET /oempro/read.php?EncryptedMemberID=MzMwMg%3D%3D&CampaignID=79&CampaignStatisticsID=45&Demo=0&Email=pvd@avobone.ch HTTP/1.1" 200 55 "-" "Mozilla/4.0 (compatible; MSIE 6.0; Windows NT 5.1; SV1; .NET CLR 1.1.4322; .NET CLR 2.0.50727)"
194.6.172.194 - - [06/Mar/2007:08:07:51 +0000] "GET /oempro/read.php?EncryptedMemberID=MzMwMg%3D%3D&CampaignID=79&CampaignStatisticsID=45&Demo=0&Email=pvd@avobone.ch HTTP/1.1" 200 55 "-" "Mozilla/4.0 (compatible; MSIE 6.0; Windows NT 5.1; SV1; .NET CLR 1.1.4322; .NET CLR 2.0.50727)"
194.6.172.194 - - [06/Mar/2007:08:07:55 +0000] "GET /oempro/read.php?EncryptedMemberID=MzMwMg%3D%3D&CampaignID=79&CampaignStatisticsID=45&Demo=0&Email=pvd@avobone.ch HTTP/1.1" 200 55 "-" "Mozilla/4.0 (compatible; MSIE 6.0; Windows NT 5.1; SV1; .NET CLR 1.1.4322; .NET CLR 2.0.50727)"
82.124.146.43 - - [06/Mar/2007:08:07:55 +0000] "GET /oempro/read.php?EncryptedMemberID=MjIzMQ%3D%3D&CampaignID=79&CampaignStatisticsID=45&Demo=0&Email=francois.roux@rouxcapital.com HTTP/1.1" 200 55 "-" "Mozilla/4.0 (compatible; MSIE 6.0; Windows NT 5.1; SV1)"
194.6.172.194 - - [06/Mar/2007:08:07:55 +0000] "GET /oempro/read.php?EncryptedMemberID=MzMwMg%3D%3D&CampaignID=79&CampaignStatisticsID=45&Demo=0&Email=pvd@avobone.ch HTTP/1.1" 200 55 "-" "Mozilla/4.0 (compatible; MSIE 6.0; Windows NT 5.1; SV1; .NET CLR 1.1.4322; .NET CLR 2.0.50727)"
217.175.96.232 - - [06/Mar/2007:08:08:22 +0000] "GET /oempro/read.php?EncryptedMemberID=Mzg1MA%3D%3D&CampaignID=79&CampaignStatisticsID=45&Demo=0&Email=uwe.kettler@helaba.de HTTP/1.1" 200 55 "-" "Mozilla/4.0 (compatible; MSIE 6.0; Windows NT 5.0; .NET CLR 1.1.4322)"
193.134.76.171 - - [06/Mar/2007:08:08:26 +0000] "GET /data.htm HTTP/1.0" 200 6628 "-" "Mozilla/4.0 (compatible; MSIE 6.0; Windows NT 5.0)"
193.134.76.171 - - [06/Mar/2007:08:08:27 +0000] "GET /images/inbg.jpg HTTP/1.0" 200 32265 "http://www.som-cap.com/data.htm" "Mozilla/4.0 (compatible; MSIE 6.0; Windows NT 5.0)"
193.134.76.171 - - [06/Mar/2007:08:08:27 +0000] "GET /styles.css HTTP/1.0" 200 497 "http://www.som-cap.com/data.htm" "Mozilla/4.0 (compatible; MSIE 6.0; Windows NT 5.0)"
193.134.76.171 - - [06/Mar/2007:08:08:27 +0000] "GET /images/logo.gif HTTP/1.0" 200 1574 "http://www.som-cap.com/data.htm" "Mozilla/4.0 (compatible; MSIE 6.0; Windows NT 5.0)"
217.175.96.232 - - [06/Mar/2007:08:08:31 +0000] "GET /oempro/read.php?EncryptedMemberID=Mzg1MA%3D%3D&CampaignID=79&CampaignStatisticsID=45&Demo=0&Email=uwe.kettler@helaba.de HTTP/1.1" 200 55 "-" "Mozilla/4.0 (compatible; MSIE 6.0; Windows NT 5.0; .NET CLR 1.1.4322)"
217.175.96.232 - - [06/Mar/2007:08:08:31 +0000] "GET /oempro/read.php?EncryptedMemberID=Mzg1MA%3D%3D&CampaignID=79&CampaignStatisticsID=45&Demo=0&Email=uwe.kettler@helaba.de HTTP/1.1" 200 55 "-" "Mozilla/4.0 (compatible; MSIE 6.0; Windows NT 5.0; .NET CLR 1.1.4322)"
195.65.220.34 - - [06/Mar/2007:08:08:37 +0000] "GET /oempro/read.php?EncryptedMemberID=MTgzNg%3D%3D&CampaignID=79&CampaignStatisticsID=45&Demo=0&Email=cdedardel@unigestion.com HTTP/1.1" 200 55 "-" "Mozilla/4.0 (compatible; MSIE 6.0; Windows NT 5.2; SV1; .NET CLR 1.1.4322)"
61.17.98.2 - - [06/Mar/2007:08:09:27 +0000] "GET /robots.txt HTTP/1.1" 404 657 "-" "Mozilla/5.0 (Windows; U; Windows NT 5.1; en-US; rv:1.8.0.10) Gecko/20070216 Firefox/1.5.0.10"
61.17.98.2 - - [06/Mar/2007:08:09:28 +0000] "GET /robots.txt HTTP/1.1" 404 657 "-" "Mozilla/5.0 (Windows; U; Windows NT 5.1; en-US; rv:1.8.0.10) Gecko/20070216 Firefox/1.5.0.10"
84.177.79.164 - - [06/Mar/2007:08:09:33 +0000] "GET /oempro/read.php?EncryptedMemberID=Mjc1MA%3D%3D&CampaignID=79&CampaignStatisticsID=45&Demo=0&Email=klaus.nestler@bioconnect.de HTTP/1.1" 200 55 "-" "Mozilla/5.0 (Windows; U; Windows NT 5.1; de; rv:1.8.0.10) Gecko/20070221 Thunderbird/1.5.0.10"
195.65.220.34 - - [06/Mar/2007:08:10:12 +0000] "GET /oempro/read.php?EncryptedMemberID=MzI4Nw%3D%3D&CampaignID=79&CampaignStatisticsID=45&Demo=0&Email=pnewsome@unigestion.com HTTP/1.1" 200 55 "-" "Mozilla/4.0 (compatible; MSIE 6.0; Windows NT 5.2; SV1; .NET CLR 1.1.4322)"
195.65.220.34 - - [06/Mar/2007:08:10:13 +0000] "GET /oempro/read.php?EncryptedMemberID=MTgzNg%3D%3D&CampaignID=79&CampaignStatisticsID=45&Demo=0&Email=cdedardel@unigestion.com HTTP/1.1" 200 55 "-" "Mozilla/4.0 (compatible; MSIE 6.0; Windows NT 5.2; SV1; .NET CLR 1.1.4322)"
195.65.220.34 - - [06/Mar/2007:08:10:14 +0000] "GET /oempro/read.php?EncryptedMemberID=MzI4Nw%3D%3D&CampaignID=79&CampaignStatisticsID=45&Demo=0&Email=pnewsome@unigestion.com HTTP/1.1" 200 55 "-" "Mozilla/4.0 (compatible; MSIE 6.0; Windows NT 5.2; SV1; .NET CLR 1.1.4322)"
80.254.181.14 - - [06/Mar/2007:08:10:32 +0000] "GET /oempro/read.php?EncryptedMemberID=MTUwNA%3D%3D&CampaignID=79&CampaignStatisticsID=45&Demo=0&Email=ac@capvent.com HTTP/1.1" 200 55 "-" "PocoMail/4.1.3650"
194.7.114.2 - - [06/Mar/2007:08:11:53 +0000] "GET /oempro/read.php?EncryptedMemberID=MTc3OQ%3D%3D&CampaignID=79&CampaignStatisticsID=45&Demo=0&Email=brigitte.boone@fortisbank.com HTTP/1.1" 200 55 "-" "Mozilla/4.0 (compatible; MSIE 6.0; Windows NT 5.1; .NET CLR 1.1.4322)"
139.149.31.195 - - [06/Mar/2007:08:11:55 +0000] "GET /oempro/read.php?EncryptedMemberID=MjkwMw%3D%3D&CampaignID=79&CampaignStatisticsID=45&Demo=0&Email=mark.tucker@ubs.com HTTP/1.0" 200 43 "-" "Mozilla/4.0 (compatible; MSIE 6.0; Windows NT 5.0)"
194.7.114.2 - - [06/Mar/2007:08:12:01 +0000] "GET /oempro/read.php?EncryptedMemberID=MTc3OQ%3D%3D&CampaignID=79&CampaignStatisticsID=45&Demo=0&Email=brigitte.boone@fortisbank.com HTTP/1.1" 200 55 "-" "Mozilla/4.0 (compatible; MSIE 6.0; Windows NT 5.1; .NET CLR 1.1.4322)"
194.7.114.2 - - [06/Mar/2007:08:12:04 +0000] "GET /oempro/read.php?EncryptedMemberID=MTc3OQ%3D%3D&CampaignID=79&CampaignStatisticsID=45&Demo=0&Email=brigitte.boone@fortisbank.com HTTP/1.1" 200 55 "-" "Mozilla/4.0 (compatible; MSIE 6.0; Windows NT 5.1; .NET CLR 1.1.4322)"
195.202.37.22 - - [06/Mar/2007:08:12:09 +0000] "GET /oempro/read.php?EncryptedMemberID=MjQ4MA%3D%3D&CampaignID=79&CampaignStatisticsID=45&Demo=0&Email=j.natrop@aevwl.de HTTP/1.0" 200 43 "-" "Mozilla/4.0 (compatible; MSIE 6.0; Windows NT 5.0; .NET CLR 2.0.50727)"
62.40.11.190 - - [06/Mar/2007:08:12:48 +0000] "GET /oempro/read.php?EncryptedMemberID=MjQyOA%3D%3D&CampaignID=79&CampaignStatisticsID=45&Demo=0&Email=horst.guedel@rwb-ag.de HTTP/1.0" 200 43 "-" "Mozilla/4.0 (compatible; MSIE 6.0; Windows NT 5.0)"
82.135.125.30 - - [06/Mar/2007:08:13:11 +0000] "GET /oempro/read.php?EncryptedMemberID=MTU2MA%3D%3D&CampaignID=79&CampaignStatisticsID=45&Demo=0&Email=alesia.dawidowicz@vcm.de HTTP/1.0" 200 43 "-" "Mozilla/4.0 (compatible; MSIE 7.0; Windows NT 5.1; .NET CLR 1.1.4322)"
82.135.125.30 - - [06/Mar/2007:08:13:12 +0000] "GET /oempro/read.php?EncryptedMemberID=MTk2OQ%3D%3D&CampaignID=79&CampaignStatisticsID=45&Demo=0&Email=daniel.schmidt@vcm.de HTTP/1.0" 200 43 "-" "Mozilla/4.0 (compatible; MSIE 7.0; Windows NT 5.1; .NET CLR 1.1.4322)"
82.135.125.30 - - [06/Mar/2007:08:13:13 +0000] "GET /oempro/read.php?EncryptedMemberID=MzU4Ng%3D%3D&CampaignID=79&CampaignStatisticsID=45&Demo=0&Email=simon.tang@vcm.de HTTP/1.0" 200 43 "-" "Mozilla/4.0 (compatible; MSIE 7.0; Windows NT 5.1; .NET CLR 1.1.4322)"
82.135.30.155 - - [06/Mar/2007:08:13:14 +0000] "GET /oempro/read.php?EncryptedMemberID=Mzc3NA%3D%3D&CampaignID=79&CampaignStatisticsID=45&Demo=0&Email=tilman.richter@vcm.de HTTP/1.0" 200 43 "-" "Mozilla/4.0 (compatible; MSIE 7.0; Windows NT 5.1; .NET CLR 1.1.4322)"
212.203.90.101 - - [06/Mar/2007:08:14:09 +0000] "GET /oempro/read.php?EncryptedMemberID=MzQ2Mw%3D%3D&CampaignID=79&CampaignStatisticsID=45&Demo=0&Email=roy.baumann@partnersgroup.net HTTP/1.1" 200 55 "-" "Mozilla/4.0 (compatible; MSIE 6.0; Windows NT 5.1; SV1)"
82.135.30.155 - - [06/Mar/2007:08:14:11 +0000] "GET /oempro/read.php?EncryptedMemberID=Mzc3NA%3D%3D&CampaignID=79&CampaignStatisticsID=45&Demo=0&Email=tilman.richter@vcm.de HTTP/1.0" 200 43 "-" "Mozilla/4.0 (compatible; MSIE 7.0; Windows NT 5.1; .NET CLR 1.1.4322)"
213.151.89.130 - - [06/Mar/2007:08:14:37 +0000] "GET /oempro/read.php?EncryptedMemberID=MjgyNA%3D%3D&CampaignID=79&CampaignStatisticsID=45&Demo=0&Email=ljspengler@ceag.cz HTTP/1.0" 200 43 "-" "Mozilla/4.0 (compatible; MSIE 6.0; Windows NT 5.1; SV1; .NET CLR 2.0.50727)"
212.23.228.115 - - [06/Mar/2007:08:14:40 +0000] "GET /oempro/read.php?EncryptedMemberID=MjE4OA%3D%3D&CampaignID=79&CampaignStatisticsID=45&Demo=0&Email=fabrice.roy@mctam.com HTTP/1.1" 200 55 "-" "Mozilla/4.0 (compatible; MSIE 6.0; Windows NT 5.0)"
82.135.30.155 - - [06/Mar/2007:08:14:45 +0000] "GET /oempro/read.php?EncryptedMemberID=Mzc3NA%3D%3D&CampaignID=79&CampaignStatisticsID=45&Demo=0&Email=tilman.richter@vcm.de HTTP/1.0" 200 43 "-" "Mozilla/4.0 (compatible; MSIE 7.0; Windows NT 5.1; .NET CLR 1.1.4322)"
195.65.220.34 - - [06/Mar/2007:08:15:10 +0000] "GET /oempro/read.php?EncryptedMemberID=MzI4Nw%3D%3D&CampaignID=79&CampaignStatisticsID=45&Demo=0&Email=pnewsome@unigestion.com HTTP/1.1" 200 55 "-" "Mozilla/4.0 (compatible; MSIE 6.0; Windows NT 5.2; SV1; .NET CLR 1.1.4322)"
195.65.220.34 - - [06/Mar/2007:08:15:14 +0000] "GET /oempro/read.php?EncryptedMemberID=MzI4Nw%3D%3D&CampaignID=79&CampaignStatisticsID=45&Demo=0&Email=pnewsome@unigestion.com HTTP/1.1" 200 55 "-" "Mozilla/4.0 (compatible; MSIE 6.0; Windows NT 5.2; SV1; .NET CLR 1.1.4322)"
193.3.225.210 - - [06/Mar/2007:08:15:45 +0000] "GET /oempro/link.php?URL=aHR0cDovL3d3dy5zb20tY2FwLmNvbS9vZW1wcm8vbGluay5waHA%2FVVJMPWFIUjBjRG92TDNkM2R5NXpiMjB0WTJGd0xtTnZiUzlrWVhSaExtaDBiUT09JmFtcDtOYW1lPSZhbXA7RW5jcnlwdGVkTWVtYmVySUQ9TkRBeU5BPT0mYW1wO0NhbXBhaWduSUQ9NzcmYW1wO0NhbXBhaWduU3RhdGlzdGljc0lEPTQzJmFtcDtEZW1vPTAmYW1wO0VtYWlsPW1hcmllQHNvbS1jYXAuY29t&Name=&EncryptedMemberID=Mzc2Mw%3D%3D&CampaignID=79&CampaignStatisticsID=45&Demo=0&Email=thomas.otbo@nordea.com HTTP/1.0" 302 0 "-" "Mozilla/4.0 (compatible; MSIE 6.0; Windows NT 5.1; SV1; .NET CLR 1.1.4322; InfoPath.1)"
193.3.225.210 - - [06/Mar/2007:08:15:45 +0000] "GET /oempro/link.php?URL=aHR0cDovL3d3dy5zb20tY2FwLmNvbS9kYXRhLmh0bQ==&Name=&EncryptedMemberID=NDAyNA==&CampaignID=77&CampaignStatisticsID=43&Demo=0&Email=marie@som-cap.com HTTP/1.0" 302 0 "-" "Mozilla/4.0 (compatible; MSIE 6.0; Windows NT 5.1; SV1; .NET CLR 1.1.4322; InfoPath.1)"
193.3.225.210 - - [06/Mar/2007:08:15:45 +0000] "GET /data.htm HTTP/1.0" 200 6628 "-" "Mozilla/4.0 (compatible; MSIE 6.0; Windows NT 5.1; SV1; .NET CLR 1.1.4322; InfoPath.1)"
193.3.225.210 - - [06/Mar/2007:08:15:47 +0000] "GET /images/inbg.jpg HTTP/1.0" 200 32265 "http://www.som-cap.com/data.htm" "Mozilla/4.0 (compatible; MSIE 6.0; Windows NT 5.1; SV1; .NET CLR 1.1.4322; InfoPath.1)"
193.3.225.210 - - [06/Mar/2007:08:15:47 +0000] "GET /styles.css HTTP/1.0" 200 497 "http://www.som-cap.com/data.htm" "Mozilla/4.0 (compatible; MSIE 6.0; Windows NT 5.1; SV1; .NET CLR 1.1.4322; InfoPath.1)"
193.3.225.210 - - [06/Mar/2007:08:15:47 +0000] "GET /images/logo.gif HTTP/1.0" 200 1574 "http://www.som-cap.com/data.htm" "Mozilla/4.0 (compatible; MSIE 6.0; Windows NT 5.1; SV1; .NET CLR 1.1.4322; InfoPath.1)"
213.203.52.18 - - [06/Mar/2007:08:15:52 +0000] "GET /oempro/read.php?EncryptedMemberID=MzUwNA%3D%3D&CampaignID=79&CampaignStatisticsID=45&Demo=0&Email=sah@nbim.no HTTP/1.0" 200 43 "-" "Mozilla/4.0 (compatible; MSIE 6.0; Windows NT 5.0)"
193.3.225.210 - - [06/Mar/2007:08:16:02 +0000] "GET /images/Private%20Equity%20Data%20Service%20Feb%2007.pdf HTTP/1.0" 200 29186 "http://www.som-cap.com/data.htm" "Mozilla/4.0 (compatible; MSIE 6.0; Windows NT 5.1; SV1; .NET CLR 1.1.4322; InfoPath.1)"
83.95.19.114 - - [06/Mar/2007:08:16:08 +0000] "GET /oempro/read.php?EncryptedMemberID=Mjc3Mg%3D%3D&CampaignID=79&CampaignStatisticsID=45&Demo=0&Email=kvo@atp-pep.com HTTP/1.1" 200 55 "-" "Mozilla/4.0 (compatible; MSIE 7.0; Windows NT 5.1; .NET CLR 1.1.4322; .NET CLR 2.0.50727; InfoPath.1)"
195.202.37.22 - - [06/Mar/2007:08:16:11 +0000] "GET /oempro/read.php?EncryptedMemberID=MjQ4MA%3D%3D&CampaignID=79&CampaignStatisticsID=45&Demo=0&Email=j.natrop@aevwl.de HTTP/1.0" 200 43 "-" "Mozilla/4.0 (compatible; MSIE 6.0; Windows NT 5.0; .NET CLR 2.0.50727)"
195.65.220.34 - - [06/Mar/2007:08:16:13 +0000] "GET /oempro/read.php?EncryptedMemberID=MzI4Nw%3D%3D&CampaignID=79&CampaignStatisticsID=45&Demo=0&Email=pnewsome@unigestion.com HTTP/1.1" 200 55 "-" "Mozilla/4.0 (compatible; MSIE 6.0; Windows NT 5.2; SV1; .NET CLR 1.1.4322)"
212.23.228.115 - - [06/Mar/2007:08:16:36 +0000] "GET /oempro/read.php?EncryptedMemberID=MjE4OA%3D%3D&CampaignID=79&CampaignStatisticsID=45&Demo=0&Email=fabrice.roy@mctam.com HTTP/1.1" 200 55 "-" "Mozilla/4.0 (compatible; MSIE 6.0; Windows NT 5.0)"
193.3.225.210 - - [06/Mar/2007:08:16:47 +0000] "GET /biography.htm HTTP/1.0" 200 4087 "http://www.som-cap.com/data.htm" "Mozilla/4.0 (compatible; MSIE 6.0; Windows NT 5.1; SV1; .NET CLR 1.1.4322; InfoPath.1)"
193.3.225.210 - - [06/Mar/2007:08:16:47 +0000] "GET /styles.css HTTP/1.0" 304 - "http://www.som-cap.com/biography.htm" "Mozilla/4.0 (compatible; MSIE 6.0; Windows NT 5.1; SV1; .NET CLR 1.1.4322; InfoPath.1)"
193.3.225.210 - - [06/Mar/2007:08:16:47 +0000] "GET /images/inbg.jpg HTTP/1.0" 304 - "http://www.som-cap.com/biography.htm" "Mozilla/4.0 (compatible; MSIE 6.0; Windows NT 5.1; SV1; .NET CLR 1.1.4322; InfoPath.1)"
193.3.225.210 - - [06/Mar/2007:08:16:47 +0000] "GET /images/logo.gif HTTP/1.0" 304 - "http://www.som-cap.com/biography.htm" "Mozilla/4.0 (compatible; MSIE 6.0; Windows NT 5.1; SV1; .NET CLR 1.1.4322; InfoPath.1)"
193.3.225.210 - - [06/Mar/2007:08:16:47 +0000] "GET /images/James%20Miller-2.jpg HTTP/1.0" 200 7075 "http://www.som-cap.com/biography.htm" "Mozilla/4.0 (compatible; MSIE 6.0; Windows NT 5.1; SV1; .NET CLR 1.1.4322; InfoPath.1)"
213.229.151.49 - - [06/Mar/2007:08:18:51 +0000] "GET /oempro/read.php?EncryptedMemberID=MjE1MQ%3D%3D&CampaignID=79&CampaignStatisticsID=45&Demo=0&Email=elena.flores@winterthur.es HTTP/1.0" 200 43 "-" "Mozilla/4.0 (compatible; MSIE 6.0; Windows NT 5.1; .NET CLR 1.1.4322)"
89.242.12.169 - - [06/Mar/2007:08:19:28 +0000] "GET /oempro/read.php?EncryptedMemberID=MzA1Ng%3D%3D&CampaignID=79&CampaignStatisticsID=45&Demo=0&Email=mtaylor@vcf.co.uk HTTP/1.1" 200 55 "-" "Mozilla/4.0 (compatible; MSIE 6.0; Windows NT 5.1; SV1; .NET CLR 1.1.4322)"
217.175.96.232 - - [06/Mar/2007:08:19:38 +0000] "GET /oempro/read.php?EncryptedMemberID=Mzg1MA%3D%3D&CampaignID=79&CampaignStatisticsID=45&Demo=0&Email=uwe.kettler@helaba.de HTTP/1.1" 200 55 "-" "Mozilla/4.0 (compatible; MSIE 6.0; Windows NT 5.0; .NET CLR 1.1.4322)"
212.49.210.66 - - [06/Mar/2007:08:19:42 +0000] "GET /oempro/read.php?EncryptedMemberID=Mjg2NA%3D%3D&CampaignID=79&CampaignStatisticsID=45&Demo=0&Email=mail@iam.uk.com HTTP/1.1" 200 55 "-" "Mozilla/4.0 (compatible; MSIE 6.0; Windows NT 5.1; SV1; .NET CLR 1.1.4322; .NET CLR 2.0.50727)"
212.49.210.66 - - [06/Mar/2007:08:19:42 +0000] "GET /oempro/read.php?EncryptedMemberID=Mjg2NA%3D%3D&CampaignID=79&CampaignStatisticsID=45&Demo=0&Email=mail@iam.uk.com HTTP/1.1" 200 55 "-" "Mozilla/4.0 (compatible; MSIE 6.0; Windows NT 5.1; SV1; .NET CLR 1.1.4322; .NET CLR 2.0.50727)"
195.65.220.34 - - [06/Mar/2007:08:19:48 +0000] "GET /oempro/read.php?EncryptedMemberID=MzI4Nw%3D%3D&CampaignID=79&CampaignStatisticsID=45&Demo=0&Email=pnewsome@unigestion.com HTTP/1.1" 200 55 "-" "Mozilla/4.0 (compatible; MSIE 6.0; Windows NT 5.2; SV1; .NET CLR 1.1.4322)"
89.242.12.169 - - [06/Mar/2007:08:19:48 +0000] "GET /oempro/read.php?EncryptedMemberID=MzA1Ng%3D%3D&CampaignID=79&CampaignStatisticsID=45&Demo=0&Email=mtaylor@vcf.co.uk HTTP/1.1" 200 55 "-" "Mozilla/4.0 (compatible; MSIE 6.0; Windows NT 5.1; SV1; .NET CLR 1.1.4322)"
217.175.96.232 - - [06/Mar/2007:08:19:49 +0000] "GET /oempro/read.php?EncryptedMemberID=Mzg1MA%3D%3D&CampaignID=79&CampaignStatisticsID=45&Demo=0&Email=uwe.kettler@helaba.de HTTP/1.1" 200 55 "-" "Mozilla/4.0 (compatible; MSIE 6.0; Windows NT 5.0; .NET CLR 1.1.4322)"
89.242.12.169 - - [06/Mar/2007:08:19:49 +0000] "GET /oempro/read.php?EncryptedMemberID=MzA1Ng%3D%3D&CampaignID=79&CampaignStatisticsID=45&Demo=0&Email=mtaylor@vcf.co.uk HTTP/1.1" 200 55 "-" "Mozilla/4.0 (compatible; MSIE 6.0; Windows NT 5.1; SV1; .NET CLR 1.1.4322)"
219.77.82.233 - - [06/Mar/2007:08:20:13 +0000] "GET /oempro/read.php?EncryptedMemberID=MjE2OA%3D%3D&CampaignID=79&CampaignStatisticsID=45&Demo=0&Email=ericchan_oi@yahoo.com HTTP/1.1" 200 55 "-" "Mozilla/4.0 (compatible; MSIE 6.0; Windows NT 5.1; .NET CLR 1.1.4322)"
82.135.125.30 - - [06/Mar/2007:08:20:28 +0000] "GET /oempro/read.php?EncryptedMemberID=MTU2MA%3D%3D&CampaignID=79&CampaignStatisticsID=45&Demo=0&Email=alesia.dawidowicz@vcm.de HTTP/1.0" 200 43 "-" "Mozilla/4.0 (compatible; MSIE 6.0; Windows NT 5.1; SV1; .NET CLR 1.1.4322)"
210.82.88.237 - - [06/Mar/2007:08:20:56 +0000] "GET /oempro/read.php?EncryptedMemberID=Mzg2MA%3D%3D&CampaignID=79&CampaignStatisticsID=45&Demo=0&Email=vcooper@ccapital.com HTTP/1.1" 200 55 "-" "Mozilla/4.0 (compatible; MSIE 7.0; Windows NT 5.1; .NET CLR 1.1.4322; .NET CLR 2.0.50727)"
65.221.3.7 - - [06/Mar/2007:08:22:13 +0000] "GET /oempro/read.php?EncryptedMemberID=MTkwMg%3D%3D&CampaignID=79&CampaignStatisticsID=45&Demo=0&Email=chunter@cambridgeassociates.com HTTP/1.0" 200 43 "-" "Mozilla/4.0 (compatible; Lotus-Notes/5.0; Windows-NT)"
195.202.37.22 - - [06/Mar/2007:08:22:25 +0000] "GET /oempro/read.php?EncryptedMemberID=MjQ4MA%3D%3D&CampaignID=79&CampaignStatisticsID=45&Demo=0&Email=j.natrop@aevwl.de HTTP/1.0" 200 43 "-" "Mozilla/4.0 (compatible; MSIE 6.0; Windows NT 5.0; .NET CLR 2.0.50727)"
212.202.131.124 - - [06/Mar/2007:08:23:12 +0000] "GET /oempro/link.php?URL=aHR0cDovL3d3dy5zb20tY2FwLmNvbS9vZW1wcm8vbGluay5waHA%2FVVJMPWFIUjBjRG92TDNkM2R5NXpiMjB0WTJGd0xtTnZiUzlrWVhSaExtaDBiUT09JmFtcDtOYW1lPSZhbXA7RW5jcnlwdGVkTWVtYmVySUQ9TkRBeU5BPT0mYW1wO0NhbXBhaWduSUQ9NzcmYW1wO0NhbXBhaWduU3RhdGlzdGljc0lEPTQzJmFtcDtEZW1vPTAmYW1wO0VtYWlsPW1hcmllQHNvbS1jYXAuY29t&Name=&EncryptedMemberID=MjE3OQ%3D%3D&CampaignID=79&CampaignStatisticsID=45&Demo=0&Email=ew@camprivateequity.com HTTP/1.1" 302 5 "-" "Mozilla/4.0 (compatible; MSIE 6.0; Windows NT 5.1; SV1; .NET CLR 1.1.4322; .NET CLR 2.0.50727)"
212.202.131.124 - - [06/Mar/2007:08:23:13 +0000] "GET /oempro/link.php?URL=aHR0cDovL3d3dy5zb20tY2FwLmNvbS9kYXRhLmh0bQ==&Name=&EncryptedMemberID=NDAyNA==&CampaignID=77&CampaignStatisticsID=43&Demo=0&Email=marie@som-cap.com HTTP/1.1" 302 5 "-" "Mozilla/4.0 (compatible; MSIE 6.0; Windows NT 5.1; SV1; .NET CLR 1.1.4322; .NET CLR 2.0.50727)"
212.202.131.124 - - [06/Mar/2007:08:23:13 +0000] "GET /data.htm HTTP/1.1" 200 6628 "-" "Mozilla/4.0 (compatible; MSIE 6.0; Windows NT 5.1; SV1; .NET CLR 1.1.4322; .NET CLR 2.0.50727)"
212.202.131.124 - - [06/Mar/2007:08:23:13 +0000] "GET /styles.css HTTP/1.1" 200 497 "http://www.som-cap.com/data.htm" "Mozilla/4.0 (compatible; MSIE 6.0; Windows NT 5.1; SV1; .NET CLR 1.1.4322; .NET CLR 2.0.50727)"
212.202.131.124 - - [06/Mar/2007:08:23:13 +0000] "GET /images/inbg.jpg HTTP/1.1" 200 32265 "http://www.som-cap.com/data.htm" "Mozilla/4.0 (compatible; MSIE 6.0; Windows NT 5.1; SV1; .NET CLR 1.1.4322; .NET CLR 2.0.50727)"
212.202.131.124 - - [06/Mar/2007:08:23:13 +0000] "GET /images/logo.gif HTTP/1.1" 200 1574 "http://www.som-cap.com/data.htm" "Mozilla/4.0 (compatible; MSIE 6.0; Windows NT 5.1; SV1; .NET CLR 1.1.4322; .NET CLR 2.0.50727)"
195.65.220.34 - - [06/Mar/2007:08:23:17 +0000] "GET /oempro/read.php?EncryptedMemberID=MzI4Nw%3D%3D&CampaignID=79&CampaignStatisticsID=45&Demo=0&Email=pnewsome@unigestion.com HTTP/1.1" 200 55 "-" "Mozilla/4.0 (compatible; MSIE 6.0; Windows NT 5.2; SV1; .NET CLR 1.1.4322)"
62.172.72.131 - - [06/Mar/2007:08:23:22 +0000] "GET /oempro/read.php?EncryptedMemberID=Mjg5OA%3D%3D&CampaignID=79&CampaignStatisticsID=45&Demo=0&Email=mark.calnan@eu.watsonwyatt.com HTTP/1.1" 200 55 "-" "Mozilla/4.0 (compatible; MSIE 6.0; Windows NT 5.1; SV1; .NET CLR 1.0.3705; .NET CLR 1.1.4322; .NET CLR 2.0.50727)"
195.141.68.50 - - [06/Mar/2007:08:23:24 +0000] "GET /oempro/read.php?EncryptedMemberID=MTc0MQ%3D%3D&CampaignID=79&CampaignStatisticsID=45&Demo=0&Email=bischoff@scmag.com HTTP/1.1" 200 55 "-" "Mozilla/4.0 (compatible; MSIE 7.0; Windows NT 5.1; .NET CLR 1.1.4322; .NET CLR 2.0.50727)"
212.202.131.124 - - [06/Mar/2007:08:23:33 +0000] "GET /oempro/read.php?EncryptedMemberID=MjE3OQ%3D%3D&CampaignID=79&CampaignStatisticsID=45&Demo=0&Email=ew@camprivateequity.com HTTP/1.1" 200 55 "-" "Mozilla/4.0 (compatible; MSIE 6.0; Windows NT 5.1; SV1; .NET CLR 1.1.4322; .NET CLR 2.0.50727)"
194.6.172.194 - - [06/Mar/2007:08:23:35 +0000] "GET /oempro/read.php?EncryptedMemberID=MzMwMg%3D%3D&CampaignID=79&CampaignStatisticsID=45&Demo=0&Email=pvd@avobone.ch HTTP/1.1" 200 55 "-" "Mozilla/4.0 (compatible; MSIE 7.0; Windows NT 5.1; .NET CLR 1.1.4322)"
81.86.65.21 - - [06/Mar/2007:08:23:39 +0000] "GET /oempro/read.php?EncryptedMemberID=MjY1OQ%3D%3D&CampaignID=79&CampaignStatisticsID=45&Demo=0&Email=jrobinson@middcap.com HTTP/1.1" 200 55 "-" "Mozilla/4.0 (compatible; MSIE 7.0; Windows NT 5.1; .NET CLR 1.1.4322; InfoPath.1)"
194.6.172.194 - - [06/Mar/2007:08:23:40 +0000] "GET /oempro/read.php?EncryptedMemberID=MzMwMg%3D%3D&CampaignID=79&CampaignStatisticsID=45&Demo=0&Email=pvd@avobone.ch HTTP/1.1" 200 55 "-" "Mozilla/4.0 (compatible; MSIE 7.0; Windows NT 5.1; .NET CLR 1.1.4322)"
81.86.65.21 - - [06/Mar/2007:08:23:41 +0000] "GET /oempro/read.php?EncryptedMemberID=Mzg3MA%3D%3D&CampaignID=79&CampaignStatisticsID=45&Demo=0&Email=vincent.chan@jafcoasia.com HTTP/1.1" 200 55 "-" "Mozilla/4.0 (compatible; MSIE 7.0; Windows NT 5.1; .NET CLR 1.1.4322; InfoPath.1)"
194.6.172.194 - - [06/Mar/2007:08:23:41 +0000] "GET /oempro/read.php?EncryptedMemberID=MzMwMg%3D%3D&CampaignID=79&CampaignStatisticsID=45&Demo=0&Email=pvd@avobone.ch HTTP/1.1" 200 55 "-" "Mozilla/4.0 (compatible; MSIE 7.0; Windows NT 5.1; .NET CLR 1.1.4322)"
194.6.172.194 - - [06/Mar/2007:08:23:49 +0000] "GET /oempro/link.php?URL=aHR0cDovL3d3dy5zb20tY2FwLmNvbS9vZW1wcm8vbGluay5waHA/VVJMPWFIUjBjRG92TDNkM2R5NXpiMjB0WTJGd0xtTnZiUzlrWVhSaExtaDBiUT09JmFtcDtOYW1lPSZhbXA7RW5jcnlwdGVkTWVtYmVySUQ9TkRBeU5BPT0mYW1wO0NhbXBhaWduSUQ9NzcmYW1wO0NhbXBhaWduU3RhdGlzdGljc0lEPTQzJmFtcDtEZW1vPTAmYW1wO0VtYWlsPW1hcmllQHNvbS1jYXAuY29t&Name=&EncryptedMemberID=MzMwMg==&CampaignID=79&CampaignStatisticsID=45&Demo=0&Email=pvd@avobone.ch HTTP/1.1" 302 5 "-" "Mozilla/4.0 (compatible; MSIE 7.0; Windows NT 5.1; .NET CLR 1.1.4322)"
194.6.172.194 - - [06/Mar/2007:08:23:50 +0000] "GET /oempro/link.php?URL=aHR0cDovL3d3dy5zb20tY2FwLmNvbS9kYXRhLmh0bQ==&Name=&EncryptedMemberID=NDAyNA==&CampaignID=77&CampaignStatisticsID=43&Demo=0&Email=marie@som-cap.com HTTP/1.1" 302 5 "-" "Mozilla/4.0 (compatible; MSIE 7.0; Windows NT 5.1; .NET CLR 1.1.4322)"
194.6.172.194 - - [06/Mar/2007:08:23:50 +0000] "GET /data.htm HTTP/1.1" 200 6628 "-" "Mozilla/4.0 (compatible; MSIE 7.0; Windows NT 5.1; .NET CLR 1.1.4322)"
194.6.172.194 - - [06/Mar/2007:08:23:50 +0000] "GET /images/logo.gif HTTP/1.1" 200 1574 "http://www.som-cap.com/data.htm" "Mozilla/4.0 (compatible; MSIE 7.0; Windows NT 5.1; .NET CLR 1.1.4322)"
194.6.172.194 - - [06/Mar/2007:08:23:50 +0000] "GET /styles.css HTTP/1.1" 200 497 "http://www.som-cap.com/data.htm" "Mozilla/4.0 (compatible; MSIE 7.0; Windows NT 5.1; .NET CLR 1.1.4322)"
194.6.172.194 - - [06/Mar/2007:08:23:50 +0000] "GET /images/inbg.jpg HTTP/1.1" 200 32265 "http://www.som-cap.com/data.htm" "Mozilla/4.0 (compatible; MSIE 7.0; Windows NT 5.1; .NET CLR 1.1.4322)"
194.6.172.194 - - [06/Mar/2007:08:23:51 +0000] "GET /favicon.ico HTTP/1.1" 404 657 "-" "Mozilla/4.0 (compatible; MSIE 7.0; Windows NT 5.1; .NET CLR 1.1.4322)"
194.6.172.194 - - [06/Mar/2007:08:24:00 +0000] "GET /trackrecord.htm HTTP/1.1" 200 4429 "http://www.som-cap.com/data.htm" "Mozilla/4.0 (compatible; MSIE 7.0; Windows NT 5.1; .NET CLR 1.1.4322)"
195.65.220.34 - - [06/Mar/2007:08:24:00 +0000] "GET /oempro/read.php?EncryptedMemberID=MzI4Nw%3D%3D&CampaignID=79&CampaignStatisticsID=45&Demo=0&Email=pnewsome@unigestion.com HTTP/1.1" 200 55 "-" "Mozilla/4.0 (compatible; MSIE 6.0; Windows NT 5.2; SV1; .NET CLR 1.1.4322)"
194.6.172.194 - - [06/Mar/2007:08:24:01 +0000] "GET /images/6pic.gif HTTP/1.1" 200 9094 "http://www.som-cap.com/trackrecord.htm" "Mozilla/4.0 (compatible; MSIE 7.0; Windows NT 5.1; .NET CLR 1.1.4322)"
194.6.172.194 - - [06/Mar/2007:08:24:01 +0000] "GET /images/5pic.gif HTTP/1.1" 200 9274 "http://www.som-cap.com/trackrecord.htm" "Mozilla/4.0 (compatible; MSIE 7.0; Windows NT 5.1; .NET CLR 1.1.4322)"
194.6.172.194 - - [06/Mar/2007:08:24:01 +0000] "GET /images/4pic.gif HTTP/1.1" 200 10003 "http://www.som-cap.com/trackrecord.htm" "Mozilla/4.0 (compatible; MSIE 7.0; Windows NT 5.1; .NET CLR 1.1.4322)"
194.6.172.194 - - [06/Mar/2007:08:24:01 +0000] "GET /images/3pic.gif HTTP/1.1" 200 10964 "http://www.som-cap.com/trackrecord.htm" "Mozilla/4.0 (compatible; MSIE 7.0; Windows NT 5.1; .NET CLR 1.1.4322)"
194.6.172.194 - - [06/Mar/2007:08:24:01 +0000] "GET /images/2pic.gif HTTP/1.1" 200 10701 "http://www.som-cap.com/trackrecord.htm" "Mozilla/4.0 (compatible; MSIE 7.0; Windows NT 5.1; .NET CLR 1.1.4322)"
194.6.172.194 - - [06/Mar/2007:08:24:01 +0000] "GET /images/1pic.gif HTTP/1.1" 200 12857 "http://www.som-cap.com/trackrecord.htm" "Mozilla/4.0 (compatible; MSIE 7.0; Windows NT 5.1; .NET CLR 1.1.4322)"
194.6.172.194 - - [06/Mar/2007:08:24:03 +0000] "GET /index.htm HTTP/1.1" 200 3426 "http://www.som-cap.com/trackrecord.htm" "Mozilla/4.0 (compatible; MSIE 7.0; Windows NT 5.1; .NET CLR 1.1.4322)"
194.6.172.194 - - [06/Mar/2007:08:24:08 +0000] "GET /background.htm HTTP/1.1" 200 4144 "http://www.som-cap.com/index.htm" "Mozilla/4.0 (compatible; MSIE 7.0; Windows NT 5.1; .NET CLR 1.1.4322)"
194.6.172.194 - - [06/Mar/2007:08:24:12 +0000] "GET /biography.htm HTTP/1.1" 200 4087 "http://www.som-cap.com/background.htm" "Mozilla/4.0 (compatible; MSIE 7.0; Windows NT 5.1; .NET CLR 1.1.4322)"
194.6.172.194 - - [06/Mar/2007:08:24:12 +0000] "GET /images/James%20Miller-2.jpg HTTP/1.1" 200 7075 "http://www.som-cap.com/biography.htm" "Mozilla/4.0 (compatible; MSIE 7.0; Windows NT 5.1; .NET CLR 1.1.4322)"
194.6.172.194 - - [06/Mar/2007:08:24:29 +0000] "GET /contact.htm HTTP/1.1" 200 2786 "http://www.som-cap.com/data.htm" "Mozilla/4.0 (compatible; MSIE 7.0; Windows NT 5.1; .NET CLR 1.1.4322)"
217.33.40.226 - - [06/Mar/2007:08:25:20 +0000] "GET /oempro/read.php?EncryptedMemberID=MzU3Mg%3D%3D&CampaignID=79&CampaignStatisticsID=45&Demo=0&Email=shonap@penrose.co.uk HTTP/1.1" 200 55 "-" "Mozilla/4.0 (compatible; MSIE 6.0; Windows NT 5.1; SV1; .NET CLR 1.1.4322)"
195.6.48.191 - - [06/Mar/2007:08:26:36 +0000] "GET /oempro/read.php?EncryptedMemberID=MzM1Nw%3D%3D&CampaignID=79&CampaignStatisticsID=45&Demo=0&Email=research@hdf-finance.fr HTTP/1.0" 200 43 "-" "Mozilla/4.0 (compatible; Lotus-Notes/6.0; Windows-NT)"
195.6.48.191 - - [06/Mar/2007:08:26:39 +0000] "GET /oempro/read.php?EncryptedMemberID=MzM1Nw%3D%3D&CampaignID=79&CampaignStatisticsID=45&Demo=0&Email=research@hdf-finance.fr HTTP/1.0" 200 43 "-" "Mozilla/4.0 (compatible; Lotus-Notes/6.0; Windows-NT)"
83.95.19.114 - - [06/Mar/2007:08:27:26 +0000] "GET /oempro/read.php?EncryptedMemberID=Mjc3Mg%3D%3D&CampaignID=79&CampaignStatisticsID=45&Demo=0&Email=kvo@atp-pep.com HTTP/1.1" 200 55 "-" "Mozilla/4.0 (compatible; MSIE 7.0; Windows NT 5.1; .NET CLR 1.1.4322; .NET CLR 2.0.50727; InfoPath.1)"
