71.16.107.82 - - [05/Mar/2007:19:46:52 +0000] "GET /oempro/read.php?EncryptedMemberID=MjEzMg%3D%3D&CampaignID=79&CampaignStatisticsID=45&Demo=0&Email=edehm@square1bank.com HTTP/1.0" 200 43 "-" "Mozilla/4.0 (compatible; MSIE 6.0; Windows NT 5.1; SV1; .NET CLR 1.1.4322; .NET CLR 2.0.50727)"
203.86.84.225 - - [05/Mar/2007:19:47:36 +0000] "GET /oempro/read.php?EncryptedMemberID=Mjc5Mg%3D%3D&CampaignID=79&CampaignStatisticsID=45&Demo=0&Email=lawrence@gobivc.com HTTP/1.1" 200 55 "-" "Mozilla/4.0 (compatible; MSIE 6.0; Windows NT 5.1; SV1)"
203.86.84.225 - - [05/Mar/2007:19:47:36 +0000] "GET /oempro/read.php?EncryptedMemberID=Mjc5Mg%3D%3D&CampaignID=79&CampaignStatisticsID=45&Demo=0&Email=lawrence@gobivc.com HTTP/1.1" 200 55 "-" "Mozilla/4.0 (compatible; MSIE 6.0; Windows NT 5.1; SV1)"
203.86.84.225 - - [05/Mar/2007:19:47:45 +0000] "GET /oempro/read.php?EncryptedMemberID=Mjc5Mg%3D%3D&CampaignID=79&CampaignStatisticsID=45&Demo=0&Email=lawrence@gobivc.com HTTP/1.1" 200 55 "-" "Mozilla/4.0 (compatible; MSIE 6.0; Windows NT 5.1; SV1)"
193.178.168.100 - - [05/Mar/2007:19:47:58 +0000] "GET /oempro/read.php?EncryptedMemberID=MjgzNQ%3D%3D&CampaignID=79&CampaignStatisticsID=45&Demo=0&Email=lrossi@euronetworldwide.com HTTP/1.0" 200 43 "-" "Mozilla/4.0 (compatible; MSIE 6.0; Windows NT 5.1; SV1; .NET CLR 1.1.4322)"
193.178.168.100 - - [05/Mar/2007:19:47:58 +0000] "GET /oempro/read.php?EncryptedMemberID=MjgzNQ%3D%3D&CampaignID=79&CampaignStatisticsID=45&Demo=0&Email=lrossi@euronetworldwide.com HTTP/1.0" 200 43 "-" "Mozilla/4.0 (compatible; MSIE 6.0; Windows NT 5.1; SV1; .NET CLR 1.1.4322)"
72.165.241.194 - - [05/Mar/2007:19:47:58 +0000] "GET /oempro/read.php?EncryptedMemberID=MjY2MA%3D%3D&CampaignID=79&CampaignStatisticsID=45&Demo=0&Email=js@northgatecapital.com HTTP/1.1" 200 55 "-" "Mozilla/4.0 (compatible; MSIE 7.0; Windows NT 5.1; .NET CLR 1.1.4322; .NET CLR 2.0.50727; InfoPath.1)"
69.249.81.81 - - [05/Mar/2007:19:48:24 +0000] "GET /oempro/link.php?URL=aHR0cDovL3d3dy5zb20tY2FwLmNvbS9vZW1wcm8vbGluay5waHA/VVJMPWFIUjBjRG92TDNkM2R5NXpiMjB0WTJGd0xtTnZiUzg9JmFtcDtOYW1lPSZhbXA7RW5jcnlwdGVkTWVtYmVySUQ9TkRBeU5BPT0mYW1wO0NhbXBhaWduSUQ9NzcmYW1wO0NhbXBhaWduU3RhdGlzdGljc0lEPTQzJmFtcDtEZW1vPTAmYW1wO0VtYWlsPW1hcmllQHNvbS1jYXAuY29t&Name=&EncryptedMemberID=MTU5Mw==&CampaignID=79&CampaignStatisticsID=45&Demo=0&Email=amit@entrepia.com HTTP/1.1" 302 5 "-" "Mozilla/4.0 (compatible; MSIE 7.0; Windows NT 5.1; .NET CLR 1.1.4322)"
69.249.81.81 - - [05/Mar/2007:19:48:26 +0000] "GET /oempro/link.php?URL=aHR0cDovL3d3dy5zb20tY2FwLmNvbS8=&Name=&EncryptedMemberID=NDAyNA==&CampaignID=77&CampaignStatisticsID=43&Demo=0&Email=marie@som-cap.com HTTP/1.1" 302 5 "-" "Mozilla/4.0 (compatible; MSIE 7.0; Windows NT 5.1; .NET CLR 1.1.4322)"
69.249.81.81 - - [05/Mar/2007:19:48:27 +0000] "GET / HTTP/1.1" 200 3426 "-" "Mozilla/4.0 (compatible; MSIE 7.0; Windows NT 5.1; .NET CLR 1.1.4322)"
69.249.81.81 - - [05/Mar/2007:19:48:41 +0000] "GET /oempro/link.php?URL=aHR0cDovL3d3dy5zb20tY2FwLmNvbS9vZW1wcm8vbGluay5waHA/VVJMPWFIUjBjRG92TDNkM2R5NXpiMjB0WTJGd0xtTnZiUzg9JmFtcDtOYW1lPSZhbXA7RW5jcnlwdGVkTWVtYmVySUQ9TkRBeU5BPT0mYW1wO0NhbXBhaWduSUQ9NzcmYW1wO0NhbXBhaWduU3RhdGlzdGljc0lEPTQzJmFtcDtEZW1vPTAmYW1wO0VtYWlsPW1hcmllQHNvbS1jYXAuY29t&Name=&EncryptedMemberID=MTU5Mw==&CampaignID=79&CampaignStatisticsID=45&Demo=0&Email=amit@entrepia.com HTTP/1.1" 302 5 "-" "Mozilla/4.0 (compatible; MSIE 7.0; Windows NT 5.1; .NET CLR 1.1.4322)"
69.249.81.81 - - [05/Mar/2007:19:48:42 +0000] "GET /oempro/link.php?URL=aHR0cDovL3d3dy5zb20tY2FwLmNvbS8=&Name=&EncryptedMemberID=NDAyNA==&CampaignID=77&CampaignStatisticsID=43&Demo=0&Email=marie@som-cap.com HTTP/1.1" 302 5 "-" "Mozilla/4.0 (compatible; MSIE 7.0; Windows NT 5.1; .NET CLR 1.1.4322)"
69.249.81.81 - - [05/Mar/2007:19:48:43 +0000] "GET / HTTP/1.1" 200 3426 "-" "Mozilla/4.0 (compatible; MSIE 7.0; Windows NT 5.1; .NET CLR 1.1.4322)"
69.249.81.81 - - [05/Mar/2007:19:48:43 +0000] "GET /styles.css HTTP/1.1" 200 497 "http://www.som-cap.com/" "Mozilla/4.0 (compatible; MSIE 7.0; Windows NT 5.1; .NET CLR 1.1.4322)"
69.249.81.81 - - [05/Mar/2007:19:48:43 +0000] "GET /images/inbg.jpg HTTP/1.1" 200 32265 "http://www.som-cap.com/" "Mozilla/4.0 (compatible; MSIE 7.0; Windows NT 5.1; .NET CLR 1.1.4322)"
69.249.81.81 - - [05/Mar/2007:19:48:43 +0000] "GET /images/logo.gif HTTP/1.1" 200 1574 "http://www.som-cap.com/" "Mozilla/4.0 (compatible; MSIE 7.0; Windows NT 5.1; .NET CLR 1.1.4322)"
12.14.2.25 - - [05/Mar/2007:19:48:43 +0000] "GET /oempro/read.php?EncryptedMemberID=Mjg5MQ%3D%3D&CampaignID=79&CampaignStatisticsID=45&Demo=0&Email=mardirossian@kohlberg.com HTTP/1.1" 200 55 "-" "Mozilla/4.0 (compatible; MSIE 6.0; Windows NT 5.1; SV1; .NET CLR 1.1.4322)"
69.249.81.81 - - [05/Mar/2007:19:48:44 +0000] "GET /favicon.ico HTTP/1.1" 404 657 "-" "Mozilla/4.0 (compatible; MSIE 7.0; Windows NT 5.1; .NET CLR 1.1.4322)"
69.249.81.81 - - [05/Mar/2007:19:48:49 +0000] "GET /biography.htm HTTP/1.1" 200 4087 "http://www.som-cap.com/" "Mozilla/4.0 (compatible; MSIE 7.0; Windows NT 5.1; .NET CLR 1.1.4322)"
69.249.81.81 - - [05/Mar/2007:19:48:50 +0000] "GET /images/James%20Miller-2.jpg HTTP/1.1" 200 7075 "http://www.som-cap.com/biography.htm" "Mozilla/4.0 (compatible; MSIE 7.0; Windows NT 5.1; .NET CLR 1.1.4322)"
65.205.246.194 - - [05/Mar/2007:19:49:03 +0000] "GET /oempro/read.php?EncryptedMemberID=MjQxMw%3D%3D&CampaignID=79&CampaignStatisticsID=45&Demo=0&Email=hjones@offithall.com HTTP/1.1" 200 55 "-" "Mozilla/4.0 (compatible; MSIE 6.0; Windows NT 5.1; SV1; .NET CLR 1.1.4322; .NET CLR 2.0.50727; InfoPath.1)"
69.249.81.81 - - [05/Mar/2007:19:49:08 +0000] "GET /trackrecord.htm HTTP/1.1" 200 4429 "http://www.som-cap.com/biography.htm" "Mozilla/4.0 (compatible; MSIE 7.0; Windows NT 5.1; .NET CLR 1.1.4322)"
69.249.81.81 - - [05/Mar/2007:19:49:08 +0000] "GET /images/5pic.gif HTTP/1.1" 200 9274 "http://www.som-cap.com/trackrecord.htm" "Mozilla/4.0 (compatible; MSIE 7.0; Windows NT 5.1; .NET CLR 1.1.4322)"
69.249.81.81 - - [05/Mar/2007:19:49:08 +0000] "GET /images/6pic.gif HTTP/1.1" 200 9094 "http://www.som-cap.com/trackrecord.htm" "Mozilla/4.0 (compatible; MSIE 7.0; Windows NT 5.1; .NET CLR 1.1.4322)"
69.249.81.81 - - [05/Mar/2007:19:49:09 +0000] "GET /images/4pic.gif HTTP/1.1" 200 10003 "http://www.som-cap.com/trackrecord.htm" "Mozilla/4.0 (compatible; MSIE 7.0; Windows NT 5.1; .NET CLR 1.1.4322)"
69.249.81.81 - - [05/Mar/2007:19:49:09 +0000] "GET /images/3pic.gif HTTP/1.1" 200 10964 "http://www.som-cap.com/trackrecord.htm" "Mozilla/4.0 (compatible; MSIE 7.0; Windows NT 5.1; .NET CLR 1.1.4322)"
69.249.81.81 - - [05/Mar/2007:19:49:09 +0000] "GET /images/2pic.gif HTTP/1.1" 200 10701 "http://www.som-cap.com/trackrecord.htm" "Mozilla/4.0 (compatible; MSIE 7.0; Windows NT 5.1; .NET CLR 1.1.4322)"
69.249.81.81 - - [05/Mar/2007:19:49:09 +0000] "GET /images/1pic.gif HTTP/1.1" 200 12857 "http://www.som-cap.com/trackrecord.htm" "Mozilla/4.0 (compatible; MSIE 7.0; Windows NT 5.1; .NET CLR 1.1.4322)"
205.158.144.90 - - [05/Mar/2007:19:49:58 +0000] "GET /oempro/read.php?EncryptedMemberID=Mjk1MA%3D%3D&CampaignID=79&CampaignStatisticsID=45&Demo=0&Email=mbronfein@sterlingpartners.us HTTP/1.1" 200 55 "-" "Mozilla/4.0 (compatible; MSIE 6.0; Windows NT 5.1; SV1; .NET CLR 1.1.4322)"
86.141.60.116 - - [05/Mar/2007:19:50:02 +0000] "GET /oempro/read.php?EncryptedMemberID=MTk3OA%3D%3D&CampaignID=79&CampaignStatisticsID=45&Demo=0&Email=david.alexander@ironbridgecp.com HTTP/1.1" 200 55 "-" "Mozilla/4.0 (compatible; MSIE 7.0; Windows NT 5.1; .NET CLR 1.1.4322)"
205.158.144.90 - - [05/Mar/2007:19:50:19 +0000] "GET /oempro/read.php?EncryptedMemberID=Mjk1MA%3D%3D&CampaignID=79&CampaignStatisticsID=45&Demo=0&Email=mbronfein@sterlingpartners.us HTTP/1.1" 200 55 "-" "Mozilla/4.0 (compatible; MSIE 6.0; Windows NT 5.1; SV1; .NET CLR 1.1.4322)"
65.205.246.194 - - [05/Mar/2007:19:50:23 +0000] "GET /oempro/read.php?EncryptedMemberID=MjQxMw%3D%3D&CampaignID=79&CampaignStatisticsID=45&Demo=0&Email=hjones@offithall.com HTTP/1.1" 200 55 "-" "Mozilla/4.0 (compatible; MSIE 6.0; Windows NT 5.1; SV1; .NET CLR 1.1.4322; .NET CLR 2.0.50727; InfoPath.1)"
65.205.246.194 - - [05/Mar/2007:19:50:43 +0000] "GET /oempro/read.php?EncryptedMemberID=MjQxMw%3D%3D&CampaignID=79&CampaignStatisticsID=45&Demo=0&Email=hjones@offithall.com HTTP/1.1" 200 55 "-" "Mozilla/4.0 (compatible; MSIE 6.0; Windows NT 5.1; SV1; .NET CLR 1.1.4322; .NET CLR 2.0.50727; InfoPath.1)"
71.249.251.53 - - [05/Mar/2007:19:50:55 +0000] "GET /oempro/read.php?EncryptedMemberID=MTgyMA%3D%3D&CampaignID=79&CampaignStatisticsID=45&Demo=0&Email=carr@vcfa.com HTTP/1.1" 200 55 "-" "Mozilla/5.0 (Macintosh; U; PPC Mac OS X; en) AppleWebKit/416.11 (KHTML, like Gecko)"
205.158.144.90 - - [05/Mar/2007:19:50:56 +0000] "GET /oempro/read.php?EncryptedMemberID=Mjk1MA%3D%3D&CampaignID=79&CampaignStatisticsID=45&Demo=0&Email=mbronfein@sterlingpartners.us HTTP/1.1" 200 55 "-" "Mozilla/4.0 (compatible; MSIE 6.0; Windows NT 5.1; SV1; .NET CLR 1.1.4322)"
71.249.251.53 - - [05/Mar/2007:19:51:02 +0000] "GET /oempro/read.php?EncryptedMemberID=MTgyMA%3D%3D&CampaignID=79&CampaignStatisticsID=45&Demo=0&Email=carr@vcfa.com HTTP/1.1" 200 55 "-" "Mozilla/5.0 (Macintosh; U; PPC Mac OS X; en) AppleWebKit/416.11 (KHTML, like Gecko)"
165.236.130.98 - - [05/Mar/2007:19:51:06 +0000] "GET /oempro/read.php?EncryptedMemberID=MjU4OQ%3D%3D&CampaignID=79&CampaignStatisticsID=45&Demo=0&Email=jmichael@peppertreefund.com HTTP/1.1" 200 55 "-" "Mozilla/4.0 (compatible; MSIE 7.0; Windows NT 5.1; .NET CLR 1.0.3705; .NET CLR 1.1.4322)"
12.42.44.66 - - [05/Mar/2007:19:51:06 +0000] "GET /oempro/link.php?URL=aHR0cDovL3d3dy5zb20tY2FwLmNvbS9vZW1wcm8vbGluay5waHA%2FVVJMPWFIUjBjRG92TDNkM2R5NXpiMjB0WTJGd0xtTnZiUzlrWVhSaExtaDBiUT09JmFtcDtOYW1lPSZhbXA7RW5jcnlwdGVkTWVtYmVySUQ9TkRBeU5BPT0mYW1wO0NhbXBhaWduSUQ9NzcmYW1wO0NhbXBhaWduU3RhdGlzdGljc0lEPTQzJmFtcDtEZW1vPTAmYW1wO0VtYWlsPW1hcmllQHNvbS1jYXAuY29t&Name=&EncryptedMemberID=MjU3OQ%3D%3D&CampaignID=79&CampaignStatisticsID=45&Demo=0&Email=jlb@cpeaton.com HTTP/1.1" 302 5 "-" "Mozilla/4.0 (compatible; MSIE 6.0; Windows NT 5.1; SV1; .NET CLR 1.1.4322)"
12.42.44.66 - - [05/Mar/2007:19:51:08 +0000] "GET /oempro/link.php?URL=aHR0cDovL3d3dy5zb20tY2FwLmNvbS9kYXRhLmh0bQ==&Name=&EncryptedMemberID=NDAyNA==&CampaignID=77&CampaignStatisticsID=43&Demo=0&Email=marie@som-cap.com HTTP/1.1" 302 5 "-" "Mozilla/4.0 (compatible; MSIE 6.0; Windows NT 5.1; SV1; .NET CLR 1.1.4322)"
67.153.236.172 - - [05/Mar/2007:19:51:09 +0000] "GET /oempro/read.php?EncryptedMemberID=MjA5NQ%3D%3D&CampaignID=79&CampaignStatisticsID=45&Demo=0&Email=dposner@cambridgecapital.com HTTP/1.1" 200 55 "-" "Mozilla/4.0 (compatible; MSIE 6.0; Windows NT 5.1; SV1; .NET CLR 1.1.4322)"
12.42.44.66 - - [05/Mar/2007:19:51:09 +0000] "GET /data.htm HTTP/1.1" 200 6628 "-" "Mozilla/4.0 (compatible; MSIE 6.0; Windows NT 5.1; SV1; .NET CLR 1.1.4322)"
12.42.44.66 - - [05/Mar/2007:19:51:09 +0000] "GET /styles.css HTTP/1.1" 200 497 "-" "Mozilla/4.0 (compatible; MSIE 6.0; Windows NT 5.1; SV1; .NET CLR 1.1.4322)"
12.42.44.66 - - [05/Mar/2007:19:51:09 +0000] "GET /images/inbg.jpg HTTP/1.1" 200 32265 "-" "Mozilla/4.0 (compatible; MSIE 6.0; Windows NT 5.1; SV1; .NET CLR 1.1.4322)"
12.42.44.66 - - [05/Mar/2007:19:51:09 +0000] "GET /images/logo.gif HTTP/1.1" 200 1574 "-" "Mozilla/4.0 (compatible; MSIE 6.0; Windows NT 5.1; SV1; .NET CLR 1.1.4322)"
67.153.236.172 - - [05/Mar/2007:19:51:11 +0000] "GET /oempro/read.php?EncryptedMemberID=MjA5NQ%3D%3D&CampaignID=79&CampaignStatisticsID=45&Demo=0&Email=dposner@cambridgecapital.com HTTP/1.1" 200 55 "-" "Mozilla/4.0 (compatible; MSIE 6.0; Windows NT 5.1; SV1; .NET CLR 1.1.4322)"
12.42.44.66 - - [05/Mar/2007:19:51:13 +0000] "GET /images/Private%20Equity%20Data%20Service%20Feb%2007.pdf HTTP/1.1" 200 29186 "-" "Mozilla/4.0 (compatible; MSIE 6.0; Windows NT 5.1; SV1; .NET CLR 1.1.4322)"
12.42.44.66 - - [05/Mar/2007:19:51:13 +0000] "GET /images/Private%20Equity%20Data%20Service%20Feb%2007.pdf HTTP/1.1" 206 28120 "-" "Mozilla/4.0 (compatible; MSIE 6.0; Windows NT 5.1; SV1; .NET CLR 1.1.4322)"
71.249.251.53 - - [05/Mar/2007:19:51:16 +0000] "GET /oempro/link.php?URL=aHR0cDovL3d3dy5zb20tY2FwLmNvbS9vZW1wcm8vbGluay5waHA%2FVVJMPWFIUjBjRG92TDNkM2R5NXpiMjB0WTJGd0xtTnZiUzlrWVhSaExtaDBiUT09JmFtcDtOYW1lPSZhbXA7RW5jcnlwdGVkTWVtYmVySUQ9TkRBeU5BPT0mYW1wO0NhbXBhaWduSUQ9NzcmYW1wO0NhbXBhaWduU3RhdGlzdGljc0lEPTQzJmFtcDtEZW1vPTAmYW1wO0VtYWlsPW1hcmllQHNvbS1jYXAuY29t&Name=&EncryptedMemberID=MTgyMA%3D%3D&CampaignID=79&CampaignStatisticsID=45&Demo=0&Email=carr@vcfa.com HTTP/1.1" 302 5 "-" "Mozilla/4.0 (compatible; MSIE 5.23; Mac_PowerPC)"
71.249.251.53 - - [05/Mar/2007:19:51:18 +0000] "GET /oempro/link.php?URL=aHR0cDovL3d3dy5zb20tY2FwLmNvbS9kYXRhLmh0bQ==&Name=&EncryptedMemberID=NDAyNA==&CampaignID=77&CampaignStatisticsID=43&Demo=0&Email=marie@som-cap.com HTTP/1.1" 302 5 "http://www.som-cap.com/oempro/link.php?URL=aHR0cDovL3d3dy5zb20tY2FwLmNvbS9vZW1wcm8vbGluay5waHA%2FVVJMPWFIUjBjRG92TDNkM2R5NXpiMjB0WTJGd0xtTnZiUzlrWVhSaExtaDBiUT09JmFtcDtOYW1lPSZhbXA7RW5jcnlwdGVkTWVtYmVySUQ9TkRBeU5BPT0mYW1wO0NhbXBhaWduSUQ9NzcmYW1wO0NhbXBhaWduU3RhdGlzdGljc0lEPTQzJmFtcDtEZW1vPTAmYW1wO0VtYWlsPW1hcmllQHNvbS1jYXAuY29t&Name=&EncryptedMemberID=MTgyMA%3D%3D&CampaignID=79&CampaignStatisticsID=45&Demo=0&Email=carr@vcfa.com" "Mozilla/4.0 (compatible; MSIE 5.23; Mac_PowerPC)"
71.249.251.53 - - [05/Mar/2007:19:51:19 +0000] "GET /data.htm HTTP/1.1" 200 6628 "http://www.som-cap.com/oempro/link.php?URL=aHR0cDovL3d3dy5zb20tY2FwLmNvbS9kYXRhLmh0bQ==&Name=&EncryptedMemberID=NDAyNA==&CampaignID=77&CampaignStatisticsID=43&Demo=0&Email=marie@som-cap.com" "Mozilla/4.0 (compatible; MSIE 5.23; Mac_PowerPC)"
165.236.130.98 - - [05/Mar/2007:19:51:19 +0000] "GET /oempro/read.php?EncryptedMemberID=MjU4OQ%3D%3D&CampaignID=79&CampaignStatisticsID=45&Demo=0&Email=jmichael@peppertreefund.com HTTP/1.1" 200 55 "-" "Mozilla/4.0 (compatible; MSIE 7.0; Windows NT 5.1; .NET CLR 1.0.3705; .NET CLR 1.1.4322)"
71.249.251.53 - - [05/Mar/2007:19:51:19 +0000] "GET /styles.css HTTP/1.1" 200 497 "http://www.som-cap.com/data.htm" "Mozilla/4.0 (compatible; MSIE 5.23; Mac_PowerPC)"
71.249.251.53 - - [05/Mar/2007:19:51:19 +0000] "GET /images/inbg.jpg HTTP/1.1" 200 32265 "http://www.som-cap.com/data.htm" "Mozilla/4.0 (compatible; MSIE 5.23; Mac_PowerPC)"
71.249.251.53 - - [05/Mar/2007:19:51:20 +0000] "GET /images/logo.gif HTTP/1.1" 200 1574 "http://www.som-cap.com/data.htm" "Mozilla/4.0 (compatible; MSIE 5.23; Mac_PowerPC)"
65.205.246.194 - - [05/Mar/2007:19:51:24 +0000] "GET /oempro/read.php?EncryptedMemberID=MjQxMw%3D%3D&CampaignID=79&CampaignStatisticsID=45&Demo=0&Email=hjones@offithall.com HTTP/1.1" 200 55 "-" "Mozilla/4.0 (compatible; MSIE 6.0; Windows NT 5.1; SV1; .NET CLR 1.1.4322; InfoPath.1)"
71.249.251.53 - - [05/Mar/2007:19:51:30 +0000] "GET /images/Private%20Equity%20Data%20Service%20Feb%2007.pdf HTTP/1.1" 200 29186 "http://www.som-cap.com/data.htm" "Mozilla/4.0 (compatible; MSIE 5.23; Mac_PowerPC)"
165.236.130.98 - - [05/Mar/2007:19:51:33 +0000] "GET /oempro/read.php?EncryptedMemberID=MjU4OQ%3D%3D&CampaignID=79&CampaignStatisticsID=45&Demo=0&Email=jmichael@peppertreefund.com HTTP/1.1" 200 55 "-" "Mozilla/4.0 (compatible; MSIE 7.0; Windows NT 5.1; .NET CLR 1.0.3705; .NET CLR 1.1.4322)"
12.2.137.21 - - [05/Mar/2007:19:51:44 +0000] "GET /oempro/read.php?EncryptedMemberID=Mjk3Mg%3D%3D&CampaignID=79&CampaignStatisticsID=45&Demo=0&Email=mfranke@macfdn.org HTTP/1.1" 200 55 "-" "Mozilla/4.0 (compatible; MSIE 6.0; Windows NT 5.1; SV1; .NET CLR 1.1.4322; InfoPath.1)"
71.249.251.53 - - [05/Mar/2007:19:52:03 +0000] "GET /biography.htm HTTP/1.1" 200 4087 "http://www.som-cap.com/data.htm" "Mozilla/4.0 (compatible; MSIE 5.23; Mac_PowerPC)"
67.107.55.98 - - [05/Mar/2007:19:52:09 +0000] "GET /oempro/read.php?EncryptedMemberID=MjgzNA%3D%3D&CampaignID=79&CampaignStatisticsID=45&Demo=0&Email=lremer@sterlingpartners.us HTTP/1.1" 200 55 "-" "Mozilla/4.0 (compatible; MSIE 6.0; Windows NT 5.1; SV1; .NET CLR 1.1.4322; InfoPath.1)"
71.249.251.53 - - [05/Mar/2007:19:52:09 +0000] "GET /images/James%20Miller-2.jpg HTTP/1.1" 200 7075 "http://www.som-cap.com/biography.htm" "Mozilla/4.0 (compatible; MSIE 5.23; Mac_PowerPC)"
67.107.55.98 - - [05/Mar/2007:19:52:10 +0000] "GET /oempro/read.php?EncryptedMemberID=MjgzNA%3D%3D&CampaignID=79&CampaignStatisticsID=45&Demo=0&Email=lremer@sterlingpartners.us HTTP/1.1" 200 55 "-" "Mozilla/4.0 (compatible; MSIE 6.0; Windows NT 5.1; SV1; .NET CLR 1.1.4322; InfoPath.1)"
12.42.44.66 - - [05/Mar/2007:19:52:13 +0000] "GET /oempro/read.php?EncryptedMemberID=MjU3OQ%3D%3D&CampaignID=79&CampaignStatisticsID=45&Demo=0&Email=jlb@cpeaton.com HTTP/1.1" 200 55 "-" "Mozilla/4.0 (compatible; MSIE 6.0; Windows NT 5.1; SV1; .NET CLR 1.1.4322)"
62.172.72.131 - - [05/Mar/2007:19:52:33 +0000] "GET /oempro/read.php?EncryptedMemberID=Mjg5OA%3D%3D&CampaignID=79&CampaignStatisticsID=45&Demo=0&Email=mark.calnan@eu.watsonwyatt.com HTTP/1.1" 200 55 "-" "Mozilla/4.0 (compatible; MSIE 6.0; Windows NT 5.1; SV1; .NET CLR 1.0.3705; .NET CLR 1.1.4322)"
216.95.215.88 - - [05/Mar/2007:19:52:38 +0000] "GET /oempro/read.php?EncryptedMemberID=MjE0Mw%3D%3D&CampaignID=79&CampaignStatisticsID=45&Demo=0&Email=ehershberg@oncap.com HTTP/1.1" 200 55 "-" "Mozilla/4.0 (compatible; MSIE 6.0; Windows NT 5.1; SV1; .NET CLR 1.1.4322; .NET CLR 2.0.50727)"
12.42.44.66 - - [05/Mar/2007:19:52:38 +0000] "GET /oempro/read.php?EncryptedMemberID=MjU3OQ%3D%3D&CampaignID=79&CampaignStatisticsID=45&Demo=0&Email=jlb@cpeaton.com HTTP/1.1" 200 55 "-" "Mozilla/4.0 (compatible; MSIE 6.0; Windows NT 5.1; SV1; .NET CLR 1.1.4322)"
12.42.44.66 - - [05/Mar/2007:19:52:55 +0000] "GET /oempro/read.php?EncryptedMemberID=MjU3OQ%3D%3D&CampaignID=79&CampaignStatisticsID=45&Demo=0&Email=jlb@cpeaton.com HTTP/1.1" 200 55 "-" "Mozilla/4.0 (compatible; MSIE 6.0; Windows NT 5.1; SV1; .NET CLR 1.1.4322)"
63.237.147.10 - - [05/Mar/2007:19:53:38 +0000] "GET /oempro/read.php?EncryptedMemberID=MjY5MQ%3D%3D&CampaignID=79&CampaignStatisticsID=45&Demo=0&Email=jwender@castleharlan.com HTTP/1.1" 200 55 "-" "Mozilla/4.0 (compatible; MSIE 7.0; Windows NT 5.1; .NET CLR 1.1.4322; InfoPath.1; .NET CLR 2.0.50727; IEMB3; IEMB3)"
62.172.72.131 - - [05/Mar/2007:19:53:55 +0000] "GET /oempro/read.php?EncryptedMemberID=Mjg5OA%3D%3D&CampaignID=79&CampaignStatisticsID=45&Demo=0&Email=mark.calnan@eu.watsonwyatt.com HTTP/1.1" 200 55 "-" "Mozilla/4.0 (compatible; MSIE 6.0; Windows NT 5.1; SV1; .NET CLR 1.0.3705; .NET CLR 1.1.4322)"
64.164.193.186 - - [05/Mar/2007:19:54:10 +0000] "GET /oempro/read.php?EncryptedMemberID=Mjk4MA%3D%3D&CampaignID=79&CampaignStatisticsID=45&Demo=0&Email=mhb@igpequity.com HTTP/1.1" 200 55 "-" "Mozilla/4.0 (compatible; MSIE 7.0; Windows NT 5.1; .NET CLR 1.1.4322)"
64.164.193.186 - - [05/Mar/2007:19:54:34 +0000] "GET /oempro/link.php?URL=aHR0cDovL3d3dy5zb20tY2FwLmNvbS9vZW1wcm8vbGluay5waHA%2FVVJMPWFIUjBjRG92TDNkM2R5NXpiMjB0WTJGd0xtTnZiUzlrWVhSaExtaDBiUT09JmFtcDtOYW1lPSZhbXA7RW5jcnlwdGVkTWVtYmVySUQ9TkRBeU5BPT0mYW1wO0NhbXBhaWduSUQ9NzcmYW1wO0NhbXBhaWduU3RhdGlzdGljc0lEPTQzJmFtcDtEZW1vPTAmYW1wO0VtYWlsPW1hcmllQHNvbS1jYXAuY29t&Name=&EncryptedMemberID=Mjk4MA%3D%3D&CampaignID=79&CampaignStatisticsID=45&Demo=0&Email=mhb@igpequity.com HTTP/1.1" 302 5 "-" "Mozilla/4.0 (compatible; MSIE 7.0; Windows NT 5.1; .NET CLR 1.1.4322)"
64.164.193.186 - - [05/Mar/2007:19:54:38 +0000] "GET /oempro/link.php?URL=aHR0cDovL3d3dy5zb20tY2FwLmNvbS9kYXRhLmh0bQ==&Name=&EncryptedMemberID=NDAyNA==&CampaignID=77&CampaignStatisticsID=43&Demo=0&Email=marie@som-cap.com HTTP/1.1" 302 5 "-" "Mozilla/4.0 (compatible; MSIE 7.0; Windows NT 5.1; .NET CLR 1.1.4322)"
64.164.193.186 - - [05/Mar/2007:19:54:38 +0000] "GET /data.htm HTTP/1.1" 200 6628 "-" "Mozilla/4.0 (compatible; MSIE 7.0; Windows NT 5.1; .NET CLR 1.1.4322)"
64.164.193.186 - - [05/Mar/2007:19:54:39 +0000] "GET /images/inbg.jpg HTTP/1.1" 200 32265 "http://www.som-cap.com/data.htm" "Mozilla/4.0 (compatible; MSIE 7.0; Windows NT 5.1; .NET CLR 1.1.4322)"
64.164.193.186 - - [05/Mar/2007:19:54:39 +0000] "GET /images/logo.gif HTTP/1.1" 200 1574 "http://www.som-cap.com/data.htm" "Mozilla/4.0 (compatible; MSIE 7.0; Windows NT 5.1; .NET CLR 1.1.4322)"
64.164.193.186 - - [05/Mar/2007:19:54:40 +0000] "GET /styles.css HTTP/1.1" 200 497 "http://www.som-cap.com/data.htm" "Mozilla/4.0 (compatible; MSIE 7.0; Windows NT 5.1; .NET CLR 1.1.4322)"
64.164.193.186 - - [05/Mar/2007:19:54:43 +0000] "GET /favicon.ico HTTP/1.1" 404 657 "-" "Mozilla/4.0 (compatible; MSIE 7.0; Windows NT 5.1; .NET CLR 1.1.4322)"
208.244.46.5 - - [05/Mar/2007:19:54:46 +0000] "GET /oempro/read.php?EncryptedMemberID=MzAyNg%3D%3D&CampaignID=79&CampaignStatisticsID=45&Demo=0&Email=mkane@caltius.com HTTP/1.1" 200 55 "-" "Mozilla/4.0 (compatible; MSIE 6.0; Windows NT 5.1; SV1; .NET CLR 1.1.4322; .NET CLR 2.0.50727)"
64.164.193.186 - - [05/Mar/2007:19:54:48 +0000] "GET /images/Private%20Equity%20Data%20Service%20Feb%2007.pdf HTTP/1.1" 200 29186 "http://www.som-cap.com/data.htm" "Mozilla/4.0 (compatible; MSIE 7.0; Windows NT 5.1; .NET CLR 1.1.4322)"
69.25.39.22 - - [05/Mar/2007:19:54:54 +0000] "GET /oempro/read.php?EncryptedMemberID=Mjg5OA%3D%3D&CampaignID=79&CampaignStatisticsID=45&Demo=0&Email=mark.calnan@eu.watsonwyatt.com HTTP/1.1" 200 55 "-" "Mozilla/4.0 (compatible; MSIE 6.0; Windows NT 5.1; SV1; .NET CLR 1.1.4322)"
209.212.79.3 - - [05/Mar/2007:19:54:54 +0000] "GET /oempro/read.php?EncryptedMemberID=MjgyOQ%3D%3D&CampaignID=79&CampaignStatisticsID=45&Demo=0&Email=lmonnig@bentleylp.com HTTP/1.1" 200 55 "-" "Mozilla/4.0 (compatible; MSIE 6.0; Windows NT 5.1; SV1; .NET CLR 1.1.4322)"
38.96.153.195 - - [05/Mar/2007:19:55:10 +0000] "GET /oempro/read.php?EncryptedMemberID=MjI3NA%3D%3D&CampaignID=79&CampaignStatisticsID=45&Demo=0&Email=gerard@enpro-usa.com HTTP/1.1" 200 55 "-" "Mozilla/4.0 (compatible; MSIE 7.0; Windows NT 5.1; FunWebProducts; .NET CLR 1.1.4322)"
64.240.124.2 - - [05/Mar/2007:19:55:16 +0000] "GET /oempro/read.php?EncryptedMemberID=MzA2OA%3D%3D&CampaignID=79&CampaignStatisticsID=45&Demo=0&Email=myeomans@ddjcap.com HTTP/1.1" 200 55 "-" "Mozilla/4.0 (compatible; MSIE 7.0; Windows NT 5.1; .NET CLR 1.1.4322)"
65.205.246.194 - - [05/Mar/2007:19:55:17 +0000] "GET /oempro/read.php?EncryptedMemberID=MjQxMw%3D%3D&CampaignID=79&CampaignStatisticsID=45&Demo=0&Email=hjones@offithall.com HTTP/1.1" 200 55 "-" "Mozilla/4.0 (compatible; MSIE 6.0; Windows NT 5.1; SV1; .NET CLR 1.1.4322; .NET CLR 2.0.50727; InfoPath.1)"
65.205.246.194 - - [05/Mar/2007:19:55:40 +0000] "GET /oempro/read.php?EncryptedMemberID=MjQxMw%3D%3D&CampaignID=79&CampaignStatisticsID=45&Demo=0&Email=hjones@offithall.com HTTP/1.1" 200 55 "-" "Mozilla/4.0 (compatible; MSIE 6.0; Windows NT 5.1; SV1; .NET CLR 1.1.4322; .NET CLR 2.0.50727; InfoPath.1)"
216.57.10.251 - - [05/Mar/2007:19:55:42 +0000] "GET /oempro/read.php?EncryptedMemberID=MzA4NA%3D%3D&CampaignID=79&CampaignStatisticsID=45&Demo=0&Email=nbelmont@farhills.com HTTP/1.1" 200 55 "-" "Mozilla/4.0 (compatible; MSIE 7.0; Windows NT 5.1; .NET CLR 1.1.4322)"
216.95.215.151 - - [05/Mar/2007:19:55:52 +0000] "GET /oempro/read.php?EncryptedMemberID=MzAzMQ%3D%3D&CampaignID=79&CampaignStatisticsID=45&Demo=0&Email=mlay@oncap.com HTTP/1.1" 200 55 "-" "Mozilla/4.0 (compatible; MSIE 6.0; Windows NT 5.1; SV1; .NET CLR 1.1.4322)"
208.69.84.165 - - [05/Mar/2007:19:56:17 +0000] "GET /oempro/read.php?EncryptedMemberID=MjczOA%3D%3D&CampaignID=79&CampaignStatisticsID=45&Demo=0&Email=kishan.pandey@corporate.ge.com HTTP/1.1" 200 55 "-" "Mozilla/4.0 (compatible; MSIE 6.0; Windows NT 5.1; .NET CLR 1.1.4322)"
212.23.229.94 - - [05/Mar/2007:19:56:22 +0000] "GET /oempro/read.php?EncryptedMemberID=MjAxMA%3D%3D&CampaignID=79&CampaignStatisticsID=45&Demo=0&Email=daw@capdyn.com HTTP/1.1" 200 55 "-" "Mozilla/4.0 (compatible; MSIE 6.0; Windows NT 5.2; SV1; .NET CLR 1.1.4322; InfoPath.1)"
12.183.19.7 - - [05/Mar/2007:19:56:37 +0000] "GET /oempro/read.php?EncryptedMemberID=MzEyNw%3D%3D&CampaignID=79&CampaignStatisticsID=45&Demo=0&Email=noah@ionscope.com HTTP/1.1" 200 55 "-" "Mozilla/5.0 (Macintosh; U; PPC Mac OS X; en) AppleWebKit/418.9.1 (KHTML, like Gecko)"
63.94.95.61 - - [05/Mar/2007:19:56:59 +0000] "GET /oempro/read.php?EncryptedMemberID=MzIxMQ%3D%3D&CampaignID=79&CampaignStatisticsID=45&Demo=0&Email=pcosta@whippoorwillassociates.com HTTP/1.1" 200 55 "-" "Mozilla/4.0 (compatible; MSIE 6.0; Windows NT 5.1; SV1; .NET CLR 1.1.4322; InfoPath.1)"
63.94.95.61 - - [05/Mar/2007:19:57:00 +0000] "GET /oempro/read.php?EncryptedMemberID=MzIxMQ%3D%3D&CampaignID=79&CampaignStatisticsID=45&Demo=0&Email=pcosta@whippoorwillassociates.com HTTP/1.1" 200 55 "-" "Mozilla/4.0 (compatible; MSIE 6.0; Windows NT 5.1; SV1; .NET CLR 1.1.4322; InfoPath.1)"
195.112.48.172 - - [05/Mar/2007:19:57:25 +0000] "GET /oempro/read.php?EncryptedMemberID=MTgwMw%3D%3D&CampaignID=79&CampaignStatisticsID=45&Demo=0&Email=c_kostyal@yahoo.co.uk HTTP/1.1" 200 55 "-" "Mozilla/4.0 (compatible; MSIE 6.0; Windows NT 5.1; SV1; .NET CLR 1.1.4322; .NET CLR 2.0.50727)"
84.228.87.38 - - [05/Mar/2007:19:57:26 +0000] "GET /oempro/read.php?EncryptedMemberID=MzA5MA%3D%3D&CampaignID=79&CampaignStatisticsID=45&Demo=0&Email=neil@israelseed.com HTTP/1.1" 200 55 "-" "Mozilla/4.0 (compatible; MSIE 7.0; Windows NT 5.1; .NET CLR 1.1.4322; InfoPath.1; .NET CLR 2.0.50727)"
69.158.19.211 - - [05/Mar/2007:19:57:30 +0000] "GET /oempro/read.php?EncryptedMemberID=MzI0NQ%3D%3D&CampaignID=79&CampaignStatisticsID=45&Demo=0&Email=peterm@ptmcapital.com HTTP/1.1" 200 55 "-" "Mozilla/4.0 (compatible; MSIE 6.0; Windows 98; ZangoToolbar 4.8.2)"
208.69.84.165 - - [05/Mar/2007:19:57:38 +0000] "GET /oempro/read.php?EncryptedMemberID=MjczOA%3D%3D&CampaignID=79&CampaignStatisticsID=45&Demo=0&Email=kishan.pandey@corporate.ge.com HTTP/1.1" 200 55 "-" "Mozilla/4.0 (compatible; MSIE 6.0; Windows NT 5.1; .NET CLR 1.1.4322)"
83.216.92.36 - - [05/Mar/2007:19:57:43 +0000] "GET /oempro/read.php?EncryptedMemberID=MjUxMg%3D%3D&CampaignID=79&CampaignStatisticsID=45&Demo=0&Email=jaz@pages123.com HTTP/1.1" 200 55 "-" "Mozilla/4.0 (compatible; MSIE 6.0; Windows NT 5.1; {8ADFF5F5-B593-48DB-FD07-606584D35CBD}; .NET CLR 1.1.4322)"
83.216.92.36 - - [05/Mar/2007:19:57:45 +0000] "GET /oempro/read.php?EncryptedMemberID=MjUxMg%3D%3D&CampaignID=79&CampaignStatisticsID=45&Demo=0&Email=jaz@pages123.com HTTP/1.1" 200 55 "-" "Mozilla/4.0 (compatible; MSIE 6.0; Windows NT 5.1; {8ADFF5F5-B593-48DB-FD07-606584D35CBD}; .NET CLR 1.1.4322)"
63.138.40.228 - - [05/Mar/2007:19:57:48 +0000] "GET /oempro/read.php?EncryptedMemberID=MzAyOA%3D%3D&CampaignID=79&CampaignStatisticsID=45&Demo=0&Email=mkinner@quilvestusa.com HTTP/1.1" 200 55 "-" "Mozilla/4.0 (compatible; MSIE 6.0; Windows NT 5.1; SV1; .NET CLR 1.1.4322)"
63.138.40.228 - - [05/Mar/2007:19:57:49 +0000] "GET /oempro/read.php?EncryptedMemberID=MzAyOA%3D%3D&CampaignID=79&CampaignStatisticsID=45&Demo=0&Email=mkinner@quilvestusa.com HTTP/1.1" 200 55 "-" "Mozilla/4.0 (compatible; MSIE 6.0; Windows NT 5.1; SV1; .NET CLR 1.1.4322)"
216.95.215.151 - - [05/Mar/2007:19:57:57 +0000] "GET /oempro/read.php?EncryptedMemberID=MzAzMQ%3D%3D&CampaignID=79&CampaignStatisticsID=45&Demo=0&Email=mlay@oncap.com HTTP/1.1" 200 55 "-" "Mozilla/4.0 (compatible; MSIE 6.0; Windows NT 5.1; SV1; .NET CLR 1.1.4322)"
208.69.84.165 - - [05/Mar/2007:19:58:07 +0000] "GET /oempro/read.php?EncryptedMemberID=MjczOA%3D%3D&CampaignID=79&CampaignStatisticsID=45&Demo=0&Email=kishan.pandey@corporate.ge.com HTTP/1.1" 200 55 "-" "Mozilla/4.0 (compatible; MSIE 6.0; Windows NT 5.1; .NET CLR 1.1.4322)"
208.69.84.165 - - [05/Mar/2007:19:58:11 +0000] "GET /oempro/read.php?EncryptedMemberID=MjczOA%3D%3D&CampaignID=79&CampaignStatisticsID=45&Demo=0&Email=kishan.pandey@corporate.ge.com HTTP/1.1" 200 55 "-" "Mozilla/4.0 (compatible; MSIE 6.0; Windows NT 5.1; .NET CLR 1.1.4322)"
209.213.211.14 - - [05/Mar/2007:19:58:11 +0000] "GET /oempro/read.php?EncryptedMemberID=MjUyOA%3D%3D&CampaignID=79&CampaignStatisticsID=45&Demo=0&Email=jcouch@ccapital.com HTTP/1.1" 200 55 "-" "Mozilla/4.0 (compatible; MSIE 6.0; Windows NT 5.1; SV1; .NET CLR 1.1.4322; InfoPath.1; .NET CLR 2.0.50727)"
82.124.146.43 - - [05/Mar/2007:19:58:14 +0000] "GET /oempro/read.php?EncryptedMemberID=MjIzMQ%3D%3D&CampaignID=79&CampaignStatisticsID=45&Demo=0&Email=francois.roux@rouxcapital.com HTTP/1.1" 200 55 "-" "Mozilla/4.0 (compatible; MSIE 6.0; Windows NT 5.1; SV1)"
165.236.130.98 - - [05/Mar/2007:19:58:14 +0000] "GET /oempro/read.php?EncryptedMemberID=MjU4OQ%3D%3D&CampaignID=79&CampaignStatisticsID=45&Demo=0&Email=jmichael@peppertreefund.com HTTP/1.1" 200 55 "-" "Mozilla/4.0 (compatible; MSIE 7.0; Windows NT 5.1; .NET CLR 1.0.3705; .NET CLR 1.1.4322)"
82.124.146.43 - - [05/Mar/2007:19:58:17 +0000] "GET /oempro/read.php?EncryptedMemberID=MjIzMQ%3D%3D&CampaignID=79&CampaignStatisticsID=45&Demo=0&Email=francois.roux@rouxcapital.com HTTP/1.1" 200 55 "-" "Mozilla/4.0 (compatible; MSIE 6.0; Windows NT 5.1; SV1)"
193.178.168.100 - - [05/Mar/2007:19:58:21 +0000] "GET /oempro/read.php?EncryptedMemberID=MjgzNQ%3D%3D&CampaignID=79&CampaignStatisticsID=45&Demo=0&Email=lrossi@euronetworldwide.com HTTP/1.0" 200 43 "-" "Mozilla/4.0 (compatible; MSIE 6.0; Windows NT 5.1; SV1; .NET CLR 1.1.4322)"
70.133.120.122 - - [05/Mar/2007:19:58:21 +0000] "GET /oempro/read.php?EncryptedMemberID=MzE4Nw%3D%3D&CampaignID=79&CampaignStatisticsID=45&Demo=0&Email=paul.fetsch@spurcap.com HTTP/1.1" 200 55 "-" "Mozilla/4.0 (compatible; MSIE 6.0; Windows NT 5.1; SV1; .NET CLR 1.1.4322; .NET CLR 2.0.50727)"
83.216.92.36 - - [05/Mar/2007:19:58:32 +0000] "GET /oempro/read.php?EncryptedMemberID=MjUxMg%3D%3D&CampaignID=79&CampaignStatisticsID=45&Demo=0&Email=jaz@pages123.com HTTP/1.1" 200 55 "-" "Mozilla/4.0 (compatible; MSIE 6.0; Windows NT 5.1; {8ADFF5F5-B593-48DB-FD07-606584D35CBD}; .NET CLR 1.1.4322)"
71.16.107.82 - - [05/Mar/2007:19:58:33 +0000] "GET /oempro/read.php?EncryptedMemberID=MjEzMg%3D%3D&CampaignID=79&CampaignStatisticsID=45&Demo=0&Email=edehm@square1bank.com HTTP/1.0" 200 43 "-" "Mozilla/4.0 (compatible; MSIE 6.0; Windows NT 5.1; SV1; .NET CLR 1.1.4322; .NET CLR 2.0.50727)"
165.236.130.98 - - [05/Mar/2007:19:58:35 +0000] "GET /oempro/read.php?EncryptedMemberID=MjU4OQ%3D%3D&CampaignID=79&CampaignStatisticsID=45&Demo=0&Email=jmichael@peppertreefund.com HTTP/1.1" 200 55 "-" "Mozilla/4.0 (compatible; MSIE 7.0; Windows NT 5.1; .NET CLR 1.0.3705; .NET CLR 1.1.4322)"
82.124.146.43 - - [05/Mar/2007:19:58:43 +0000] "GET /oempro/link.php?URL=aHR0cDovL3d3dy5zb20tY2FwLmNvbS9vZW1wcm8vbGluay5waHA%2FVVJMPWFIUjBjRG92TDNkM2R5NXpiMjB0WTJGd0xtTnZiUzg9JmFtcDtOYW1lPSZhbXA7RW5jcnlwdGVkTWVtYmVySUQ9TkRBeU5BPT0mYW1wO0NhbXBhaWduSUQ9NzcmYW1wO0NhbXBhaWduU3RhdGlzdGljc0lEPTQzJmFtcDtEZW1vPTAmYW1wO0VtYWlsPW1hcmllQHNvbS1jYXAuY29t&Name=&EncryptedMemberID=MjIzMQ%3D%3D&CampaignID=79&CampaignStatisticsID=45&Demo=0&Email=francois.roux@rouxcapital.com HTTP/1.1" 302 5 "-" "Mozilla/5.0 (Windows; U; Windows NT 5.1; fr; rv:1.8.1.2) Gecko/20070219 Firefox/2.0.0.2"
208.253.48.3 - - [05/Mar/2007:19:58:43 +0000] "GET /oempro/read.php?EncryptedMemberID=MTk2NA%3D%3D&CampaignID=79&CampaignStatisticsID=45&Demo=0&Email=daniel.benin@axa-im.com HTTP/1.0" 200 43 "-" "Mozilla/4.0 (compatible; MSIE 6.0; Windows NT 5.1; SV1; .NET CLR 1.1.4322)"
82.124.146.43 - - [05/Mar/2007:19:58:44 +0000] "GET /oempro/link.php?URL=aHR0cDovL3d3dy5zb20tY2FwLmNvbS8=&Name=&EncryptedMemberID=NDAyNA==&CampaignID=77&CampaignStatisticsID=43&Demo=0&Email=marie@som-cap.com HTTP/1.1" 302 5 "-" "Mozilla/5.0 (Windows; U; Windows NT 5.1; fr; rv:1.8.1.2) Gecko/20070219 Firefox/2.0.0.2"
82.124.146.43 - - [05/Mar/2007:19:58:44 +0000] "GET / HTTP/1.1" 200 3426 "-" "Mozilla/5.0 (Windows; U; Windows NT 5.1; fr; rv:1.8.1.2) Gecko/20070219 Firefox/2.0.0.2"
82.124.146.43 - - [05/Mar/2007:19:58:44 +0000] "GET /styles.css HTTP/1.1" 200 497 "http://www.som-cap.com/" "Mozilla/5.0 (Windows; U; Windows NT 5.1; fr; rv:1.8.1.2) Gecko/20070219 Firefox/2.0.0.2"
82.124.146.43 - - [05/Mar/2007:19:58:44 +0000] "GET /images/logo.gif HTTP/1.1" 200 1574 "http://www.som-cap.com/" "Mozilla/5.0 (Windows; U; Windows NT 5.1; fr; rv:1.8.1.2) Gecko/20070219 Firefox/2.0.0.2"
82.124.146.43 - - [05/Mar/2007:19:58:45 +0000] "GET /images/inbg.jpg HTTP/1.1" 200 32265 "http://www.som-cap.com/" "Mozilla/5.0 (Windows; U; Windows NT 5.1; fr; rv:1.8.1.2) Gecko/20070219 Firefox/2.0.0.2"
82.124.146.43 - - [05/Mar/2007:19:58:45 +0000] "GET /favicon.ico HTTP/1.1" 404 657 "-" "Mozilla/5.0 (Windows; U; Windows NT 5.1; fr; rv:1.8.1.2) Gecko/20070219 Firefox/2.0.0.2"
82.124.146.43 - - [05/Mar/2007:19:58:51 +0000] "GET /biography.htm HTTP/1.1" 200 4087 "http://www.som-cap.com/" "Mozilla/5.0 (Windows; U; Windows NT 5.1; fr; rv:1.8.1.2) Gecko/20070219 Firefox/2.0.0.2"
82.124.146.43 - - [05/Mar/2007:19:58:51 +0000] "GET /images/James%20Miller-2.jpg HTTP/1.1" 200 7075 "http://www.som-cap.com/biography.htm" "Mozilla/5.0 (Windows; U; Windows NT 5.1; fr; rv:1.8.1.2) Gecko/20070219 Firefox/2.0.0.2"
217.110.32.193 - - [05/Mar/2007:19:58:57 +0000] "GET /oempro/read.php?EncryptedMemberID=MTcyOQ%3D%3D&CampaignID=79&CampaignStatisticsID=45&Demo=0&Email=bernd.kreuter@feri.de HTTP/1.1" 200 55 "-" "Mozilla/4.0 (compatible; MSIE 6.0; Windows NT 5.1; SV1; .NET CLR 1.1.4322; .NET CLR 2.0.50727; .NET CLR 3.0.04506.30)"
217.110.32.193 - - [05/Mar/2007:19:58:58 +0000] "GET /oempro/read.php?EncryptedMemberID=MTcyOQ%3D%3D&CampaignID=79&CampaignStatisticsID=45&Demo=0&Email=bernd.kreuter@feri.de HTTP/1.1" 200 55 "-" "Mozilla/4.0 (compatible; MSIE 6.0; Windows NT 5.1; SV1; .NET CLR 1.1.4322; .NET CLR 2.0.50727; .NET CLR 3.0.04506.30)"
86.147.27.144 - - [05/Mar/2007:19:59:01 +0000] "GET /oempro/read.php?EncryptedMemberID=MzIwNA%3D%3D&CampaignID=79&CampaignStatisticsID=45&Demo=0&Email=pbaker@lakeshorefunds.com HTTP/1.1" 200 55 "-" "Mozilla/4.0 (compatible; MSIE 6.0; Windows NT 5.1; SV1; .NET CLR 1.1.4322)"
86.147.27.144 - - [05/Mar/2007:19:59:02 +0000] "GET /oempro/read.php?EncryptedMemberID=MzIwNA%3D%3D&CampaignID=79&CampaignStatisticsID=45&Demo=0&Email=pbaker@lakeshorefunds.com HTTP/1.1" 200 55 "-" "Mozilla/4.0 (compatible; MSIE 6.0; Windows NT 5.1; SV1; .NET CLR 1.1.4322)"
82.124.146.43 - - [05/Mar/2007:19:59:02 +0000] "GET /background.htm HTTP/1.1" 200 4144 "http://www.som-cap.com/biography.htm" "Mozilla/5.0 (Windows; U; Windows NT 5.1; fr; rv:1.8.1.2) Gecko/20070219 Firefox/2.0.0.2"
82.124.146.43 - - [05/Mar/2007:19:59:10 +0000] "GET /trackrecord.htm HTTP/1.1" 200 4429 "http://www.som-cap.com/background.htm" "Mozilla/5.0 (Windows; U; Windows NT 5.1; fr; rv:1.8.1.2) Gecko/20070219 Firefox/2.0.0.2"
82.124.146.43 - - [05/Mar/2007:19:59:10 +0000] "GET /images/6pic.gif HTTP/1.1" 200 9094 "http://www.som-cap.com/trackrecord.htm" "Mozilla/5.0 (Windows; U; Windows NT 5.1; fr; rv:1.8.1.2) Gecko/20070219 Firefox/2.0.0.2"
82.124.146.43 - - [05/Mar/2007:19:59:10 +0000] "GET /images/5pic.gif HTTP/1.1" 200 9274 "http://www.som-cap.com/trackrecord.htm" "Mozilla/5.0 (Windows; U; Windows NT 5.1; fr; rv:1.8.1.2) Gecko/20070219 Firefox/2.0.0.2"
82.124.146.43 - - [05/Mar/2007:19:59:10 +0000] "GET /images/4pic.gif HTTP/1.1" 200 10003 "http://www.som-cap.com/trackrecord.htm" "Mozilla/5.0 (Windows; U; Windows NT 5.1; fr; rv:1.8.1.2) Gecko/20070219 Firefox/2.0.0.2"
82.124.146.43 - - [05/Mar/2007:19:59:11 +0000] "GET /images/3pic.gif HTTP/1.1" 200 10964 "http://www.som-cap.com/trackrecord.htm" "Mozilla/5.0 (Windows; U; Windows NT 5.1; fr; rv:1.8.1.2) Gecko/20070219 Firefox/2.0.0.2"
82.124.146.43 - - [05/Mar/2007:19:59:11 +0000] "GET /images/2pic.gif HTTP/1.1" 200 10701 "http://www.som-cap.com/trackrecord.htm" "Mozilla/5.0 (Windows; U; Windows NT 5.1; fr; rv:1.8.1.2) Gecko/20070219 Firefox/2.0.0.2"
82.124.146.43 - - [05/Mar/2007:19:59:11 +0000] "GET /images/1pic.gif HTTP/1.1" 200 12857 "http://www.som-cap.com/trackrecord.htm" "Mozilla/5.0 (Windows; U; Windows NT 5.1; fr; rv:1.8.1.2) Gecko/20070219 Firefox/2.0.0.2"
81.86.65.21 - - [05/Mar/2007:19:59:20 +0000] "GET /oempro/read.php?EncryptedMemberID=MTQ3OA%3D%3D&CampaignID=79&CampaignStatisticsID=&Demo=1&Email=richard_baker@mlc.com.au HTTP/1.1" 200 55 "-" "Mozilla/4.0 (compatible; MSIE 7.0; Windows NT 5.1)"
67.107.55.98 - - [05/Mar/2007:19:59:32 +0000] "GET /oempro/read.php?EncryptedMemberID=MzE2OQ%3D%3D&CampaignID=79&CampaignStatisticsID=45&Demo=0&Email=palphonse@sterlingpartners.us HTTP/1.1" 200 55 "-" "Mozilla/4.0 (compatible; MSIE 6.0; Windows NT 5.1; SV1; .NET CLR 1.1.4322; InfoPath.1)"
82.124.146.43 - - [05/Mar/2007:19:59:33 +0000] "GET /data.htm HTTP/1.1" 200 6628 "http://www.som-cap.com/trackrecord.htm" "Mozilla/5.0 (Windows; U; Windows NT 5.1; fr; rv:1.8.1.2) Gecko/20070219 Firefox/2.0.0.2"
216.95.215.88 - - [05/Mar/2007:19:59:44 +0000] "GET /oempro/read.php?EncryptedMemberID=MjE0Mw%3D%3D&CampaignID=79&CampaignStatisticsID=45&Demo=0&Email=ehershberg@oncap.com HTTP/1.1" 200 55 "-" "Mozilla/4.0 (compatible; MSIE 6.0; Windows NT 5.1; SV1; .NET CLR 1.1.4322; .NET CLR 2.0.50727)"
82.124.146.43 - - [05/Mar/2007:19:59:45 +0000] "GET /index.htm HTTP/1.1" 200 3426 "http://www.som-cap.com/background.htm" "Mozilla/5.0 (Windows; U; Windows NT 5.1; fr; rv:1.8.1.2) Gecko/20070219 Firefox/2.0.0.2"
144.74.106.67 - - [05/Mar/2007:20:00:07 +0000] "GET /oempro/read.php?EncryptedMemberID=MzI4OA%3D%3D&CampaignID=79&CampaignStatisticsID=45&Demo=0&Email=poneil@rush.edu HTTP/1.0" 200 43 "-" "Mozilla/4.0 (compatible; Lotus-Notes/6.0; Windows-NT)"
193.178.168.100 - - [05/Mar/2007:20:00:17 +0000] "GET /oempro/read.php?EncryptedMemberID=MjgzNQ%3D%3D&CampaignID=79&CampaignStatisticsID=45&Demo=0&Email=lrossi@euronetworldwide.com HTTP/1.0" 200 43 "-" "Mozilla/4.0 (compatible; MSIE 6.0; Windows NT 5.1; SV1; .NET CLR 1.1.4322)"
38.115.17.2 - - [05/Mar/2007:20:00:29 +0000] "GET /oempro/read.php?EncryptedMemberID=MTY5NA%3D%3D&CampaignID=79&CampaignStatisticsID=45&Demo=0&Email=barry_kohout@glenmede.com HTTP/1.0" 200 43 "-" "Mozilla/4.0 (compatible; Lotus-Notes/6.0; Windows-NT)"
66.136.15.209 - - [05/Mar/2007:20:01:07 +0000] "GET /oempro/read.php?EncryptedMemberID=MjA5OQ%3D%3D&CampaignID=79&CampaignStatisticsID=45&Demo=0&Email=drwynkoop@hmeps.org HTTP/1.1" 200 55 "-" "Mozilla/4.0 (compatible; MSIE 6.0; Windows NT 5.1; SV1; .NET CLR 1.1.4322)"
208.69.84.165 - - [05/Mar/2007:20:01:15 +0000] "GET /oempro/read.php?EncryptedMemberID=MjczOA%3D%3D&CampaignID=79&CampaignStatisticsID=45&Demo=0&Email=kishan.pandey@corporate.ge.com HTTP/1.1" 200 55 "-" "Mozilla/4.0 (compatible; MSIE 6.0; Windows NT 5.1; .NET CLR 1.1.4322)"
82.124.146.43 - - [05/Mar/2007:20:01:31 +0000] "GET /oempro/read.php?EncryptedMemberID=MjIzMQ%3D%3D&CampaignID=79&CampaignStatisticsID=45&Demo=0&Email=francois.roux@rouxcapital.com HTTP/1.1" 200 55 "-" "Mozilla/4.0 (compatible; MSIE 6.0; Windows NT 5.1; SV1)"
12.144.1.222 - - [05/Mar/2007:20:01:44 +0000] "GET /oempro/read.php?EncryptedMemberID=MjcyMg%3D%3D&CampaignID=79&CampaignStatisticsID=45&Demo=0&Email=kcustar@firstreserve.com HTTP/1.1" 200 55 "-" "Mozilla/4.0 (compatible; MSIE 6.0; Windows NT 5.1; SV1; .NET CLR 1.1.4322; .NET CLR 2.0.50727; InfoPath.1)"
212.100.250.215 - - [05/Mar/2007:20:01:46 +0000] "GET /oempro/read.php?EncryptedMemberID=MzMzOA%3D%3D&CampaignID=79&CampaignStatisticsID=45&Demo=0&Email=rbg@eclipseinvest.co.uk HTTP/1.0" 200 43 "-" "Mozilla/4.0 (compatible; MSIE 6.0; Windows NT 5.1; SV1; .NET CLR 1.1.4322)"
38.114.132.138 - - [05/Mar/2007:20:01:50 +0000] "GET /oempro/read.php?EncryptedMemberID=MzI5NQ%3D%3D&CampaignID=79&CampaignStatisticsID=45&Demo=0&Email=preddy@pantheonventures.com HTTP/1.0" 200 43 "-" "Mozilla/4.0 (compatible; MSIE 6.0; Windows NT 5.1; SV1; .NET CLR 1.1.4322)"
72.165.241.194 - - [05/Mar/2007:20:01:51 +0000] "GET /oempro/read.php?EncryptedMemberID=MjY2MA%3D%3D&CampaignID=79&CampaignStatisticsID=45&Demo=0&Email=js@northgatecapital.com HTTP/1.1" 200 55 "-" "Mozilla/4.0 (compatible; MSIE 7.0; Windows NT 5.1; .NET CLR 1.1.4322; .NET CLR 2.0.50727; InfoPath.1)"
66.180.82.84 - - [05/Mar/2007:20:02:15 +0000] "GET /oempro/read.php?EncryptedMemberID=MjUxNw==&CampaignID=79&CampaignStatisticsID=45&Demo=0&Email=jberliner@wmount.com HTTP/1.1" 200 55 "-" "Mozilla/4.0 (compatible; MSIE 7.0; Windows NT 5.1; SV1; .NET CLR 2.0.50727)"
64.81.43.219 - - [05/Mar/2007:20:02:17 +0000] "GET /oempro/read.php?EncryptedMemberID=MjUxNw%3D%3D&CampaignID=79&CampaignStatisticsID=45&Demo=0&Email=jberliner@wmount.com HTTP/1.1" 200 55 "-" "Mozilla/4.0 (compatible; MSIE 6.0; Windows NT 5.1; SV1; .NET CLR 1.1.4322; .NET CLR 2.0.50727)"
63.168.131.24 - - [05/Mar/2007:20:02:18 +0000] "GET /oempro/read.php?EncryptedMemberID=MzI1MQ%3D%3D&CampaignID=79&CampaignStatisticsID=45&Demo=0&Email=pfisterb@moodys.com HTTP/1.1" 200 55 "-" "Mozilla/4.0 (compatible; MSIE 6.0; Windows NT 5.0; .NET CLR 1.1.4322)"
212.23.229.94 - - [05/Mar/2007:20:02:25 +0000] "GET /oempro/read.php?EncryptedMemberID=MjAxMA%3D%3D&CampaignID=79&CampaignStatisticsID=45&Demo=0&Email=daw@capdyn.com HTTP/1.1" 200 55 "-" "Mozilla/4.0 (compatible; MSIE 6.0; Windows NT 5.2; SV1; .NET CLR 1.1.4322; InfoPath.1)"
69.158.19.211 - - [05/Mar/2007:20:03:16 +0000] "GET /oempro/read.php?EncryptedMemberID=MzI0NQ%3D%3D&CampaignID=79&CampaignStatisticsID=45&Demo=0&Email=peterm@ptmcapital.com HTTP/1.1" 200 55 "-" "Mozilla/4.0 (compatible; MSIE 6.0; Windows 98; ZangoToolbar 4.8.2)"
212.100.250.215 - - [05/Mar/2007:20:03:24 +0000] "GET /oempro/read.php?EncryptedMemberID=MzMzOA%3D%3D&CampaignID=79&CampaignStatisticsID=45&Demo=0&Email=rbg@eclipseinvest.co.uk HTTP/1.0" 200 43 "-" "Mozilla/4.0 (compatible; MSIE 6.0; Windows NT 5.1; SV1; .NET CLR 1.1.4322)"
81.159.223.233 - - [05/Mar/2007:20:03:31 +0000] "GET /oempro/read.php?EncryptedMemberID=MjAxOQ%3D%3D&CampaignID=79&CampaignStatisticsID=45&Demo=0&Email=dchandler@alcadvisors.com HTTP/1.1" 200 55 "-" "Mozilla/4.0 (compatible; MSIE 7.0; Windows NT 5.1; acc=; YPC 3.2.0)"
169.196.240.2 - - [05/Mar/2007:20:03:37 +0000] "GET /oempro/read.php?EncryptedMemberID=MzI3OQ%3D%3D&CampaignID=79&CampaignStatisticsID=45&Demo=0&Email=pkemp@helix-associates.com HTTP/1.0" 200 43 "-" "Mozilla/4.0 (compatible; Lotus-Notes/6.0; Windows-NT)"
169.196.240.2 - - [05/Mar/2007:20:03:41 +0000] "GET /oempro/read.php?EncryptedMemberID=MzI3OQ%3D%3D&CampaignID=79&CampaignStatisticsID=45&Demo=0&Email=pkemp@helix-associates.com HTTP/1.0" 200 43 "-" "Mozilla/4.0 (compatible; Lotus-Notes/6.0; Windows-NT)"
216.95.215.151 - - [05/Mar/2007:20:03:41 +0000] "GET /oempro/read.php?EncryptedMemberID=MzAzMQ%3D%3D&CampaignID=79&CampaignStatisticsID=45&Demo=0&Email=mlay@oncap.com HTTP/1.1" 200 55 "-" "Mozilla/4.0 (compatible; MSIE 6.0; Windows NT 5.1; SV1; .NET CLR 1.1.4322)"
169.196.240.2 - - [05/Mar/2007:20:03:51 +0000] "GET /oempro/read.php?EncryptedMemberID=MzI3OQ%3D%3D&CampaignID=79&CampaignStatisticsID=45&Demo=0&Email=pkemp@helix-associates.com HTTP/1.0" 200 43 "-" "Mozilla/4.0 (compatible; Lotus-Notes/6.0; Windows-NT)"
169.196.240.2 - - [05/Mar/2007:20:03:55 +0000] "GET /oempro/read.php?EncryptedMemberID=MzI3OQ%3D%3D&CampaignID=79&CampaignStatisticsID=45&Demo=0&Email=pkemp@helix-associates.com HTTP/1.0" 200 43 "-" "Mozilla/4.0 (compatible; Lotus-Notes/6.0; Windows-NT)"
195.6.48.191 - - [05/Mar/2007:20:03:59 +0000] "GET /oempro/read.php?EncryptedMemberID=MzM1Nw%3D%3D&CampaignID=79&CampaignStatisticsID=45&Demo=0&Email=research@hdf-finance.fr HTTP/1.0" 200 43 "-" "Mozilla/4.0 (compatible; Lotus-Notes/6.0; Windows-NT)"
12.42.44.66 - - [05/Mar/2007:20:04:43 +0000] "GET /oempro/read.php?EncryptedMemberID=MjU3OQ%3D%3D&CampaignID=79&CampaignStatisticsID=45&Demo=0&Email=jlb@cpeaton.com HTTP/1.1" 200 55 "-" "Mozilla/4.0 (compatible; MSIE 6.0; Windows NT 5.1; SV1; .NET CLR 1.1.4322)"
209.27.63.170 - - [05/Mar/2007:20:05:01 +0000] "GET /oempro/read.php?EncryptedMemberID=MjkwMg%3D%3D&CampaignID=79&CampaignStatisticsID=45&Demo=0&Email=mark.rawlins@maplesandcalder.com HTTP/1.0" 200 43 "-" "Mozilla/4.0 (compatible; MSIE 6.0; Windows NT 5.1; SV1; .NET CLR 1.1.4322; .NET CLR 2.0.50727)"
208.255.90.221 - - [05/Mar/2007:20:05:06 +0000] "GET /oempro/read.php?EncryptedMemberID=MzM5NA%3D%3D&CampaignID=79&CampaignStatisticsID=45&Demo=0&Email=rlangan@nixonpeabody.com HTTP/1.0" 200 43 "-" "Mozilla/4.0 (compatible; MSIE 6.0; Windows NT 5.1; SV1; .NET CLR 1.1.4322; InfoPath.1)"
209.212.79.3 - - [05/Mar/2007:20:05:11 +0000] "GET /oempro/read.php?EncryptedMemberID=MjAyNQ%3D%3D&CampaignID=79&CampaignStatisticsID=45&Demo=0&Email=ddempsey@bentleylp.com HTTP/1.1" 200 55 "-" "Mozilla/4.0 (compatible; MSIE 6.0; Windows NT 5.0)"
81.88.49.136 - username [05/Mar/2007:20:05:29 +0000] "GET /oempro/read.php?EncryptedMemberID=MzQxOQ%3D%3DCampaignID=79CampaignStatisticsID=45Demo=0Email=robert.feldman@milleniumcapital.net HTTP/1.1" 200 55 "-" "www.clamav.net"
81.88.49.136 - username [05/Mar/2007:20:05:32 +0000] "GET /oempro/link.php?URL=aHR0cDovL3d3dy5zb20tY2FwLmNvbS9vZW1wcm8vbGluay5waHA%2FVVJMPWFIUjBjRG92TDNkM2R5NXpiMjB0WTJGd0xtTnZiUzg9JmFtcDtOYW1lPSZhbXA7RW5jcnlwdGVkTWVtYmVySUQ9TkRBeU5BPT0mYW1wO0NhbXBhaWduSUQ9NzcmYW1wO0NhbXBhaWduU3RhdGlzdGljc0lEPTQzJmFtcDtEZW1vPTAmYW1wO0VtYWlsPW1hcmllQHNvbS1jYXAuY29tName=EncryptedMemberID=MzQxOQ%3D%3DCampaignID=79CampaignStatisticsID=45Demo=0Email=robert.feldman@milleniumcapital.net HTTP/1.1" 200 5 "-" "www.clamav.net"
81.88.49.136 - username [05/Mar/2007:20:05:32 +0000] "GET /oempro/link.php?URL=aHR0cDovL3d3dy5zb20tY2FwLmNvbS9vZW1wcm8vbGluay5waHA%2FVVJMPWFIUjBjRG92TDNkM2R5NXpiMjB0WTJGd0xtTnZiUzlrWVhSaExtaDBiUT09JmFtcDtOYW1lPSZhbXA7RW5jcnlwdGVkTWVtYmVySUQ9TkRBeU5BPT0mYW1wO0NhbXBhaWduSUQ9NzcmYW1wO0NhbXBhaWduU3RhdGlzdGljc0lEPTQzJmFtcDtEZW1vPTAmYW1wO0VtYWlsPW1hcmllQHNvbS1jYXAuY29tName=EncryptedMemberID=MzQxOQ%3D%3DCampaignID=79CampaignStatisticsID=45Demo=0Email=robert.feldman@milleniumcapital.net HTTP/1.1" 200 5 "-" "www.clamav.net"
63.138.40.228 - - [05/Mar/2007:20:05:33 +0000] "GET /oempro/read.php?EncryptedMemberID=MzAyOA%3D%3D&CampaignID=79&CampaignStatisticsID=45&Demo=0&Email=mkinner@quilvestusa.com HTTP/1.1" 200 55 "-" "Mozilla/4.0 (compatible; MSIE 6.0; Windows NT 5.1; SV1; .NET CLR 1.1.4322)"
38.97.64.122 - - [05/Mar/2007:20:05:37 +0000] "GET /oempro/read.php?EncryptedMemberID=MzMyNg%3D%3D&CampaignID=79&CampaignStatisticsID=45&Demo=0&Email=rammerman@crp.com HTTP/1.1" 200 55 "-" "Mozilla/4.0 (compatible; MSIE 7.0; Windows NT 5.1; .NET CLR 1.1.4322; .NET CLR 2.0.50727)"
63.93.197.67 - - [05/Mar/2007:20:05:37 +0000] "GET /oempro/read.php?EncryptedMemberID=MTk1NQ%3D%3D&CampaignID=79&CampaignStatisticsID=45&Demo=0&Email=dahlpa@agedwards.com HTTP/1.1" 200 55 "-" "Mozilla/4.0 (compatible; MSIE 6.0; Windows NT 5.1; SV1; Home Office; .NET CLR 1.1.4322)"
67.107.55.98 - - [05/Mar/2007:20:05:47 +0000] "GET /oempro/read.php?EncryptedMemberID=MzM2MA%3D%3D&CampaignID=79&CampaignStatisticsID=45&Demo=0&Email=rfederico@sterlingpartners.us HTTP/1.1" 200 55 "-" "Mozilla/4.0 (compatible; MSIE 6.0; Windows NT 5.1; SV1; .NET CLR 1.1.4322; InfoPath.1)"
208.44.236.188 - - [05/Mar/2007:20:05:50 +0000] "GET /oempro/read.php?EncryptedMemberID=MzM5MQ%3D%3D&CampaignID=79&CampaignStatisticsID=45&Demo=0&Email=rjv@wppartners.com HTTP/1.1" 200 55 "-" "Mozilla/4.0 (compatible; MSIE 6.0; Windows NT 5.1; SV1; .NET CLR 1.1.4322; .NET CLR 2.0.50727)"
209.212.79.3 - - [05/Mar/2007:20:05:52 +0000] "GET /oempro/read.php?EncryptedMemberID=MjAyNQ%3D%3D&CampaignID=79&CampaignStatisticsID=45&Demo=0&Email=ddempsey@bentleylp.com HTTP/1.1" 200 55 "-" "Mozilla/4.0 (compatible; MSIE 6.0; Windows NT 5.0)"
63.138.40.228 - - [05/Mar/2007:20:05:58 +0000] "GET /oempro/read.php?EncryptedMemberID=MzAyOA%3D%3D&CampaignID=79&CampaignStatisticsID=45&Demo=0&Email=mkinner@quilvestusa.com HTTP/1.1" 200 55 "-" "Mozilla/4.0 (compatible; MSIE 6.0; Windows NT 5.1; SV1; .NET CLR 1.1.4322)"
63.138.40.228 - - [05/Mar/2007:20:06:00 +0000] "GET /oempro/read.php?EncryptedMemberID=MzAyOA%3D%3D&CampaignID=79&CampaignStatisticsID=45&Demo=0&Email=mkinner@quilvestusa.com HTTP/1.1" 200 55 "-" "Mozilla/4.0 (compatible; MSIE 6.0; Windows NT 5.1; SV1; .NET CLR 1.1.4322)"
62.172.72.131 - - [05/Mar/2007:20:06:10 +0000] "GET /oempro/read.php?EncryptedMemberID=Mjg5OA%3D%3D&CampaignID=79&CampaignStatisticsID=45&Demo=0&Email=mark.calnan@eu.watsonwyatt.com HTTP/1.1" 200 55 "-" "Mozilla/4.0 (compatible; MSIE 6.0; Windows NT 5.1; SV1; .NET CLR 1.0.3705; .NET CLR 1.1.4322; .NET CLR 2.0.50727)"
66.123.16.34 - - [05/Mar/2007:20:06:13 +0000] "GET /oempro/read.php?EncryptedMemberID=MzAyNw%3D%3D&CampaignID=79&CampaignStatisticsID=45&Demo=0&Email=mkaplan@threearchpartners.com HTTP/1.1" 200 55 "-" "Mozilla/4.0 (compatible; MSIE 6.0; Windows NT 5.1; SV1; .NET CLR 1.1.4322; .NET CLR 2.0.50727; InfoPath.1; .NET CLR 3.0.04506.30)"
67.107.55.98 - - [05/Mar/2007:20:06:13 +0000] "GET /oempro/link.php?URL=aHR0cDovL3d3dy5zb20tY2FwLmNvbS9vZW1wcm8vbGluay5waHA%2FVVJMPWFIUjBjRG92TDNkM2R5NXpiMjB0WTJGd0xtTnZiUzlrWVhSaExtaDBiUT09JmFtcDtOYW1lPSZhbXA7RW5jcnlwdGVkTWVtYmVySUQ9TkRBeU5BPT0mYW1wO0NhbXBhaWduSUQ9NzcmYW1wO0NhbXBhaWduU3RhdGlzdGljc0lEPTQzJmFtcDtEZW1vPTAmYW1wO0VtYWlsPW1hcmllQHNvbS1jYXAuY29t&Name=&EncryptedMemberID=MzM2MA%3D%3D&CampaignID=79&CampaignStatisticsID=45&Demo=0&Email=rfederico@sterlingpartners.us HTTP/1.1" 302 5 "-" "Mozilla/4.0 (compatible; MSIE 6.0; Windows NT 5.1; SV1; .NET CLR 1.1.4322; InfoPath.1)"
67.107.55.98 - - [05/Mar/2007:20:06:14 +0000] "GET /oempro/link.php?URL=aHR0cDovL3d3dy5zb20tY2FwLmNvbS9kYXRhLmh0bQ==&Name=&EncryptedMemberID=NDAyNA==&CampaignID=77&CampaignStatisticsID=43&Demo=0&Email=marie@som-cap.com HTTP/1.1" 302 5 "-" "Mozilla/4.0 (compatible; MSIE 6.0; Windows NT 5.1; SV1; .NET CLR 1.1.4322; InfoPath.1)"
67.107.55.98 - - [05/Mar/2007:20:06:14 +0000] "GET /data.htm HTTP/1.1" 200 6628 "-" "Mozilla/4.0 (compatible; MSIE 6.0; Windows NT 5.1; SV1; .NET CLR 1.1.4322; InfoPath.1)"
67.107.55.98 - - [05/Mar/2007:20:06:15 +0000] "GET /images/inbg.jpg HTTP/1.1" 200 32265 "http://www.som-cap.com/data.htm" "Mozilla/4.0 (compatible; MSIE 6.0; Windows NT 5.1; SV1; .NET CLR 1.1.4322; InfoPath.1)"
67.107.55.98 - - [05/Mar/2007:20:06:15 +0000] "GET /styles.css HTTP/1.1" 200 497 "http://www.som-cap.com/data.htm" "Mozilla/4.0 (compatible; MSIE 6.0; Windows NT 5.1; SV1; .NET CLR 1.1.4322; InfoPath.1)"
