81.86.65.21 - - [05/Mar/2007:18:29:55 +0000] "GET /images/4pic.gif HTTP/1.1" 200 10003 "http://www.som-cap.com/trackrecord.htm" "Mozilla/4.0 (compatible; MSIE 7.0; Windows NT 5.1; .NET CLR 1.1.4322; InfoPath.1)"
81.86.65.21 - - [05/Mar/2007:18:29:55 +0000] "GET /images/2pic.gif HTTP/1.1" 200 10701 "http://www.som-cap.com/trackrecord.htm" "Mozilla/4.0 (compatible; MSIE 7.0; Windows NT 5.1; .NET CLR 1.1.4322; InfoPath.1)"
81.86.65.21 - - [05/Mar/2007:18:29:55 +0000] "GET /images/3pic.gif HTTP/1.1" 200 10964 "http://www.som-cap.com/trackrecord.htm" "Mozilla/4.0 (compatible; MSIE 7.0; Windows NT 5.1; .NET CLR 1.1.4322; InfoPath.1)"
81.86.65.21 - - [05/Mar/2007:18:29:55 +0000] "GET /images/1pic.gif HTTP/1.1" 200 12857 "http://www.som-cap.com/trackrecord.htm" "Mozilla/4.0 (compatible; MSIE 7.0; Windows NT 5.1; .NET CLR 1.1.4322; InfoPath.1)"
81.86.65.21 - - [05/Mar/2007:18:30:00 +0000] "GET /contact.htm HTTP/1.1" 200 2786 "http://www.som-cap.com/data.htm" "Mozilla/4.0 (compatible; MSIE 7.0; Windows NT 5.1; .NET CLR 1.1.4322; InfoPath.1)"
81.86.65.21 - - [05/Mar/2007:18:30:20 +0000] "GET /oempro/read.php?EncryptedMemberID=MTQ3OA%3D%3D&CampaignID=79&CampaignStatisticsID=&Demo=1&Email=richard_baker@mlc.com.au HTTP/1.1" 200 55 "-" "Mozilla/4.0 (compatible; MSIE 7.0; Windows NT 5.1; .NET CLR 1.1.4322; InfoPath.1)"
81.86.65.21 - - [05/Mar/2007:18:30:22 +0000] "GET /oempro/read.php?EncryptedMemberID=MTQ3OA%3D%3D&CampaignID=79&CampaignStatisticsID=&Demo=1&Email=richard_baker@mlc.com.au HTTP/1.1" 200 55 "-" "Mozilla/4.0 (compatible; MSIE 7.0; Windows NT 5.1; .NET CLR 1.1.4322; InfoPath.1)"
81.86.65.21 - - [05/Mar/2007:18:30:22 +0000] "GET /oempro/read.php?EncryptedMemberID=MTQ3OA%3D%3D&CampaignID=79&CampaignStatisticsID=&Demo=1&Email=richard_baker@mlc.com.au HTTP/1.1" 200 55 "-" "Mozilla/4.0 (compatible; MSIE 7.0; Windows NT 5.1; .NET CLR 1.1.4322; InfoPath.1)"
81.86.65.21 - - [05/Mar/2007:18:30:58 +0000] "GET /oempro/unsubscribe.php?CampaignID=79&CampaignStatisticsID=&Demo=1&EncryptedMemberID=MTQ3OA%3D%3D&Email=richard_baker@mlc.com.au HTTP/1.1" 200 307 "-" "Mozilla/4.0 (compatible; MSIE 7.0; Windows NT 5.1; .NET CLR 1.1.4322; InfoPath.1)"
81.86.65.21 - - [05/Mar/2007:18:54:09 +0000] "GET /oempro/admin/campaign_browse.php HTTP/1.1" 200 49726 "http://www.som-cap.com/oempro/admin/member_details.php?MemberID=4023" "Mozilla/4.0 (compatible; MSIE 7.0; Windows NT 5.1)"
81.86.65.21 - - [05/Mar/2007:18:54:29 +0000] "GET /oempro/admin/campaign_popup_preview.php?Method=Browser&CampaignID=79 HTTP/1.1" 200 694 "-" "Mozilla/4.0 (compatible; MSIE 7.0; Windows NT 5.1)"
81.86.65.21 - - [05/Mar/2007:18:54:35 +0000] "GET /oempro/admin/campaign_details.php?CampaignID=79 HTTP/1.1" 200 16336 "-" "Mozilla/4.0 (compatible; MSIE 7.0; Windows NT 5.1)"
81.86.65.21 - - [05/Mar/2007:18:54:36 +0000] "GET /oempro/system/data/templates/enhanced_english/media/css/styles_screen.css HTTP/1.1" 304 - "http://www.som-cap.com/oempro/admin/campaign_details.php?CampaignID=79" "Mozilla/4.0 (compatible; MSIE 7.0; Windows NT 5.1)"
81.86.65.21 - - [05/Mar/2007:18:54:36 +0000] "GET /oempro/system/data/templates/enhanced_english/media/css/styles_menu.css HTTP/1.1" 304 - "http://www.som-cap.com/oempro/admin/campaign_details.php?CampaignID=79" "Mozilla/4.0 (compatible; MSIE 7.0; Windows NT 5.1)"
81.86.65.21 - - [05/Mar/2007:18:54:36 +0000] "GET /oempro/system/data/templates/enhanced_english/media/css/styles_help.css HTTP/1.1" 304 - "http://www.som-cap.com/oempro/admin/campaign_details.php?CampaignID=79" "Mozilla/4.0 (compatible; MSIE 7.0; Windows NT 5.1)"
81.86.65.21 - - [05/Mar/2007:18:54:36 +0000] "GET /oempro/system/data/templates/enhanced_english/media/scripts/functions_administrator.js HTTP/1.1" 304 - "http://www.som-cap.com/oempro/admin/campaign_details.php?CampaignID=79" "Mozilla/4.0 (compatible; MSIE 7.0; Windows NT 5.1)"
81.86.65.21 - - [05/Mar/2007:18:54:36 +0000] "GET /oempro/system/data/templates/enhanced_english/media/scripts/menu.js HTTP/1.1" 304 - "http://www.som-cap.com/oempro/admin/campaign_details.php?CampaignID=79" "Mozilla/4.0 (compatible; MSIE 7.0; Windows NT 5.1)"
81.86.65.21 - - [05/Mar/2007:18:54:36 +0000] "GET /oempro/system/data/templates/enhanced_english/media/scripts/help.js HTTP/1.1" 304 - "http://www.som-cap.com/oempro/admin/campaign_details.php?CampaignID=79" "Mozilla/4.0 (compatible; MSIE 7.0; Windows NT 5.1)"
81.86.65.21 - - [05/Mar/2007:18:54:36 +0000] "GET /oempro/system/data/templates/enhanced_english/media/scripts/help_texts.js HTTP/1.1" 304 - "http://www.som-cap.com/oempro/admin/campaign_details.php?CampaignID=79" "Mozilla/4.0 (compatible; MSIE 7.0; Windows NT 5.1)"
81.86.65.21 - - [05/Mar/2007:19:00:59 +0000] "GET /oempro/read.php?EncryptedMemberID=MTQ3OA%3D%3D&CampaignID=79&CampaignStatisticsID=&Demo=1&Email=richard_baker@mlc.com.au HTTP/1.1" 200 55 "-" "Mozilla/4.0 (compatible; MSIE 7.0; Windows NT 5.1; .NET CLR 1.1.4322; InfoPath.1)"
81.86.65.21 - - [05/Mar/2007:19:05:52 +0000] "GET /oempro/admin/campaign_details.php?CampaignID=79&Step=5 HTTP/1.1" 200 35975 "http://www.som-cap.com/oempro/admin/campaign_details.php?CampaignID=79" "Mozilla/4.0 (compatible; MSIE 7.0; Windows NT 5.1)"
81.86.65.21 - - [05/Mar/2007:19:05:53 +0000] "GET /oempro/system/data/editors/fckeditor/editor/fckeditor.html?InstanceName=FormValue_ContentMain&Toolbar=oemPro HTTP/1.1" 304 - "http://www.som-cap.com/oempro/admin/campaign_details.php?CampaignID=79&Step=5" "Mozilla/4.0 (compatible; MSIE 7.0; Windows NT 5.1)"
81.86.65.21 - - [05/Mar/2007:19:05:53 +0000] "GET /oempro/system/data/editors/fckeditor/editor/js/fckeditorcode_ie.js HTTP/1.1" 304 - "http://www.som-cap.com/oempro/system/data/editors/fckeditor/editor/fckeditor.html?InstanceName=FormValue_ContentMain&Toolbar=oemPro" "Mozilla/4.0 (compatible; MSIE 7.0; Windows NT 5.1)"
81.86.65.21 - - [05/Mar/2007:19:05:53 +0000] "GET /oempro/system/data/editors/fckeditor/fckconfig.js HTTP/1.1" 304 - "http://www.som-cap.com/oempro/system/data/editors/fckeditor/editor/fckeditor.html?InstanceName=FormValue_ContentMain&Toolbar=oemPro" "Mozilla/4.0 (compatible; MSIE 7.0; Windows NT 5.1)"
81.86.65.21 - - [05/Mar/2007:19:05:53 +0000] "GET /oempro/system/data/editors/fckeditor/editor/skins/default/fck_editor.css HTTP/1.1" 304 - "http://www.som-cap.com/oempro/system/data/editors/fckeditor/editor/fckeditor.html?InstanceName=FormValue_ContentMain&Toolbar=oemPro" "Mozilla/4.0 (compatible; MSIE 7.0; Windows NT 5.1)"
81.86.65.21 - - [05/Mar/2007:19:05:53 +0000] "GET /oempro/system/data/editors/fckeditor/editor/lang/en.js HTTP/1.1" 304 - "http://www.som-cap.com/oempro/system/data/editors/fckeditor/editor/fckeditor.html?InstanceName=FormValue_ContentMain&Toolbar=oemPro" "Mozilla/4.0 (compatible; MSIE 7.0; Windows NT 5.1)"
81.86.65.21 - - [05/Mar/2007:19:05:53 +0000] "GET /oempro/system/data/editors/fckeditor/editor/plugins/autogrow/fckplugin.js HTTP/1.1" 304 - "http://www.som-cap.com/oempro/system/data/editors/fckeditor/editor/fckeditor.html?InstanceName=FormValue_ContentMain&Toolbar=oemPro" "Mozilla/4.0 (compatible; MSIE 7.0; Windows NT 5.1)"
81.86.65.21 - - [05/Mar/2007:19:05:53 +0000] "GET /oempro/system/data/editors/fckeditor/editor/plugins/MaximizeInDialog/lang/en.js HTTP/1.1" 304 - "http://www.som-cap.com/oempro/system/data/editors/fckeditor/editor/fckeditor.html?InstanceName=FormValue_ContentMain&Toolbar=oemPro" "Mozilla/4.0 (compatible; MSIE 7.0; Windows NT 5.1)"
81.86.65.21 - - [05/Mar/2007:19:05:53 +0000] "GET /oempro/system/data/editors/fckeditor/editor/plugins/MaximizeInDialog/fckplugin.js HTTP/1.1" 304 - "http://www.som-cap.com/oempro/system/data/editors/fckeditor/editor/fckeditor.html?InstanceName=FormValue_ContentMain&Toolbar=oemPro" "Mozilla/4.0 (compatible; MSIE 7.0; Windows NT 5.1)"
81.86.65.21 - - [05/Mar/2007:19:05:54 +0000] "GET /oempro/system/data/editors/fckeditor/editor/images/spacer.gif HTTP/1.1" 304 - "http://www.som-cap.com/oempro/system/data/editors/fckeditor/editor/fckeditor.html?InstanceName=FormValue_ContentMain&Toolbar=oemPro" "Mozilla/4.0 (compatible; MSIE 7.0; Windows NT 5.1)"
81.86.65.21 - - [05/Mar/2007:19:05:54 +0000] "GET /oempro/system/data/editors/fckeditor/editor/skins/default/images/toolbar.start.gif HTTP/1.1" 304 - "http://www.som-cap.com/oempro/system/data/editors/fckeditor/editor/fckeditor.html?InstanceName=FormValue_ContentMain&Toolbar=oemPro" "Mozilla/4.0 (compatible; MSIE 7.0; Windows NT 5.1)"
81.86.65.21 - - [05/Mar/2007:19:05:54 +0000] "GET /oempro/system/data/editors/fckeditor/editor/skins/default/images/toolbar.buttonarrow.gif HTTP/1.1" 304 - "http://www.som-cap.com/oempro/system/data/editors/fckeditor/editor/fckeditor.html?InstanceName=FormValue_ContentMain&Toolbar=oemPro" "Mozilla/4.0 (compatible; MSIE 7.0; Windows NT 5.1)"
81.86.65.21 - - [05/Mar/2007:19:05:54 +0000] "GET /oempro/system/data/editors/fckeditor/editor/skins/default/fck_strip.gif HTTP/1.1" 304 - "http://www.som-cap.com/oempro/system/data/editors/fckeditor/editor/fckeditor.html?InstanceName=FormValue_ContentMain&Toolbar=oemPro" "Mozilla/4.0 (compatible; MSIE 7.0; Windows NT 5.1)"
81.86.65.21 - - [05/Mar/2007:19:05:58 +0000] "GET /oempro/system/data/editors/fckeditor/editor/css/fck_internal.css HTTP/1.1" 304 - "http://www.som-cap.com/oempro/system/data/editors/fckeditor/editor/fckeditor.html?InstanceName=FormValue_ContentMain&Toolbar=oemPro" "Mozilla/4.0 (compatible; MSIE 7.0; Windows NT 5.1)"
81.86.65.21 - - [05/Mar/2007:19:05:59 +0000] "GET /oempro/system/data/editors/fckeditor/editor/skins/default/images/toolbar.arrowright.gif HTTP/1.1" 304 - "-" "Mozilla/4.0 (compatible; MSIE 7.0; Windows NT 5.1)"
81.86.65.21 - - [05/Mar/2007:19:05:59 +0000] "GET /oempro/system/data/editors/fckeditor/editor/skins/default/images/toolbar.arrowright.gif HTTP/1.1" 304 - "-" "Mozilla/4.0 (compatible; MSIE 7.0; Windows NT 5.1)"
81.86.65.21 - - [05/Mar/2007:19:11:29 +0000] "POST /oempro/admin/campaign_details.php HTTP/1.1" 302 5 "http://www.som-cap.com/oempro/admin/campaign_details.php?CampaignID=79&Step=5" "Mozilla/4.0 (compatible; MSIE 7.0; Windows NT 5.1)"
81.86.65.21 - - [05/Mar/2007:19:11:33 +0000] "GET /oempro/admin/campaign_details.php?CampaignID=79&Step=5 HTTP/1.1" 200 36236 "http://www.som-cap.com/oempro/admin/campaign_details.php?CampaignID=79&Step=5" "Mozilla/4.0 (compatible; MSIE 7.0; Windows NT 5.1)"
81.86.65.21 - - [05/Mar/2007:19:15:30 +0000] "POST /oempro/admin/campaign_details.php HTTP/1.1" 302 5 "http://www.som-cap.com/oempro/admin/campaign_details.php?CampaignID=79&Step=5" "Mozilla/4.0 (compatible; MSIE 7.0; Windows NT 5.1)"
81.86.65.21 - - [05/Mar/2007:19:15:34 +0000] "GET /oempro/admin/campaign_details.php?CampaignID=79&Step=5 HTTP/1.1" 200 36280 "http://www.som-cap.com/oempro/admin/campaign_details.php?CampaignID=79&Step=5" "Mozilla/4.0 (compatible; MSIE 7.0; Windows NT 5.1)"
81.86.65.21 - - [05/Mar/2007:19:16:00 +0000] "GET /oempro/admin/campaign_details.php?CampaignID=79&Step=6 HTTP/1.1" 200 16029 "http://www.som-cap.com/oempro/admin/campaign_details.php?CampaignID=79&Step=5" "Mozilla/4.0 (compatible; MSIE 7.0; Windows NT 5.1)"
81.86.65.21 - - [05/Mar/2007:19:17:33 +0000] "GET /oempro/admin/campaign_popup_preview.php?Method=Browser&CampaignID=79 HTTP/1.1" 200 694 "-" "Mozilla/4.0 (compatible; MSIE 7.0; Windows NT 5.1)"
81.86.65.21 - - [05/Mar/2007:19:17:34 +0000] "GET /oempro/admin/campaign_popup_preview_browser.php?CampaignID=79&Frame=Bottom HTTP/1.1" 200 1269 "http://www.som-cap.com/oempro/admin/campaign_popup_preview.php?Method=Browser&CampaignID=79" "Mozilla/4.0 (compatible; MSIE 7.0; Windows NT 5.1)"
81.86.65.21 - - [05/Mar/2007:19:17:35 +0000] "GET /oempro/admin/campaign_popup_preview_browser.php?CampaignID=79&Frame=Top HTTP/1.1" 200 7520 "http://www.som-cap.com/oempro/admin/campaign_popup_preview.php?Method=Browser&CampaignID=79" "Mozilla/4.0 (compatible; MSIE 7.0; Windows NT 5.1)"
81.86.65.21 - - [05/Mar/2007:19:17:35 +0000] "GET /oempro/read.php?EncryptedMemberID=MTQ3OA%3D%3D&CampaignID=79&CampaignStatisticsID=&Demo=1&Email=richard_baker@mlc.com.au HTTP/1.1" 200 55 "http://www.som-cap.com/oempro/admin/campaign_popup_preview_browser.php?CampaignID=79&Frame=Top" "Mozilla/4.0 (compatible; MSIE 7.0; Windows NT 5.1)"
81.86.65.21 - - [05/Mar/2007:19:18:05 +0000] "GET /oempro/admin/campaign_popup_preview.php?Method=Email&CampaignID=79 HTTP/1.1" 200 5693 "-" "Mozilla/4.0 (compatible; MSIE 7.0; Windows NT 5.1)"
81.86.65.21 - - [05/Mar/2007:19:18:05 +0000] "GET /oempro/system/data/templates/enhanced_english/media/css/styles_screen.css HTTP/1.1" 304 - "http://www.som-cap.com/oempro/admin/campaign_popup_preview.php?Method=Email&CampaignID=79" "Mozilla/4.0 (compatible; MSIE 7.0; Windows NT 5.1)"
81.86.65.21 - - [05/Mar/2007:19:18:05 +0000] "GET /oempro/system/data/templates/enhanced_english/media/css/styles_screen_popup.css HTTP/1.1" 304 - "http://www.som-cap.com/oempro/admin/campaign_popup_preview.php?Method=Email&CampaignID=79" "Mozilla/4.0 (compatible; MSIE 7.0; Windows NT 5.1)"
81.86.65.21 - - [05/Mar/2007:19:18:05 +0000] "GET /oempro/system/data/templates/enhanced_english/media/scripts/functions_administrator.js HTTP/1.1" 304 - "http://www.som-cap.com/oempro/admin/campaign_popup_preview.php?Method=Email&CampaignID=79" "Mozilla/4.0 (compatible; MSIE 7.0; Windows NT 5.1)"
81.86.65.21 - - [05/Mar/2007:19:18:10 +0000] "POST /oempro/admin/campaign_popup_preview.php HTTP/1.1" 200 5773 "http://www.som-cap.com/oempro/admin/campaign_popup_preview.php?Method=Email&CampaignID=79" "Mozilla/4.0 (compatible; MSIE 7.0; Windows NT 5.1)"
81.86.65.21 - - [05/Mar/2007:19:18:21 +0000] "POST /oempro/admin/campaign_popup_preview.php HTTP/1.1" 200 5773 "http://www.som-cap.com/oempro/admin/campaign_popup_preview.php" "Mozilla/4.0 (compatible; MSIE 7.0; Windows NT 5.1)"
81.86.65.21 - - [05/Mar/2007:19:20:13 +0000] "GET /oempro/read.php?EncryptedMemberID=MTQ3OA%3D%3D&CampaignID=79&CampaignStatisticsID=&Demo=1&Email=richard_baker@mlc.com.au HTTP/1.1" 200 55 "-" "Mozilla/4.0 (compatible; MSIE 7.0; Windows NT 5.1)"
81.86.65.21 - - [05/Mar/2007:19:20:14 +0000] "GET /oempro/read.php?EncryptedMemberID=MTQ3OA%3D%3D&CampaignID=79&CampaignStatisticsID=&Demo=1&Email=richard_baker@mlc.com.au HTTP/1.1" 200 55 "-" "Mozilla/4.0 (compatible; MSIE 7.0; Windows NT 5.1)"
81.86.65.21 - - [05/Mar/2007:19:22:18 +0000] "GET /oempro/admin/campaign_details.php?CampaignID=79&Step=1 HTTP/1.1" 200 16336 "http://www.som-cap.com/oempro/admin/campaign_details.php?CampaignID=79&Step=6" "Mozilla/4.0 (compatible; MSIE 7.0; Windows NT 5.1)"
81.86.65.21 - - [05/Mar/2007:19:22:18 +0000] "GET /oempro/system/data/templates/enhanced_english/media/css/styles_menu.css HTTP/1.1" 304 - "http://www.som-cap.com/oempro/admin/campaign_details.php?CampaignID=79&Step=1" "Mozilla/4.0 (compatible; MSIE 7.0; Windows NT 5.1)"
81.86.65.21 - - [05/Mar/2007:19:22:18 +0000] "GET /oempro/system/data/templates/enhanced_english/media/css/styles_help.css HTTP/1.1" 304 - "http://www.som-cap.com/oempro/admin/campaign_details.php?CampaignID=79&Step=1" "Mozilla/4.0 (compatible; MSIE 7.0; Windows NT 5.1)"
81.86.65.21 - - [05/Mar/2007:19:22:18 +0000] "GET /oempro/system/data/templates/enhanced_english/media/scripts/menu.js HTTP/1.1" 304 - "http://www.som-cap.com/oempro/admin/campaign_details.php?CampaignID=79&Step=1" "Mozilla/4.0 (compatible; MSIE 7.0; Windows NT 5.1)"
81.86.65.21 - - [05/Mar/2007:19:22:18 +0000] "GET /oempro/system/data/templates/enhanced_english/media/scripts/help.js HTTP/1.1" 304 - "http://www.som-cap.com/oempro/admin/campaign_details.php?CampaignID=79&Step=1" "Mozilla/4.0 (compatible; MSIE 7.0; Windows NT 5.1)"
81.86.65.21 - - [05/Mar/2007:19:22:18 +0000] "GET /oempro/system/data/templates/enhanced_english/media/scripts/help_texts.js HTTP/1.1" 304 - "http://www.som-cap.com/oempro/admin/campaign_details.php?CampaignID=79&Step=1" "Mozilla/4.0 (compatible; MSIE 7.0; Windows NT 5.1)"
81.86.65.21 - - [05/Mar/2007:19:22:26 +0000] "GET /oempro/admin/campaign_details.php?CampaignID=79&Step=3 HTTP/1.1" 200 42356 "http://www.som-cap.com/oempro/admin/campaign_details.php?CampaignID=79&Step=1" "Mozilla/4.0 (compatible; MSIE 7.0; Windows NT 5.1)"
81.86.65.21 - - [05/Mar/2007:19:23:30 +0000] "GET /oempro/read.php?EncryptedMemberID=MTQ3OA%3D%3D&CampaignID=79&CampaignStatisticsID=&Demo=1&Email=richard_baker@mlc.com.au HTTP/1.1" 200 55 "-" "Mozilla/4.0 (compatible; MSIE 7.0; Windows NT 5.1; .NET CLR 1.1.4322; InfoPath.1)"
81.86.65.21 - - [05/Mar/2007:19:24:35 +0000] "GET /oempro/read.php?EncryptedMemberID=MTQ3OA%3D%3D&CampaignID=79&CampaignStatisticsID=&Demo=1&Email=richard_baker@mlc.com.au HTTP/1.1" 200 55 "-" "Mozilla/4.0 (compatible; MSIE 7.0; Windows NT 5.1; .NET CLR 1.1.4322; InfoPath.1)"
81.86.65.21 - - [05/Mar/2007:19:24:35 +0000] "GET /oempro/read.php?EncryptedMemberID=MTQ3OA%3D%3D&CampaignID=79&CampaignStatisticsID=&Demo=1&Email=richard_baker@mlc.com.au HTTP/1.1" 200 55 "-" "Mozilla/4.0 (compatible; MSIE 7.0; Windows NT 5.1; .NET CLR 1.1.4322; InfoPath.1)"
81.86.65.21 - - [05/Mar/2007:19:24:51 +0000] "GET /oempro/read.php?EncryptedMemberID=MTQ3OA%3D%3D&CampaignID=79&CampaignStatisticsID=&Demo=1&Email=richard_baker@mlc.com.au HTTP/1.1" 200 55 "-" "Mozilla/4.0 (compatible; MSIE 7.0; Windows NT 5.1; .NET CLR 1.1.4322; InfoPath.1)"
81.86.65.21 - - [05/Mar/2007:19:24:53 +0000] "GET /oempro/read.php?EncryptedMemberID=MTQ3OA%3D%3D&CampaignID=79&CampaignStatisticsID=&Demo=1&Email=richard_baker@mlc.com.au HTTP/1.1" 200 55 "-" "Mozilla/4.0 (compatible; MSIE 7.0; Windows NT 5.1; .NET CLR 1.1.4322; InfoPath.1)"
81.86.65.21 - - [05/Mar/2007:19:24:57 +0000] "GET /oempro/read.php?EncryptedMemberID=MTQ3OA%3D%3D&CampaignID=79&CampaignStatisticsID=&Demo=1&Email=richard_baker@mlc.com.au HTTP/1.1" 200 55 "-" "Mozilla/4.0 (compatible; MSIE 7.0; Windows NT 5.1; .NET CLR 1.1.4322; InfoPath.1)"
81.86.65.21 - - [05/Mar/2007:19:24:57 +0000] "GET /oempro/read.php?EncryptedMemberID=MTQ3OA%3D%3D&CampaignID=79&CampaignStatisticsID=&Demo=1&Email=richard_baker@mlc.com.au HTTP/1.1" 200 55 "-" "Mozilla/4.0 (compatible; MSIE 7.0; Windows NT 5.1; .NET CLR 1.1.4322; InfoPath.1)"
81.86.65.21 - - [05/Mar/2007:19:25:09 +0000] "GET /oempro/read.php?EncryptedMemberID=MTQ3OA%3D%3D&CampaignID=79&CampaignStatisticsID=&Demo=1&Email=richard_baker@mlc.com.au HTTP/1.1" 200 55 "-" "Mozilla/4.0 (compatible; MSIE 7.0; Windows NT 5.1; .NET CLR 1.1.4322; InfoPath.1)"
81.86.65.21 - - [05/Mar/2007:19:26:15 +0000] "POST /oempro/admin/campaign_details.php HTTP/1.1" 302 5 "http://www.som-cap.com/oempro/admin/campaign_details.php?CampaignID=79&Step=3" "Mozilla/4.0 (compatible; MSIE 7.0; Windows NT 5.1)"
81.86.65.21 - - [05/Mar/2007:19:26:20 +0000] "GET /oempro/admin/campaign_details.php?CampaignID=79&Step=3 HTTP/1.1" 200 42361 "http://www.som-cap.com/oempro/admin/campaign_details.php?CampaignID=79&Step=3" "Mozilla/4.0 (compatible; MSIE 7.0; Windows NT 5.1)"
81.86.65.21 - - [05/Mar/2007:19:26:27 +0000] "GET /oempro/admin/settings_cron.php HTTP/1.1" 200 18799 "http://www.som-cap.com/oempro/admin/campaign_details.php?CampaignID=79&Step=3" "Mozilla/4.0 (compatible; MSIE 7.0; Windows NT 5.1)"
81.86.65.21 - - [05/Mar/2007:19:26:27 +0000] "GET /oempro/system/data/templates/enhanced_english/media/images/theme/icon_process_completed.gif HTTP/1.1" 304 - "http://www.som-cap.com/oempro/admin/settings_cron.php" "Mozilla/4.0 (compatible; MSIE 7.0; Windows NT 5.1)"
81.86.65.21 - - [05/Mar/2007:19:28:39 +0000] "GET /oempro/read.php?EncryptedMemberID=MTQ3OA%3D%3D&CampaignID=79&CampaignStatisticsID=&Demo=1&Email=richard_baker@mlc.com.au HTTP/1.1" 200 55 "-" "Mozilla/4.0 (compatible; MSIE 7.0; Windows NT 5.1)"
81.86.65.21 - - [05/Mar/2007:19:28:40 +0000] "GET /oempro/read.php?EncryptedMemberID=MTQ3OA%3D%3D&CampaignID=79&CampaignStatisticsID=&Demo=1&Email=richard_baker@mlc.com.au HTTP/1.1" 200 55 "-" "Mozilla/4.0 (compatible; MSIE 7.0; Windows NT 5.1)"
216.146.73.59 - - [05/Mar/2007:19:29:23 +0000] "GET /oempro/read.php?EncryptedMemberID=MTU4NQ%3D%3D&CampaignID=79&CampaignStatisticsID=45&Demo=0&Email=am@hkwinc.com HTTP/1.1" 200 55 "-" "Mozilla/4.0 (compatible; MSIE 6.0; Windows NT 5.1; SV1)"
81.86.65.21 - - [05/Mar/2007:19:29:25 +0000] "GET /oempro/read.php?EncryptedMemberID=MTQ3OA%3D%3D&CampaignID=79&CampaignStatisticsID=&Demo=1&Email=richard_baker@mlc.com.au HTTP/1.1" 200 55 "-" "Mozilla/4.0 (compatible; MSIE 7.0; Windows NT 5.1)"
204.215.137.24 - - [05/Mar/2007:19:31:05 +0000] "GET /oempro/read.php?EncryptedMemberID=MTc0MA%3D%3D&CampaignID=79&CampaignStatisticsID=45&Demo=0&Email=billy@bhequity.com HTTP/1.1" 200 55 "-" "Mozilla/5.0 (Macintosh; U; PPC Mac OS X; en) AppleWebKit/418.9.1 (KHTML, like Gecko)"
207.19.205.4 - - [05/Mar/2007:19:31:48 +0000] "GET /oempro/read.php?EncryptedMemberID=MTgxOA%3D%3D&CampaignID=79&CampaignStatisticsID=45&Demo=0&Email=carolyn.gillen@lazard.com HTTP/1.1" 200 55 "-" "Mozilla/4.0 (compatible; Lotus-Notes/5.0; Windows-NT)"
12.105.75.227 - - [05/Mar/2007:19:32:50 +0000] "GET /oempro/read.php?EncryptedMemberID=MTkxOQ%3D%3D&CampaignID=79&CampaignStatisticsID=45&Demo=0&Email=cmulloy@hcp.com HTTP/1.1" 200 55 "-" "Mozilla/4.0 (compatible; MSIE 6.0; Windows NT 5.2; SV1; .NET CLR 1.1.4322; InfoPath.1; .NET CLR 2.0.50727)"
213.61.180.196 - - [05/Mar/2007:19:33:04 +0000] "GET /oempro/read.php?EncryptedMemberID=MTYxNg%3D%3D&CampaignID=79&CampaignStatisticsID=45&Demo=0&Email=andreas.rodin@pplaw.de HTTP/1.0" 200 43 "-" "Mozilla/4.0 (compatible; MSIE 6.0; Windows NT 5.1; SV1; .NET CLR 2.0.50727; .NET CLR 3.0.04506.30)"
208.255.90.221 - - [05/Mar/2007:19:34:50 +0000] "GET /oempro/read.php?EncryptedMemberID=MjA0NQ%3D%3D&CampaignID=79&CampaignStatisticsID=45&Demo=0&Email=dglucroft@nixonpeabody.com HTTP/1.0" 200 43 "-" "Mozilla/4.0 (compatible; MSIE 6.0; Windows NT 5.1; SV1; .NET CLR 1.1.4322; InfoPath.1)"
65.115.137.2 - - [05/Mar/2007:19:35:30 +0000] "GET /oempro/read.php?EncryptedMemberID=MjAxMQ%3D%3D&CampaignID=79&CampaignStatisticsID=45&Demo=0&Email=dberman@higcapital.com HTTP/1.1" 200 55 "-" "Mozilla/4.0 (compatible; MSIE 6.0; Windows NT 5.1; SV1; .NET CLR 2.0.50727; .NET CLR 3.0.04506.30)"
206.15.69.102 - - [05/Mar/2007:19:35:42 +0000] "GET /oempro/read.php?EncryptedMemberID=MTc3Mw%3D%3D&CampaignID=79&CampaignStatisticsID=45&Demo=0&Email=brettbyers@vcfa.com HTTP/1.1" 200 55 "-" "Mozilla/5.0 (Macintosh; U; PPC Mac OS X; en) AppleWebKit/418.9.1 (KHTML, like Gecko)"
62.254.209.225 - - [05/Mar/2007:19:36:24 +0000] "GET /oempro/read.php?EncryptedMemberID=MTY3Nw%3D%3D&CampaignID=79&CampaignStatisticsID=45&Demo=0&Email=atravers@amadeuscapital.com HTTP/1.0" 200 43 "-" "Mozilla/4.0 (compatible; Lotus-Notes/6.0; Windows-NT)"
216.95.215.88 - - [05/Mar/2007:19:36:48 +0000] "GET /oempro/read.php?EncryptedMemberID=MjE0Mw%3D%3D&CampaignID=79&CampaignStatisticsID=45&Demo=0&Email=ehershberg@oncap.com HTTP/1.1" 200 55 "-" "Mozilla/4.0 (compatible; MSIE 6.0; Windows NT 5.1; SV1; .NET CLR 1.1.4322; .NET CLR 2.0.50727)"
212.243.38.165 - - [05/Mar/2007:19:36:48 +0000] "GET /oempro/read.php?EncryptedMemberID=MTg3Ng%3D%3D&CampaignID=79&CampaignStatisticsID=45&Demo=0&Email=chris@saadgroup.com HTTP/1.1" 200 55 "-" "Mozilla/4.0 (compatible; MSIE 6.0; Windows NT 5.1; SV1; .NET CLR 1.1.4322)"
65.206.26.226 - - [05/Mar/2007:19:36:53 +0000] "GET /oempro/read.php?EncryptedMemberID=MjE2MQ%3D%3D&CampaignID=79&CampaignStatisticsID=45&Demo=0&Email=emurdoch@svip.com HTTP/1.1" 200 55 "-" "Mozilla/4.0 (compatible; MSIE 6.0; Windows NT 5.0; .NET CLR 1.1.4322)"
65.206.26.226 - - [05/Mar/2007:19:36:54 +0000] "GET /oempro/read.php?EncryptedMemberID=MjE2MQ%3D%3D&CampaignID=79&CampaignStatisticsID=45&Demo=0&Email=emurdoch@svip.com HTTP/1.1" 200 55 "-" "Mozilla/4.0 (compatible; MSIE 6.0; Windows NT 5.0; .NET CLR 1.1.4322)"
216.95.215.88 - - [05/Mar/2007:19:36:54 +0000] "GET /oempro/read.php?EncryptedMemberID=MjE0Mw%3D%3D&CampaignID=79&CampaignStatisticsID=45&Demo=0&Email=ehershberg@oncap.com HTTP/1.1" 200 55 "-" "Mozilla/4.0 (compatible; MSIE 6.0; Windows NT 5.1; SV1; .NET CLR 1.1.4322; .NET CLR 2.0.50727)"
81.86.65.21 - - [05/Mar/2007:19:37:57 +0000] "GET /oempro/read.php?EncryptedMemberID=MTQ3OA%3D%3D&CampaignID=79&CampaignStatisticsID=&Demo=1&Email=richard_baker@mlc.com.au HTTP/1.1" 200 55 "-" "Mozilla/4.0 (compatible; MSIE 7.0; Windows NT 5.1)"
217.37.81.197 - - [05/Mar/2007:19:38:16 +0000] "GET /oempro/link.php?URL=aHR0cDovL3d3dy5zb20tY2FwLmNvbS9vZW1wcm8vbGluay5waHA%2FVVJMPWFIUjBjRG92TDNkM2R5NXpiMjB0WTJGd0xtTnZiUzlrWVhSaExtaDBiUT09JmFtcDtOYW1lPSZhbXA7RW5jcnlwdGVkTWVtYmVySUQ9TkRBeU5BPT0mYW1wO0NhbXBhaWduSUQ9NzcmYW1wO0NhbXBhaWduU3RhdGlzdGljc0lEPTQzJmFtcDtEZW1vPTAmYW1wO0VtYWlsPW1hcmllQHNvbS1jYXAuY29t&Name=&EncryptedMemberID=MTcwOQ%3D%3D&CampaignID=79&CampaignStatisticsID=45&Demo=0&Email=bcoste@qes.co.uk HTTP/1.1" 302 5 "-" "Mozilla/4.0 (compatible; MSIE 6.0; Windows NT 5.1; SV1; .NET CLR 1.1.4322)"
217.37.81.197 - - [05/Mar/2007:19:38:16 +0000] "GET /oempro/link.php?URL=aHR0cDovL3d3dy5zb20tY2FwLmNvbS9kYXRhLmh0bQ==&Name=&EncryptedMemberID=NDAyNA==&CampaignID=77&CampaignStatisticsID=43&Demo=0&Email=marie@som-cap.com HTTP/1.1" 302 5 "-" "Mozilla/4.0 (compatible; MSIE 6.0; Windows NT 5.1; SV1; .NET CLR 1.1.4322)"
217.37.81.197 - - [05/Mar/2007:19:38:17 +0000] "GET /data.htm HTTP/1.1" 200 6628 "-" "Mozilla/4.0 (compatible; MSIE 6.0; Windows NT 5.1; SV1; .NET CLR 1.1.4322)"
217.37.81.197 - - [05/Mar/2007:19:38:17 +0000] "GET /styles.css HTTP/1.1" 200 497 "http://www.som-cap.com/data.htm" "Mozilla/4.0 (compatible; MSIE 6.0; Windows NT 5.1; SV1; .NET CLR 1.1.4322)"
217.37.81.197 - - [05/Mar/2007:19:38:17 +0000] "GET /images/logo.gif HTTP/1.1" 200 1574 "http://www.som-cap.com/data.htm" "Mozilla/4.0 (compatible; MSIE 6.0; Windows NT 5.1; SV1; .NET CLR 1.1.4322)"
217.37.81.197 - - [05/Mar/2007:19:38:17 +0000] "GET /images/inbg.jpg HTTP/1.1" 200 32265 "http://www.som-cap.com/data.htm" "Mozilla/4.0 (compatible; MSIE 6.0; Windows NT 5.1; SV1; .NET CLR 1.1.4322)"
65.206.26.226 - - [05/Mar/2007:19:38:40 +0000] "GET /oempro/read.php?EncryptedMemberID=MjI2NQ%3D%3D&CampaignID=79&CampaignStatisticsID=45&Demo=0&Email=geiben@svip.com HTTP/1.1" 200 55 "-" "Mozilla/4.0 (compatible; MSIE 7.0; Windows NT 5.1; (R1 1.5); .NET CLR 1.1.4322)"
71.16.107.82 - - [05/Mar/2007:19:39:12 +0000] "GET /oempro/read.php?EncryptedMemberID=MjEzMg%3D%3D&CampaignID=79&CampaignStatisticsID=45&Demo=0&Email=edehm@square1bank.com HTTP/1.0" 200 43 "-" "Mozilla/4.0 (compatible; MSIE 6.0; Windows NT 5.1; SV1; .NET CLR 1.1.4322; .NET CLR 2.0.50727)"
65.206.26.226 - - [05/Mar/2007:19:39:21 +0000] "GET /oempro/read.php?EncryptedMemberID=MjI2NQ%3D%3D&CampaignID=79&CampaignStatisticsID=45&Demo=0&Email=geiben@svip.com HTTP/1.1" 200 55 "-" "Mozilla/4.0 (compatible; MSIE 7.0; Windows NT 5.1; (R1 1.5); .NET CLR 1.1.4322)"
71.16.107.82 - - [05/Mar/2007:19:39:22 +0000] "GET /oempro/read.php?EncryptedMemberID=MjEzMg%3D%3D&CampaignID=79&CampaignStatisticsID=45&Demo=0&Email=edehm@square1bank.com HTTP/1.0" 200 43 "-" "Mozilla/4.0 (compatible; MSIE 6.0; Windows NT 5.1; SV1; .NET CLR 1.1.4322; .NET CLR 2.0.50727)"
71.150.90.62 - - [05/Mar/2007:19:39:24 +0000] "GET /oempro/read.php?EncryptedMemberID=MTg2NQ%3D%3D&CampaignID=79&CampaignStatisticsID=45&Demo=0&Email=childres@edgewatercapital.com HTTP/1.1" 200 55 "-" "Mozilla/4.0 (compatible; MSIE 7.0; Windows NT 5.1)"
38.117.179.51 - - [05/Mar/2007:19:39:34 +0000] "GET /oempro/read.php?EncryptedMemberID=MjA3NQ%3D%3D&CampaignID=79&CampaignStatisticsID=45&Demo=0&Email=dmayer@khronos.com HTTP/1.1" 200 55 "-" "Mozilla/4.0 (compatible; MSIE 7.0; Windows NT 5.1; .NET CLR 1.1.4322; .NET CLR 2.0.50727; KHRONOS_IT; InfoPath.2; MSOffice 12)"
38.117.179.51 - - [05/Mar/2007:19:39:34 +0000] "GET /oempro/read.php?EncryptedMemberID=MjA3NQ%3D%3D&CampaignID=79&CampaignStatisticsID=45&Demo=0&Email=dmayer@khronos.com HTTP/1.1" 200 55 "-" "Mozilla/4.0 (compatible; MSIE 7.0; Windows NT 5.1; .NET CLR 1.1.4322; .NET CLR 2.0.50727; KHRONOS_IT; InfoPath.2; MSOffice 12)"
38.117.179.51 - - [05/Mar/2007:19:39:38 +0000] "GET /oempro/read.php?EncryptedMemberID=MjA3NQ%3D%3D&CampaignID=79&CampaignStatisticsID=45&Demo=0&Email=dmayer@khronos.com HTTP/1.1" 200 55 "-" "Mozilla/4.0 (compatible; MSIE 7.0; Windows NT 5.1; .NET CLR 1.1.4322; .NET CLR 2.0.50727; KHRONOS_IT; InfoPath.2; MSOffice 12)"
81.86.65.21 - - [05/Mar/2007:19:39:41 +0000] "GET /oempro/read.php?EncryptedMemberID=MTQ3OA%3D%3D&CampaignID=79&CampaignStatisticsID=&Demo=1&Email=richard_baker@mlc.com.au HTTP/1.1" 200 55 "-" "Mozilla/4.0 (compatible; MSIE 7.0; Windows NT 5.1)"
38.117.179.51 - - [05/Mar/2007:19:39:47 +0000] "GET /oempro/read.php?EncryptedMemberID=MjA3NQ%3D%3D&CampaignID=79&CampaignStatisticsID=45&Demo=0&Email=dmayer@khronos.com HTTP/1.1" 200 55 "-" "Mozilla/4.0 (compatible; MSIE 7.0; Windows NT 5.1; .NET CLR 1.1.4322; .NET CLR 2.0.50727; KHRONOS_IT; InfoPath.2; MSOffice 12)"
38.117.179.51 - - [05/Mar/2007:19:39:51 +0000] "GET /oempro/read.php?EncryptedMemberID=MjA3NQ%3D%3D&CampaignID=79&CampaignStatisticsID=45&Demo=0&Email=dmayer@khronos.com HTTP/1.1" 200 55 "-" "Mozilla/4.0 (compatible; MSIE 7.0; Windows NT 5.1; .NET CLR 1.1.4322; .NET CLR 2.0.50727; KHRONOS_IT; InfoPath.2; MSOffice 12)"
71.150.90.62 - - [05/Mar/2007:19:39:52 +0000] "GET /oempro/read.php?EncryptedMemberID=MTg2NQ%3D%3D&CampaignID=79&CampaignStatisticsID=45&Demo=0&Email=childres@edgewatercapital.com HTTP/1.1" 200 55 "-" "Mozilla/4.0 (compatible; MSIE 7.0; Windows NT 5.1)"
38.117.179.51 - - [05/Mar/2007:19:39:53 +0000] "GET /oempro/read.php?EncryptedMemberID=MjA3NQ%3D%3D&CampaignID=79&CampaignStatisticsID=45&Demo=0&Email=dmayer@khronos.com HTTP/1.1" 200 55 "-" "Mozilla/4.0 (compatible; MSIE 7.0; Windows NT 5.1; .NET CLR 1.1.4322; .NET CLR 2.0.50727; KHRONOS_IT; InfoPath.2; MSOffice 12)"
38.96.140.132 - - [05/Mar/2007:19:40:00 +0000] "GET /oempro/read.php?EncryptedMemberID=MjAyMg%3D%3D&CampaignID=79&CampaignStatisticsID=45&Demo=0&Email=dcolon@cmequity.com HTTP/1.1" 200 55 "-" "Mozilla/4.0 (compatible; MSIE 6.0; Windows NT 5.1; SV1)"
64.215.227.50 - - [05/Mar/2007:19:40:29 +0000] "GET /oempro/read.php?EncryptedMemberID=MjE5Nw%3D%3D&CampaignID=79&CampaignStatisticsID=45&Demo=0&Email=fbashour@cicpartnerslp.com HTTP/1.1" 200 55 "-" "Mozilla/4.0 (compatible; MSIE 7.0; Windows NT 5.1; .NET CLR 1.1.4322)"
65.205.246.194 - - [05/Mar/2007:19:40:37 +0000] "GET /oempro/read.php?EncryptedMemberID=MjQxMw%3D%3D&CampaignID=79&CampaignStatisticsID=45&Demo=0&Email=hjones@offithall.com HTTP/1.1" 200 55 "-" "Mozilla/4.0 (compatible; MSIE 6.0; Windows NT 5.1; SV1; .NET CLR 1.1.4322; InfoPath.1)"
81.86.65.21 - - [05/Mar/2007:19:40:51 +0000] "GET /oempro/read.php?EncryptedMemberID=MTQ3OA%3D%3D&CampaignID=79&CampaignStatisticsID=&Demo=1&Email=richard_baker@mlc.com.au HTTP/1.1" 200 55 "-" "Mozilla/4.0 (compatible; MSIE 7.0; Windows NT 5.1)"
63.163.10.2 - - [05/Mar/2007:19:40:55 +0000] "GET /oempro/read.php?EncryptedMemberID=MjA2Mw%3D%3D&CampaignID=79&CampaignStatisticsID=45&Demo=0&Email=djohnston@broadview.com HTTP/1.0" 200 43 "-" "Mozilla/4.0 (compatible; Lotus-Notes/6.0; Windows-NT)"
63.163.10.2 - - [05/Mar/2007:19:40:56 +0000] "GET /oempro/read.php?EncryptedMemberID=MjA2Mw%3D%3D&CampaignID=79&CampaignStatisticsID=45&Demo=0&Email=djohnston@broadview.com HTTP/1.0" 200 43 "-" "Mozilla/4.0 (compatible; Lotus-Notes/6.0; Windows-NT)"
67.98.68.229 - - [05/Mar/2007:19:40:57 +0000] "GET /oempro/read.php?EncryptedMemberID=MTgwNg%3D%3D&CampaignID=79&CampaignStatisticsID=45&Demo=0&Email=cam@probitaspartners.com HTTP/1.1" 200 55 "-" "Mozilla/4.0 (compatible; MSIE 7.0; Windows NT 5.1; .NET CLR 1.1.4322; .NET CLR 2.0.50727)"
67.98.68.229 - - [05/Mar/2007:19:40:57 +0000] "GET /oempro/read.php?EncryptedMemberID=MTgwNg%3D%3D&CampaignID=79&CampaignStatisticsID=45&Demo=0&Email=cam@probitaspartners.com HTTP/1.1" 200 55 "-" "Mozilla/4.0 (compatible; MSIE 7.0; Windows NT 5.1; .NET CLR 1.1.4322; .NET CLR 2.0.50727)"
86.141.60.116 - - [05/Mar/2007:19:41:03 +0000] "GET /oempro/read.php?EncryptedMemberID=MTk3OA%3D%3D&CampaignID=79&CampaignStatisticsID=45&Demo=0&Email=david.alexander@ironbridgecp.com HTTP/1.1" 200 55 "-" "Mozilla/4.0 (compatible; MSIE 7.0; Windows NT 5.1; .NET CLR 1.1.4322)"
209.213.211.14 - - [05/Mar/2007:19:41:17 +0000] "GET /oempro/read.php?EncryptedMemberID=MjEzNQ%3D%3D&CampaignID=79&CampaignStatisticsID=45&Demo=0&Email=edolan@ccapital.com HTTP/1.1" 200 55 "-" "Mozilla/4.0 (compatible; MSIE 7.0; Windows NT 5.1; .NET CLR 1.1.4322; InfoPath.1; .NET CLR 2.0.50727)"
209.213.211.14 - - [05/Mar/2007:19:41:18 +0000] "GET /oempro/read.php?EncryptedMemberID=MjEzNQ%3D%3D&CampaignID=79&CampaignStatisticsID=45&Demo=0&Email=edolan@ccapital.com HTTP/1.1" 200 55 "-" "Mozilla/4.0 (compatible; MSIE 7.0; Windows NT 5.1; .NET CLR 1.1.4322; InfoPath.1; .NET CLR 2.0.50727)"
213.129.10.120 - - [05/Mar/2007:19:41:21 +0000] "GET /oempro/read.php?EncryptedMemberID=MTg0Ng%3D%3D&CampaignID=79&CampaignStatisticsID=45&Demo=0&Email=cfh@oticon.dk HTTP/1.1" 200 55 "-" "Mozilla/4.0 (compatible; MSIE 6.0; Windows NT 5.1; SV1; .NET CLR 1.1.4322; InfoPath.1; .NET CLR 2.0.50727)"
209.27.63.170 - - [05/Mar/2007:19:42:01 +0000] "GET /oempro/read.php?EncryptedMemberID=MjQwMA%3D%3D&CampaignID=79&CampaignStatisticsID=45&Demo=0&Email=henry.smith@maplesandcalder.com HTTP/1.0" 200 43 "-" "Mozilla/4.0 (compatible; MSIE 6.0; Windows NT 5.1; SV1; .NET CLR 1.1.4322; .NET CLR 2.0.50727)"
71.16.107.82 - - [05/Mar/2007:19:42:03 +0000] "GET /oempro/read.php?EncryptedMemberID=MjEzMg%3D%3D&CampaignID=79&CampaignStatisticsID=45&Demo=0&Email=edehm@square1bank.com HTTP/1.0" 200 43 "-" "Mozilla/4.0 (compatible; MSIE 6.0; Windows NT 5.1; SV1; .NET CLR 1.1.4322; .NET CLR 2.0.50727)"
198.240.213.25 - - [05/Mar/2007:19:42:14 +0000] "GET /oempro/read.php?EncryptedMemberID=MTY2Mw%3D%3D&CampaignID=79&CampaignStatisticsID=45&Demo=0&Email=arielsergio.goekmen@credit-suisse.com HTTP/1.1" 200 55 "-" "Mozilla/4.0 (compatible; MSIE 6.0; Windows NT 5.1; SV1; i-NavFourF; .NET CLR 1.1.4322; .NET CLR 2.0.50727)"
71.16.107.82 - - [05/Mar/2007:19:42:23 +0000] "GET /oempro/read.php?EncryptedMemberID=MjEzMg%3D%3D&CampaignID=79&CampaignStatisticsID=45&Demo=0&Email=edehm@square1bank.com HTTP/1.0" 200 43 "-" "Mozilla/4.0 (compatible; MSIE 6.0; Windows NT 5.1; SV1; .NET CLR 1.1.4322; .NET CLR 2.0.50727)"
217.154.48.204 - - [05/Mar/2007:19:42:25 +0000] "GET /oempro/read.php?EncryptedMemberID=MjQ4NQ%3D%3D&CampaignID=79&CampaignStatisticsID=45&Demo=0&Email=jackie@primaryeurope.com HTTP/1.1" 200 55 "-" "Mozilla/4.0 (compatible; MSIE 6.0; Windows NT 5.2; .NET CLR 1.1.4322; .NET CLR 2.0.50727)"
217.154.48.204 - - [05/Mar/2007:19:42:28 +0000] "GET /oempro/read.php?EncryptedMemberID=MjQ4NQ%3D%3D&CampaignID=79&CampaignStatisticsID=45&Demo=0&Email=jackie@primaryeurope.com HTTP/1.1" 200 55 "-" "Mozilla/4.0 (compatible; MSIE 6.0; Windows NT 5.2; .NET CLR 1.1.4322; .NET CLR 2.0.50727)"
67.117.67.66 - - [05/Mar/2007:19:42:40 +0000] "GET /oempro/read.php?EncryptedMemberID=MjIwMA%3D%3D&CampaignID=79&CampaignStatisticsID=45&Demo=0&Email=feeny@voyagercapital.com HTTP/1.1" 200 55 "-" "Mozilla/4.0 (compatible; MSIE 6.0; Windows NT 5.1; SV1; .NET CLR 1.1.4322)"
64.45.167.18 - - [05/Mar/2007:19:42:58 +0000] "GET /oempro/read.php?EncryptedMemberID=MjU3MQ%3D%3D&CampaignID=79&CampaignStatisticsID=45&Demo=0&Email=jhunt@bisoncapital.com HTTP/1.1" 200 55 "-" "Mozilla/4.0 (compatible; MSIE 7.0; Windows NT 5.1; .NET CLR 1.1.4322)"
66.93.69.98 - - [05/Mar/2007:19:43:05 +0000] "GET /oempro/read.php?EncryptedMemberID=MjUyMA%3D%3D&CampaignID=79&CampaignStatisticsID=45&Demo=0&Email=jbross@argoncap.com HTTP/1.1" 200 55 "-" "Mozilla/4.0 (compatible; MSIE 6.0; Windows NT 5.1; SV1; .NET CLR 1.1.4322)"
64.45.167.18 - - [05/Mar/2007:19:43:12 +0000] "GET /oempro/read.php?EncryptedMemberID=MjU3MQ%3D%3D&CampaignID=79&CampaignStatisticsID=45&Demo=0&Email=jhunt@bisoncapital.com HTTP/1.1" 200 55 "-" "Mozilla/4.0 (compatible; MSIE 7.0; Windows NT 5.1; .NET CLR 1.1.4322)"
209.213.211.14 - - [05/Mar/2007:19:43:36 +0000] "GET /oempro/read.php?EncryptedMemberID=MjUyOA%3D%3D&CampaignID=79&CampaignStatisticsID=45&Demo=0&Email=jcouch@ccapital.com HTTP/1.1" 200 55 "-" "Mozilla/4.0 (compatible; MSIE 6.0; Windows NT 5.1; SV1; .NET CLR 1.1.4322)"
209.213.211.14 - - [05/Mar/2007:19:43:37 +0000] "GET /oempro/read.php?EncryptedMemberID=MjUyOA%3D%3D&CampaignID=79&CampaignStatisticsID=45&Demo=0&Email=jcouch@ccapital.com HTTP/1.1" 200 55 "-" "Mozilla/4.0 (compatible; MSIE 6.0; Windows NT 5.1; SV1; .NET CLR 1.1.4322)"
217.154.48.204 - - [05/Mar/2007:19:43:48 +0000] "GET /oempro/link.php?URL=aHR0cDovL3d3dy5zb20tY2FwLmNvbS9vZW1wcm8vbGluay5waHA%2FVVJMPWFIUjBjRG92TDNkM2R5NXpiMjB0WTJGd0xtTnZiUzg9JmFtcDtOYW1lPSZhbXA7RW5jcnlwdGVkTWVtYmVySUQ9TkRBeU5BPT0mYW1wO0NhbXBhaWduSUQ9NzcmYW1wO0NhbXBhaWduU3RhdGlzdGljc0lEPTQzJmFtcDtEZW1vPTAmYW1wO0VtYWlsPW1hcmllQHNvbS1jYXAuY29t&Name=&EncryptedMemberID=MjQ4NQ%3D%3D&CampaignID=79&CampaignStatisticsID=45&Demo=0&Email=jackie@primaryeurope.com HTTP/1.1" 302 5 "-" "Mozilla/4.0 (compatible; MSIE 6.0; Windows NT 5.2; .NET CLR 1.1.4322; .NET CLR 2.0.50727)"
217.154.48.204 - - [05/Mar/2007:19:43:49 +0000] "GET /oempro/link.php?URL=aHR0cDovL3d3dy5zb20tY2FwLmNvbS8=&Name=&EncryptedMemberID=NDAyNA==&CampaignID=77&CampaignStatisticsID=43&Demo=0&Email=marie@som-cap.com HTTP/1.1" 302 5 "-" "Mozilla/4.0 (compatible; MSIE 6.0; Windows NT 5.2; .NET CLR 1.1.4322; .NET CLR 2.0.50727)"
217.154.48.204 - - [05/Mar/2007:19:43:49 +0000] "GET / HTTP/1.1" 200 3426 "-" "Mozilla/4.0 (compatible; MSIE 6.0; Windows NT 5.2; .NET CLR 1.1.4322; .NET CLR 2.0.50727)"
217.154.48.204 - - [05/Mar/2007:19:43:49 +0000] "GET /styles.css HTTP/1.1" 200 497 "http://www.som-cap.com/" "Mozilla/4.0 (compatible; MSIE 6.0; Windows NT 5.2; .NET CLR 1.1.4322; .NET CLR 2.0.50727)"
217.154.48.204 - - [05/Mar/2007:19:43:49 +0000] "GET /images/inbg.jpg HTTP/1.1" 200 32265 "http://www.som-cap.com/" "Mozilla/4.0 (compatible; MSIE 6.0; Windows NT 5.2; .NET CLR 1.1.4322; .NET CLR 2.0.50727)"
217.154.48.204 - - [05/Mar/2007:19:43:49 +0000] "GET /images/logo.gif HTTP/1.1" 200 1574 "http://www.som-cap.com/" "Mozilla/4.0 (compatible; MSIE 6.0; Windows NT 5.2; .NET CLR 1.1.4322; .NET CLR 2.0.50727)"
217.154.48.204 - - [05/Mar/2007:19:43:50 +0000] "GET /favicon.ico HTTP/1.1" 404 657 "-" "Mozilla/4.0 (compatible; MSIE 6.0; Windows NT 5.2; .NET CLR 1.1.4322; .NET CLR 2.0.50727)"
217.154.48.204 - - [05/Mar/2007:19:43:50 +0000] "GET /favicon.ico HTTP/1.1" 404 657 "-" "Mozilla/4.0 (compatible; MSIE 6.0; Windows NT 5.2; .NET CLR 1.1.4322; .NET CLR 2.0.50727)"
217.154.48.204 - - [05/Mar/2007:19:43:50 +0000] "GET /favicon.ico HTTP/1.1" 404 657 "-" "Mozilla/4.0 (compatible; MSIE 6.0; Windows NT 5.2; .NET CLR 1.1.4322; .NET CLR 2.0.50727)"
217.154.48.204 - - [05/Mar/2007:19:43:53 +0000] "GET /biography.htm HTTP/1.1" 200 4087 "http://www.som-cap.com/" "Mozilla/4.0 (compatible; MSIE 6.0; Windows NT 5.2; .NET CLR 1.1.4322; .NET CLR 2.0.50727)"
217.154.48.204 - - [05/Mar/2007:19:43:53 +0000] "GET /images/James%20Miller-2.jpg HTTP/1.1" 200 7075 "http://www.som-cap.com/biography.htm" "Mozilla/4.0 (compatible; MSIE 6.0; Windows NT 5.2; .NET CLR 1.1.4322; .NET CLR 2.0.50727)"
217.154.48.204 - - [05/Mar/2007:19:43:53 +0000] "GET /favicon.ico HTTP/1.1" 404 657 "-" "Mozilla/4.0 (compatible; MSIE 6.0; Windows NT 5.2; .NET CLR 1.1.4322; .NET CLR 2.0.50727)"
217.154.48.204 - - [05/Mar/2007:19:43:54 +0000] "GET /favicon.ico HTTP/1.1" 404 657 "-" "Mozilla/4.0 (compatible; MSIE 6.0; Windows NT 5.2; .NET CLR 1.1.4322; .NET CLR 2.0.50727)"
64.84.16.172 - - [05/Mar/2007:19:44:24 +0000] "GET /oempro/read.php?EncryptedMemberID=MjY5Nw&CampaignID=79&CampaignStatisticsID=45&Demo=0&Email=EMAIL HTTP/1.0" 200 43 "-" "-"
65.215.61.226 - - [05/Mar/2007:19:44:24 +0000] "GET /oempro/read.php?EncryptedMemberID=MTc5Mw%3D%3D&CampaignID=79&CampaignStatisticsID=45&Demo=0&Email=bwright@pomonacapital.com HTTP/1.1" 200 55 "-" "Mozilla/4.0 (compatible; MSIE 6.0; Windows NT 5.1; SV1; .NET CLR 1.1.4322; InfoPath.1; .NET CLR 2.0.50727)"
65.215.61.226 - - [05/Mar/2007:19:44:25 +0000] "GET /oempro/read.php?EncryptedMemberID=MTc5Mw%3D%3D&CampaignID=79&CampaignStatisticsID=45&Demo=0&Email=bwright@pomonacapital.com HTTP/1.1" 200 55 "-" "Mozilla/4.0 (compatible; MSIE 6.0; Windows NT 5.1; SV1; .NET CLR 1.1.4322; InfoPath.1; .NET CLR 2.0.50727)"
217.154.48.204 - - [05/Mar/2007:19:44:29 +0000] "GET /trackrecord.htm HTTP/1.1" 200 4429 "http://www.som-cap.com/biography.htm" "Mozilla/4.0 (compatible; MSIE 6.0; Windows NT 5.2; .NET CLR 1.1.4322; .NET CLR 2.0.50727)"
217.154.48.204 - - [05/Mar/2007:19:44:29 +0000] "GET /images/6pic.gif HTTP/1.1" 200 9094 "http://www.som-cap.com/trackrecord.htm" "Mozilla/4.0 (compatible; MSIE 6.0; Windows NT 5.2; .NET CLR 1.1.4322; .NET CLR 2.0.50727)"
217.154.48.204 - - [05/Mar/2007:19:44:29 +0000] "GET /images/5pic.gif HTTP/1.1" 200 9274 "http://www.som-cap.com/trackrecord.htm" "Mozilla/4.0 (compatible; MSIE 6.0; Windows NT 5.2; .NET CLR 1.1.4322; .NET CLR 2.0.50727)"
217.154.48.204 - - [05/Mar/2007:19:44:29 +0000] "GET /images/4pic.gif HTTP/1.1" 200 10003 "http://www.som-cap.com/trackrecord.htm" "Mozilla/4.0 (compatible; MSIE 6.0; Windows NT 5.2; .NET CLR 1.1.4322; .NET CLR 2.0.50727)"
217.154.48.204 - - [05/Mar/2007:19:44:29 +0000] "GET /images/3pic.gif HTTP/1.1" 200 10964 "http://www.som-cap.com/trackrecord.htm" "Mozilla/4.0 (compatible; MSIE 6.0; Windows NT 5.2; .NET CLR 1.1.4322; .NET CLR 2.0.50727)"
217.154.48.204 - - [05/Mar/2007:19:44:29 +0000] "GET /images/2pic.gif HTTP/1.1" 200 10701 "http://www.som-cap.com/trackrecord.htm" "Mozilla/4.0 (compatible; MSIE 6.0; Windows NT 5.2; .NET CLR 1.1.4322; .NET CLR 2.0.50727)"
217.154.48.204 - - [05/Mar/2007:19:44:29 +0000] "GET /images/1pic.gif HTTP/1.1" 200 12857 "http://www.som-cap.com/trackrecord.htm" "Mozilla/4.0 (compatible; MSIE 6.0; Windows NT 5.2; .NET CLR 1.1.4322; .NET CLR 2.0.50727)"
65.215.61.226 - - [05/Mar/2007:19:44:31 +0000] "GET /oempro/link.php?URL=aHR0cDovL3d3dy5zb20tY2FwLmNvbS9vZW1wcm8vbGluay5waHA%2FVVJMPWFIUjBjRG92TDNkM2R5NXpiMjB0WTJGd0xtTnZiUzlrWVhSaExtaDBiUT09JmFtcDtOYW1lPSZhbXA7RW5jcnlwdGVkTWVtYmVySUQ9TkRBeU5BPT0mYW1wO0NhbXBhaWduSUQ9NzcmYW1wO0NhbXBhaWduU3RhdGlzdGljc0lEPTQzJmFtcDtEZW1vPTAmYW1wO0VtYWlsPW1hcmllQHNvbS1jYXAuY29t&Name=&EncryptedMemberID=MTc5Mw%3D%3D&CampaignID=79&CampaignStatisticsID=45&Demo=0&Email=bwright@pomonacapital.com HTTP/1.1" 302 5 "-" "Mozilla/4.0 (compatible; MSIE 6.0; Windows NT 5.1; SV1; .NET CLR 1.1.4322; InfoPath.1; .NET CLR 2.0.50727)"
217.154.48.204 - - [05/Mar/2007:19:44:31 +0000] "GET /favicon.ico HTTP/1.1" 404 657 "-" "Mozilla/4.0 (compatible; MSIE 6.0; Windows NT 5.2; .NET CLR 1.1.4322; .NET CLR 2.0.50727)"
65.215.61.226 - - [05/Mar/2007:19:44:33 +0000] "GET /oempro/link.php?URL=aHR0cDovL3d3dy5zb20tY2FwLmNvbS9kYXRhLmh0bQ==&Name=&EncryptedMemberID=NDAyNA==&CampaignID=77&CampaignStatisticsID=43&Demo=0&Email=marie@som-cap.com HTTP/1.1" 302 5 "-" "Mozilla/4.0 (compatible; MSIE 6.0; Windows NT 5.1; SV1; .NET CLR 1.1.4322; InfoPath.1; .NET CLR 2.0.50727)"
65.215.61.226 - - [05/Mar/2007:19:44:33 +0000] "GET /data.htm HTTP/1.1" 200 6628 "-" "Mozilla/4.0 (compatible; MSIE 6.0; Windows NT 5.1; SV1; .NET CLR 1.1.4322; InfoPath.1; .NET CLR 2.0.50727)"
65.215.61.226 - - [05/Mar/2007:19:44:33 +0000] "GET /styles.css HTTP/1.1" 200 497 "http://www.som-cap.com/data.htm" "Mozilla/4.0 (compatible; MSIE 6.0; Windows NT 5.1; SV1; .NET CLR 1.1.4322; InfoPath.1; .NET CLR 2.0.50727)"
65.215.61.226 - - [05/Mar/2007:19:44:34 +0000] "GET /images/inbg.jpg HTTP/1.1" 200 32265 "http://www.som-cap.com/data.htm" "Mozilla/4.0 (compatible; MSIE 6.0; Windows NT 5.1; SV1; .NET CLR 1.1.4322; InfoPath.1; .NET CLR 2.0.50727)"
65.215.61.226 - - [05/Mar/2007:19:44:34 +0000] "GET /images/logo.gif HTTP/1.1" 200 1574 "http://www.som-cap.com/data.htm" "Mozilla/4.0 (compatible; MSIE 6.0; Windows NT 5.1; SV1; .NET CLR 1.1.4322; InfoPath.1; .NET CLR 2.0.50727)"
217.154.48.204 - - [05/Mar/2007:19:44:34 +0000] "GET /favicon.ico HTTP/1.1" 404 657 "-" "Mozilla/4.0 (compatible; MSIE 6.0; Windows NT 5.2; .NET CLR 1.1.4322; .NET CLR 2.0.50727)"
65.215.61.226 - - [05/Mar/2007:19:44:39 +0000] "GET /images/Private%20Equity%20Data%20Service%20Feb%2007.pdf HTTP/1.1" 200 29186 "http://www.som-cap.com/data.htm" "Mozilla/4.0 (compatible; MSIE 6.0; Windows NT 5.1; SV1; .NET CLR 1.1.4322; InfoPath.1; .NET CLR 2.0.50727)"
217.154.48.204 - - [05/Mar/2007:19:44:40 +0000] "GET /oempro/read.php?EncryptedMemberID=MjQ4NQ%3D%3D&CampaignID=79&CampaignStatisticsID=45&Demo=0&Email=jackie@primaryeurope.com HTTP/1.1" 200 55 "-" "Mozilla/4.0 (compatible; MSIE 6.0; Windows NT 5.2; .NET CLR 1.1.4322; .NET CLR 2.0.50727)"
81.86.65.21 - - [05/Mar/2007:19:44:48 +0000] "GET /oempro/read.php?EncryptedMemberID=MTQ3OA%3D%3D&CampaignID=79&CampaignStatisticsID=&Demo=1&Email=richard_baker@mlc.com.au HTTP/1.1" 200 55 "-" "Mozilla/4.0 (compatible; MSIE 7.0; Windows NT 5.1)"
217.154.48.204 - - [05/Mar/2007:19:45:03 +0000] "GET /favicon.ico HTTP/1.1" 404 657 "-" "Mozilla/4.0 (compatible; MSIE 6.0; Windows NT 5.2; .NET CLR 1.1.4322; .NET CLR 2.0.50727)"
217.154.48.204 - - [05/Mar/2007:19:45:04 +0000] "GET /favicon.ico HTTP/1.1" 404 657 "-" "Mozilla/4.0 (compatible; MSIE 6.0; Windows NT 5.2; .NET CLR 1.1.4322; .NET CLR 2.0.50727)"
66.134.139.162 - - [05/Mar/2007:19:45:12 +0000] "GET /oempro/read.php?EncryptedMemberID=MjQ2NQ%3D%3D&CampaignID=79&CampaignStatisticsID=45&Demo=0&Email=ira@technologypartners.com HTTP/1.1" 200 55 "-" "Mozilla/4.0 (compatible; MSIE 6.0; Windows NT 5.1; SV1; .NET CLR 1.1.4322; .NET CLR 2.0.50727; .NET CLR 3.0.04506.30)"
217.154.48.204 - - [05/Mar/2007:19:45:18 +0000] "GET /background.htm HTTP/1.1" 200 4144 "http://www.som-cap.com/biography.htm" "Mozilla/4.0 (compatible; MSIE 6.0; Windows NT 5.2; .NET CLR 1.1.4322; .NET CLR 2.0.50727)"
217.154.48.204 - - [05/Mar/2007:19:45:19 +0000] "GET /favicon.ico HTTP/1.1" 404 657 "-" "Mozilla/4.0 (compatible; MSIE 6.0; Windows NT 5.2; .NET CLR 1.1.4322; .NET CLR 2.0.50727)"
217.154.48.204 - - [05/Mar/2007:19:45:19 +0000] "GET /favicon.ico HTTP/1.1" 404 657 "-" "Mozilla/4.0 (compatible; MSIE 6.0; Windows NT 5.2; .NET CLR 1.1.4322; .NET CLR 2.0.50727)"
71.16.107.82 - - [05/Mar/2007:19:45:29 +0000] "GET /oempro/read.php?EncryptedMemberID=MjEzMg%3D%3D&CampaignID=79&CampaignStatisticsID=45&Demo=0&Email=edehm@square1bank.com HTTP/1.0" 200 43 "-" "Mozilla/4.0 (compatible; MSIE 6.0; Windows NT 5.1; SV1; .NET CLR 1.1.4322; .NET CLR 2.0.50727)"
217.154.48.204 - - [05/Mar/2007:19:45:30 +0000] "GET /data.htm HTTP/1.1" 200 6628 "http://www.som-cap.com/background.htm" "Mozilla/4.0 (compatible; MSIE 6.0; Windows NT 5.2; .NET CLR 1.1.4322; .NET CLR 2.0.50727)"
217.154.48.204 - - [05/Mar/2007:19:45:31 +0000] "GET /favicon.ico HTTP/1.1" 404 657 "-" "Mozilla/4.0 (compatible; MSIE 6.0; Windows NT 5.2; .NET CLR 1.1.4322; .NET CLR 2.0.50727)"
217.154.48.204 - - [05/Mar/2007:19:45:31 +0000] "GET /favicon.ico HTTP/1.1" 404 657 "-" "Mozilla/4.0 (compatible; MSIE 6.0; Windows NT 5.2; .NET CLR 1.1.4322; .NET CLR 2.0.50727)"
217.154.48.204 - - [05/Mar/2007:19:45:43 +0000] "GET /favicon.ico HTTP/1.1" 404 657 "-" "Mozilla/4.0 (compatible; MSIE 6.0; Windows NT 5.2; .NET CLR 1.1.4322; .NET CLR 2.0.50727)"
217.154.48.204 - - [05/Mar/2007:19:45:43 +0000] "GET /favicon.ico HTTP/1.1" 404 657 "-" "Mozilla/4.0 (compatible; MSIE 6.0; Windows NT 5.2; .NET CLR 1.1.4322; .NET CLR 2.0.50727)"
217.154.48.204 - - [05/Mar/2007:19:45:45 +0000] "GET /index.htm HTTP/1.1" 200 3426 "http://www.som-cap.com/background.htm" "Mozilla/4.0 (compatible; MSIE 6.0; Windows NT 5.2; .NET CLR 1.1.4322; .NET CLR 2.0.50727)"
217.154.48.204 - - [05/Mar/2007:19:45:45 +0000] "GET /favicon.ico HTTP/1.1" 404 657 "-" "Mozilla/4.0 (compatible; MSIE 6.0; Windows NT 5.2; .NET CLR 1.1.4322; .NET CLR 2.0.50727)"
217.154.48.204 - - [05/Mar/2007:19:45:45 +0000] "GET /favicon.ico HTTP/1.1" 404 657 "-" "Mozilla/4.0 (compatible; MSIE 6.0; Windows NT 5.2; .NET CLR 1.1.4322; .NET CLR 2.0.50727)"
217.154.48.204 - - [05/Mar/2007:19:45:59 +0000] "GET /oempro/read.php?EncryptedMemberID=MjQ4NQ%3D%3D&CampaignID=79&CampaignStatisticsID=45&Demo=0&Email=jackie@primaryeurope.com HTTP/1.1" 200 55 "-" "Mozilla/4.0 (compatible; MSIE 6.0; Windows NT 5.2; .NET CLR 1.1.4322; .NET CLR 2.0.50727)"
209.213.211.14 - - [05/Mar/2007:19:46:05 +0000] "GET /oempro/read.php?EncryptedMemberID=MjEzNQ%3D%3D&CampaignID=79&CampaignStatisticsID=45&Demo=0&Email=edolan@ccapital.com HTTP/1.1" 200 55 "-" "Mozilla/4.0 (compatible; MSIE 6.0; Windows NT 5.1; SV1; .NET CLR 1.1.4322; InfoPath.1; .NET CLR 2.0.50727)"
68.236.89.18 - - [05/Mar/2007:19:46:09 +0000] "GET /oempro/read.php?EncryptedMemberID=MjY4Ng%3D%3D&CampaignID=79&CampaignStatisticsID=45&Demo=0&Email=justin@commonwealthvc.com HTTP/1.1" 200 55 "-" "Mozilla/4.0 (compatible; MSIE 7.0; Windows NT 5.1; .NET CLR 1.1.4322)"
209.213.211.14 - - [05/Mar/2007:19:46:09 +0000] "GET /oempro/read.php?EncryptedMemberID=MjUyOA%3D%3D&CampaignID=79&CampaignStatisticsID=45&Demo=0&Email=jcouch@ccapital.com HTTP/1.1" 200 55 "-" "Mozilla/4.0 (compatible; MSIE 6.0; Windows NT 5.1; SV1; .NET CLR 1.1.4322; InfoPath.1; .NET CLR 2.0.50727)"
209.213.211.14 - - [05/Mar/2007:19:46:15 +0000] "GET /oempro/read.php?EncryptedMemberID=MjEzNQ%3D%3D&CampaignID=79&CampaignStatisticsID=45&Demo=0&Email=edolan@ccapital.com HTTP/1.1" 200 55 "-" "Mozilla/4.0 (compatible; MSIE 6.0; Windows NT 5.1; SV1; .NET CLR 1.1.4322; InfoPath.1; .NET CLR 2.0.50727)"
216.95.215.88 - - [05/Mar/2007:19:46:19 +0000] "GET /oempro/read.php?EncryptedMemberID=MjE0Mw%3D%3D&CampaignID=79&CampaignStatisticsID=45&Demo=0&Email=ehershberg@oncap.com HTTP/1.1" 200 55 "-" "Mozilla/4.0 (compatible; MSIE 6.0; Windows NT 5.1; SV1; .NET CLR 1.1.4322; .NET CLR 2.0.50727)"
71.16.107.82 - - [05/Mar/2007:19:46:48 +0000] "GET /oempro/read.php?EncryptedMemberID=MjEzMg%3D%3D&CampaignID=79&CampaignStatisticsID=45&Demo=0&Email=edehm@square1bank.com HTTP/1.0" 200 43 "-" "Mozilla/4.0 (compatible; MSIE 6.0; Windows NT 5.1; SV1; .NET CLR 1.1.4322; .NET CLR 2.0.50727)"
66.31.26.98 - - [05/Mar/2007:19:46:50 +0000] "GET /oempro/read.php?EncryptedMemberID=MjU0NQ%3D%3D&CampaignID=79&CampaignStatisticsID=45&Demo=0&Email=jeh@mmcmass.com HTTP/1.1" 200 55 "-" "Mozilla/4.0 (compatible; MSIE 6.0; Windows NT 5.1; SV1; .NET CLR 1.1.4322; .NET CLR 2.0.50727)"
