208.253.48.3 - - [06/Mar/2007:16:38:17 +0000] "GET /oempro/read.php?EncryptedMemberID=MzY2OA%3D%3D&CampaignID=69&CampaignStatisticsID=40&Demo=0&Email=stephane.chevrier@axa-im.com HTTP/1.0" 200 43 "-" "Mozilla/4.0 (compatible; MSIE 6.0; Windows NT 5.1; SV1; .NET CLR 1.1.4322)"
199.181.201.5 - - [06/Mar/2007:16:40:43 +0000] "GET /oempro/read.php?EncryptedMemberID=Mzc2MQ%3D%3D&CampaignID=79&CampaignStatisticsID=45&Demo=0&Email=thomas.hoge@bmo.com HTTP/1.1" 200 55 "-" "Mozilla/4.0 (compatible; MSIE 6.0; Windows NT 5.0)"
199.181.201.5 - - [06/Mar/2007:16:40:44 +0000] "GET /oempro/read.php?EncryptedMemberID=Mzc2MQ%3D%3D&CampaignID=79&CampaignStatisticsID=45&Demo=0&Email=thomas.hoge@bmo.com HTTP/1.1" 200 55 "-" "Mozilla/4.0 (compatible; MSIE 6.0; Windows NT 5.0)"
199.181.201.5 - - [06/Mar/2007:16:41:03 +0000] "GET /oempro/read.php?EncryptedMemberID=Mzc2MQ%3D%3D&CampaignID=79&CampaignStatisticsID=45&Demo=0&Email=thomas.hoge@bmo.com HTTP/1.1" 200 55 "-" "Mozilla/4.0 (compatible; MSIE 6.0; Windows NT 5.0)"
192.44.63.162 - - [06/Mar/2007:16:44:27 +0000] "GET /oempro/read.php?EncryptedMemberID=MjUzMw%3D%3D&CampaignID=79&CampaignStatisticsID=45&Demo=0&Email=jean.daumet@ca-cprpe.fr HTTP/1.1" 200 55 "-" "Mozilla/4.0 (compatible; MSIE 6.0; Windows NT 5.1; SV1; .NET CLR 1.1.4322; InfoPath.1)"
62.203.255.67 - - [06/Mar/2007:16:45:45 +0000] "GET /oempro/read.php?EncryptedMemberID=MTk3OA%3D%3D&CampaignID=79&CampaignStatisticsID=45&Demo=0&Email=david.alexander@ironbridgecp.com HTTP/1.1" 200 55 "-" "Mozilla/4.0 (compatible; MSIE 7.0; Windows NT 5.1; .NET CLR 1.0.3705; .NET CLR 1.1.4322; Media Center PC 4.0)"
62.203.255.67 - - [06/Mar/2007:16:45:45 +0000] "GET /oempro/read.php?EncryptedMemberID=MTk3OA%3D%3D&CampaignID=79&CampaignStatisticsID=45&Demo=0&Email=david.alexander@ironbridgecp.com HTTP/1.1" 200 55 "-" "Mozilla/4.0 (compatible; MSIE 7.0; Windows NT 5.1; .NET CLR 1.0.3705; .NET CLR 1.1.4322; Media Center PC 4.0)"
85.189.60.74 - - [06/Mar/2007:16:47:21 +0000] "GET /oempro/read.php?EncryptedMemberID=MjA0MQ%3D%3D&CampaignID=79&CampaignStatisticsID=45&Demo=0&Email=dg@picapital.co.uk HTTP/1.1" 200 55 "-" "Mozilla/4.0 (compatible; MSIE 7.0; Windows NT 5.1; .NET CLR 1.1.4322; InfoPath.1)"
81.86.65.21 - - [06/Mar/2007:16:48:23 +0000] "GET /oempro/read.php?EncryptedMemberID=MTcxMA%3D%3D&CampaignID=79&CampaignStatisticsID=45&Demo=0&Email=bctan@oww.com.sg HTTP/1.1" 200 55 "-" "Mozilla/4.0 (compatible; MSIE 7.0; Windows NT 5.1; .NET CLR 1.1.4322; InfoPath.1)"
164.156.180.134 - - [06/Mar/2007:16:48:35 +0000] "GET /oempro/read.php?EncryptedMemberID=MTczNA%3D%3D&CampaignID=79&CampaignStatisticsID=45&Demo=0&Email=bfeldman@state.pa.us HTTP/1.1" 200 55 "-" "Mozilla/4.0 (compatible; MSIE 6.0; Windows NT 5.1; SV1)"
164.156.180.134 - - [06/Mar/2007:16:48:35 +0000] "GET /oempro/read.php?EncryptedMemberID=MTczNA%3D%3D&CampaignID=79&CampaignStatisticsID=45&Demo=0&Email=bfeldman@state.pa.us HTTP/1.1" 200 55 "-" "Mozilla/4.0 (compatible; MSIE 6.0; Windows NT 5.1; SV1)"
142.32.208.232 - - [06/Mar/2007:16:50:48 +0000] "GET /oempro/read.php?EncryptedMemberID=MjgxNg%3D%3D&CampaignID=79&CampaignStatisticsID=45&Demo=0&Email=lincoln.webb@bcimc.com HTTP/1.1" 200 55 "-" "Mozilla/4.0 (compatible; MSIE 6.0; Windows NT 5.1; SV1; .NET CLR 1.1.4322)"
85.189.60.74 - - [06/Mar/2007:16:51:17 +0000] "GET /oempro/read.php?EncryptedMemberID=MjA0MQ%3D%3D&CampaignID=79&CampaignStatisticsID=45&Demo=0&Email=dg@picapital.co.uk HTTP/1.1" 200 55 "-" "Mozilla/4.0 (compatible; MSIE 7.0; Windows NT 5.1; .NET CLR 1.1.4322; InfoPath.1)"
82.110.246.26 - - [06/Mar/2007:16:51:18 +0000] "GET /oempro/read.php?EncryptedMemberID=MzEzOA%3D%3D&CampaignID=79&CampaignStatisticsID=45&Demo=0&Email=obettum@bestport.co.uk HTTP/1.1" 200 55 "-" "Mozilla/4.0 (compatible; MSIE 6.0; Windows NT 5.1; SV1; .NET CLR 1.1.4322; .NET CLR 2.0.50727; .NET CLR 3.0.04506.30)"
80.254.181.14 - - [06/Mar/2007:16:51:26 +0000] "GET /oempro/link.php?URL=aHR0cDovL3d3dy5zb20tY2FwLmNvbS9vZW1wcm8vbGluay5waHA%2FVVJMPWFIUjBjRG92TDNkM2R5NXpiMjB0WTJGd0xtTnZiUzlrWVhSaExtaDBiUT09JmFtcDtOYW1lPSZhbXA7RW5jcnlwdGVkTWVtYmVySUQ9TkRBeU5BPT0mYW1wO0NhbXBhaWduSUQ9NzcmYW1wO0NhbXBhaWduU3RhdGlzdGljc0lEPTQzJmFtcDtEZW1vPTAmYW1wO0VtYWlsPW1hcmllQHNvbS1jYXAuY29t&Name=&EncryptedMemberID=MTUwNA%3D%3D&CampaignID=79&CampaignStatisticsID=45&Demo=0&Email=ac@capvent.com HTTP/1.1" 302 5 "-" "Mozilla/5.0 (Windows; U; Windows NT 5.1; de; rv:1.8.0.10) Gecko/20070216 Firefox/1.5.0.10"
80.254.181.14 - - [06/Mar/2007:16:51:26 +0000] "GET /oempro/link.php?URL=aHR0cDovL3d3dy5zb20tY2FwLmNvbS9kYXRhLmh0bQ==&Name=&EncryptedMemberID=NDAyNA==&CampaignID=77&CampaignStatisticsID=43&Demo=0&Email=marie@som-cap.com HTTP/1.1" 302 5 "-" "Mozilla/5.0 (Windows; U; Windows NT 5.1; de; rv:1.8.0.10) Gecko/20070216 Firefox/1.5.0.10"
80.254.181.14 - - [06/Mar/2007:16:51:27 +0000] "GET /data.htm HTTP/1.1" 200 6628 "-" "Mozilla/5.0 (Windows; U; Windows NT 5.1; de; rv:1.8.0.10) Gecko/20070216 Firefox/1.5.0.10"
80.254.181.14 - - [06/Mar/2007:16:51:27 +0000] "GET /styles.css HTTP/1.1" 200 497 "http://www.som-cap.com/data.htm" "Mozilla/5.0 (Windows; U; Windows NT 5.1; de; rv:1.8.0.10) Gecko/20070216 Firefox/1.5.0.10"
80.254.181.14 - - [06/Mar/2007:16:51:27 +0000] "GET /images/logo.gif HTTP/1.1" 200 1574 "http://www.som-cap.com/data.htm" "Mozilla/5.0 (Windows; U; Windows NT 5.1; de; rv:1.8.0.10) Gecko/20070216 Firefox/1.5.0.10"
80.254.181.14 - - [06/Mar/2007:16:51:27 +0000] "GET /images/inbg.jpg HTTP/1.1" 200 32265 "http://www.som-cap.com/data.htm" "Mozilla/5.0 (Windows; U; Windows NT 5.1; de; rv:1.8.0.10) Gecko/20070216 Firefox/1.5.0.10"
80.254.181.14 - - [06/Mar/2007:16:51:27 +0000] "GET /favicon.ico HTTP/1.1" 404 657 "-" "Mozilla/5.0 (Windows; U; Windows NT 5.1; de; rv:1.8.0.10) Gecko/20070216 Firefox/1.5.0.10"
85.189.60.74 - - [06/Mar/2007:16:51:37 +0000] "GET /oempro/read.php?EncryptedMemberID=MjA0MQ%3D%3D&CampaignID=79&CampaignStatisticsID=45&Demo=0&Email=dg@picapital.co.uk HTTP/1.1" 200 55 "-" "Mozilla/4.0 (compatible; MSIE 7.0; Windows NT 5.1; .NET CLR 1.1.4322; InfoPath.1)"
85.189.60.74 - - [06/Mar/2007:16:51:38 +0000] "GET /oempro/read.php?EncryptedMemberID=MjA0MQ%3D%3D&CampaignID=79&CampaignStatisticsID=45&Demo=0&Email=dg@picapital.co.uk HTTP/1.1" 200 55 "-" "Mozilla/4.0 (compatible; MSIE 7.0; Windows NT 5.1; .NET CLR 1.1.4322; InfoPath.1)"
85.189.60.74 - - [06/Mar/2007:16:51:39 +0000] "GET /oempro/read.php?EncryptedMemberID=MjA0MQ%3D%3D&CampaignID=79&CampaignStatisticsID=45&Demo=0&Email=dg@picapital.co.uk HTTP/1.1" 200 55 "-" "Mozilla/4.0 (compatible; MSIE 7.0; Windows NT 5.1; .NET CLR 1.1.4322; InfoPath.1)"
80.254.181.14 - - [06/Mar/2007:16:51:58 +0000] "POST /cgi-bin/123Formmail.pl HTTP/1.1" 302 225 "http://www.som-cap.com/data.htm" "Mozilla/5.0 (Windows; U; Windows NT 5.1; de; rv:1.8.0.10) Gecko/20070216 Firefox/1.5.0.10"
80.254.181.14 - - [06/Mar/2007:16:51:58 +0000] "GET /submit.htm HTTP/1.1" 200 2625 "http://www.som-cap.com/data.htm" "Mozilla/5.0 (Windows; U; Windows NT 5.1; de; rv:1.8.0.10) Gecko/20070216 Firefox/1.5.0.10"
80.254.181.14 - - [06/Mar/2007:16:51:58 +0000] "GET /images/spacer.gif HTTP/1.1" 200 43 "http://www.som-cap.com/submit.htm" "Mozilla/5.0 (Windows; U; Windows NT 5.1; de; rv:1.8.0.10) Gecko/20070216 Firefox/1.5.0.10"
62.49.141.139 - - [06/Mar/2007:16:54:01 +0000] "GET /oempro/read.php?EncryptedMemberID=MjkyNQ%3D%3D&CampaignID=79&CampaignStatisticsID=45&Demo=0&Email=martin@etcapital.com HTTP/1.1" 200 55 "-" "Mozilla/4.0 (compatible; MSIE 7.0; Windows NT 5.1; .NET CLR 1.1.4322)"
212.59.33.101 - - [06/Mar/2007:16:55:42 +0000] "GET /oempro/read.php?EncryptedMemberID=MzIyOA%3D%3D&CampaignID=79&CampaignStatisticsID=45&Demo=0&Email=peter.hielscher@ampegagerling.de HTTP/1.0" 200 43 "-" "Mozilla/4.0 (compatible; MSIE 6.0; Windows NT 5.0)"
87.194.5.72 - - [06/Mar/2007:16:56:23 +0000] "GET /oempro/read.php?EncryptedMemberID=MzU0OQ%3D%3D&CampaignID=79&CampaignStatisticsID=45&Demo=0&Email=sebastian@headwaycap.com HTTP/1.1" 200 55 "-" "Mozilla/4.0 (compatible; MSIE 6.0; Windows NT 5.1; SV1; .NET CLR 1.1.4322; InfoPath.1)"
87.194.5.72 - - [06/Mar/2007:16:56:23 +0000] "GET /oempro/read.php?EncryptedMemberID=MzU0OQ%3D%3D&CampaignID=79&CampaignStatisticsID=45&Demo=0&Email=sebastian@headwaycap.com HTTP/1.1" 200 55 "-" "Mozilla/4.0 (compatible; MSIE 6.0; Windows NT 5.1; SV1; .NET CLR 1.1.4322; InfoPath.1)"
195.65.220.34 - - [06/Mar/2007:17:00:40 +0000] "GET /oempro/read.php?EncryptedMemberID=MzI4Nw%3D%3D&CampaignID=79&CampaignStatisticsID=45&Demo=0&Email=pnewsome@unigestion.com HTTP/1.1" 200 55 "-" "Mozilla/4.0 (compatible; MSIE 6.0; Windows NT 5.2; SV1; .NET CLR 1.1.4322)"
82.135.125.30 - - [06/Mar/2007:17:03:29 +0000] "GET /oempro/read.php?EncryptedMemberID=MzU4Ng%3D%3D&CampaignID=79&CampaignStatisticsID=45&Demo=0&Email=simon.tang@vcm.de HTTP/1.0" 200 43 "-" "Mozilla/4.0 (compatible; MSIE 6.0; Windows NT 5.1; SV1)"
82.135.30.155 - - [06/Mar/2007:17:03:32 +0000] "GET /oempro/read.php?EncryptedMemberID=Mzc3NA%3D%3D&CampaignID=79&CampaignStatisticsID=45&Demo=0&Email=tilman.richter@vcm.de HTTP/1.0" 200 43 "-" "Mozilla/4.0 (compatible; MSIE 6.0; Windows NT 5.1; SV1)"
212.59.33.101 - - [06/Mar/2007:17:04:01 +0000] "GET /oempro/read.php?EncryptedMemberID=MzIyOA%3D%3D&CampaignID=79&CampaignStatisticsID=45&Demo=0&Email=peter.hielscher@ampegagerling.de HTTP/1.0" 200 43 "-" "Mozilla/4.0 (compatible; MSIE 6.0; Windows NT 5.0)"
212.59.33.101 - - [06/Mar/2007:17:04:07 +0000] "GET /oempro/read.php?EncryptedMemberID=MzIyOA%3D%3D&CampaignID=79&CampaignStatisticsID=45&Demo=0&Email=peter.hielscher@ampegagerling.de HTTP/1.0" 200 43 "-" "Mozilla/4.0 (compatible; MSIE 6.0; Windows NT 5.0)"
160.93.131.134 - - [06/Mar/2007:17:07:56 +0000] "GET /oempro/link.php?URL=aHR0cDovL3d3dy5zb20tY2FwLmNvbS9vZW1wcm8vbGluay5waHA%2FVVJMPWFIUjBjRG92TDNkM2R5NXpiMjB0WTJGd0xtTnZiUzlrWVhSaExtaDBiUT09JmFtcDtOYW1lPSZhbXA7RW5jcnlwdGVkTWVtYmVySUQ9TkRBeU5BPT0mYW1wO0NhbXBhaWduSUQ9NzcmYW1wO0NhbXBhaWduU3RhdGlzdGljc0lEPTQzJmFtcDtEZW1vPTAmYW1wO0VtYWlsPW1hcmllQHNvbS1jYXAuY29t&Name=&EncryptedMemberID=MjE1Ng%3D%3D&CampaignID=79&CampaignStatisticsID=45&Demo=0&Email=elvin.lopez@treas.state.nj.us HTTP/1.1" 302 5 "-" "Mozilla/4.0 (compatible; MSIE 6.0; Windows NT 5.1; SV1; InfoPath.1)"
160.93.131.134 - - [06/Mar/2007:17:07:57 +0000] "GET /oempro/link.php?URL=aHR0cDovL3d3dy5zb20tY2FwLmNvbS9kYXRhLmh0bQ==&Name=&EncryptedMemberID=NDAyNA==&CampaignID=77&CampaignStatisticsID=43&Demo=0&Email=marie@som-cap.com HTTP/1.1" 302 5 "-" "Mozilla/4.0 (compatible; MSIE 6.0; Windows NT 5.1; SV1; InfoPath.1)"
160.93.131.134 - - [06/Mar/2007:17:07:57 +0000] "GET /data.htm HTTP/1.1" 200 6628 "-" "Mozilla/4.0 (compatible; MSIE 6.0; Windows NT 5.1; SV1; InfoPath.1)"
160.93.131.134 - - [06/Mar/2007:17:07:57 +0000] "GET /styles.css HTTP/1.1" 200 497 "http://www.som-cap.com/data.htm" "Mozilla/4.0 (compatible; MSIE 6.0; Windows NT 5.1; SV1; InfoPath.1)"
160.93.131.134 - - [06/Mar/2007:17:07:58 +0000] "GET /images/inbg.jpg HTTP/1.1" 200 32265 "http://www.som-cap.com/data.htm" "Mozilla/4.0 (compatible; MSIE 6.0; Windows NT 5.1; SV1; InfoPath.1)"
160.93.131.134 - - [06/Mar/2007:17:07:58 +0000] "GET /images/logo.gif HTTP/1.1" 200 1574 "http://www.som-cap.com/data.htm" "Mozilla/4.0 (compatible; MSIE 6.0; Windows NT 5.1; SV1; InfoPath.1)"
80.168.222.219 - - [06/Mar/2007:17:08:04 +0000] "GET /oempro/read.php?EncryptedMemberID=MjA3Mw%3D%3D&CampaignID=79&CampaignStatisticsID=45&Demo=0&Email=dmaclennan@vcf.co.uk HTTP/1.1" 200 55 "-" "Mozilla/4.0 (compatible; MSIE 6.0; Windows NT 5.1; SV1; .NET CLR 1.1.4322)"
160.93.131.134 - - [06/Mar/2007:17:08:23 +0000] "POST /cgi-bin/123Formmail.pl HTTP/1.1" 302 225 "http://www.som-cap.com/data.htm" "Mozilla/4.0 (compatible; MSIE 6.0; Windows NT 5.1; SV1; InfoPath.1)"
160.93.131.134 - - [06/Mar/2007:17:08:26 +0000] "GET /submit.htm HTTP/1.1" 200 2625 "http://www.som-cap.com/data.htm" "Mozilla/4.0 (compatible; MSIE 6.0; Windows NT 5.1; SV1; InfoPath.1)"
160.93.131.134 - - [06/Mar/2007:17:08:27 +0000] "GET /images/spacer.gif HTTP/1.1" 200 43 "http://www.som-cap.com/submit.htm" "Mozilla/4.0 (compatible; MSIE 6.0; Windows NT 5.1; SV1; InfoPath.1)"
84.9.36.193 - - [06/Mar/2007:17:10:40 +0000] "GET /oempro/read.php?EncryptedMemberID=MzEwMw%3D%3D&CampaignID=79&CampaignStatisticsID=45&Demo=0&Email=nick.habgood@azini.com HTTP/1.1" 200 55 "-" "Mozilla/4.0 (compatible; MSIE 7.0; Windows NT 5.1; .NET CLR 1.1.4322)"
212.129.150.73 - - [06/Mar/2007:17:18:19 +0000] "GET /oempro/read.php?EncryptedMemberID=MjgwMQ%3D%3D&CampaignID=79&CampaignStatisticsID=45&Demo=0&Email=lderksen@commonwealth.nl HTTP/1.1" 200 55 "-" "Mozilla/4.0 (compatible; MSIE 6.0; Windows NT 5.1; SV1; .NET CLR 1.1.4322; .NET CLR 2.0.50727)"
217.110.32.193 - - [06/Mar/2007:17:22:58 +0000] "GET /oempro/read.php?EncryptedMemberID=MTYzNg%3D%3D&CampaignID=79&CampaignStatisticsID=45&Demo=0&Email=anna.baumbach@feri.de HTTP/1.1" 200 55 "-" "Mozilla/4.0 (compatible; MSIE 6.0; Windows NT 5.1; SV1; .NET CLR 2.0.50727; .NET CLR 1.1.4322; .NET CLR 3.0.04506.30)"
217.110.32.193 - - [06/Mar/2007:17:23:01 +0000] "GET /oempro/read.php?EncryptedMemberID=MTYzNg%3D%3D&CampaignID=79&CampaignStatisticsID=45&Demo=0&Email=anna.baumbach@feri.de HTTP/1.1" 200 55 "-" "Mozilla/4.0 (compatible; MSIE 6.0; Windows NT 5.1; SV1; .NET CLR 2.0.50727; .NET CLR 1.1.4322; .NET CLR 3.0.04506.30)"
199.181.201.5 - - [06/Mar/2007:17:26:10 +0000] "GET /oempro/read.php?EncryptedMemberID=Mzc2MQ%3D%3D&CampaignID=79&CampaignStatisticsID=45&Demo=0&Email=thomas.hoge@bmo.com HTTP/1.1" 200 55 "-" "Mozilla/4.0 (compatible; MSIE 6.0; Windows NT 5.0)"
199.181.201.5 - - [06/Mar/2007:17:26:35 +0000] "GET /oempro/read.php?EncryptedMemberID=Mzc2MQ%3D%3D&CampaignID=79&CampaignStatisticsID=45&Demo=0&Email=thomas.hoge@bmo.com HTTP/1.1" 200 55 "-" "Mozilla/4.0 (compatible; MSIE 6.0; Windows NT 5.0)"
199.181.201.5 - - [06/Mar/2007:17:26:40 +0000] "GET /oempro/read.php?EncryptedMemberID=Mzc2MQ%3D%3D&CampaignID=79&CampaignStatisticsID=45&Demo=0&Email=thomas.hoge@bmo.com HTTP/1.1" 200 55 "-" "Mozilla/4.0 (compatible; MSIE 6.0; Windows NT 5.0)"
195.65.220.34 - - [06/Mar/2007:17:36:54 +0000] "GET /oempro/read.php?EncryptedMemberID=MzI4Nw%3D%3D&CampaignID=79&CampaignStatisticsID=45&Demo=0&Email=pnewsome@unigestion.com HTTP/1.1" 200 55 "-" "Mozilla/4.0 (compatible; MSIE 6.0; Windows NT 5.2; SV1; .NET CLR 1.1.4322)"
199.181.201.5 - - [06/Mar/2007:17:38:08 +0000] "GET /oempro/read.php?EncryptedMemberID=Mzc2MQ%3D%3D&CampaignID=79&CampaignStatisticsID=45&Demo=0&Email=thomas.hoge@bmo.com HTTP/1.1" 200 55 "-" "Mozilla/4.0 (compatible; MSIE 6.0; Windows NT 5.0)"
199.181.201.5 - - [06/Mar/2007:17:38:10 +0000] "GET /oempro/read.php?EncryptedMemberID=Mzc2MQ%3D%3D&CampaignID=79&CampaignStatisticsID=45&Demo=0&Email=thomas.hoge@bmo.com HTTP/1.1" 200 55 "-" "Mozilla/4.0 (compatible; MSIE 6.0; Windows NT 5.0)"
199.181.201.5 - - [06/Mar/2007:17:38:11 +0000] "GET /oempro/read.php?EncryptedMemberID=Mzc2MQ%3D%3D&CampaignID=79&CampaignStatisticsID=45&Demo=0&Email=thomas.hoge@bmo.com HTTP/1.1" 200 55 "-" "Mozilla/4.0 (compatible; MSIE 6.0; Windows NT 5.0)"
217.45.219.5 - - [06/Mar/2007:17:39:34 +0000] "GET /oempro/read.php?EncryptedMemberID=MzYyOQ%3D%3D&CampaignID=79&CampaignStatisticsID=45&Demo=0&Email=sprim@parishcapital.com HTTP/1.1" 200 55 "-" "Mozilla/4.0 (compatible; MSIE 7.0; Windows NT 5.1; .NET CLR 1.1.4322)"
217.45.219.5 - - [06/Mar/2007:17:39:34 +0000] "GET /oempro/read.php?EncryptedMemberID=MzYyOQ%3D%3D&CampaignID=79&CampaignStatisticsID=45&Demo=0&Email=sprim@parishcapital.com HTTP/1.1" 200 55 "-" "Mozilla/4.0 (compatible; MSIE 7.0; Windows NT 5.1; .NET CLR 1.1.4322)"
217.45.219.5 - - [06/Mar/2007:17:39:39 +0000] "GET /oempro/read.php?EncryptedMemberID=MzYyOQ%3D%3D&CampaignID=79&CampaignStatisticsID=45&Demo=0&Email=sprim@parishcapital.com HTTP/1.1" 200 55 "-" "Mozilla/4.0 (compatible; MSIE 7.0; Windows NT 5.1; .NET CLR 1.1.4322)"
217.45.219.5 - - [06/Mar/2007:17:39:39 +0000] "GET /oempro/read.php?EncryptedMemberID=MzYyOQ%3D%3D&CampaignID=79&CampaignStatisticsID=45&Demo=0&Email=sprim@parishcapital.com HTTP/1.1" 200 55 "-" "Mozilla/4.0 (compatible; MSIE 7.0; Windows NT 5.1; .NET CLR 1.1.4322)"
199.181.201.5 - - [06/Mar/2007:17:41:53 +0000] "GET /oempro/read.php?EncryptedMemberID=Mzc2MQ%3D%3D&CampaignID=79&CampaignStatisticsID=45&Demo=0&Email=thomas.hoge@bmo.com HTTP/1.1" 200 55 "-" "Mozilla/4.0 (compatible; MSIE 6.0; Windows NT 5.0)"
82.135.30.155 - - [06/Mar/2007:17:42:21 +0000] "GET /oempro/read.php?EncryptedMemberID=MzU4Ng%3D%3D&CampaignID=79&CampaignStatisticsID=45&Demo=0&Email=simon.tang@vcm.de HTTP/1.0" 200 43 "-" "Mozilla/4.0 (compatible; MSIE 6.0; Windows NT 5.0)"
82.135.30.155 - - [06/Mar/2007:17:42:29 +0000] "GET /oempro/read.php?EncryptedMemberID=MTYxOA%3D%3D&CampaignID=79&CampaignStatisticsID=45&Demo=0&Email=andreas.wilde@vcm.de HTTP/1.0" 200 43 "-" "Mozilla/4.0 (compatible; MSIE 6.0; Windows NT 5.0)"
82.135.125.30 - - [06/Mar/2007:17:42:34 +0000] "GET /oempro/read.php?EncryptedMemberID=MTYxOA%3D%3D&CampaignID=79&CampaignStatisticsID=45&Demo=0&Email=andreas.wilde@vcm.de HTTP/1.0" 200 43 "-" "Mozilla/4.0 (compatible; MSIE 6.0; Windows NT 5.0)"
217.45.219.5 - - [06/Mar/2007:17:42:44 +0000] "GET /oempro/read.php?EncryptedMemberID=MzYyOQ%3D%3D&CampaignID=79&CampaignStatisticsID=45&Demo=0&Email=sprim@parishcapital.com HTTP/1.1" 200 55 "-" "Mozilla/4.0 (compatible; MSIE 7.0; Windows NT 5.1; .NET CLR 1.1.4322)"
217.45.219.5 - - [06/Mar/2007:17:42:55 +0000] "GET /oempro/read.php?EncryptedMemberID=MzYyOQ%3D%3D&CampaignID=79&CampaignStatisticsID=45&Demo=0&Email=sprim@parishcapital.com HTTP/1.1" 200 55 "-" "Mozilla/4.0 (compatible; MSIE 7.0; Windows NT 5.1; .NET CLR 1.1.4322)"
217.45.219.5 - - [06/Mar/2007:17:42:55 +0000] "GET /oempro/read.php?EncryptedMemberID=MzYyOQ%3D%3D&CampaignID=79&CampaignStatisticsID=45&Demo=0&Email=sprim@parishcapital.com HTTP/1.1" 200 55 "-" "Mozilla/4.0 (compatible; MSIE 7.0; Windows NT 5.1; .NET CLR 1.1.4322)"
86.142.31.250 - - [06/Mar/2007:17:44:39 +0000] "GET /oempro/link.php?URL=aHR0cDovL3d3dy5zb20tY2FwLmNvbS9vZW1wcm8vbGluay5waHA%2FVVJMPWFIUjBjRG92TDNkM2R5NXpiMjB0WTJGd0xtTnZiUzlrWVhSaExtaDBiUT09JmFtcDtOYW1lPSZhbXA7RW5jcnlwdGVkTWVtYmVySUQ9TkRBeU5BPT0mYW1wO0NhbXBhaWduSUQ9NzcmYW1wO0NhbXBhaWduU3RhdGlzdGljc0lEPTQzJmFtcDtEZW1vPTAmYW1wO0VtYWlsPW1hcmllQHNvbS1jYXAuY29t&Name=&EncryptedMemberID=MzQwMA%3D%3D&CampaignID=79&CampaignStatisticsID=45&Demo=0&Email=rm@curtismurray.co.uk HTTP/1.1" 302 5 "-" "Mozilla/4.0 (compatible; MSIE 6.0; Windows NT 5.1; SV1; InfoPath.1)"
86.142.31.250 - - [06/Mar/2007:17:44:40 +0000] "GET /oempro/link.php?URL=aHR0cDovL3d3dy5zb20tY2FwLmNvbS9kYXRhLmh0bQ==&Name=&EncryptedMemberID=NDAyNA==&CampaignID=77&CampaignStatisticsID=43&Demo=0&Email=marie@som-cap.com HTTP/1.1" 302 5 "-" "Mozilla/4.0 (compatible; MSIE 6.0; Windows NT 5.1; SV1; InfoPath.1)"
86.142.31.250 - - [06/Mar/2007:17:44:40 +0000] "GET /data.htm HTTP/1.1" 200 6628 "-" "Mozilla/4.0 (compatible; MSIE 6.0; Windows NT 5.1; SV1; InfoPath.1)"
86.142.31.250 - - [06/Mar/2007:17:44:40 +0000] "GET /images/inbg.jpg HTTP/1.1" 200 32265 "http://www.som-cap.com/data.htm" "Mozilla/4.0 (compatible; MSIE 6.0; Windows NT 5.1; SV1; InfoPath.1)"
86.142.31.250 - - [06/Mar/2007:17:44:40 +0000] "GET /styles.css HTTP/1.1" 200 497 "http://www.som-cap.com/data.htm" "Mozilla/4.0 (compatible; MSIE 6.0; Windows NT 5.1; SV1; InfoPath.1)"
86.142.31.250 - - [06/Mar/2007:17:44:40 +0000] "GET /images/logo.gif HTTP/1.1" 200 1574 "http://www.som-cap.com/data.htm" "Mozilla/4.0 (compatible; MSIE 6.0; Windows NT 5.1; SV1; InfoPath.1)"
86.142.31.250 - - [06/Mar/2007:17:44:42 +0000] "GET /favicon.ico HTTP/1.1" 404 657 "-" "Mozilla/5.0 (compatible; Google Desktop)"
86.142.31.250 - - [06/Mar/2007:17:44:51 +0000] "GET /images/Private%20Equity%20Data%20Service%20Feb%2007.pdf HTTP/1.1" 200 29186 "http://www.som-cap.com/data.htm" "Mozilla/4.0 (compatible; MSIE 6.0; Windows NT 5.1; SV1; InfoPath.1)"
194.209.42.83 - - [06/Mar/2007:17:47:25 +0000] "GET /oempro/read.php?EncryptedMemberID=Mzc3Ng%3D%3D&CampaignID=79&CampaignStatisticsID=45&Demo=0&Email=tim.creed@adveq.com HTTP/1.1" 200 55 "-" "Mozilla/4.0 (compatible; MSIE 6.0; Windows NT 5.2; SV1; .NET CLR 1.1.4322; InfoPath.1; .NET CLR 2.0.50727)"
194.98.34.59 - - [06/Mar/2007:17:49:41 +0000] "GET /oempro/read.php?EncryptedMemberID=MzU1Mw%3D%3D&CampaignID=79&CampaignStatisticsID=45&Demo=0&Email=selancy@agfprivatequity.com HTTP/1.1" 200 55 "-" "Mozilla/4.0 (compatible; MSIE 6.0; Windows NT 5.1; AGF; .NET CLR 1.1.4322)"
194.98.34.59 - - [06/Mar/2007:17:49:45 +0000] "GET /oempro/read.php?EncryptedMemberID=MzU1Mw%3D%3D&CampaignID=79&CampaignStatisticsID=45&Demo=0&Email=selancy@agfprivatequity.com HTTP/1.1" 200 55 "-" "Mozilla/4.0 (compatible; MSIE 6.0; Windows NT 5.1; AGF; .NET CLR 1.1.4322)"
62.136.228.94 - - [06/Mar/2007:17:51:50 +0000] "GET /oempro/read.php?EncryptedMemberID=MjcwNA%3D%3D&CampaignID=79&CampaignStatisticsID=45&Demo=0&Email=kamaldeeptakhar@hotmail.com HTTP/1.1" 200 55 "-" "Mozilla/4.0 (compatible; MSIE 7.0; Windows NT 5.1; .NET CLR 1.1.4322; .NET CLR 2.0.50727)"
62.136.228.94 - - [06/Mar/2007:17:53:54 +0000] "GET /oempro/read.php?EncryptedMemberID=MjcwNA%3D%3D&CampaignID=79&CampaignStatisticsID=45&Demo=0&Email=kamaldeeptakhar@hotmail.com HTTP/1.1" 200 55 "-" "Mozilla/4.0 (compatible; MSIE 7.0; Windows NT 5.1; .NET CLR 1.1.4322; .NET CLR 2.0.50727)"
194.98.34.59 - - [06/Mar/2007:17:58:04 +0000] "GET /oempro/read.php?EncryptedMemberID=MzU1Mw%3D%3D&CampaignID=79&CampaignStatisticsID=45&Demo=0&Email=selancy@agfprivatequity.com HTTP/1.1" 200 55 "-" "Mozilla/4.0 (compatible; MSIE 6.0; Windows NT 5.1; AGF; .NET CLR 1.1.4322)"
194.209.42.83 - - [06/Mar/2007:17:58:21 +0000] "GET /oempro/read.php?EncryptedMemberID=MjI1NA%3D%3D&CampaignID=79&CampaignStatisticsID=45&Demo=0&Email=gaia.arnaboldi@adveq.com HTTP/1.1" 200 55 "-" "Mozilla/4.0 (compatible; MSIE 6.0; Windows NT 5.2; SV1; .NET CLR 1.1.4322; InfoPath.1; .NET CLR 2.0.50727)"
194.209.42.83 - - [06/Mar/2007:17:58:35 +0000] "GET /oempro/read.php?EncryptedMemberID=MjI1NA%3D%3D&CampaignID=79&CampaignStatisticsID=45&Demo=0&Email=gaia.arnaboldi@adveq.com HTTP/1.1" 200 55 "-" "Mozilla/4.0 (compatible; MSIE 6.0; Windows NT 5.2; SV1; .NET CLR 1.1.4322; InfoPath.1; .NET CLR 2.0.50727)"
194.209.42.83 - - [06/Mar/2007:17:58:44 +0000] "GET /oempro/read.php?EncryptedMemberID=MjI1NA%3D%3D&CampaignID=79&CampaignStatisticsID=45&Demo=0&Email=gaia.arnaboldi@adveq.com HTTP/1.1" 200 55 "-" "Mozilla/4.0 (compatible; MSIE 6.0; Windows NT 5.2; SV1; .NET CLR 1.1.4322; InfoPath.1; .NET CLR 2.0.50727)"
194.209.42.83 - - [06/Mar/2007:18:00:08 +0000] "GET /oempro/read.php?EncryptedMemberID=MjI1NA%3D%3D&CampaignID=79&CampaignStatisticsID=45&Demo=0&Email=gaia.arnaboldi@adveq.com HTTP/1.1" 200 55 "-" "Mozilla/4.0 (compatible; MSIE 6.0; Windows NT 5.2; SV1; .NET CLR 1.1.4322; InfoPath.1; .NET CLR 2.0.50727)"
77.104.4.38 - - [06/Mar/2007:18:13:19 +0000] "GET /oempro/read.php?EncryptedMemberID=MjY5Mw%3D%3D&CampaignID=79&CampaignStatisticsID=45&Demo=0&Email=jxo@melcion.com HTTP/1.1" 200 55 "-" "Mozilla/4.0 (compatible; MSIE 6.0; Windows NT 5.1; SV1; .NET CLR 1.1.4322; .NET CLR 2.0.50727)"
77.104.4.38 - - [06/Mar/2007:18:14:08 +0000] "GET /oempro/read.php?EncryptedMemberID=MjY5Mw%3D%3D&CampaignID=79&CampaignStatisticsID=45&Demo=0&Email=jxo@melcion.com HTTP/1.1" 200 55 "-" "Mozilla/4.0 (compatible; MSIE 6.0; Windows NT 5.1; SV1; .NET CLR 1.1.4322; .NET CLR 2.0.50727)"
77.104.4.38 - - [06/Mar/2007:18:14:11 +0000] "GET /oempro/read.php?EncryptedMemberID=MjY5Mw%3D%3D&CampaignID=79&CampaignStatisticsID=45&Demo=0&Email=jxo@melcion.com HTTP/1.1" 200 55 "-" "Mozilla/4.0 (compatible; MSIE 6.0; Windows NT 5.1; SV1; .NET CLR 1.1.4322; .NET CLR 2.0.50727)"
77.104.4.38 - - [06/Mar/2007:18:18:06 +0000] "GET /oempro/read.php?EncryptedMemberID=MjY5Mw%3D%3D&CampaignID=79&CampaignStatisticsID=45&Demo=0&Email=jxo@melcion.com HTTP/1.1" 200 55 "-" "Mozilla/4.0 (compatible; MSIE 6.0; Windows NT 5.1; SV1; .NET CLR 1.1.4322; .NET CLR 2.0.50727)"
77.104.4.38 - - [06/Mar/2007:18:18:10 +0000] "GET /oempro/read.php?EncryptedMemberID=MjY5Mw%3D%3D&CampaignID=79&CampaignStatisticsID=45&Demo=0&Email=jxo@melcion.com HTTP/1.1" 200 55 "-" "Mozilla/4.0 (compatible; MSIE 6.0; Windows NT 5.1; SV1; .NET CLR 1.1.4322; .NET CLR 2.0.50727)"
199.89.64.176 - - [06/Mar/2007:18:18:15 +0000] "GET /oempro/read.php?EncryptedMemberID=MTYyMg%3D%3D&CampaignID=79&CampaignStatisticsID=45&Demo=0&Email=andrew.r.hayes@morganstanley.com HTTP/1.1" 200 55 "-" "Mozilla/4.0 (compatible; MSIE 6.0; Windows NT 5.1; SV1; msie6xpv1; MSIE6ENV21; .NET CLR 1.0.3705; .NET CLR 1.1.4322; .NET CLR 2.0.50727)"
192.44.63.162 - - [06/Mar/2007:18:18:29 +0000] "GET /oempro/read.php?EncryptedMemberID=MjUzMw%3D%3D&CampaignID=79&CampaignStatisticsID=45&Demo=0&Email=jean.daumet@ca-cprpe.fr HTTP/1.1" 200 55 "-" "Mozilla/4.0 (compatible; MSIE 6.0; Windows NT 5.1; SV1; .NET CLR 1.1.4322; InfoPath.1)"
86.135.203.65 - - [06/Mar/2007:18:32:51 +0000] "GET /oempro/read.php?EncryptedMemberID=MjAxOQ%3D%3D&CampaignID=79&CampaignStatisticsID=45&Demo=0&Email=dchandler@alcadvisors.com HTTP/1.1" 200 55 "-" "Mozilla/4.0 (compatible; MSIE 7.0; Windows NT 5.1; acc=; YPC 3.2.0)"
195.65.220.34 - - [06/Mar/2007:18:36:50 +0000] "GET /oempro/read.php?EncryptedMemberID=MzI4Nw%3D%3D&CampaignID=79&CampaignStatisticsID=45&Demo=0&Email=pnewsome@unigestion.com HTTP/1.1" 200 55 "-" "Mozilla/4.0 (compatible; MSIE 6.0; Windows NT 5.2; SV1; .NET CLR 1.1.4322)"
195.65.220.34 - - [06/Mar/2007:18:36:54 +0000] "GET /oempro/read.php?EncryptedMemberID=MzI4Nw%3D%3D&CampaignID=79&CampaignStatisticsID=45&Demo=0&Email=pnewsome@unigestion.com HTTP/1.1" 200 55 "-" "Mozilla/4.0 (compatible; MSIE 6.0; Windows NT 5.2; SV1; .NET CLR 1.1.4322)"
195.65.220.34 - - [06/Mar/2007:18:36:58 +0000] "GET /oempro/read.php?EncryptedMemberID=MzI4Nw%3D%3D&CampaignID=79&CampaignStatisticsID=45&Demo=0&Email=pnewsome@unigestion.com HTTP/1.1" 200 55 "-" "Mozilla/4.0 (compatible; MSIE 6.0; Windows NT 5.2; SV1; .NET CLR 1.1.4322)"
135.196.60.34 - - [06/Mar/2007:18:37:20 +0000] "GET /oempro/read.php?EncryptedMemberID=Mzk3OA%3D%3D&CampaignID=79&CampaignStatisticsID=45&Demo=0&Email=david.smith@glenalta.com HTTP/1.1" 200 55 "-" "Mozilla/4.0 (compatible; MSIE 6.0; Windows NT 5.1; SV1)"
135.196.60.34 - - [06/Mar/2007:18:37:20 +0000] "GET /oempro/read.php?EncryptedMemberID=Mzk3OA%3D%3D&CampaignID=79&CampaignStatisticsID=45&Demo=0&Email=david.smith@glenalta.com HTTP/1.1" 200 55 "-" "Mozilla/4.0 (compatible; MSIE 6.0; Windows NT 5.1; SV1)"
194.209.42.83 - - [06/Mar/2007:18:37:28 +0000] "GET /oempro/read.php?EncryptedMemberID=MjI1NA%3D%3D&CampaignID=79&CampaignStatisticsID=45&Demo=0&Email=gaia.arnaboldi@adveq.com HTTP/1.1" 200 55 "-" "Mozilla/4.0 (compatible; MSIE 6.0; Windows NT 5.2; SV1; .NET CLR 1.1.4322; InfoPath.1; .NET CLR 2.0.50727)"
212.203.90.101 - - [06/Mar/2007:18:44:18 +0000] "GET /oempro/read.php?EncryptedMemberID=MzQ2Mw%3D%3D&CampaignID=79&CampaignStatisticsID=45&Demo=0&Email=roy.baumann@partnersgroup.net HTTP/1.1" 200 55 "-" "Mozilla/4.0 (compatible; MSIE 6.0; Windows NT 5.1; SV1)"
194.209.42.83 - - [06/Mar/2007:18:47:07 +0000] "GET /oempro/read.php?EncryptedMemberID=MjI1NA%3D%3D&CampaignID=79&CampaignStatisticsID=45&Demo=0&Email=gaia.arnaboldi@adveq.com HTTP/1.1" 200 55 "-" "Mozilla/4.0 (compatible; MSIE 6.0; Windows NT 5.2; SV1; .NET CLR 1.1.4322; InfoPath.1; .NET CLR 2.0.50727)"
88.108.146.158 - - [06/Mar/2007:18:55:49 +0000] "GET /oempro/link.php?URL=aHR0cDovL3d3dy5zb20tY2FwLmNvbS9vZW1wcm8vbGluay5waHA%2FVVJMPWFIUjBjRG92TDNkM2R5NXpiMjB0WTJGd0xtTnZiUzg9JmFtcDtOYW1lPSZhbXA7RW5jcnlwdGVkTWVtYmVySUQ9TkRBeU5BPT0mYW1wO0NhbXBhaWduSUQ9NzcmYW1wO0NhbXBhaWduU3RhdGlzdGljc0lEPTQzJmFtcDtEZW1vPTAmYW1wO0VtYWlsPW1hcmllQHNvbS1jYXAuY29t&Name=&EncryptedMemberID=MTYyMw%3D%3D&CampaignID=79&CampaignStatisticsID=45&Demo=0&Email=andrew@lanceapartners.com HTTP/1.1" 302 5 "-" "Mozilla/4.0 (compatible; MSIE 7.0; Windows NT 5.1; .NET CLR 1.1.4322)"
88.108.146.158 - - [06/Mar/2007:18:55:50 +0000] "GET /oempro/link.php?URL=aHR0cDovL3d3dy5zb20tY2FwLmNvbS8=&Name=&EncryptedMemberID=NDAyNA==&CampaignID=77&CampaignStatisticsID=43&Demo=0&Email=marie@som-cap.com HTTP/1.1" 302 5 "-" "Mozilla/4.0 (compatible; MSIE 7.0; Windows NT 5.1; .NET CLR 1.1.4322)"
88.108.146.158 - - [06/Mar/2007:18:55:50 +0000] "GET / HTTP/1.1" 200 3426 "-" "Mozilla/4.0 (compatible; MSIE 7.0; Windows NT 5.1; .NET CLR 1.1.4322)"
88.108.146.158 - - [06/Mar/2007:18:55:50 +0000] "GET /styles.css HTTP/1.1" 200 497 "http://www.som-cap.com/" "Mozilla/4.0 (compatible; MSIE 7.0; Windows NT 5.1; .NET CLR 1.1.4322)"
88.108.146.158 - - [06/Mar/2007:18:55:50 +0000] "GET /images/inbg.jpg HTTP/1.1" 200 32265 "http://www.som-cap.com/" "Mozilla/4.0 (compatible; MSIE 7.0; Windows NT 5.1; .NET CLR 1.1.4322)"
88.108.146.158 - - [06/Mar/2007:18:55:50 +0000] "GET /images/logo.gif HTTP/1.1" 200 1574 "http://www.som-cap.com/" "Mozilla/4.0 (compatible; MSIE 7.0; Windows NT 5.1; .NET CLR 1.1.4322)"
88.108.146.158 - - [06/Mar/2007:18:55:57 +0000] "GET /background.htm HTTP/1.1" 200 4144 "http://www.som-cap.com/" "Mozilla/4.0 (compatible; MSIE 7.0; Windows NT 5.1; .NET CLR 1.1.4322)"
88.108.146.158 - - [06/Mar/2007:18:56:01 +0000] "GET /biography.htm HTTP/1.1" 200 4087 "http://www.som-cap.com/background.htm" "Mozilla/4.0 (compatible; MSIE 7.0; Windows NT 5.1; .NET CLR 1.1.4322)"
88.108.146.158 - - [06/Mar/2007:18:56:02 +0000] "GET /images/James%20Miller-2.jpg HTTP/1.1" 200 7075 "http://www.som-cap.com/biography.htm" "Mozilla/4.0 (compatible; MSIE 7.0; Windows NT 5.1; .NET CLR 1.1.4322)"
88.108.146.158 - - [06/Mar/2007:18:56:15 +0000] "GET /trackrecord.htm HTTP/1.1" 200 4429 "http://www.som-cap.com/biography.htm" "Mozilla/4.0 (compatible; MSIE 7.0; Windows NT 5.1; .NET CLR 1.1.4322)"
88.108.146.158 - - [06/Mar/2007:18:56:15 +0000] "GET /images/5pic.gif HTTP/1.1" 200 9274 "http://www.som-cap.com/trackrecord.htm" "Mozilla/4.0 (compatible; MSIE 7.0; Windows NT 5.1; .NET CLR 1.1.4322)"
88.108.146.158 - - [06/Mar/2007:18:56:15 +0000] "GET /images/6pic.gif HTTP/1.1" 200 9094 "http://www.som-cap.com/trackrecord.htm" "Mozilla/4.0 (compatible; MSIE 7.0; Windows NT 5.1; .NET CLR 1.1.4322)"
88.108.146.158 - - [06/Mar/2007:18:56:15 +0000] "GET /images/4pic.gif HTTP/1.1" 200 10003 "http://www.som-cap.com/trackrecord.htm" "Mozilla/4.0 (compatible; MSIE 7.0; Windows NT 5.1; .NET CLR 1.1.4322)"
88.108.146.158 - - [06/Mar/2007:18:56:15 +0000] "GET /images/3pic.gif HTTP/1.1" 200 10964 "http://www.som-cap.com/trackrecord.htm" "Mozilla/4.0 (compatible; MSIE 7.0; Windows NT 5.1; .NET CLR 1.1.4322)"
88.108.146.158 - - [06/Mar/2007:18:56:15 +0000] "GET /images/2pic.gif HTTP/1.1" 200 10701 "http://www.som-cap.com/trackrecord.htm" "Mozilla/4.0 (compatible; MSIE 7.0; Windows NT 5.1; .NET CLR 1.1.4322)"
88.108.146.158 - - [06/Mar/2007:18:56:15 +0000] "GET /images/1pic.gif HTTP/1.1" 200 12857 "http://www.som-cap.com/trackrecord.htm" "Mozilla/4.0 (compatible; MSIE 7.0; Windows NT 5.1; .NET CLR 1.1.4322)"
24.39.95.246 - - [06/Mar/2007:18:57:36 +0000] "GET /oempro/read.php?EncryptedMemberID=MzkyNw%3D%3D&CampaignID=79&CampaignStatisticsID=45&Demo=0&Email=winston5808@yahoo.com HTTP/1.0" 200 43 "http://us.f524.mail.yahoo.com/ym/ShowLetter?MsgId=2935_6714014_721394_1524_28848_0_17663_47310_3948598636&Idx=2&YY=52554&y5beta=yes&y5beta=yes&inc=25&order=down&sort=date&pos=0&view=a&head=b&box=Inbox" "Mozilla/4.0 (compatible; MSIE 7.0; Windows NT 5.1; InfoPath.1)"
64.52.113.203 - - [06/Mar/2007:18:58:12 +0000] "GET /oempro/read.php?EncryptedMemberID=MjY0OA%3D%3D&CampaignID=79&CampaignStatisticsID=45&Demo=0&Email=joshua@747capital.com HTTP/1.1" 200 55 "-" "Mozilla/4.0 (compatible; MSIE 7.0; Windows NT 5.1; .NET CLR 1.1.4322)"
164.114.137.133 - - [06/Mar/2007:18:59:06 +0000] "GET /oempro/read.php?EncryptedMemberID=MzYyNg%3D%3D&CampaignID=79&CampaignStatisticsID=45&Demo=0&Email=spombo@ifc.org HTTP/1.0" 200 43 "-" "Mozilla/4.0 (compatible; Lotus-Notes/6.0; Windows-NT)"
85.133.32.138 - - [06/Mar/2007:19:00:52 +0000] "GET /oempro/read.php?EncryptedMemberID=MzkxMw%3D%3D&CampaignID=79&CampaignStatisticsID=45&Demo=0&Email=wh@mvision.com HTTP/1.1" 200 55 "-" "Mozilla/4.0 (compatible; MSIE 6.0; Windows NT 5.2; SV1; .NET CLR 1.1.4322; InfoPath.1; .NET CLR 2.0.50727)"
85.133.32.138 - - [06/Mar/2007:19:04:17 +0000] "GET /oempro/read.php?EncryptedMemberID=MzkxMw%3D%3D&CampaignID=79&CampaignStatisticsID=45&Demo=0&Email=wh@mvision.com HTTP/1.1" 200 55 "-" "Mozilla/4.0 (compatible; MSIE 6.0; Windows NT 5.2; SV1; .NET CLR 1.1.4322; InfoPath.1; .NET CLR 2.0.50727)"
84.12.40.90 - - [06/Mar/2007:19:05:52 +0000] "GET /oempro/link.php?URL=aHR0cDovL3d3dy5zb20tY2FwLmNvbS9vZW1wcm8vbGluay5waHA%2FVVJMPWFIUjBjRG92TDNkM2R5NXpiMjB0WTJGd0xtTnZiUzg9JmFtcDtOYW1lPSZhbXA7RW5jcnlwdGVkTWVtYmVySUQ9TkRBeU5BPT0mYW1wO0NhbXBhaWduSUQ9NzcmYW1wO0NhbXBhaWduU3RhdGlzdGljc0lEPTQzJmFtcDtEZW1vPTAmYW1wO0VtYWlsPW1hcmllQHNvbS1jYXAuY29t&Name=&EncryptedMemberID=MTgwNw%3D%3D&CampaignID=79&CampaignStatisticsID=45&Demo=0&Email=cameron@acropolis-capital.com HTTP/1.1" 302 5 "-" "Mozilla/4.0 (compatible; MSIE 6.0; Windows NT 5.1; SV1; .NET CLR 1.1.4322)"
84.12.40.90 - - [06/Mar/2007:19:05:53 +0000] "GET /oempro/link.php?URL=aHR0cDovL3d3dy5zb20tY2FwLmNvbS8=&Name=&EncryptedMemberID=NDAyNA==&CampaignID=77&CampaignStatisticsID=43&Demo=0&Email=marie@som-cap.com HTTP/1.1" 302 5 "-" "Mozilla/4.0 (compatible; MSIE 6.0; Windows NT 5.1; SV1; .NET CLR 1.1.4322)"
84.12.40.90 - - [06/Mar/2007:19:05:53 +0000] "GET / HTTP/1.1" 200 3426 "-" "Mozilla/4.0 (compatible; MSIE 6.0; Windows NT 5.1; SV1; .NET CLR 1.1.4322)"
84.12.40.90 - - [06/Mar/2007:19:05:53 +0000] "GET /styles.css HTTP/1.1" 200 497 "http://www.som-cap.com/" "Mozilla/4.0 (compatible; MSIE 6.0; Windows NT 5.1; SV1; .NET CLR 1.1.4322)"
84.12.40.90 - - [06/Mar/2007:19:05:53 +0000] "GET /images/logo.gif HTTP/1.1" 200 1574 "http://www.som-cap.com/" "Mozilla/4.0 (compatible; MSIE 6.0; Windows NT 5.1; SV1; .NET CLR 1.1.4322)"
84.12.40.90 - - [06/Mar/2007:19:05:53 +0000] "GET /images/inbg.jpg HTTP/1.1" 200 32265 "http://www.som-cap.com/" "Mozilla/4.0 (compatible; MSIE 6.0; Windows NT 5.1; SV1; .NET CLR 1.1.4322)"
66.31.26.98 - - [06/Mar/2007:19:07:04 +0000] "GET /oempro/read.php?EncryptedMemberID=MjU0NQ%3D%3D&CampaignID=79&CampaignStatisticsID=45&Demo=0&Email=jeh@mmcmass.com HTTP/1.1" 200 55 "-" "Mozilla/4.0 (compatible; MSIE 6.0; Windows NT 5.1; SV1; .NET CLR 1.1.4322; .NET CLR 2.0.50727)"
84.12.40.90 - - [06/Mar/2007:19:07:20 +0000] "GET /contact.htm HTTP/1.1" 200 2786 "http://www.som-cap.com/" "Mozilla/4.0 (compatible; MSIE 6.0; Windows NT 5.1; SV1; .NET CLR 1.1.4322)"
84.12.40.90 - - [06/Mar/2007:19:08:42 +0000] "GET /trackrecord.htm HTTP/1.1" 200 4429 "http://www.som-cap.com/contact.htm" "Mozilla/4.0 (compatible; MSIE 6.0; Windows NT 5.1; SV1; .NET CLR 1.1.4322)"
84.12.40.90 - - [06/Mar/2007:19:08:42 +0000] "GET /images/6pic.gif HTTP/1.1" 200 9094 "http://www.som-cap.com/trackrecord.htm" "Mozilla/4.0 (compatible; MSIE 6.0; Windows NT 5.1; SV1; .NET CLR 1.1.4322)"
84.12.40.90 - - [06/Mar/2007:19:08:42 +0000] "GET /images/5pic.gif HTTP/1.1" 200 9274 "http://www.som-cap.com/trackrecord.htm" "Mozilla/4.0 (compatible; MSIE 6.0; Windows NT 5.1; SV1; .NET CLR 1.1.4322)"
84.12.40.90 - - [06/Mar/2007:19:08:42 +0000] "GET /images/4pic.gif HTTP/1.1" 200 10003 "http://www.som-cap.com/trackrecord.htm" "Mozilla/4.0 (compatible; MSIE 6.0; Windows NT 5.1; SV1; .NET CLR 1.1.4322)"
84.12.40.90 - - [06/Mar/2007:19:08:42 +0000] "GET /images/3pic.gif HTTP/1.1" 200 10964 "http://www.som-cap.com/trackrecord.htm" "Mozilla/4.0 (compatible; MSIE 6.0; Windows NT 5.1; SV1; .NET CLR 1.1.4322)"
84.12.40.90 - - [06/Mar/2007:19:08:43 +0000] "GET /images/2pic.gif HTTP/1.1" 200 10701 "http://www.som-cap.com/trackrecord.htm" "Mozilla/4.0 (compatible; MSIE 6.0; Windows NT 5.1; SV1; .NET CLR 1.1.4322)"
84.12.40.90 - - [06/Mar/2007:19:08:43 +0000] "GET /images/1pic.gif HTTP/1.1" 200 12857 "http://www.som-cap.com/trackrecord.htm" "Mozilla/4.0 (compatible; MSIE 6.0; Windows NT 5.1; SV1; .NET CLR 1.1.4322)"
194.209.42.83 - - [06/Mar/2007:19:09:04 +0000] "GET /oempro/read.php?EncryptedMemberID=MjI1NA%3D%3D&CampaignID=79&CampaignStatisticsID=45&Demo=0&Email=gaia.arnaboldi@adveq.com HTTP/1.1" 200 55 "-" "Mozilla/4.0 (compatible; MSIE 6.0; Windows NT 5.2; SV1; .NET CLR 1.1.4322; InfoPath.1; .NET CLR 2.0.50727)"
84.12.40.90 - - [06/Mar/2007:19:09:07 +0000] "GET /data.htm HTTP/1.1" 200 6628 "http://www.som-cap.com/trackrecord.htm" "Mozilla/4.0 (compatible; MSIE 6.0; Windows NT 5.1; SV1; .NET CLR 1.1.4322)"
84.12.40.90 - - [06/Mar/2007:19:09:10 +0000] "GET /images/06%20H1%20Report.pdf HTTP/1.1" 200 41233 "http://www.som-cap.com/data.htm" "Mozilla/4.0 (compatible; MSIE 6.0; Windows NT 5.1; SV1; .NET CLR 1.1.4322)"
84.12.40.90 - - [06/Mar/2007:19:09:10 +0000] "GET /images/06%20H1%20Report.pdf HTTP/1.1" 206 37487 "-" "Mozilla/4.0 (compatible; MSIE 6.0; Windows NT 5.1; SV1; .NET CLR 1.1.4322)"
84.12.40.90 - - [06/Mar/2007:19:09:23 +0000] "GET /images/05%20H2%20Report.pdf HTTP/1.1" 200 36187 "http://www.som-cap.com/data.htm" "Mozilla/4.0 (compatible; MSIE 6.0; Windows NT 5.1; SV1; .NET CLR 1.1.4322)"
84.12.40.90 - - [06/Mar/2007:19:09:24 +0000] "GET /images/05%20H2%20Report.pdf HTTP/1.1" 206 35201 "-" "Mozilla/4.0 (compatible; MSIE 6.0; Windows NT 5.1; SV1; .NET CLR 1.1.4322)"
84.12.40.90 - - [06/Mar/2007:19:09:41 +0000] "GET /images/Private%20Equity%20Data%20Service%20Feb%2007.pdf HTTP/1.1" 200 29186 "http://www.som-cap.com/data.htm" "Mozilla/4.0 (compatible; MSIE 6.0; Windows NT 5.1; SV1; .NET CLR 1.1.4322)"
84.12.40.90 - - [06/Mar/2007:19:09:41 +0000] "GET /images/Private%20Equity%20Data%20Service%20Feb%2007.pdf HTTP/1.1" 206 28200 "-" "Mozilla/4.0 (compatible; MSIE 6.0; Windows NT 5.1; SV1; .NET CLR 1.1.4322)"
84.12.40.90 - - [06/Mar/2007:19:10:02 +0000] "GET /biography.htm HTTP/1.1" 200 4087 "http://www.som-cap.com/data.htm" "Mozilla/4.0 (compatible; MSIE 6.0; Windows NT 5.1; SV1; .NET CLR 1.1.4322)"
84.12.40.90 - - [06/Mar/2007:19:10:02 +0000] "GET /images/inbg.jpg HTTP/1.1" 304 - "http://www.som-cap.com/biography.htm" "Mozilla/4.0 (compatible; MSIE 6.0; Windows NT 5.1; SV1; .NET CLR 1.1.4322)"
84.12.40.90 - - [06/Mar/2007:19:10:02 +0000] "GET /styles.css HTTP/1.1" 304 - "http://www.som-cap.com/biography.htm" "Mozilla/4.0 (compatible; MSIE 6.0; Windows NT 5.1; SV1; .NET CLR 1.1.4322)"
84.12.40.90 - - [06/Mar/2007:19:10:02 +0000] "GET /images/logo.gif HTTP/1.1" 304 - "http://www.som-cap.com/biography.htm" "Mozilla/4.0 (compatible; MSIE 6.0; Windows NT 5.1; SV1; .NET CLR 1.1.4322)"
84.12.40.90 - - [06/Mar/2007:19:10:02 +0000] "GET /images/James%20Miller-2.jpg HTTP/1.1" 200 7075 "http://www.som-cap.com/biography.htm" "Mozilla/4.0 (compatible; MSIE 6.0; Windows NT 5.1; SV1; .NET CLR 1.1.4322)"
84.12.40.90 - - [06/Mar/2007:19:10:14 +0000] "GET /background.htm HTTP/1.1" 200 4144 "http://www.som-cap.com/biography.htm" "Mozilla/4.0 (compatible; MSIE 6.0; Windows NT 5.1; SV1; .NET CLR 1.1.4322)"
84.12.40.90 - - [06/Mar/2007:19:10:16 +0000] "GET /data.htm HTTP/1.1" 304 - "http://www.som-cap.com/background.htm" "Mozilla/4.0 (compatible; MSIE 6.0; Windows NT 5.1; SV1; .NET CLR 1.1.4322)"
84.12.40.90 - - [06/Mar/2007:19:10:17 +0000] "GET /contact.htm HTTP/1.1" 304 - "http://www.som-cap.com/data.htm" "Mozilla/4.0 (compatible; MSIE 6.0; Windows NT 5.1; SV1; .NET CLR 1.1.4322)"
65.205.246.194 - - [06/Mar/2007:19:18:03 +0000] "GET /oempro/read.php?EncryptedMemberID=MjQxMw%3D%3D&CampaignID=79&CampaignStatisticsID=45&Demo=0&Email=hjones@offithall.com HTTP/1.1" 200 55 "-" "Mozilla/4.0 (compatible; MSIE 6.0; Windows NT 5.1; SV1; .NET CLR 1.1.4322; InfoPath.1)"
85.133.32.138 - - [06/Mar/2007:19:26:30 +0000] "GET /oempro/read.php?EncryptedMemberID=MzkxMw%3D%3D&CampaignID=79&CampaignStatisticsID=45&Demo=0&Email=wh@mvision.com HTTP/1.1" 200 55 "-" "Mozilla/4.0 (compatible; MSIE 6.0; Windows NT 5.2; SV1; .NET CLR 1.1.4322; InfoPath.1; .NET CLR 2.0.50727)"
199.89.64.176 - - [06/Mar/2007:19:27:55 +0000] "GET /oempro/read.php?EncryptedMemberID=MTYyMg%3D%3D&CampaignID=79&CampaignStatisticsID=45&Demo=0&Email=andrew.r.hayes@morganstanley.com HTTP/1.1" 200 55 "-" "Mozilla/4.0 (compatible; MSIE 6.0; Windows NT 5.1; SV1; msie6xpv1; MSIE6ENV21; .NET CLR 1.0.3705; .NET CLR 1.1.4322; .NET CLR 2.0.50727)"
208.69.84.165 - - [06/Mar/2007:19:34:17 +0000] "GET /oempro/read.php?EncryptedMemberID=MjczOA%3D%3D&CampaignID=79&CampaignStatisticsID=45&Demo=0&Email=kishan.pandey@corporate.ge.com HTTP/1.1" 200 55 "-" "Mozilla/4.0 (compatible; MSIE 6.0; Windows NT 5.1; SV1; .NET CLR 1.1.4322)"
217.145.115.122 - - [06/Mar/2007:19:42:56 +0000] "GET /oempro/read.php?EncryptedMemberID=MzU0Ng%3D%3D&CampaignID=79&CampaignStatisticsID=45&Demo=0&Email=sealey@campbell-lutyens.com HTTP/1.1" 200 55 "-" "Mozilla/4.0 (compatible; MSIE 6.0; Windows NT 5.1; SV1; .NET CLR 1.1.4322)"
62.203.220.153 - - [06/Mar/2007:19:44:11 +0000] "GET /oempro/read.php?EncryptedMemberID=MTk3OA%3D%3D&CampaignID=79&CampaignStatisticsID=45&Demo=0&Email=david.alexander@ironbridgecp.com HTTP/1.1" 200 55 "-" "Mozilla/4.0 (compatible; MSIE 7.0; Windows NT 5.1; .NET CLR 1.0.3705; .NET CLR 1.1.4322; Media Center PC 4.0)"
62.203.220.153 - - [06/Mar/2007:19:44:12 +0000] "GET /oempro/read.php?EncryptedMemberID=MTk3OA%3D%3D&CampaignID=79&CampaignStatisticsID=45&Demo=0&Email=david.alexander@ironbridgecp.com HTTP/1.1" 200 55 "-" "Mozilla/4.0 (compatible; MSIE 7.0; Windows NT 5.1; .NET CLR 1.0.3705; .NET CLR 1.1.4322; Media Center PC 4.0)"
81.86.65.21 - - [06/Mar/2007:19:47:56 +0000] "GET /oempro/read.php?EncryptedMemberID=MTQ3OA%3D%3D&CampaignID=72&CampaignStatisticsID=&Demo=1&Email=richard_baker@mlc.com.au HTTP/1.1" 200 55 "-" "Mozilla/4.0 (compatible; MSIE 7.0; Windows NT 5.1)"
81.86.65.21 - - [06/Mar/2007:19:47:58 +0000] "GET /oempro/read.php?EncryptedMemberID=NDAyNA%3D%3D&CampaignID=77&CampaignStatisticsID=43&Demo=0&Email=marie@som-cap.com HTTP/1.1" 200 55 "-" "Mozilla/4.0 (compatible; MSIE 7.0; Windows NT 5.1)"
67.106.69.125 - - [06/Mar/2007:19:48:35 +0000] "GET /oempro/read.php?EncryptedMemberID=MjAzNQ%3D%3D&CampaignID=79&CampaignStatisticsID=45&Demo=0&Email=devans@glencap.com HTTP/1.1" 200 55 "-" "Mozilla/4.0 (compatible; MSIE 6.0; Windows NT 5.1; SV1; .NET CLR 1.1.4322)"
85.133.32.138 - - [06/Mar/2007:19:50:33 +0000] "GET /oempro/read.php?EncryptedMemberID=MzkxMw%3D%3D&CampaignID=79&CampaignStatisticsID=45&Demo=0&Email=wh@mvision.com HTTP/1.1" 200 55 "-" "Mozilla/4.0 (compatible; MSIE 6.0; Windows NT 5.2; SV1; .NET CLR 1.1.4322; InfoPath.1; .NET CLR 2.0.50727)"
87.194.5.72 - - [06/Mar/2007:19:51:28 +0000] "GET /oempro/read.php?EncryptedMemberID=MzU0OQ%3D%3D&CampaignID=79&CampaignStatisticsID=45&Demo=0&Email=sebastian@headwaycap.com HTTP/1.1" 200 55 "-" "Mozilla/4.0 (compatible; MSIE 6.0; Windows NT 5.1; SV1; .NET CLR 1.1.4322; InfoPath.1)"
63.197.231.131 - - [06/Mar/2007:19:55:23 +0000] "GET /oempro/read.php?EncryptedMemberID=MjYzMA%3D%3D&CampaignID=79&CampaignStatisticsID=45&Demo=0&Email=john@wjhopper.com HTTP/1.1" 200 55 "-" "Mozilla/4.0 (compatible; MSIE 6.0; Windows NT 5.1; SV1; .NET CLR 1.1.4322)"
194.209.42.83 - - [06/Mar/2007:20:13:39 +0000] "GET /oempro/read.php?EncryptedMemberID=MjI1NA%3D%3D&CampaignID=79&CampaignStatisticsID=45&Demo=0&Email=gaia.arnaboldi@adveq.com HTTP/1.1" 200 55 "-" "Mozilla/4.0 (compatible; MSIE 6.0; Windows NT 5.2; SV1; .NET CLR 1.1.4322; InfoPath.1; .NET CLR 2.0.50727)"
194.209.42.83 - - [06/Mar/2007:20:28:00 +0000] "GET /oempro/read.php?EncryptedMemberID=MjI1NA%3D%3D&CampaignID=79&CampaignStatisticsID=45&Demo=0&Email=gaia.arnaboldi@adveq.com HTTP/1.1" 200 55 "-" "Mozilla/4.0 (compatible; MSIE 6.0; Windows NT 5.2; SV1; .NET CLR 1.1.4322; InfoPath.1; .NET CLR 2.0.50727)"
204.8.150.32 - - [06/Mar/2007:20:35:59 +0000] "GET /oempro/read.php?EncryptedMemberID=MzIzMA%3D%3D&CampaignID=79&CampaignStatisticsID=45&Demo=0&Email=peter.martenson@macquarie.com HTTP/1.1" 200 55 "-" "Mozilla/4.0 (compatible; MSIE 6.0; Windows NT 5.0; .NET CLR 1.1.4322)"
217.45.219.5 - - [06/Mar/2007:20:48:17 +0000] "GET /oempro/read.php?EncryptedMemberID=MzYyOQ%3D%3D&CampaignID=79&CampaignStatisticsID=45&Demo=0&Email=sprim@parishcapital.com HTTP/1.1" 200 55 "-" "Mozilla/4.0 (compatible; MSIE 7.0; Windows NT 5.1; .NET CLR 1.1.4322)"
217.45.219.5 - - [06/Mar/2007:20:48:17 +0000] "GET /oempro/read.php?EncryptedMemberID=MzYyOQ%3D%3D&CampaignID=79&CampaignStatisticsID=45&Demo=0&Email=sprim@parishcapital.com HTTP/1.1" 200 55 "-" "Mozilla/4.0 (compatible; MSIE 7.0; Windows NT 5.1; .NET CLR 1.1.4322)"
212.203.90.101 - - [06/Mar/2007:21:04:56 +0000] "GET /oempro/read.php?EncryptedMemberID=MTg4Mg%3D%3D&CampaignID=79&CampaignStatisticsID=45&Demo=0&Email=christian.ebert@partnersgroup.net HTTP/1.1" 200 55 "-" "Mozilla/4.0 (compatible; MSIE 6.0; Windows NT 5.1; SV1)"
81.157.31.153 - - [06/Mar/2007:21:21:20 +0000] "GET /oempro/read.php?EncryptedMemberID=MTk3OA%3D%3D&CampaignID=79&CampaignStatisticsID=45&Demo=0&Email=david.alexander@ironbridgecp.com HTTP/1.1" 200 55 "-" "Mozilla/4.0 (compatible; MSIE 6.0; Windows NT 5.1; SV1)"
88.153.0.80 - - [06/Mar/2007:21:26:53 +0000] "GET /oempro/read.php?EncryptedMemberID=MjYzMA%3D%3D&CampaignID=79&CampaignStatisticsID=45&Demo=0&Email=john@wjhopper.com HTTP/1.1" 200 55 "-" "Mozilla/4.0 (compatible; MSIE 7.0; Windows NT 5.1)"
88.153.0.80 - - [06/Mar/2007:21:27:00 +0000] "GET /oempro/read.php?EncryptedMemberID=MjYzMA%3D%3D&CampaignID=79&CampaignStatisticsID=45&Demo=0&Email=john@wjhopper.com HTTP/1.1" 200 55 "-" "Mozilla/4.0 (compatible; MSIE 7.0; Windows NT 5.1)"
192.30.92.238 - - [06/Mar/2007:21:34:22 +0000] "GET /oempro/read.php?EncryptedMemberID=Mjg0OA%3D%3D&CampaignID=79&CampaignStatisticsID=45&Demo=0&Email=lynnwilliams@australiansuper.com HTTP/1.0" 200 43 "-" "Mozilla/4.0 (compatible; MSIE 6.0; Windows NT 5.0)"
192.30.92.238 - - [06/Mar/2007:21:34:23 +0000] "GET /oempro/read.php?EncryptedMemberID=Mjg0OA%3D%3D&CampaignID=79&CampaignStatisticsID=45&Demo=0&Email=lynnwilliams@australiansuper.com HTTP/1.0" 200 43 "-" "Mozilla/4.0 (compatible; MSIE 6.0; Windows NT 5.0)"
217.45.219.5 - - [06/Mar/2007:21:40:52 +0000] "GET /oempro/read.php?EncryptedMemberID=MzYyOQ%3D%3D&CampaignID=79&CampaignStatisticsID=45&Demo=0&Email=sprim@parishcapital.com HTTP/1.1" 200 55 "-" "Mozilla/4.0 (compatible; MSIE 6.0; Windows NT 5.1; SV1; .NET CLR 1.1.4322; .NET CLR 2.0.50727; .NET CLR 3.0.04506.30)"
66.136.15.209 - - [06/Mar/2007:21:55:18 +0000] "GET /oempro/read.php?EncryptedMemberID=MjA5OQ%3D%3D&CampaignID=79&CampaignStatisticsID=45&Demo=0&Email=drwynkoop@hmeps.org HTTP/1.1" 200 55 "-" "Mozilla/4.0 (compatible; MSIE 6.0; Windows NT 5.1; SV1; .NET CLR 1.1.4322)"
195.65.220.34 - - [06/Mar/2007:22:08:24 +0000] "GET /oempro/read.php?EncryptedMemberID=MzI4Nw%3D%3D&CampaignID=79&CampaignStatisticsID=45&Demo=0&Email=pnewsome@unigestion.com HTTP/1.1" 200 55 "-" "Mozilla/4.0 (compatible; MSIE 6.0; Windows NT 5.2; SV1; .NET CLR 1.1.4322)"
81.157.31.153 - - [06/Mar/2007:22:12:06 +0000] "GET /oempro/read.php?EncryptedMemberID=MTk3OA%3D%3D&CampaignID=79&CampaignStatisticsID=45&Demo=0&Email=david.alexander@ironbridgecp.com HTTP/1.1" 200 55 "-" "Mozilla/4.0 (compatible; MSIE 6.0; Windows NT 5.1; SV1)"
81.157.31.153 - - [06/Mar/2007:22:34:41 +0000] "GET /oempro/read.php?EncryptedMemberID=MTk3OA%3D%3D&CampaignID=79&CampaignStatisticsID=45&Demo=0&Email=david.alexander@ironbridgecp.com HTTP/1.1" 200 55 "-" "Mozilla/4.0 (compatible; MSIE 6.0; Windows NT 5.1; SV1)"
38.99.162.107 - - [06/Mar/2007:22:39:06 +0000] "GET /oempro/read.php?EncryptedMemberID=MTU5Nw%3D%3D&CampaignID=79&CampaignStatisticsID=45&Demo=0&Email=amsigel@kilmercapital.com HTTP/1.1" 200 55 "-" "Mozilla/4.0 (compatible; MSIE 6.0; Windows NT 5.1; SV1; .NET CLR 1.1.4322)"
38.99.162.107 - - [06/Mar/2007:22:39:06 +0000] "GET /oempro/read.php?EncryptedMemberID=MTU5Nw%3D%3D&CampaignID=79&CampaignStatisticsID=45&Demo=0&Email=amsigel@kilmercapital.com HTTP/1.1" 200 55 "-" "Mozilla/4.0 (compatible; MSIE 6.0; Windows NT 5.1; SV1; .NET CLR 1.1.4322)"
67.107.55.98 - - [06/Mar/2007:22:50:23 +0000] "GET /oempro/read.php?EncryptedMemberID=MzcyMQ%3D%3D&CampaignID=79&CampaignStatisticsID=45&Demo=0&Email=szoller@sterlingpartners.us HTTP/1.1" 200 55 "-" "Mozilla/4.0 (compatible; MSIE 6.0; Windows NT 5.1; SV1; .NET CLR 1.1.4322)"
81.129.96.182 - - [06/Mar/2007:22:59:52 +0000] "GET /oempro/link.php?URL=aHR0cDovL3d3dy5zb20tY2FwLmNvbS9vZW1wcm8vbGluay5waHA%2FVVJMPWFIUjBjRG92TDNkM2R5NXpiMjB0WTJGd0xtTnZiUzlrWVhSaExtaDBiUT09JmFtcDtOYW1lPSZhbXA7RW5jcnlwdGVkTWVtYmVySUQ9TkRBeU5BPT0mYW1wO0NhbXBhaWduSUQ9NzcmYW1wO0NhbXBhaWduU3RhdGlzdGljc0lEPTQzJmFtcDtEZW1vPTAmYW1wO0VtYWlsPW1hcmllQHNvbS1jYXAuY29t&Name=&EncryptedMemberID=Mjk5Nw%3D%3D&CampaignID=79&CampaignStatisticsID=45&Demo=0&Email=michael@mcalamb.com HTTP/1.1" 302 5 "-" "Mozilla/4.0 (compatible; MSIE 6.0; Windows NT 5.1; SV1; (R1 1.5); .NET CLR 1.1.4322)"
81.129.96.182 - - [06/Mar/2007:22:59:53 +0000] "GET /oempro/link.php?URL=aHR0cDovL3d3dy5zb20tY2FwLmNvbS9kYXRhLmh0bQ==&Name=&EncryptedMemberID=NDAyNA==&CampaignID=77&CampaignStatisticsID=43&Demo=0&Email=marie@som-cap.com HTTP/1.1" 302 5 "-" "Mozilla/4.0 (compatible; MSIE 6.0; Windows NT 5.1; SV1; (R1 1.5); .NET CLR 1.1.4322)"
81.129.96.182 - - [06/Mar/2007:22:59:53 +0000] "GET /data.htm HTTP/1.1" 200 6628 "-" "Mozilla/4.0 (compatible; MSIE 6.0; Windows NT 5.1; SV1; (R1 1.5); .NET CLR 1.1.4322)"
81.129.96.182 - - [06/Mar/2007:22:59:53 +0000] "GET /images/inbg.jpg HTTP/1.1" 200 32265 "http://www.som-cap.com/data.htm" "Mozilla/4.0 (compatible; MSIE 6.0; Windows NT 5.1; SV1; (R1 1.5); .NET CLR 1.1.4322)"
81.129.96.182 - - [06/Mar/2007:22:59:53 +0000] "GET /styles.css HTTP/1.1" 200 497 "http://www.som-cap.com/data.htm" "Mozilla/4.0 (compatible; MSIE 6.0; Windows NT 5.1; SV1; (R1 1.5); .NET CLR 1.1.4322)"
81.129.96.182 - - [06/Mar/2007:22:59:53 +0000] "GET /images/logo.gif HTTP/1.1" 200 1574 "http://www.som-cap.com/data.htm" "Mozilla/4.0 (compatible; MSIE 6.0; Windows NT 5.1; SV1; (R1 1.5); .NET CLR 1.1.4322)"
