213.52.137.178 - - [06/Mar/2007:10:51:29 +0000] "GET /oempro/read.php?EncryptedMemberID=MTc3NA%3D%3D&CampaignID=79&CampaignStatisticsID=45&Demo=0&Email=brian.macdonald@insightinvestment.com HTTP/1.1" 200 55 "-" "Mozilla/4.0 (compatible; MSIE 6.0; Windows NT 5.1; SV1; .NET CLR 1.1.4322)"
204.4.130.140 - - [06/Mar/2007:10:51:41 +0000] "GET /oempro/link.php?URL=aHR0cDovL3d3dy5zb20tY2FwLmNvbS9vZW1wcm8vbGluay5waHA%2FVVJMPWFIUjBjRG92TDNkM2R5NXpiMjB0WTJGd0xtTnZiUzlrWVhSaExtaDBiUT09JmFtcDtOYW1lPSZhbXA7RW5jcnlwdGVkTWVtYmVySUQ9TkRBeU5BPT0mYW1wO0NhbXBhaWduSUQ9NzcmYW1wO0NhbXBhaWduU3RhdGlzdGljc0lEPTQzJmFtcDtEZW1vPTAmYW1wO0VtYWlsPW1hcmllQHNvbS1jYXAuY29t&Name=&EncryptedMemberID=Mjc4Nw%3D%3D&CampaignID=79&CampaignStatisticsID=45&Demo=0&Email=laura.tresise@gs.com HTTP/1.0" 302 0 "-" "Mozilla/4.0 (compatible; MSIE 6.0; Windows NT 5.1; SV1; CPT-IE401SP1; .NET CLR 1.0.3705; .NET CLR 1.1.4322; InfoPath.1; .NET CLR 2.0.50727)"
204.4.130.140 - - [06/Mar/2007:10:51:41 +0000] "GET /oempro/link.php?URL=aHR0cDovL3d3dy5zb20tY2FwLmNvbS9kYXRhLmh0bQ==&Name=&EncryptedMemberID=NDAyNA==&CampaignID=77&CampaignStatisticsID=43&Demo=0&Email=marie@som-cap.com HTTP/1.0" 302 0 "-" "Mozilla/4.0 (compatible; MSIE 6.0; Windows NT 5.1; SV1; CPT-IE401SP1; .NET CLR 1.0.3705; .NET CLR 1.1.4322; InfoPath.1; .NET CLR 2.0.50727)"
204.4.130.140 - - [06/Mar/2007:10:51:42 +0000] "GET /data.htm HTTP/1.0" 200 6628 "-" "Mozilla/4.0 (compatible; MSIE 6.0; Windows NT 5.1; SV1; CPT-IE401SP1; .NET CLR 1.0.3705; .NET CLR 1.1.4322; InfoPath.1; .NET CLR 2.0.50727)"
204.4.130.140 - - [06/Mar/2007:10:51:42 +0000] "GET /images/logo.gif HTTP/1.0" 200 1574 "http://www.som-cap.com/data.htm" "Mozilla/4.0 (compatible; MSIE 6.0; Windows NT 5.1; SV1; CPT-IE401SP1; .NET CLR 1.0.3705; .NET CLR 1.1.4322; InfoPath.1; .NET CLR 2.0.50727)"
204.4.130.140 - - [06/Mar/2007:10:51:42 +0000] "GET /styles.css HTTP/1.0" 200 497 "http://www.som-cap.com/data.htm" "Mozilla/4.0 (compatible; MSIE 6.0; Windows NT 5.1; SV1; CPT-IE401SP1; .NET CLR 1.0.3705; .NET CLR 1.1.4322; InfoPath.1; .NET CLR 2.0.50727)"
204.4.130.140 - - [06/Mar/2007:10:51:42 +0000] "GET /images/inbg.jpg HTTP/1.0" 200 32265 "http://www.som-cap.com/data.htm" "Mozilla/4.0 (compatible; MSIE 6.0; Windows NT 5.1; SV1; CPT-IE401SP1; .NET CLR 1.0.3705; .NET CLR 1.1.4322; InfoPath.1; .NET CLR 2.0.50727)"
204.4.130.140 - - [06/Mar/2007:10:51:53 +0000] "GET /images/Private%20Equity%20Data%20Service%20Feb%2007.pdf HTTP/1.0" 200 29186 "http://www.som-cap.com/data.htm" "Mozilla/4.0 (compatible; MSIE 6.0; Windows NT 5.1; SV1; CPT-IE401SP1; .NET CLR 1.0.3705; .NET CLR 1.1.4322; InfoPath.1; .NET CLR 2.0.50727)"
57.66.51.74 - - [06/Mar/2007:10:51:56 +0000] "GET /oempro/read.php?EncryptedMemberID=MjkyNA%3D%3D&CampaignID=79&CampaignStatisticsID=45&Demo=0&Email=martin.stapleton@rvc.com HTTP/1.0" 200 43 "-" "Mozilla/4.0 (compatible; MSIE 6.0; Windows NT 5.1; SV1; .NET CLR 1.1.4322; .NET CLR 2.0.50727; InfoPath.1)"
213.52.137.178 - - [06/Mar/2007:10:52:12 +0000] "GET /oempro/read.php?EncryptedMemberID=MTc3NA%3D%3D&CampaignID=79&CampaignStatisticsID=45&Demo=0&Email=brian.macdonald@insightinvestment.com HTTP/1.1" 200 55 "-" "Mozilla/4.0 (compatible; MSIE 6.0; Windows NT 5.1; SV1; .NET CLR 1.1.4322)"
85.133.32.138 - - [06/Mar/2007:10:52:23 +0000] "GET /oempro/read.php?EncryptedMemberID=MzkxMw%3D%3D&CampaignID=79&CampaignStatisticsID=45&Demo=0&Email=wh@mvision.com HTTP/1.1" 200 55 "-" "Mozilla/4.0 (compatible; MSIE 6.0; Windows NT 5.2; SV1; .NET CLR 1.1.4322; InfoPath.1; .NET CLR 2.0.50727)"
192.44.63.162 - - [06/Mar/2007:10:53:05 +0000] "GET /oempro/link.php?URL=aHR0cDovL3d3dy5zb20tY2FwLmNvbS9vZW1wcm8vbGluay5waHA%2FVVJMPWFIUjBjRG92TDNkM2R5NXpiMjB0WTJGd0xtTnZiUzlrWVhSaExtaDBiUT09JmFtcDtOYW1lPSZhbXA7RW5jcnlwdGVkTWVtYmVySUQ9TkRBeU5BPT0mYW1wO0NhbXBhaWduSUQ9NzcmYW1wO0NhbXBhaWduU3RhdGlzdGljc0lEPTQzJmFtcDtEZW1vPTAmYW1wO0VtYWlsPW1hcmllQHNvbS1jYXAuY29t&Name=&EncryptedMemberID=Mzk0NQ%3D%3D&CampaignID=79&CampaignStatisticsID=45&Demo=0&Email=xavier.caron@ca-cprpe.fr HTTP/1.1" 302 5 "-" "Mozilla/4.0 (compatible; MSIE 6.0; Windows NT 5.1; SV1; .NET CLR 1.1.4322; InfoPath.1)"
192.44.63.162 - - [06/Mar/2007:10:53:05 +0000] "GET /oempro/link.php?URL=aHR0cDovL3d3dy5zb20tY2FwLmNvbS9kYXRhLmh0bQ==&Name=&EncryptedMemberID=NDAyNA==&CampaignID=77&CampaignStatisticsID=43&Demo=0&Email=marie@som-cap.com HTTP/1.1" 302 5 "-" "Mozilla/4.0 (compatible; MSIE 6.0; Windows NT 5.1; SV1; .NET CLR 1.1.4322; InfoPath.1)"
81.86.65.21 - - [06/Mar/2007:10:53:20 +0000] "GET /oempro/read.php?EncryptedMemberID=NDAyNA%3D%3D&CampaignID=79&CampaignStatisticsID=45&Demo=0&Email=marie@som-cap.com HTTP/1.1" 200 55 "-" "Mozilla/4.0 (compatible; MSIE 7.0; Windows NT 5.1)"
81.86.65.21 - - [06/Mar/2007:10:53:21 +0000] "GET /oempro/read.php?EncryptedMemberID=MTQ3OA%3D%3D&CampaignID=79&CampaignStatisticsID=&Demo=1&Email=richard_baker@mlc.com.au HTTP/1.1" 200 55 "-" "Mozilla/4.0 (compatible; MSIE 7.0; Windows NT 5.1)"
204.4.130.140 - - [06/Mar/2007:10:53:28 +0000] "GET /oempro/link.php?URL=aHR0cDovL3d3dy5zb20tY2FwLmNvbS9vZW1wcm8vbGluay5waHA%2FVVJMPWFIUjBjRG92TDNkM2R5NXpiMjB0WTJGd0xtTnZiUzlrWVhSaExtaDBiUT09JmFtcDtOYW1lPSZhbXA7RW5jcnlwdGVkTWVtYmVySUQ9TkRBeU5BPT0mYW1wO0NhbXBhaWduSUQ9NzcmYW1wO0NhbXBhaWduU3RhdGlzdGljc0lEPTQzJmFtcDtEZW1vPTAmYW1wO0VtYWlsPW1hcmllQHNvbS1jYXAuY29t&Name=&EncryptedMemberID=Mjc4Nw%3D%3D&CampaignID=79&CampaignStatisticsID=45&Demo=0&Email=laura.tresise@gs.com HTTP/1.0" 302 0 "-" "Mozilla/4.0 (compatible; MSIE 6.0; Windows NT 5.1; SV1; CPT-IE401SP1; .NET CLR 1.0.3705; .NET CLR 1.1.4322; InfoPath.1; .NET CLR 2.0.50727)"
204.4.130.140 - - [06/Mar/2007:10:53:28 +0000] "GET /oempro/link.php?URL=aHR0cDovL3d3dy5zb20tY2FwLmNvbS9kYXRhLmh0bQ==&Name=&EncryptedMemberID=NDAyNA==&CampaignID=77&CampaignStatisticsID=43&Demo=0&Email=marie@som-cap.com HTTP/1.0" 302 0 "-" "Mozilla/4.0 (compatible; MSIE 6.0; Windows NT 5.1; SV1; CPT-IE401SP1; .NET CLR 1.0.3705; .NET CLR 1.1.4322; InfoPath.1; .NET CLR 2.0.50727)"
204.4.130.140 - - [06/Mar/2007:10:53:29 +0000] "GET /data.htm HTTP/1.0" 304 - "-" "Mozilla/4.0 (compatible; MSIE 6.0; Windows NT 5.1; SV1; CPT-IE401SP1; .NET CLR 1.0.3705; .NET CLR 1.1.4322; InfoPath.1; .NET CLR 2.0.50727)"
204.4.130.140 - - [06/Mar/2007:10:53:29 +0000] "GET /styles.css HTTP/1.0" 304 - "http://www.som-cap.com/data.htm" "Mozilla/4.0 (compatible; MSIE 6.0; Windows NT 5.1; SV1; CPT-IE401SP1; .NET CLR 1.0.3705; .NET CLR 1.1.4322; InfoPath.1; .NET CLR 2.0.50727)"
204.4.130.140 - - [06/Mar/2007:10:53:29 +0000] "GET /images/inbg.jpg HTTP/1.0" 304 - "http://www.som-cap.com/data.htm" "Mozilla/4.0 (compatible; MSIE 6.0; Windows NT 5.1; SV1; CPT-IE401SP1; .NET CLR 1.0.3705; .NET CLR 1.1.4322; InfoPath.1; .NET CLR 2.0.50727)"
204.4.130.140 - - [06/Mar/2007:10:53:29 +0000] "GET /images/logo.gif HTTP/1.0" 304 - "http://www.som-cap.com/data.htm" "Mozilla/4.0 (compatible; MSIE 6.0; Windows NT 5.1; SV1; CPT-IE401SP1; .NET CLR 1.0.3705; .NET CLR 1.1.4322; InfoPath.1; .NET CLR 2.0.50727)"
204.4.130.140 - - [06/Mar/2007:10:53:31 +0000] "GET /biography.htm HTTP/1.0" 200 4087 "http://www.som-cap.com/data.htm" "Mozilla/4.0 (compatible; MSIE 6.0; Windows NT 5.1; SV1; CPT-IE401SP1; .NET CLR 1.0.3705; .NET CLR 1.1.4322; InfoPath.1; .NET CLR 2.0.50727)"
204.4.130.140 - - [06/Mar/2007:10:53:32 +0000] "GET /images/James%20Miller-2.jpg HTTP/1.0" 200 7075 "http://www.som-cap.com/biography.htm" "Mozilla/4.0 (compatible; MSIE 6.0; Windows NT 5.1; SV1; CPT-IE401SP1; .NET CLR 1.0.3705; .NET CLR 1.1.4322; InfoPath.1; .NET CLR 2.0.50727)"
204.4.130.140 - - [06/Mar/2007:10:53:44 +0000] "GET /background.htm HTTP/1.0" 200 4144 "http://www.som-cap.com/biography.htm" "Mozilla/4.0 (compatible; MSIE 6.0; Windows NT 5.1; SV1; CPT-IE401SP1; .NET CLR 1.0.3705; .NET CLR 1.1.4322; InfoPath.1; .NET CLR 2.0.50727)"
62.245.218.134 - - [06/Mar/2007:10:53:58 +0000] "GET /oempro/read.php?EncryptedMemberID=MzcxMQ%3D%3D&CampaignID=79&CampaignStatisticsID=45&Demo=0&Email=svenja.becker@extorel.de HTTP/1.1" 200 55 "-" "Mozilla/4.0 (compatible; MSIE 6.0; Windows NT 5.1; SV1; .NET CLR 1.1.4322)"
194.98.34.59 - - [06/Mar/2007:10:54:09 +0000] "GET /oempro/read.php?EncryptedMemberID=MjA5MQ%3D%3D&CampaignID=79&CampaignStatisticsID=45&Demo=0&Email=doyle@agfprivatequity.com HTTP/1.1" 200 55 "-" "Mozilla/4.0 (compatible; MSIE 6.0; Windows NT 5.1; AGF; .NET CLR 1.1.4322)"
81.86.65.21 - - [06/Mar/2007:10:54:40 +0000] "GET /oempro/read.php?EncryptedMemberID=MTcxMA%3D%3D&CampaignID=79&CampaignStatisticsID=45&Demo=0&Email=bctan@oww.com.sg HTTP/1.1" 200 55 "-" "Mozilla/4.0 (compatible; MSIE 7.0; Windows NT 5.1; .NET CLR 1.1.4322; InfoPath.1)"
217.154.48.203 - - [06/Mar/2007:10:54:42 +0000] "GET /oempro/read.php?EncryptedMemberID=MjQ4NQ%3D%3D&CampaignID=79&CampaignStatisticsID=45&Demo=0&Email=jackie@primaryeurope.com HTTP/1.1" 200 55 "-" "Mozilla/4.0 (compatible; MSIE 6.0; Windows NT 5.1; SV1; .NET CLR 1.1.4322)"
217.154.48.203 - - [06/Mar/2007:10:54:42 +0000] "GET /oempro/read.php?EncryptedMemberID=MjQ4NQ%3D%3D&CampaignID=79&CampaignStatisticsID=45&Demo=0&Email=jackie@primaryeurope.com HTTP/1.1" 200 55 "-" "Mozilla/4.0 (compatible; MSIE 6.0; Windows NT 5.1; SV1; .NET CLR 1.1.4322)"
81.86.65.21 - - [06/Mar/2007:10:56:47 +0000] "GET /oempro/read.php?EncryptedMemberID=MTcxMA%3D%3D&CampaignID=79&CampaignStatisticsID=45&Demo=0&Email=bctan@oww.com.sg HTTP/1.1" 200 55 "-" "Mozilla/4.0 (compatible; MSIE 7.0; Windows NT 5.1; .NET CLR 1.1.4322; InfoPath.1)"
194.209.42.83 - - [06/Mar/2007:10:56:54 +0000] "GET /oempro/read.php?EncryptedMemberID=Mzc3Ng%3D%3D&CampaignID=79&CampaignStatisticsID=45&Demo=0&Email=tim.creed@adveq.com HTTP/1.1" 200 55 "-" "Mozilla/4.0 (compatible; MSIE 6.0; Windows NT 5.2; SV1; .NET CLR 1.1.4322; InfoPath.1; .NET CLR 2.0.50727)"
83.95.19.114 - - [06/Mar/2007:10:56:59 +0000] "GET /oempro/read.php?EncryptedMemberID=Mjc3Mg%3D%3D&CampaignID=79&CampaignStatisticsID=45&Demo=0&Email=kvo@atp-pep.com HTTP/1.1" 200 55 "-" "Mozilla/4.0 (compatible; MSIE 7.0; Windows NT 5.1; .NET CLR 1.1.4322; .NET CLR 2.0.50727; InfoPath.1)"
194.209.42.83 - - [06/Mar/2007:10:57:01 +0000] "GET /oempro/read.php?EncryptedMemberID=Mzc3Ng%3D%3D&CampaignID=79&CampaignStatisticsID=45&Demo=0&Email=tim.creed@adveq.com HTTP/1.1" 200 55 "-" "Mozilla/4.0 (compatible; MSIE 6.0; Windows NT 5.2; SV1; .NET CLR 1.1.4322; InfoPath.1; .NET CLR 2.0.50727)"
194.209.42.83 - - [06/Mar/2007:10:57:09 +0000] "GET /oempro/read.php?EncryptedMemberID=Mzc3Ng%3D%3D&CampaignID=79&CampaignStatisticsID=45&Demo=0&Email=tim.creed@adveq.com HTTP/1.1" 200 55 "-" "Mozilla/4.0 (compatible; MSIE 6.0; Windows NT 5.2; SV1; .NET CLR 1.1.4322; InfoPath.1; .NET CLR 2.0.50727)"
85.210.251.33 - - [06/Mar/2007:10:58:07 +0000] "GET /oempro/link.php?URL=aHR0cDovL3d3dy5zb20tY2FwLmNvbS9vZW1wcm8vbGluay5waHA%2FVVJMPWFIUjBjRG92TDNkM2R5NXpiMjB0WTJGd0xtTnZiUzlrWVhSaExtaDBiUT09JmFtcDtOYW1lPSZhbXA7RW5jcnlwdGVkTWVtYmVySUQ9TkRBeU5BPT0mYW1wO0NhbXBhaWduSUQ9NzcmYW1wO0NhbXBhaWduU3RhdGlzdGljc0lEPTQzJmFtcDtEZW1vPTAmYW1wO0VtYWlsPW1hcmllQHNvbS1jYXAuY29t&Name=&EncryptedMemberID=MTY3OQ%3D%3D&CampaignID=79&CampaignStatisticsID=45&Demo=0&Email=aty.miller@lineone.net HTTP/1.1" 302 5 "-" "Mozilla/5.0 (Windows; U; Windows NT 5.1; en-GB; rv:1.8.0.8) Gecko/20061025 Firefox/1.5.0.8"
85.210.251.33 - - [06/Mar/2007:10:58:07 +0000] "GET /oempro/link.php?URL=aHR0cDovL3d3dy5zb20tY2FwLmNvbS9kYXRhLmh0bQ==&Name=&EncryptedMemberID=NDAyNA==&CampaignID=77&CampaignStatisticsID=43&Demo=0&Email=marie@som-cap.com HTTP/1.1" 302 5 "-" "Mozilla/5.0 (Windows; U; Windows NT 5.1; en-GB; rv:1.8.0.8) Gecko/20061025 Firefox/1.5.0.8"
85.210.251.33 - - [06/Mar/2007:10:58:07 +0000] "GET /data.htm HTTP/1.1" 200 6628 "-" "Mozilla/5.0 (Windows; U; Windows NT 5.1; en-GB; rv:1.8.0.8) Gecko/20061025 Firefox/1.5.0.8"
85.210.251.33 - - [06/Mar/2007:10:58:07 +0000] "GET /styles.css HTTP/1.1" 200 497 "http://www.som-cap.com/data.htm" "Mozilla/5.0 (Windows; U; Windows NT 5.1; en-GB; rv:1.8.0.8) Gecko/20061025 Firefox/1.5.0.8"
85.210.251.33 - - [06/Mar/2007:10:58:07 +0000] "GET /images/logo.gif HTTP/1.1" 200 1574 "http://www.som-cap.com/data.htm" "Mozilla/5.0 (Windows; U; Windows NT 5.1; en-GB; rv:1.8.0.8) Gecko/20061025 Firefox/1.5.0.8"
85.210.251.33 - - [06/Mar/2007:10:58:07 +0000] "GET /images/inbg.jpg HTTP/1.1" 200 32265 "http://www.som-cap.com/data.htm" "Mozilla/5.0 (Windows; U; Windows NT 5.1; en-GB; rv:1.8.0.8) Gecko/20061025 Firefox/1.5.0.8"
85.210.251.33 - - [06/Mar/2007:10:58:08 +0000] "GET /favicon.ico HTTP/1.1" 404 657 "-" "Mozilla/5.0 (Windows; U; Windows NT 5.1; en-GB; rv:1.8.0.8) Gecko/20061025 Firefox/1.5.0.8"
85.210.251.33 - - [06/Mar/2007:10:58:26 +0000] "GET /images/Private%20Equity%20Data%20Service%20Feb%2007.pdf HTTP/1.1" 200 29186 "http://www.som-cap.com/data.htm" "Mozilla/5.0 (Windows; U; Windows NT 5.1; en-GB; rv:1.8.0.8) Gecko/20061025 Firefox/1.5.0.8"
85.133.32.138 - - [06/Mar/2007:10:59:32 +0000] "GET /oempro/read.php?EncryptedMemberID=MzkxMw%3D%3D&CampaignID=79&CampaignStatisticsID=45&Demo=0&Email=wh@mvision.com HTTP/1.1" 200 55 "-" "Mozilla/4.0 (compatible; MSIE 6.0; Windows NT 5.2; SV1; .NET CLR 1.1.4322; InfoPath.1; .NET CLR 2.0.50727)"
195.65.220.34 - - [06/Mar/2007:10:59:49 +0000] "GET /oempro/read.php?EncryptedMemberID=MzI4Nw%3D%3D&CampaignID=79&CampaignStatisticsID=45&Demo=0&Email=pnewsome@unigestion.com HTTP/1.1" 200 55 "-" "Mozilla/4.0 (compatible; MSIE 6.0; Windows NT 5.2; SV1; .NET CLR 1.1.4322)"
195.65.220.34 - - [06/Mar/2007:11:00:15 +0000] "GET /oempro/read.php?EncryptedMemberID=MzI4Nw%3D%3D&CampaignID=79&CampaignStatisticsID=45&Demo=0&Email=pnewsome@unigestion.com HTTP/1.1" 200 55 "-" "Mozilla/4.0 (compatible; MSIE 6.0; Windows NT 5.2; SV1; .NET CLR 1.1.4322)"
80.83.156.199 - - [06/Mar/2007:11:00:22 +0000] "GET /oempro/read.php?EncryptedMemberID=MTcxNw%3D%3D&CampaignID=79&CampaignStatisticsID=45&Demo=0&Email=ben.cronin@incisivemedia.com HTTP/1.0" 200 43 "-" "Mozilla/4.0 (compatible; MSIE 6.0; Windows NT 5.2; SV1; .NET CLR 1.1.4322)"
83.95.19.114 - - [06/Mar/2007:11:01:04 +0000] "GET /oempro/read.php?EncryptedMemberID=MjUxOA%3D%3D&CampaignID=79&CampaignStatisticsID=45&Demo=0&Email=jbf@atp-pep.com HTTP/1.1" 200 55 "-" "Mozilla/4.0 (compatible; MSIE 7.0; Windows NT 5.1; .NET CLR 1.1.4322; .NET CLR 2.0.50727; InfoPath.1)"
85.133.32.138 - - [06/Mar/2007:11:01:18 +0000] "GET /oempro/read.php?EncryptedMemberID=MzkxMw%3D%3D&CampaignID=79&CampaignStatisticsID=45&Demo=0&Email=wh@mvision.com HTTP/1.1" 200 55 "-" "Mozilla/4.0 (compatible; MSIE 6.0; Windows NT 5.2; SV1; .NET CLR 1.1.4322; InfoPath.1; .NET CLR 2.0.50727)"
62.96.105.178 - - [06/Mar/2007:11:04:41 +0000] "GET /oempro/read.php?EncryptedMemberID=MTg4Mw%3D%3D&CampaignID=79&CampaignStatisticsID=45&Demo=0&Email=christian.klersy@btv-holding.de HTTP/1.0" 200 43 "-" "Mozilla/4.0 (compatible; MSIE 6.0; Windows NT 5.0; Computec Media AG)"
62.196.2.183 - - [06/Mar/2007:11:05:00 +0000] "GET /oempro/read.php?EncryptedMemberID=MzI1Mw%3D%3D&CampaignID=79&CampaignStatisticsID=45&Demo=0&Email=pg@advancedcapital.com HTTP/1.1" 200 55 "-" "Mozilla/4.0 (compatible; MSIE 6.0; Windows NT 5.1; SV1; .NET CLR 1.1.4322)"
80.83.156.199 - - [06/Mar/2007:11:06:01 +0000] "GET /oempro/read.php?EncryptedMemberID=MTcxNw%3D%3D&CampaignID=79&CampaignStatisticsID=45&Demo=0&Email=ben.cronin@incisivemedia.com HTTP/1.0" 200 43 "-" "Mozilla/4.0 (compatible; MSIE 6.0; Windows NT 5.0)"
195.65.220.34 - - [06/Mar/2007:11:06:05 +0000] "GET /oempro/read.php?EncryptedMemberID=MzI4Nw%3D%3D&CampaignID=79&CampaignStatisticsID=45&Demo=0&Email=pnewsome@unigestion.com HTTP/1.1" 200 55 "-" "Mozilla/4.0 (compatible; MSIE 6.0; Windows NT 5.2; SV1; .NET CLR 1.1.4322)"
72.30.177.93 - - [06/Mar/2007:11:06:13 +0000] "GET /robots.txt HTTP/1.0" 404 645 "-" "Mozilla/5.0 (compatible; Yahoo! Slurp; http://help.yahoo.com/help/us/ysearch/slurp)"
74.6.69.146 - - [06/Mar/2007:11:06:14 +0000] "GET / HTTP/1.0" 304 - "-" "Mozilla/5.0 (compatible; Yahoo! Slurp; http://help.yahoo.com/help/us/ysearch/slurp)"
213.94.230.101 - - [06/Mar/2007:11:07:12 +0000] "GET /oempro/read.php?EncryptedMemberID=MzM0NQ%3D%3D&CampaignID=79&CampaignStatisticsID=45&Demo=0&Email=rcunningham@ntma.ie HTTP/1.1" 200 55 "-" "Mozilla/4.0 (compatible; MSIE 6.0; Windows NT 5.0; .NET CLR 1.1.4322)"
85.133.32.138 - - [06/Mar/2007:11:07:47 +0000] "GET /oempro/read.php?EncryptedMemberID=MzkxMw%3D%3D&CampaignID=79&CampaignStatisticsID=45&Demo=0&Email=wh@mvision.com HTTP/1.1" 200 55 "-" "Mozilla/4.0 (compatible; MSIE 6.0; Windows NT 5.1; SV1; generic_01_01)"
85.133.32.138 - - [06/Mar/2007:11:07:48 +0000] "GET /oempro/read.php?EncryptedMemberID=MzkxMw%3D%3D&CampaignID=79&CampaignStatisticsID=45&Demo=0&Email=wh@mvision.com HTTP/1.1" 200 55 "-" "Mozilla/4.0 (compatible; MSIE 6.0; Windows NT 5.1; SV1; generic_01_01)"
124.189.183.107 - - [06/Mar/2007:11:07:48 +0000] "GET /oempro/read.php?EncryptedMemberID=Mzg5MQ%3D%3D&CampaignID=79&CampaignStatisticsID=45&Demo=0&Email=w9group@bigpond.net.au HTTP/1.1" 200 55 "-" "Mozilla/5.0 (Macintosh; U; PPC Mac OS X; en) AppleWebKit/418.9.1 (KHTML, like Gecko)"
80.83.156.199 - - [06/Mar/2007:11:07:56 +0000] "GET /oempro/read.php?EncryptedMemberID=MTcxNw%3D%3D&CampaignID=79&CampaignStatisticsID=45&Demo=0&Email=ben.cronin@incisivemedia.com HTTP/1.0" 200 43 "-" "Mozilla/4.0 (compatible; MSIE 6.0; Windows NT 5.2; SV1; .NET CLR 1.1.4322)"
80.83.156.199 - - [06/Mar/2007:11:07:56 +0000] "GET /oempro/read.php?EncryptedMemberID=MTcxNw%3D%3D&CampaignID=79&CampaignStatisticsID=45&Demo=0&Email=ben.cronin@incisivemedia.com HTTP/1.0" 200 43 "-" "Mozilla/4.0 (compatible; MSIE 6.0; Windows NT 5.2; SV1; .NET CLR 1.1.4322)"
194.90.236.67 - - [06/Mar/2007:11:08:09 +0000] "GET /oempro/read.php?EncryptedMemberID=MzEzMA%3D%3D&CampaignID=79&CampaignStatisticsID=45&Demo=0&Email=nrefuah@evergreen.co.il HTTP/1.1" 200 55 "-" "Mozilla/4.0 (compatible; MSIE 6.0; Windows NT 5.1; SV1; .NET CLR 1.1.4322; InfoPath.1; .NET CLR 2.0.50727)"
80.83.156.199 - - [06/Mar/2007:11:08:13 +0000] "GET /oempro/read.php?EncryptedMemberID=MTcxNw%3D%3D&CampaignID=79&CampaignStatisticsID=45&Demo=0&Email=ben.cronin@incisivemedia.com HTTP/1.0" 200 43 "-" "Mozilla/4.0 (compatible; MSIE 6.0; Windows NT 5.2; SV1; .NET CLR 1.1.4322)"
80.83.156.199 - - [06/Mar/2007:11:08:30 +0000] "GET /oempro/read.php?EncryptedMemberID=MTcxNw%3D%3D&CampaignID=79&CampaignStatisticsID=45&Demo=0&Email=ben.cronin@incisivemedia.com HTTP/1.0" 200 43 "-" "Mozilla/4.0 (compatible; MSIE 6.0; Windows NT 5.0)"
65.91.169.162 - - [06/Mar/2007:11:08:40 +0000] "GET /oempro/read.php?EncryptedMemberID=Mzc4Mw%3D%3D&CampaignID=79&CampaignStatisticsID=45&Demo=0&Email=tim_church@mckinsey.com HTTP/1.0" 200 43 "-" "Mozilla/4.0 (compatible; Lotus-Notes/6.0; Windows-NT)"
80.83.156.199 - - [06/Mar/2007:11:08:41 +0000] "GET /oempro/read.php?EncryptedMemberID=MTcxNw%3D%3D&CampaignID=79&CampaignStatisticsID=45&Demo=0&Email=ben.cronin@incisivemedia.com HTTP/1.0" 200 43 "-" "Mozilla/4.0 (compatible; MSIE 6.0; Windows NT 5.2; SV1; .NET CLR 1.1.4322)"
80.83.156.199 - - [06/Mar/2007:11:08:45 +0000] "GET /oempro/read.php?EncryptedMemberID=MTcxNw%3D%3D&CampaignID=79&CampaignStatisticsID=45&Demo=0&Email=ben.cronin@incisivemedia.com HTTP/1.0" 200 43 "-" "Mozilla/4.0 (compatible; MSIE 6.0; Windows NT 5.2; SV1; .NET CLR 1.1.4322)"
124.189.183.107 - - [06/Mar/2007:11:08:47 +0000] "GET /oempro/read.php?EncryptedMemberID=Mzg5MQ%3D%3D&CampaignID=79&CampaignStatisticsID=45&Demo=0&Email=w9group@bigpond.net.au HTTP/1.1" 200 55 "-" "Mozilla/5.0 (Macintosh; U; PPC Mac OS X; en) AppleWebKit/418.9.1 (KHTML, like Gecko)"
217.45.219.5 - - [06/Mar/2007:11:08:50 +0000] "GET /oempro/read.php?EncryptedMemberID=MzYyOQ%3D%3D&CampaignID=79&CampaignStatisticsID=45&Demo=0&Email=sprim@parishcapital.com HTTP/1.1" 200 55 "-" "Mozilla/4.0 (compatible; MSIE 6.0; Windows NT 5.1; SV1; .NET CLR 1.1.4322)"
80.83.156.199 - - [06/Mar/2007:11:09:04 +0000] "GET /oempro/read.php?EncryptedMemberID=MTcxNw%3D%3D&CampaignID=79&CampaignStatisticsID=45&Demo=0&Email=ben.cronin@incisivemedia.com HTTP/1.0" 200 43 "-" "Mozilla/4.0 (compatible; MSIE 6.0; Windows NT 5.2; SV1; .NET CLR 1.1.4322)"
80.83.156.199 - - [06/Mar/2007:11:09:06 +0000] "GET /oempro/read.php?EncryptedMemberID=MTcxNw%3D%3D&CampaignID=79&CampaignStatisticsID=45&Demo=0&Email=ben.cronin@incisivemedia.com HTTP/1.0" 200 43 "-" "Mozilla/4.0 (compatible; MSIE 6.0; Windows NT 5.2; SV1; .NET CLR 1.1.4322)"
80.83.156.199 - - [06/Mar/2007:11:09:49 +0000] "GET /oempro/read.php?EncryptedMemberID=MTcxNw%3D%3D&CampaignID=79&CampaignStatisticsID=45&Demo=0&Email=ben.cronin@incisivemedia.com HTTP/1.0" 200 43 "-" "Mozilla/4.0 (compatible; MSIE 6.0; Windows NT 5.1; .NET CLR 1.1.4322)"
80.83.156.199 - - [06/Mar/2007:11:10:46 +0000] "GET /oempro/read.php?EncryptedMemberID=MTcxNw%3D%3D&CampaignID=79&CampaignStatisticsID=45&Demo=0&Email=ben.cronin@incisivemedia.com HTTP/1.0" 200 43 "-" "Mozilla/4.0 (compatible; MSIE 6.0; Windows NT 5.2; SV1; .NET CLR 1.1.4322)"
80.83.156.199 - - [06/Mar/2007:11:10:47 +0000] "GET /oempro/read.php?EncryptedMemberID=MTcxNw%3D%3D&CampaignID=79&CampaignStatisticsID=45&Demo=0&Email=ben.cronin@incisivemedia.com HTTP/1.0" 200 43 "-" "Mozilla/4.0 (compatible; MSIE 6.0; Windows NT 5.1; .NET CLR 1.1.4322)"
80.83.156.199 - - [06/Mar/2007:11:10:54 +0000] "GET /oempro/read.php?EncryptedMemberID=MTcxNw%3D%3D&CampaignID=79&CampaignStatisticsID=45&Demo=0&Email=ben.cronin@incisivemedia.com HTTP/1.0" 200 43 "-" "Mozilla/4.0 (compatible; MSIE 6.0; Windows NT 5.2; SV1; .NET CLR 1.1.4322)"
213.52.137.178 - - [06/Mar/2007:11:10:55 +0000] "GET /oempro/read.php?EncryptedMemberID=MTc3NA%3D%3D&CampaignID=79&CampaignStatisticsID=45&Demo=0&Email=brian.macdonald@insightinvestment.com HTTP/1.1" 200 55 "-" "Mozilla/4.0 (compatible; MSIE 6.0; Windows NT 5.1; SV1; .NET CLR 1.1.4322)"
85.133.32.138 - - [06/Mar/2007:11:10:57 +0000] "GET /oempro/read.php?EncryptedMemberID=MzkxMw%3D%3D&CampaignID=79&CampaignStatisticsID=45&Demo=0&Email=wh@mvision.com HTTP/1.1" 200 55 "-" "Mozilla/4.0 (compatible; MSIE 6.0; Windows NT 5.2; SV1; .NET CLR 1.1.4322; InfoPath.1; .NET CLR 2.0.50727)"
212.202.131.124 - - [06/Mar/2007:11:11:11 +0000] "GET /oempro/link.php?URL=aHR0cDovL3d3dy5zb20tY2FwLmNvbS9vZW1wcm8vbGluay5waHA%2FVVJMPWFIUjBjRG92TDNkM2R5NXpiMjB0WTJGd0xtTnZiUzg9JmFtcDtOYW1lPSZhbXA7RW5jcnlwdGVkTWVtYmVySUQ9TkRBeU5BPT0mYW1wO0NhbXBhaWduSUQ9NzcmYW1wO0NhbXBhaWduU3RhdGlzdGljc0lEPTQzJmFtcDtEZW1vPTAmYW1wO0VtYWlsPW1hcmllQHNvbS1jYXAuY29t&Name=&EncryptedMemberID=MzA2Nw%3D%3D&CampaignID=79&CampaignStatisticsID=45&Demo=0&Email=my@cam-pe.de HTTP/1.1" 302 5 "-" "Mozilla/4.0 (compatible; MSIE 7.0; Windows NT 5.1; .NET CLR 1.1.4322; .NET CLR 2.0.50727; InfoPath.1)"
212.202.131.124 - - [06/Mar/2007:11:11:11 +0000] "GET /oempro/link.php?URL=aHR0cDovL3d3dy5zb20tY2FwLmNvbS8=&Name=&EncryptedMemberID=NDAyNA==&CampaignID=77&CampaignStatisticsID=43&Demo=0&Email=marie@som-cap.com HTTP/1.1" 302 5 "-" "Mozilla/4.0 (compatible; MSIE 7.0; Windows NT 5.1; .NET CLR 1.1.4322; .NET CLR 2.0.50727; InfoPath.1)"
212.202.131.124 - - [06/Mar/2007:11:11:12 +0000] "GET / HTTP/1.1" 200 3426 "-" "Mozilla/4.0 (compatible; MSIE 7.0; Windows NT 5.1; .NET CLR 1.1.4322; .NET CLR 2.0.50727; InfoPath.1)"
212.202.131.124 - - [06/Mar/2007:11:11:12 +0000] "GET /styles.css HTTP/1.1" 200 497 "http://www.som-cap.com/" "Mozilla/4.0 (compatible; MSIE 7.0; Windows NT 5.1; .NET CLR 1.1.4322; .NET CLR 2.0.50727; InfoPath.1)"
212.202.131.124 - - [06/Mar/2007:11:11:12 +0000] "GET /images/inbg.jpg HTTP/1.1" 200 32265 "http://www.som-cap.com/" "Mozilla/4.0 (compatible; MSIE 7.0; Windows NT 5.1; .NET CLR 1.1.4322; .NET CLR 2.0.50727; InfoPath.1)"
212.202.131.124 - - [06/Mar/2007:11:11:12 +0000] "GET /images/logo.gif HTTP/1.1" 200 1574 "http://www.som-cap.com/" "Mozilla/4.0 (compatible; MSIE 7.0; Windows NT 5.1; .NET CLR 1.1.4322; .NET CLR 2.0.50727; InfoPath.1)"
212.202.131.124 - - [06/Mar/2007:11:11:12 +0000] "GET /favicon.ico HTTP/1.1" 404 657 "-" "Mozilla/4.0 (compatible; MSIE 7.0; Windows NT 5.1; .NET CLR 1.1.4322; .NET CLR 2.0.50727; InfoPath.1)"
212.202.131.124 - - [06/Mar/2007:11:11:16 +0000] "GET /background.htm HTTP/1.1" 200 4144 "http://www.som-cap.com/" "Mozilla/4.0 (compatible; MSIE 7.0; Windows NT 5.1; .NET CLR 1.1.4322; .NET CLR 2.0.50727; InfoPath.1)"
212.202.131.124 - - [06/Mar/2007:11:11:21 +0000] "GET /biography.htm HTTP/1.1" 200 4087 "http://www.som-cap.com/background.htm" "Mozilla/4.0 (compatible; MSIE 7.0; Windows NT 5.1; .NET CLR 1.1.4322; .NET CLR 2.0.50727; InfoPath.1)"
212.202.131.124 - - [06/Mar/2007:11:11:21 +0000] "GET /images/James%20Miller-2.jpg HTTP/1.1" 200 7075 "http://www.som-cap.com/biography.htm" "Mozilla/4.0 (compatible; MSIE 7.0; Windows NT 5.1; .NET CLR 1.1.4322; .NET CLR 2.0.50727; InfoPath.1)"
62.245.218.134 - - [06/Mar/2007:11:11:30 +0000] "GET /oempro/read.php?EncryptedMemberID=MzcxMQ%3D%3D&CampaignID=79&CampaignStatisticsID=45&Demo=0&Email=svenja.becker@extorel.de HTTP/1.1" 200 55 "-" "Mozilla/4.0 (compatible; MSIE 6.0; Windows NT 5.1; SV1; .NET CLR 1.1.4322)"
212.202.131.124 - - [06/Mar/2007:11:11:41 +0000] "GET /trackrecord.htm HTTP/1.1" 200 4429 "http://www.som-cap.com/biography.htm" "Mozilla/4.0 (compatible; MSIE 7.0; Windows NT 5.1; .NET CLR 1.1.4322; .NET CLR 2.0.50727; InfoPath.1)"
212.202.131.124 - - [06/Mar/2007:11:11:41 +0000] "GET /images/5pic.gif HTTP/1.1" 200 9274 "http://www.som-cap.com/trackrecord.htm" "Mozilla/4.0 (compatible; MSIE 7.0; Windows NT 5.1; .NET CLR 1.1.4322; .NET CLR 2.0.50727; InfoPath.1)"
212.202.131.124 - - [06/Mar/2007:11:11:41 +0000] "GET /images/6pic.gif HTTP/1.1" 200 9094 "http://www.som-cap.com/trackrecord.htm" "Mozilla/4.0 (compatible; MSIE 7.0; Windows NT 5.1; .NET CLR 1.1.4322; .NET CLR 2.0.50727; InfoPath.1)"
212.202.131.124 - - [06/Mar/2007:11:11:41 +0000] "GET /images/4pic.gif HTTP/1.1" 200 10003 "http://www.som-cap.com/trackrecord.htm" "Mozilla/4.0 (compatible; MSIE 7.0; Windows NT 5.1; .NET CLR 1.1.4322; .NET CLR 2.0.50727; InfoPath.1)"
212.202.131.124 - - [06/Mar/2007:11:11:41 +0000] "GET /images/3pic.gif HTTP/1.1" 200 10964 "http://www.som-cap.com/trackrecord.htm" "Mozilla/4.0 (compatible; MSIE 7.0; Windows NT 5.1; .NET CLR 1.1.4322; .NET CLR 2.0.50727; InfoPath.1)"
212.202.131.124 - - [06/Mar/2007:11:11:41 +0000] "GET /images/2pic.gif HTTP/1.1" 200 10701 "http://www.som-cap.com/trackrecord.htm" "Mozilla/4.0 (compatible; MSIE 7.0; Windows NT 5.1; .NET CLR 1.1.4322; .NET CLR 2.0.50727; InfoPath.1)"
212.202.131.124 - - [06/Mar/2007:11:11:41 +0000] "GET /images/1pic.gif HTTP/1.1" 200 12857 "http://www.som-cap.com/trackrecord.htm" "Mozilla/4.0 (compatible; MSIE 7.0; Windows NT 5.1; .NET CLR 1.1.4322; .NET CLR 2.0.50727; InfoPath.1)"
62.245.218.134 - - [06/Mar/2007:11:11:41 +0000] "GET /oempro/read.php?EncryptedMemberID=MzcxMQ%3D%3D&CampaignID=79&CampaignStatisticsID=45&Demo=0&Email=svenja.becker@extorel.de HTTP/1.1" 200 55 "-" "Mozilla/4.0 (compatible; MSIE 6.0; Windows NT 5.1; SV1; .NET CLR 1.1.4322)"
81.86.65.21 - - [06/Mar/2007:11:11:51 +0000] "GET /oempro/read.php?EncryptedMemberID=MTcxMA%3D%3D&CampaignID=79&CampaignStatisticsID=45&Demo=0&Email=bctan@oww.com.sg HTTP/1.1" 200 55 "-" "Mozilla/4.0 (compatible; MSIE 7.0; Windows NT 5.1; .NET CLR 1.1.4322; InfoPath.1)"
62.172.72.131 - - [06/Mar/2007:11:12:29 +0000] "GET /oempro/read.php?EncryptedMemberID=Mjg5OA%3D%3D&CampaignID=79&CampaignStatisticsID=45&Demo=0&Email=mark.calnan@eu.watsonwyatt.com HTTP/1.1" 200 55 "-" "Mozilla/4.0 (compatible; MSIE 6.0; Windows NT 5.2; SV1; .NET CLR 1.1.4322; .NET CLR 2.0.50727)"
62.172.72.131 - - [06/Mar/2007:11:12:42 +0000] "GET /oempro/read.php?EncryptedMemberID=MjkyMQ%3D%3D&CampaignID=79&CampaignStatisticsID=45&Demo=0&Email=martin.potgieter@eu.watsonwyatt.com HTTP/1.1" 200 55 "-" "Mozilla/4.0 (compatible; MSIE 6.0; Windows NT 5.2; SV1; .NET CLR 1.1.4322; .NET CLR 2.0.50727)"
80.83.156.199 - - [06/Mar/2007:11:13:16 +0000] "GET /oempro/read.php?EncryptedMemberID=MTcxNw%3D%3D&CampaignID=79&CampaignStatisticsID=45&Demo=0&Email=ben.cronin@incisivemedia.com HTTP/1.0" 200 43 "-" "Mozilla/4.0 (compatible; MSIE 6.0; Windows NT 5.2; SV1; .NET CLR 1.1.4322)"
58.185.241.198 - - [06/Mar/2007:11:13:38 +0000] "GET /oempro/read.php?EncryptedMemberID=MTcxMA%3D%3D&CampaignID=79&CampaignStatisticsID=45&Demo=0&Email=bctan@oww.com.sg HTTP/1.1" 200 55 "-" "Mozilla/4.0 (compatible; MSIE 6.0; Windows NT 5.1; SV1; .NET CLR 1.1.4322)"
195.65.220.34 - - [06/Mar/2007:11:14:05 +0000] "GET /oempro/read.php?EncryptedMemberID=MzI4Nw%3D%3D&CampaignID=79&CampaignStatisticsID=45&Demo=0&Email=pnewsome@unigestion.com HTTP/1.1" 200 55 "-" "Mozilla/4.0 (compatible; MSIE 6.0; Windows NT 5.2; SV1; .NET CLR 1.1.4322)"
62.25.32.66 - - [06/Mar/2007:11:14:27 +0000] "GET /oempro/read.php?EncryptedMemberID=MTUzNQ%3D%3D&CampaignID=79&CampaignStatisticsID=45&Demo=0&Email=ahl@zestadvice.com HTTP/1.1" 200 55 "-" "Mozilla/4.0 (compatible; MSIE 6.0; Windows NT 5.1; SV1; .NET CLR 1.1.4322; .NET CLR 2.0.50727)"
62.25.32.66 - - [06/Mar/2007:11:14:27 +0000] "GET /oempro/read.php?EncryptedMemberID=MTUzNQ%3D%3D&CampaignID=79&CampaignStatisticsID=45&Demo=0&Email=ahl@zestadvice.com HTTP/1.1" 200 55 "-" "Mozilla/4.0 (compatible; MSIE 6.0; Windows NT 5.1; SV1; .NET CLR 1.1.4322; .NET CLR 2.0.50727)"
83.206.164.106 - - [06/Mar/2007:11:15:19 +0000] "GET /oempro/read.php?EncryptedMemberID=MjgwMw%3D%3D&CampaignID=79&CampaignStatisticsID=45&Demo=0&Email=lduquesne@euris.fr HTTP/1.1" 200 55 "-" "Mozilla/4.0 (compatible; MSIE 6.0; Windows NT 5.1; SV1)"
80.83.156.199 - - [06/Mar/2007:11:16:24 +0000] "GET /oempro/read.php?EncryptedMemberID=MTcxNw%3D%3D&CampaignID=79&CampaignStatisticsID=45&Demo=0&Email=ben.cronin@incisivemedia.com HTTP/1.0" 200 43 "-" "Mozilla/4.0 (compatible; MSIE 7.0; Windows NT 5.1; .NET CLR 1.1.4322)"
80.83.156.199 - - [06/Mar/2007:11:16:26 +0000] "GET /oempro/read.php?EncryptedMemberID=MTcxNw%3D%3D&CampaignID=79&CampaignStatisticsID=45&Demo=0&Email=ben.cronin@incisivemedia.com HTTP/1.0" 200 43 "-" "Mozilla/4.0 (compatible; MSIE 7.0; Windows NT 5.1; .NET CLR 1.1.4322)"
62.245.218.134 - - [06/Mar/2007:11:16:56 +0000] "GET /oempro/read.php?EncryptedMemberID=MzcxMQ%3D%3D&CampaignID=79&CampaignStatisticsID=45&Demo=0&Email=svenja.becker@extorel.de HTTP/1.1" 200 55 "-" "Mozilla/4.0 (compatible; MSIE 6.0; Windows NT 5.1; SV1; .NET CLR 1.1.4322)"
62.140.193.42 - - [06/Mar/2007:11:17:54 +0000] "GET /oempro/link.php?URL=aHR0cDovL3d3dy5zb20tY2FwLmNvbS9vZW1wcm8vbGluay5waHA%2FVVJMPWFIUjBjRG92TDNkM2R5NXpiMjB0WTJGd0xtTnZiUzlrWVhSaExtaDBiUT09JmFtcDtOYW1lPSZhbXA7RW5jcnlwdGVkTWVtYmVySUQ9TkRBeU5BPT0mYW1wO0NhbXBhaWduSUQ9NzcmYW1wO0NhbXBhaWduU3RhdGlzdGljc0lEPTQzJmFtcDtEZW1vPTAmYW1wO0VtYWlsPW1hcmllQHNvbS1jYXAuY29t&Name=&EncryptedMemberID=MTk1Mw%3D%3D&CampaignID=79&CampaignStatisticsID=45&Demo=0&Email=d.seligman@lcfr.co.uk HTTP/1.1" 302 5 "-" "Mozilla/4.0 (compatible; MSIE 6.0; Windows NT 5.1; SV1; .NET CLR 1.1.4322)"
62.140.193.42 - - [06/Mar/2007:11:17:55 +0000] "GET /oempro/link.php?URL=aHR0cDovL3d3dy5zb20tY2FwLmNvbS9kYXRhLmh0bQ==&Name=&EncryptedMemberID=NDAyNA==&CampaignID=77&CampaignStatisticsID=43&Demo=0&Email=marie@som-cap.com HTTP/1.1" 302 5 "-" "Mozilla/4.0 (compatible; MSIE 6.0; Windows NT 5.1; SV1; .NET CLR 1.1.4322)"
62.140.193.42 - - [06/Mar/2007:11:17:55 +0000] "GET /data.htm HTTP/1.1" 200 6628 "-" "Mozilla/4.0 (compatible; MSIE 6.0; Windows NT 5.1; SV1; .NET CLR 1.1.4322)"
62.140.193.42 - - [06/Mar/2007:11:17:55 +0000] "GET /styles.css HTTP/1.1" 200 497 "http://www.som-cap.com/data.htm" "Mozilla/4.0 (compatible; MSIE 6.0; Windows NT 5.1; SV1; .NET CLR 1.1.4322)"
62.140.193.42 - - [06/Mar/2007:11:17:55 +0000] "GET /images/inbg.jpg HTTP/1.1" 200 32265 "http://www.som-cap.com/data.htm" "Mozilla/4.0 (compatible; MSIE 6.0; Windows NT 5.1; SV1; .NET CLR 1.1.4322)"
62.140.193.42 - - [06/Mar/2007:11:17:55 +0000] "GET /images/logo.gif HTTP/1.1" 200 1574 "http://www.som-cap.com/data.htm" "Mozilla/4.0 (compatible; MSIE 6.0; Windows NT 5.1; SV1; .NET CLR 1.1.4322)"
62.140.193.42 - - [06/Mar/2007:11:17:55 +0000] "GET /favicon.ico HTTP/1.1" 404 657 "-" "-"
62.140.193.42 - - [06/Mar/2007:11:18:00 +0000] "GET /images/Private%20Equity%20Data%20Service%20Feb%2007.pdf HTTP/1.1" 200 29186 "http://www.som-cap.com/data.htm" "Mozilla/4.0 (compatible; MSIE 6.0; Windows NT 5.1; SV1; .NET CLR 1.1.4322)"
62.140.193.42 - - [06/Mar/2007:11:18:01 +0000] "GET /images/Private%20Equity%20Data%20Service%20Feb%2007.pdf HTTP/1.1" 206 20994 "-" "Mozilla/4.0 (compatible; MSIE 6.0; Windows NT 5.1; SV1; .NET CLR 1.1.4322)"
85.133.32.138 - - [06/Mar/2007:11:18:04 +0000] "GET /oempro/read.php?EncryptedMemberID=MzkxMw%3D%3D&CampaignID=79&CampaignStatisticsID=45&Demo=0&Email=wh@mvision.com HTTP/1.1" 200 55 "-" "Mozilla/4.0 (compatible; MSIE 6.0; Windows NT 5.2; SV1; .NET CLR 1.1.4322; InfoPath.1; .NET CLR 2.0.50727)"
89.96.211.130 - - [06/Mar/2007:11:19:30 +0000] "GET /oempro/read.php?EncryptedMemberID=MjE5Mg%3D%3D&CampaignID=79&CampaignStatisticsID=45&Demo=0&Email=fausto.boni@360capitalpartners.com HTTP/1.1" 200 55 "-" "Mozilla/4.0 (compatible; MSIE 7.0; Windows NT 5.1; .NET CLR 1.1.4322; InfoPath.1; .NET CLR 2.0.50727)"
204.152.239.217 - - [06/Mar/2007:11:20:06 +0000] "GET /oempro/link.php?URL=aHR0cDovL3d3dy5zb20tY2FwLmNvbS9vZW1wcm8vbGluay5waHA%2FVVJMPWFIUjBjRG92TDNkM2R5NXpiMjB0WTJGd0xtTnZiUzlrWVhSaExtaDBiUT09JmFtcDtOYW1lPSZhbXA7RW5jcnlwdGVkTWVtYmVySUQ9TkRBeU5BPT0mYW1wO0NhbXBhaWduSUQ9NzcmYW1wO0NhbXBhaWduU3RhdGlzdGljc0lEPTQzJmFtcDtEZW1vPTAmYW1wO0VtYWlsPW1hcmllQHNvbS1jYXAuY29t&Name=&EncryptedMemberID=MjkzOA%3D%3D&CampaignID=79&CampaignStatisticsID=45&Demo=0&Email=matthew.mandelbaum@hewitt.com HTTP/1.0" 302 0 "-" "Mozilla/4.0 (compatible; MSIE 6.0; Windows NT 5.1; .NET CLR 1.1.4322)"
204.152.239.217 - - [06/Mar/2007:11:20:06 +0000] "GET /oempro/link.php?URL=aHR0cDovL3d3dy5zb20tY2FwLmNvbS9kYXRhLmh0bQ==&Name=&EncryptedMemberID=NDAyNA==&CampaignID=77&CampaignStatisticsID=43&Demo=0&Email=marie@som-cap.com HTTP/1.0" 302 0 "-" "Mozilla/4.0 (compatible; MSIE 6.0; Windows NT 5.1; .NET CLR 1.1.4322)"
204.152.239.217 - - [06/Mar/2007:11:20:07 +0000] "GET /data.htm HTTP/1.0" 200 6628 "-" "Mozilla/4.0 (compatible; MSIE 6.0; Windows NT 5.1; .NET CLR 1.1.4322)"
204.152.239.217 - - [06/Mar/2007:11:20:07 +0000] "GET /styles.css HTTP/1.0" 200 497 "-" "Mozilla/4.0 (compatible;)"
204.152.239.217 - - [06/Mar/2007:11:20:07 +0000] "GET /images/logo.gif HTTP/1.0" 200 1574 "-" "Mozilla/4.0 (compatible;)"
204.152.239.217 - - [06/Mar/2007:11:20:08 +0000] "GET /images/inbg.jpg HTTP/1.0" 200 32265 "http://www.som-cap.com/data.htm" "Mozilla/4.0 (compatible; MSIE 6.0; Windows NT 5.1; .NET CLR 1.1.4322)"
204.152.239.217 - - [06/Mar/2007:11:20:17 +0000] "GET /images/Private%20Equity%20Data%20Service%20Feb%2007.pdf HTTP/1.0" 200 29186 "http://www.som-cap.com/data.htm" "Mozilla/4.0 (compatible; MSIE 6.0; Windows NT 5.1; .NET CLR 1.1.4322)"
80.83.156.199 - - [06/Mar/2007:11:20:32 +0000] "GET /oempro/read.php?EncryptedMemberID=MTcxNw%3D%3D&CampaignID=79&CampaignStatisticsID=45&Demo=0&Email=ben.cronin@incisivemedia.com HTTP/1.0" 200 43 "-" "Mozilla/4.0 (compatible; MSIE 6.0; Windows NT 5.2; SV1; .NET CLR 1.1.4322)"
204.152.239.217 - - [06/Mar/2007:11:20:54 +0000] "POST /cgi-bin/123Formmail.pl HTTP/1.0" 302 213 "http://www.som-cap.com/data.htm" "Mozilla/4.0 (compatible; MSIE 6.0; Windows NT 5.1; .NET CLR 1.1.4322)"
204.152.239.217 - - [06/Mar/2007:11:20:58 +0000] "GET /submit.htm HTTP/1.0" 200 2625 "http://www.som-cap.com/data.htm" "Mozilla/4.0 (compatible; MSIE 6.0; Windows NT 5.1; .NET CLR 1.1.4322)"
204.152.239.217 - - [06/Mar/2007:11:20:59 +0000] "GET /images/spacer.gif HTTP/1.0" 200 43 "http://www.som-cap.com/submit.htm" "Mozilla/4.0 (compatible; MSIE 6.0; Windows NT 5.1; .NET CLR 1.1.4322)"
204.152.239.217 - - [06/Mar/2007:11:21:03 +0000] "GET /index.htm HTTP/1.0" 200 3426 "http://www.som-cap.com/submit.htm" "Mozilla/4.0 (compatible; MSIE 6.0; Windows NT 5.1; .NET CLR 1.1.4322)"
204.152.239.217 - - [06/Mar/2007:11:21:08 +0000] "GET /trackrecord.htm HTTP/1.0" 200 4429 "http://www.som-cap.com/index.htm" "Mozilla/4.0 (compatible; MSIE 6.0; Windows NT 5.1; .NET CLR 1.1.4322)"
204.152.239.217 - - [06/Mar/2007:11:21:09 +0000] "GET /images/1pic.gif HTTP/1.0" 200 12857 "-" "Mozilla/4.0 (compatible;)"
204.152.239.217 - - [06/Mar/2007:11:21:09 +0000] "GET /images/3pic.gif HTTP/1.0" 200 10964 "-" "Mozilla/4.0 (compatible;)"
204.152.239.217 - - [06/Mar/2007:11:21:09 +0000] "GET /images/2pic.gif HTTP/1.0" 200 10701 "-" "Mozilla/4.0 (compatible;)"
204.152.239.217 - - [06/Mar/2007:11:21:09 +0000] "GET /images/5pic.gif HTTP/1.0" 200 9274 "-" "Mozilla/4.0 (compatible;)"
204.152.239.217 - - [06/Mar/2007:11:21:09 +0000] "GET /images/4pic.gif HTTP/1.0" 200 10003 "-" "Mozilla/4.0 (compatible;)"
204.152.239.217 - - [06/Mar/2007:11:21:09 +0000] "GET /images/6pic.gif HTTP/1.0" 200 9094 "-" "Mozilla/4.0 (compatible;)"
204.152.239.217 - - [06/Mar/2007:11:22:01 +0000] "GET /oempro/link.php?URL=aHR0cDovL3d3dy5zb20tY2FwLmNvbS9vZW1wcm8vbGluay5waHA%2FVVJMPWFIUjBjRG92TDNkM2R5NXpiMjB0WTJGd0xtTnZiUzlrWVhSaExtaDBiUT09JmFtcDtOYW1lPSZhbXA7RW5jcnlwdGVkTWVtYmVySUQ9TkRBeU5BPT0mYW1wO0NhbXBhaWduSUQ9NzcmYW1wO0NhbXBhaWduU3RhdGlzdGljc0lEPTQzJmFtcDtEZW1vPTAmYW1wO0VtYWlsPW1hcmllQHNvbS1jYXAuY29t&Name=&EncryptedMemberID=MjkzOA%3D%3D&CampaignID=79&CampaignStatisticsID=45&Demo=0&Email=matthew.mandelbaum@hewitt.com HTTP/1.0" 302 0 "-" "Mozilla/4.0 (compatible; MSIE 6.0; Windows NT 5.1; .NET CLR 1.1.4322)"
204.152.239.217 - - [06/Mar/2007:11:22:01 +0000] "GET /oempro/link.php?URL=aHR0cDovL3d3dy5zb20tY2FwLmNvbS9kYXRhLmh0bQ==&Name=&EncryptedMemberID=NDAyNA==&CampaignID=77&CampaignStatisticsID=43&Demo=0&Email=marie@som-cap.com HTTP/1.0" 302 0 "-" "Mozilla/4.0 (compatible; MSIE 6.0; Windows NT 5.1; .NET CLR 1.1.4322)"
81.86.65.21 - - [06/Mar/2007:11:22:02 +0000] "GET /oempro/read.php?EncryptedMemberID=MTcxMA%3D%3D&CampaignID=79&CampaignStatisticsID=45&Demo=0&Email=bctan@oww.com.sg HTTP/1.1" 200 55 "-" "Mozilla/4.0 (compatible; MSIE 7.0; Windows NT 5.1; .NET CLR 1.1.4322; InfoPath.1)"
85.1.33.247 - - [06/Mar/2007:11:22:26 +0000] "GET /oempro/read.php?EncryptedMemberID=Mjg1MA%3D%3D&CampaignID=79&CampaignStatisticsID=45&Demo=0&Email=m.beck@the-beck-group.com HTTP/1.1" 200 55 "http://ps17zhb.bluewin.ch/cp/ps/Mail/AccountViewMail?d=bluewin.ch&fp=INBOX&fi=1&pos=6&u=1379050216&t=5485d&uid=10293&selectMail=true" "Mozilla/4.0 (compatible; MSIE 6.0; Windows NT 5.0; .NET CLR 2.0.50727)"
85.133.32.138 - - [06/Mar/2007:11:23:32 +0000] "GET /oempro/read.php?EncryptedMemberID=MzkxMw%3D%3D&CampaignID=79&CampaignStatisticsID=45&Demo=0&Email=wh@mvision.com HTTP/1.1" 200 55 "-" "Mozilla/4.0 (compatible; MSIE 6.0; Windows NT 5.1; SV1; generic_01_01)"
85.1.33.247 - - [06/Mar/2007:11:24:12 +0000] "GET /data.htm HTTP/1.1" 200 6628 "http://ps17zhb.bluewin.ch/cp/ps/Mail/AccountViewMail?d=bluewin.ch&fp=INBOX&fi=1&pos=6&u=1379050216&t=5485d&uid=10293&selectMail=true" "Mozilla/4.0 (compatible; MSIE 6.0; Windows NT 5.0; .NET CLR 2.0.50727)"
85.1.33.247 - - [06/Mar/2007:11:24:12 +0000] "GET /styles.css HTTP/1.1" 200 497 "http://www.som-cap.com/data.htm" "Mozilla/4.0 (compatible; MSIE 6.0; Windows NT 5.0; .NET CLR 2.0.50727)"
85.1.33.247 - - [06/Mar/2007:11:24:12 +0000] "GET /images/inbg.jpg HTTP/1.1" 200 32265 "http://www.som-cap.com/data.htm" "Mozilla/4.0 (compatible; MSIE 6.0; Windows NT 5.0; .NET CLR 2.0.50727)"
85.1.33.247 - - [06/Mar/2007:11:24:13 +0000] "GET /images/logo.gif HTTP/1.1" 200 1574 "http://www.som-cap.com/data.htm" "Mozilla/4.0 (compatible; MSIE 6.0; Windows NT 5.0; .NET CLR 2.0.50727)"
85.1.33.247 - - [06/Mar/2007:11:24:35 +0000] "GET /images/Private%20Equity%20Data%20Service%20Feb%2007.pdf HTTP/1.1" 200 29186 "http://www.som-cap.com/data.htm" "Mozilla/4.0 (compatible; MSIE 6.0; Windows NT 5.0; .NET CLR 2.0.50727)"
85.1.33.247 - - [06/Mar/2007:11:24:39 +0000] "GET /images/Private%20Equity%20Data%20Service%20Feb%2007.pdf HTTP/1.1" 206 28128 "-" "Mozilla/4.0 (compatible; MSIE 6.0; Windows NT 5.0; .NET CLR 2.0.50727)"
85.1.33.247 - - [06/Mar/2007:11:24:39 +0000] "GET /images/Private%20Equity%20Data%20Service%20Feb%2007.pdf HTTP/1.1" 206 27414 "-" "Mozilla/4.0 (compatible; MSIE 6.0; Windows NT 5.0; .NET CLR 2.0.50727)"
85.1.33.247 - - [06/Mar/2007:11:25:08 +0000] "GET /index.htm HTTP/1.1" 200 3426 "http://www.som-cap.com/data.htm" "Mozilla/4.0 (compatible; MSIE 6.0; Windows NT 5.0; .NET CLR 2.0.50727)"
85.1.33.247 - - [06/Mar/2007:11:25:08 +0000] "GET /styles.css HTTP/1.1" 304 - "http://www.som-cap.com/index.htm" "Mozilla/4.0 (compatible; MSIE 6.0; Windows NT 5.0; .NET CLR 2.0.50727)"
85.1.33.247 - - [06/Mar/2007:11:25:08 +0000] "GET /images/logo.gif HTTP/1.1" 304 - "http://www.som-cap.com/index.htm" "Mozilla/4.0 (compatible; MSIE 6.0; Windows NT 5.0; .NET CLR 2.0.50727)"
85.1.33.247 - - [06/Mar/2007:11:25:16 +0000] "GET /images/inbg.jpg HTTP/1.1" 304 - "http://www.som-cap.com/index.htm" "Mozilla/4.0 (compatible; MSIE 6.0; Windows NT 5.0; .NET CLR 2.0.50727)"
85.1.33.247 - - [06/Mar/2007:11:25:21 +0000] "GET /background.htm HTTP/1.1" 200 4144 "http://www.som-cap.com/index.htm" "Mozilla/4.0 (compatible; MSIE 6.0; Windows NT 5.0; .NET CLR 2.0.50727)"
85.1.33.247 - - [06/Mar/2007:11:25:22 +0000] "GET /styles.css HTTP/1.1" 304 - "http://www.som-cap.com/background.htm" "Mozilla/4.0 (compatible; MSIE 6.0; Windows NT 5.0; .NET CLR 2.0.50727)"
85.1.33.247 - - [06/Mar/2007:11:25:22 +0000] "GET /images/inbg.jpg HTTP/1.1" 304 - "http://www.som-cap.com/background.htm" "Mozilla/4.0 (compatible; MSIE 6.0; Windows NT 5.0; .NET CLR 2.0.50727)"
85.1.33.247 - - [06/Mar/2007:11:25:22 +0000] "GET /images/logo.gif HTTP/1.1" 304 - "http://www.som-cap.com/background.htm" "Mozilla/4.0 (compatible; MSIE 6.0; Windows NT 5.0; .NET CLR 2.0.50727)"
85.1.33.247 - - [06/Mar/2007:11:25:30 +0000] "GET /biography.htm HTTP/1.1" 200 4087 "http://www.som-cap.com/background.htm" "Mozilla/4.0 (compatible; MSIE 6.0; Windows NT 5.0; .NET CLR 2.0.50727)"
85.1.33.247 - - [06/Mar/2007:11:25:31 +0000] "GET /styles.css HTTP/1.1" 304 - "http://www.som-cap.com/biography.htm" "Mozilla/4.0 (compatible; MSIE 6.0; Windows NT 5.0; .NET CLR 2.0.50727)"
85.1.33.247 - - [06/Mar/2007:11:25:31 +0000] "GET /images/inbg.jpg HTTP/1.1" 304 - "http://www.som-cap.com/biography.htm" "Mozilla/4.0 (compatible; MSIE 6.0; Windows NT 5.0; .NET CLR 2.0.50727)"
85.1.33.247 - - [06/Mar/2007:11:25:31 +0000] "GET /images/James%20Miller-2.jpg HTTP/1.1" 200 7075 "http://www.som-cap.com/biography.htm" "Mozilla/4.0 (compatible; MSIE 6.0; Windows NT 5.0; .NET CLR 2.0.50727)"
85.1.33.247 - - [06/Mar/2007:11:25:32 +0000] "GET /images/logo.gif HTTP/1.1" 304 - "http://www.som-cap.com/biography.htm" "Mozilla/4.0 (compatible; MSIE 6.0; Windows NT 5.0; .NET CLR 2.0.50727)"
85.1.33.247 - - [06/Mar/2007:11:26:00 +0000] "GET /trackrecord.htm HTTP/1.1" 200 4429 "http://www.som-cap.com/biography.htm" "Mozilla/4.0 (compatible; MSIE 6.0; Windows NT 5.0; .NET CLR 2.0.50727)"
85.1.33.247 - - [06/Mar/2007:11:26:00 +0000] "GET /styles.css HTTP/1.1" 304 - "http://www.som-cap.com/trackrecord.htm" "Mozilla/4.0 (compatible; MSIE 6.0; Windows NT 5.0; .NET CLR 2.0.50727)"
85.1.33.247 - - [06/Mar/2007:11:26:03 +0000] "GET /images/logo.gif HTTP/1.1" 304 - "http://www.som-cap.com/trackrecord.htm" "Mozilla/4.0 (compatible; MSIE 6.0; Windows NT 5.0; .NET CLR 2.0.50727)"
85.1.33.247 - - [06/Mar/2007:11:26:03 +0000] "GET /images/6pic.gif HTTP/1.1" 200 9094 "http://www.som-cap.com/trackrecord.htm" "Mozilla/4.0 (compatible; MSIE 6.0; Windows NT 5.0; .NET CLR 2.0.50727)"
85.1.33.247 - - [06/Mar/2007:11:26:06 +0000] "GET /images/5pic.gif HTTP/1.1" 200 9274 "http://www.som-cap.com/trackrecord.htm" "Mozilla/4.0 (compatible; MSIE 6.0; Windows NT 5.0; .NET CLR 2.0.50727)"
85.1.33.247 - - [06/Mar/2007:11:26:06 +0000] "GET /images/4pic.gif HTTP/1.1" 200 10003 "http://www.som-cap.com/trackrecord.htm" "Mozilla/4.0 (compatible; MSIE 6.0; Windows NT 5.0; .NET CLR 2.0.50727)"
85.1.33.247 - - [06/Mar/2007:11:26:06 +0000] "GET /images/3pic.gif HTTP/1.1" 200 10964 "http://www.som-cap.com/trackrecord.htm" "Mozilla/4.0 (compatible; MSIE 6.0; Windows NT 5.0; .NET CLR 2.0.50727)"
85.1.33.247 - - [06/Mar/2007:11:26:06 +0000] "GET /images/2pic.gif HTTP/1.1" 200 10701 "http://www.som-cap.com/trackrecord.htm" "Mozilla/4.0 (compatible; MSIE 6.0; Windows NT 5.0; .NET CLR 2.0.50727)"
85.1.33.247 - - [06/Mar/2007:11:26:07 +0000] "GET /images/1pic.gif HTTP/1.1" 200 12857 "http://www.som-cap.com/trackrecord.htm" "Mozilla/4.0 (compatible; MSIE 6.0; Windows NT 5.0; .NET CLR 2.0.50727)"
85.1.33.247 - - [06/Mar/2007:11:26:07 +0000] "GET /images/inbg.jpg HTTP/1.1" 304 - "http://www.som-cap.com/trackrecord.htm" "Mozilla/4.0 (compatible; MSIE 6.0; Windows NT 5.0; .NET CLR 2.0.50727)"
85.1.33.247 - - [06/Mar/2007:11:26:43 +0000] "GET /data.htm HTTP/1.1" 304 - "http://www.som-cap.com/trackrecord.htm" "Mozilla/4.0 (compatible; MSIE 6.0; Windows NT 5.0; .NET CLR 2.0.50727)"
85.1.33.247 - - [06/Mar/2007:11:26:43 +0000] "GET /images/inbg.jpg HTTP/1.1" 304 - "http://www.som-cap.com/data.htm" "Mozilla/4.0 (compatible; MSIE 6.0; Windows NT 5.0; .NET CLR 2.0.50727)"
85.1.33.247 - - [06/Mar/2007:11:26:43 +0000] "GET /styles.css HTTP/1.1" 304 - "http://www.som-cap.com/data.htm" "Mozilla/4.0 (compatible; MSIE 6.0; Windows NT 5.0; .NET CLR 2.0.50727)"
85.1.33.247 - - [06/Mar/2007:11:26:43 +0000] "GET /images/logo.gif HTTP/1.1" 304 - "http://www.som-cap.com/data.htm" "Mozilla/4.0 (compatible; MSIE 6.0; Windows NT 5.0; .NET CLR 2.0.50727)"
85.1.33.247 - - [06/Mar/2007:11:26:46 +0000] "GET /contact.htm HTTP/1.1" 200 2786 "http://www.som-cap.com/data.htm" "Mozilla/4.0 (compatible; MSIE 6.0; Windows NT 5.0; .NET CLR 2.0.50727)"
85.1.33.247 - - [06/Mar/2007:11:26:46 +0000] "GET /styles.css HTTP/1.1" 304 - "http://www.som-cap.com/contact.htm" "Mozilla/4.0 (compatible; MSIE 6.0; Windows NT 5.0; .NET CLR 2.0.50727)"
85.1.33.247 - - [06/Mar/2007:11:26:46 +0000] "GET /images/inbg.jpg HTTP/1.1" 304 - "http://www.som-cap.com/contact.htm" "Mozilla/4.0 (compatible; MSIE 6.0; Windows NT 5.0; .NET CLR 2.0.50727)"
85.1.33.247 - - [06/Mar/2007:11:26:55 +0000] "GET /index.htm HTTP/1.1" 304 - "http://www.som-cap.com/contact.htm" "Mozilla/4.0 (compatible; MSIE 6.0; Windows NT 5.0; .NET CLR 2.0.50727)"
85.1.33.247 - - [06/Mar/2007:11:26:55 +0000] "GET /images/inbg.jpg HTTP/1.1" 304 - "http://www.som-cap.com/index.htm" "Mozilla/4.0 (compatible; MSIE 6.0; Windows NT 5.0; .NET CLR 2.0.50727)"
85.1.33.247 - - [06/Mar/2007:11:26:55 +0000] "GET /images/logo.gif HTTP/1.1" 304 - "http://www.som-cap.com/index.htm" "Mozilla/4.0 (compatible; MSIE 6.0; Windows NT 5.0; .NET CLR 2.0.50727)"
85.1.33.247 - - [06/Mar/2007:11:26:55 +0000] "GET /styles.css HTTP/1.1" 304 - "http://www.som-cap.com/index.htm" "Mozilla/4.0 (compatible; MSIE 6.0; Windows NT 5.0; .NET CLR 2.0.50727)"
62.245.218.134 - - [06/Mar/2007:11:29:14 +0000] "GET /oempro/read.php?EncryptedMemberID=MzcxMQ%3D%3D&CampaignID=79&CampaignStatisticsID=45&Demo=0&Email=svenja.becker@extorel.de HTTP/1.1" 200 55 "-" "Mozilla/4.0 (compatible; MSIE 6.0; Windows NT 5.1; SV1; .NET CLR 1.1.4322)"
194.209.42.83 - - [06/Mar/2007:11:29:34 +0000] "GET /oempro/read.php?EncryptedMemberID=Mzc3Ng%3D%3D&CampaignID=79&CampaignStatisticsID=45&Demo=0&Email=tim.creed@adveq.com HTTP/1.1" 200 55 "-" "Mozilla/4.0 (compatible; MSIE 6.0; Windows NT 5.2; SV1; .NET CLR 1.1.4322; InfoPath.1; .NET CLR 2.0.50727)"
217.45.219.5 - - [06/Mar/2007:11:30:06 +0000] "GET /oempro/read.php?EncryptedMemberID=MzYyOQ%3D%3D&CampaignID=79&CampaignStatisticsID=45&Demo=0&Email=sprim@parishcapital.com HTTP/1.1" 200 55 "-" "Mozilla/4.0 (compatible; MSIE 6.0; Windows NT 5.1; SV1; .NET CLR 1.1.4322; .NET CLR 2.0.50727; .NET CLR 3.0.04506.30)"
217.45.219.5 - - [06/Mar/2007:11:30:28 +0000] "GET /oempro/read.php?EncryptedMemberID=MzYyOQ%3D%3D&CampaignID=79&CampaignStatisticsID=45&Demo=0&Email=sprim@parishcapital.com HTTP/1.1" 200 55 "-" "Mozilla/4.0 (compatible; MSIE 6.0; Windows NT 5.1; SV1; .NET CLR 1.1.4322; .NET CLR 2.0.50727; .NET CLR 3.0.04506.30)"
195.65.220.34 - - [06/Mar/2007:11:30:42 +0000] "GET /oempro/read.php?EncryptedMemberID=MzI4Nw%3D%3D&CampaignID=79&CampaignStatisticsID=45&Demo=0&Email=pnewsome@unigestion.com HTTP/1.1" 200 55 "-" "Mozilla/4.0 (compatible; MSIE 6.0; Windows NT 5.2; SV1; .NET CLR 1.1.4322)"
89.96.211.130 - - [06/Mar/2007:11:37:17 +0000] "GET /oempro/read.php?EncryptedMemberID=MjE5Mg%3D%3D&CampaignID=79&CampaignStatisticsID=45&Demo=0&Email=fausto.boni@360capitalpartners.com HTTP/1.1" 200 55 "-" "Mozilla/4.0 (compatible; MSIE 7.0; Windows NT 5.1; .NET CLR 1.1.4322; InfoPath.1; .NET CLR 2.0.50727)"
205.156.117.1 - - [06/Mar/2007:11:37:49 +0000] "GET /oempro/read.php?EncryptedMemberID=MzUxOA%3D%3D&CampaignID=79&CampaignStatisticsID=45&Demo=0&Email=sanjay.mistry@mercer.com HTTP/1.1" 200 55 "-" "Mozilla/4.0 (compatible; MSIE 6.0; Windows NT 5.1; SV1; .NET CLR 1.0.3705; .NET CLR 1.1.4322)"
193.103.207.10 - - [06/Mar/2007:11:40:12 +0000] "GET /oempro/read.php?EncryptedMemberID=MTU0NQ%3D%3D&CampaignID=79&CampaignStatisticsID=45&Demo=0&Email=akoepp@meag.com HTTP/1.1" 200 55 "-" "Mozilla/4.0 (compatible; MSIE 6.0; Windows NT 5.0; .NET CLR 1.0.3705; .NET CLR 1.1.4322)"
62.189.109.97 - - [06/Mar/2007:11:40:21 +0000] "GET /oempro/read.php?EncryptedMemberID=MjkyNg%3D%3D&CampaignID=79&CampaignStatisticsID=45&Demo=0&Email=martincampbell@newlineuml.com HTTP/1.1" 200 55 "-" "Mozilla/4.0 (compatible; MSIE 6.0; Windows NT 5.1; SV1)"
193.103.207.10 - - [06/Mar/2007:11:40:45 +0000] "GET /oempro/read.php?EncryptedMemberID=MTU0NQ%3D%3D&CampaignID=79&CampaignStatisticsID=45&Demo=0&Email=akoepp@meag.com HTTP/1.1" 200 55 "-" "Mozilla/4.0 (compatible; MSIE 6.0; Windows NT 5.0; .NET CLR 1.0.3705; .NET CLR 1.1.4322)"
195.202.37.22 - - [06/Mar/2007:11:41:07 +0000] "GET /oempro/read.php?EncryptedMemberID=MjQ4MA%3D%3D&CampaignID=79&CampaignStatisticsID=45&Demo=0&Email=j.natrop@aevwl.de HTTP/1.0" 200 43 "-" "Mozilla/4.0 (compatible; MSIE 6.0; Windows NT 5.0; .NET CLR 2.0.50727)"
80.83.156.199 - - [06/Mar/2007:11:42:41 +0000] "GET /oempro/read.php?EncryptedMemberID=MTcxNw%3D%3D&CampaignID=79&CampaignStatisticsID=45&Demo=0&Email=ben.cronin@incisivemedia.com HTTP/1.0" 200 43 "-" "Mozilla/4.0 (compatible; MSIE 7.0; Windows NT 5.1; .NET CLR 1.1.4322)"
