194.209.42.83 - - [06/Mar/2007:09:09:19 +0000] "GET /oempro/read.php?EncryptedMemberID=MjI1NA%3D%3D&CampaignID=79&CampaignStatisticsID=45&Demo=0&Email=gaia.arnaboldi@adveq.com HTTP/1.1" 200 55 "-" "Mozilla/4.0 (compatible; MSIE 6.0; Windows NT 5.2; SV1; .NET CLR 1.1.4322; InfoPath.1; .NET CLR 2.0.50727)"
212.49.210.66 - - [06/Mar/2007:09:09:31 +0000] "GET /oempro/read.php?EncryptedMemberID=Mjg2NA%3D%3D&CampaignID=79&CampaignStatisticsID=45&Demo=0&Email=mail@iam.uk.com HTTP/1.1" 200 55 "-" "Mozilla/4.0 (compatible; MSIE 6.0; Windows NT 5.1; SV1; .NET CLR 1.1.4322; Hotbar 4.6.1; .NET CLR 2.0.50727)"
212.49.210.66 - - [06/Mar/2007:09:09:31 +0000] "GET /oempro/read.php?EncryptedMemberID=Mjg2NA%3D%3D&CampaignID=79&CampaignStatisticsID=45&Demo=0&Email=mail@iam.uk.com HTTP/1.1" 200 55 "-" "Mozilla/4.0 (compatible; MSIE 6.0; Windows NT 5.1; SV1; .NET CLR 1.1.4322; Hotbar 4.6.1; .NET CLR 2.0.50727)"
85.133.32.138 - - [06/Mar/2007:09:09:33 +0000] "GET /oempro/read.php?EncryptedMemberID=MzkxMw%3D%3D&CampaignID=79&CampaignStatisticsID=45&Demo=0&Email=wh@mvision.com HTTP/1.1" 200 55 "-" "Mozilla/4.0 (compatible; MSIE 6.0; Windows NT 5.2; SV1; .NET CLR 1.1.4322; InfoPath.1; .NET CLR 2.0.50727)"
194.213.14.10 - - [06/Mar/2007:09:09:36 +0000] "GET /oempro/read.php?EncryptedMemberID=MTcxNg%3D%3D&CampaignID=79&CampaignStatisticsID=45&Demo=0&Email=belinda.lefebvre@inter-ikea.com HTTP/1.1" 200 55 "-" "Mozilla/4.0 (compatible; MSIE 6.0; Windows NT 5.1; SV1; .NET CLR 2.0.50727)"
85.133.32.138 - - [06/Mar/2007:09:09:37 +0000] "GET /oempro/read.php?EncryptedMemberID=MzkxMw%3D%3D&CampaignID=79&CampaignStatisticsID=45&Demo=0&Email=wh@mvision.com HTTP/1.1" 200 55 "-" "Mozilla/4.0 (compatible; MSIE 6.0; Windows NT 5.2; SV1; .NET CLR 1.1.4322; InfoPath.1; .NET CLR 2.0.50727)"
139.149.31.195 - - [06/Mar/2007:09:09:38 +0000] "GET /oempro/read.php?EncryptedMemberID=MjkwMw%3D%3D&CampaignID=79&CampaignStatisticsID=45&Demo=0&Email=mark.tucker@ubs.com HTTP/1.0" 200 43 "-" "Mozilla/4.0 (compatible; MSIE 6.0; Windows NT 5.0)"
193.138.107.178 - - [06/Mar/2007:09:09:43 +0000] "GET /oempro/read.php?EncryptedMemberID=MjMwOA%3D%3D&CampaignID=79&CampaignStatisticsID=45&Demo=0&Email=graeme_faulds@standardlife.com HTTP/1.0" 200 43 "-" "Mozilla/4.0 (compatible; Lotus-Notes/6.0; Windows-NT)"
81.129.156.10 - - [06/Mar/2007:09:09:44 +0000] "GET /oempro/read.php?EncryptedMemberID=MjQ3Mg%3D%3D&CampaignID=79&CampaignStatisticsID=45&Demo=0&Email=isobel@pausco.co.uk HTTP/1.1" 200 55 "-" "Mozilla/4.0 (compatible; MSIE 6.0; Windows NT 5.1; SV1)"
81.129.156.10 - - [06/Mar/2007:09:09:44 +0000] "GET /oempro/read.php?EncryptedMemberID=MjQ3Mg%3D%3D&CampaignID=79&CampaignStatisticsID=45&Demo=0&Email=isobel@pausco.co.uk HTTP/1.1" 200 55 "-" "Mozilla/4.0 (compatible; MSIE 6.0; Windows NT 5.1; SV1)"
193.138.107.178 - - [06/Mar/2007:09:09:51 +0000] "GET /oempro/read.php?EncryptedMemberID=MjMwOA%3D%3D&CampaignID=79&CampaignStatisticsID=45&Demo=0&Email=graeme_faulds@standardlife.com HTTP/1.0" 200 43 "-" "Mozilla/4.0 (compatible; Lotus-Notes/6.0; Windows-NT)"
81.129.156.10 - - [06/Mar/2007:09:09:54 +0000] "GET /oempro/read.php?EncryptedMemberID=MjQ3Mg%3D%3D&CampaignID=79&CampaignStatisticsID=45&Demo=0&Email=isobel@pausco.co.uk HTTP/1.1" 200 55 "-" "Mozilla/4.0 (compatible; MSIE 6.0; Windows NT 5.1; SV1)"
208.215.188.253 - - [06/Mar/2007:09:10:00 +0000] "GET /oempro/read.php?EncryptedMemberID=MjkyNg%3D%3D&CampaignID=79&CampaignStatisticsID=45&Demo=0&Email=martincampbell@newlineuml.com HTTP/1.1" 200 55 "-" "Mozilla/4.0 (compatible; MSIE 6.0; Windows NT 5.1; .NET CLR 1.1.4322)"
208.215.188.253 - - [06/Mar/2007:09:10:01 +0000] "GET /oempro/read.php?EncryptedMemberID=MjkyNg%3D%3D&CampaignID=79&CampaignStatisticsID=45&Demo=0&Email=martincampbell@newlineuml.com HTTP/1.1" 200 55 "-" "Mozilla/4.0 (compatible; MSIE 6.0; Windows NT 5.1; .NET CLR 1.1.4322)"
212.74.13.114 - - [06/Mar/2007:09:10:16 +0000] "GET /oempro/read.php?EncryptedMemberID=MTg3Nw%3D%3D&CampaignID=79&CampaignStatisticsID=45&Demo=0&Email=chris@sinc.co.uk HTTP/1.0" 200 43 "-" "Mozilla/4.0 (compatible; MSIE 7.0; Windows NT 5.1; .NET CLR 1.1.4322; .NET CLR 2.0.50727)"
212.74.13.114 - - [06/Mar/2007:09:10:16 +0000] "GET /oempro/read.php?EncryptedMemberID=MTg3Nw%3D%3D&CampaignID=79&CampaignStatisticsID=45&Demo=0&Email=chris@sinc.co.uk HTTP/1.0" 200 43 "-" "Mozilla/4.0 (compatible; MSIE 7.0; Windows NT 5.1; .NET CLR 1.1.4322; .NET CLR 2.0.50727)"
85.133.32.138 - - [06/Mar/2007:09:10:32 +0000] "GET /oempro/read.php?EncryptedMemberID=MzkxMw%3D%3D&CampaignID=79&CampaignStatisticsID=45&Demo=0&Email=wh@mvision.com HTTP/1.1" 200 55 "-" "Mozilla/4.0 (compatible; MSIE 6.0; Windows NT 5.2; SV1; .NET CLR 1.1.4322; InfoPath.1; .NET CLR 2.0.50727)"
81.255.60.44 - - [06/Mar/2007:09:10:53 +0000] "GET /favicon.ico HTTP/1.1" 404 657 "-" "Mozilla/5.0 (Windows; U; Windows NT 5.1; fr; rv:1.8.1.2) Gecko/20070219 Firefox/2.0.0.2"
84.177.79.164 - - [06/Mar/2007:09:11:02 +0000] "GET /oempro/read.php?EncryptedMemberID=Mjc1MA%3D%3D&CampaignID=79&CampaignStatisticsID=45&Demo=0&Email=klaus.nestler@bioconnect.de HTTP/1.1" 200 55 "-" "Mozilla/5.0 (Windows; U; Windows NT 5.1; de; rv:1.8.0.10) Gecko/20070221 Thunderbird/1.5.0.10"
192.44.63.162 - - [06/Mar/2007:09:11:18 +0000] "GET /images/Vol%206.%20Sep%202002.pdf HTTP/1.1" 200 97445 "http://www.som-cap.com/data.htm" "Mozilla/4.0 (compatible; MSIE 6.0; Windows NT 5.1; SV1; .NET CLR 1.1.4322; InfoPath.1)"
85.133.32.138 - - [06/Mar/2007:09:11:23 +0000] "GET /oempro/read.php?EncryptedMemberID=MzkxMw%3D%3D&CampaignID=79&CampaignStatisticsID=45&Demo=0&Email=wh@mvision.com HTTP/1.1" 200 55 "-" "Mozilla/4.0 (compatible; MSIE 6.0; Windows NT 5.2; SV1; .NET CLR 1.1.4322; InfoPath.1; .NET CLR 2.0.50727)"
84.177.79.164 - - [06/Mar/2007:09:11:31 +0000] "GET /oempro/read.php?EncryptedMemberID=Mjc1MA%3D%3D&CampaignID=79&CampaignStatisticsID=45&Demo=0&Email=klaus.nestler@bioconnect.de HTTP/1.1" 200 55 "-" "Mozilla/5.0 (Windows; U; Windows NT 5.1; de; rv:1.8.0.10) Gecko/20070221 Thunderbird/1.5.0.10"
194.36.216.4 - - [06/Mar/2007:09:11:31 +0000] "GET /oempro/read.php?EncryptedMemberID=NDAzOA%3D%3D&CampaignID=79&CampaignStatisticsID=45&Demo=0&Email=nicky.bicket@omg.co.uk HTTP/1.1" 200 55 "-" "Mozilla/4.0 (compatible; MSIE 6.0; Windows NT 5.1; SV1; .NET CLR 2.0.50727; .NET CLR 3.0.04506.30; InfoPath.1)"
84.92.92.82 - - [06/Mar/2007:09:11:39 +0000] "GET /oempro/link.php?URL=aHR0cDovL3d3dy5zb20tY2FwLmNvbS9vZW1wcm8vbGluay5waHA%2FVVJMPWFIUjBjRG92TDNkM2R5NXpiMjB0WTJGd0xtTnZiUzlrWVhSaExtaDBiUT09JmFtcDtOYW1lPSZhbXA7RW5jcnlwdGVkTWVtYmVySUQ9TkRBeU5BPT0mYW1wO0NhbXBhaWduSUQ9NzcmYW1wO0NhbXBhaWduU3RhdGlzdGljc0lEPTQzJmFtcDtEZW1vPTAmYW1wO0VtYWlsPW1hcmllQHNvbS1jYXAuY29t&Name=&EncryptedMemberID=MzE5MA%3D%3D&CampaignID=79&CampaignStatisticsID=45&Demo=0&Email=paul.hart@acanthus.eu.com HTTP/1.1" 302 5 "-" "Mozilla/4.0 (compatible; MSIE 6.0; Windows NT 5.1; SV1; .NET CLR 1.1.4322; .NET CLR 2.0.50727)"
84.92.92.82 - - [06/Mar/2007:09:11:40 +0000] "GET /oempro/link.php?URL=aHR0cDovL3d3dy5zb20tY2FwLmNvbS9kYXRhLmh0bQ==&Name=&EncryptedMemberID=NDAyNA==&CampaignID=77&CampaignStatisticsID=43&Demo=0&Email=marie@som-cap.com HTTP/1.1" 302 5 "-" "Mozilla/4.0 (compatible; MSIE 6.0; Windows NT 5.1; SV1; .NET CLR 1.1.4322; .NET CLR 2.0.50727)"
84.92.92.82 - - [06/Mar/2007:09:11:40 +0000] "GET /data.htm HTTP/1.1" 200 6628 "-" "Mozilla/4.0 (compatible; MSIE 6.0; Windows NT 5.1; SV1; .NET CLR 1.1.4322; .NET CLR 2.0.50727)"
84.92.92.82 - - [06/Mar/2007:09:11:40 +0000] "GET /styles.css HTTP/1.1" 200 497 "http://www.som-cap.com/data.htm" "Mozilla/4.0 (compatible; MSIE 6.0; Windows NT 5.1; SV1; .NET CLR 1.1.4322; .NET CLR 2.0.50727)"
84.92.92.82 - - [06/Mar/2007:09:11:40 +0000] "GET /images/inbg.jpg HTTP/1.1" 200 32265 "http://www.som-cap.com/data.htm" "Mozilla/4.0 (compatible; MSIE 6.0; Windows NT 5.1; SV1; .NET CLR 1.1.4322; .NET CLR 2.0.50727)"
84.92.92.82 - - [06/Mar/2007:09:11:40 +0000] "GET /images/logo.gif HTTP/1.1" 200 1574 "http://www.som-cap.com/data.htm" "Mozilla/4.0 (compatible; MSIE 6.0; Windows NT 5.1; SV1; .NET CLR 1.1.4322; .NET CLR 2.0.50727)"
84.92.92.82 - - [06/Mar/2007:09:11:45 +0000] "GET /images/Private%20Equity%20Data%20Service%20Feb%2007.pdf HTTP/1.1" 200 29186 "http://www.som-cap.com/data.htm" "Mozilla/4.0 (compatible; MSIE 6.0; Windows NT 5.1; SV1; .NET CLR 1.1.4322; .NET CLR 2.0.50727)"
193.202.231.79 - - [06/Mar/2007:09:11:48 +0000] "GET /oempro/read.php?EncryptedMemberID=MjEwMg%3D%3D&CampaignID=79&CampaignStatisticsID=45&Demo=0&Email=dsmith@gam.com HTTP/1.0" 200 43 "-" "Mozilla/4.0 (compatible; MSIE 6.0; Windows NT 5.0; .NET CLR 1.1.4322; .NET CLR 2.0.50727)"
84.92.92.82 - - [06/Mar/2007:09:11:51 +0000] "GET /trackrecord.htm HTTP/1.1" 200 4429 "http://www.som-cap.com/data.htm" "Mozilla/4.0 (compatible; MSIE 6.0; Windows NT 5.1; SV1; .NET CLR 1.1.4322; .NET CLR 2.0.50727)"
84.92.92.82 - - [06/Mar/2007:09:11:51 +0000] "GET /styles.css HTTP/1.1" 304 - "http://www.som-cap.com/trackrecord.htm" "Mozilla/4.0 (compatible; MSIE 6.0; Windows NT 5.1; SV1; .NET CLR 1.1.4322; .NET CLR 2.0.50727)"
84.92.92.82 - - [06/Mar/2007:09:11:51 +0000] "GET /images/inbg.jpg HTTP/1.1" 304 - "http://www.som-cap.com/trackrecord.htm" "Mozilla/4.0 (compatible; MSIE 6.0; Windows NT 5.1; SV1; .NET CLR 1.1.4322; .NET CLR 2.0.50727)"
84.92.92.82 - - [06/Mar/2007:09:11:51 +0000] "GET /images/logo.gif HTTP/1.1" 304 - "http://www.som-cap.com/trackrecord.htm" "Mozilla/4.0 (compatible; MSIE 6.0; Windows NT 5.1; SV1; .NET CLR 1.1.4322; .NET CLR 2.0.50727)"
84.92.92.82 - - [06/Mar/2007:09:11:51 +0000] "GET /images/6pic.gif HTTP/1.1" 200 9094 "http://www.som-cap.com/trackrecord.htm" "Mozilla/4.0 (compatible; MSIE 6.0; Windows NT 5.1; SV1; .NET CLR 1.1.4322; .NET CLR 2.0.50727)"
84.92.92.82 - - [06/Mar/2007:09:11:51 +0000] "GET /images/5pic.gif HTTP/1.1" 200 9274 "http://www.som-cap.com/trackrecord.htm" "Mozilla/4.0 (compatible; MSIE 6.0; Windows NT 5.1; SV1; .NET CLR 1.1.4322; .NET CLR 2.0.50727)"
84.92.92.82 - - [06/Mar/2007:09:11:51 +0000] "GET /images/4pic.gif HTTP/1.1" 200 10003 "http://www.som-cap.com/trackrecord.htm" "Mozilla/4.0 (compatible; MSIE 6.0; Windows NT 5.1; SV1; .NET CLR 1.1.4322; .NET CLR 2.0.50727)"
84.92.92.82 - - [06/Mar/2007:09:11:51 +0000] "GET /images/3pic.gif HTTP/1.1" 200 10964 "http://www.som-cap.com/trackrecord.htm" "Mozilla/4.0 (compatible; MSIE 6.0; Windows NT 5.1; SV1; .NET CLR 1.1.4322; .NET CLR 2.0.50727)"
84.92.92.82 - - [06/Mar/2007:09:11:51 +0000] "GET /images/2pic.gif HTTP/1.1" 200 10701 "http://www.som-cap.com/trackrecord.htm" "Mozilla/4.0 (compatible; MSIE 6.0; Windows NT 5.1; SV1; .NET CLR 1.1.4322; .NET CLR 2.0.50727)"
84.92.92.82 - - [06/Mar/2007:09:11:51 +0000] "GET /images/1pic.gif HTTP/1.1" 200 12857 "http://www.som-cap.com/trackrecord.htm" "Mozilla/4.0 (compatible; MSIE 6.0; Windows NT 5.1; SV1; .NET CLR 1.1.4322; .NET CLR 2.0.50727)"
84.92.92.82 - - [06/Mar/2007:09:11:59 +0000] "GET /biography.htm HTTP/1.1" 200 4087 "http://www.som-cap.com/trackrecord.htm" "Mozilla/4.0 (compatible; MSIE 6.0; Windows NT 5.1; SV1; .NET CLR 1.1.4322; .NET CLR 2.0.50727)"
84.92.92.82 - - [06/Mar/2007:09:11:59 +0000] "GET /images/James%20Miller-2.jpg HTTP/1.1" 200 7075 "http://www.som-cap.com/biography.htm" "Mozilla/4.0 (compatible; MSIE 6.0; Windows NT 5.1; SV1; .NET CLR 1.1.4322; .NET CLR 2.0.50727)"
84.92.92.82 - - [06/Mar/2007:09:12:17 +0000] "GET /background.htm HTTP/1.1" 200 4144 "http://www.som-cap.com/biography.htm" "Mozilla/4.0 (compatible; MSIE 6.0; Windows NT 5.1; SV1; .NET CLR 1.1.4322; .NET CLR 2.0.50727)"
192.44.63.162 - - [06/Mar/2007:09:12:18 +0000] "POST /cgi-bin/123Formmail.pl HTTP/1.1" 302 225 "http://www.som-cap.com/data.htm" "Mozilla/4.0 (compatible; MSIE 6.0; Windows NT 5.1; SV1; .NET CLR 1.1.4322; InfoPath.1)"
192.44.63.162 - - [06/Mar/2007:09:12:18 +0000] "GET /submit.htm HTTP/1.1" 200 2625 "http://www.som-cap.com/data.htm" "Mozilla/4.0 (compatible; MSIE 6.0; Windows NT 5.1; SV1; .NET CLR 1.1.4322; InfoPath.1)"
192.44.63.162 - - [06/Mar/2007:09:12:19 +0000] "GET /images/spacer.gif HTTP/1.1" 200 43 "http://www.som-cap.com/submit.htm" "Mozilla/4.0 (compatible; MSIE 6.0; Windows NT 5.1; SV1; .NET CLR 1.1.4322; InfoPath.1)"
84.92.92.82 - - [06/Mar/2007:09:12:21 +0000] "GET /index.htm HTTP/1.1" 200 3426 "http://www.som-cap.com/background.htm" "Mozilla/4.0 (compatible; MSIE 6.0; Windows NT 5.1; SV1; .NET CLR 1.1.4322; .NET CLR 2.0.50727)"
84.92.92.82 - - [06/Mar/2007:09:12:30 +0000] "GET /data.htm HTTP/1.1" 304 - "http://www.som-cap.com/trackrecord.htm" "Mozilla/4.0 (compatible; MSIE 6.0; Windows NT 5.1; SV1; .NET CLR 1.1.4322; .NET CLR 2.0.50727)"
84.92.92.82 - - [06/Mar/2007:09:12:31 +0000] "GET /contact.htm HTTP/1.1" 200 2786 "http://www.som-cap.com/data.htm" "Mozilla/4.0 (compatible; MSIE 6.0; Windows NT 5.1; SV1; .NET CLR 1.1.4322; .NET CLR 2.0.50727)"
192.44.63.162 - - [06/Mar/2007:09:12:38 +0000] "GET /oempro/read.php?EncryptedMemberID=MjUzMw%3D%3D&CampaignID=79&CampaignStatisticsID=45&Demo=0&Email=jean.daumet@ca-cprpe.fr HTTP/1.1" 200 55 "-" "Mozilla/4.0 (compatible; MSIE 6.0; Windows NT 5.1; SV1; .NET CLR 1.1.4322; InfoPath.1)"
85.133.32.138 - - [06/Mar/2007:09:13:24 +0000] "GET /oempro/read.php?EncryptedMemberID=MzkxMw%3D%3D&CampaignID=79&CampaignStatisticsID=45&Demo=0&Email=wh@mvision.com HTTP/1.1" 200 55 "-" "Mozilla/4.0 (compatible; MSIE 6.0; Windows NT 5.2; SV1; .NET CLR 1.1.4322; InfoPath.1; .NET CLR 2.0.50727)"
62.40.11.190 - - [06/Mar/2007:09:13:36 +0000] "GET /oempro/read.php?EncryptedMemberID=MjQyOA%3D%3D&CampaignID=79&CampaignStatisticsID=45&Demo=0&Email=horst.guedel@rwb-ag.de HTTP/1.0" 200 43 "-" "Mozilla/4.0 (compatible; MSIE 6.0; Windows NT 5.0)"
85.133.32.138 - - [06/Mar/2007:09:13:43 +0000] "GET /oempro/read.php?EncryptedMemberID=MzkxMw%3D%3D&CampaignID=79&CampaignStatisticsID=45&Demo=0&Email=wh@mvision.com HTTP/1.1" 200 55 "-" "Mozilla/4.0 (compatible; MSIE 6.0; Windows NT 5.2; SV1; .NET CLR 1.1.4322; InfoPath.1; .NET CLR 2.0.50727)"
194.209.42.83 - - [06/Mar/2007:09:13:49 +0000] "GET /oempro/read.php?EncryptedMemberID=MjI1NA%3D%3D&CampaignID=79&CampaignStatisticsID=45&Demo=0&Email=gaia.arnaboldi@adveq.com HTTP/1.1" 200 55 "-" "Mozilla/4.0 (compatible; MSIE 6.0; Windows NT 5.2; SV1; .NET CLR 1.1.4322; InfoPath.1; .NET CLR 2.0.50727)"
217.128.120.26 - - [06/Mar/2007:09:13:59 +0000] "GET /oempro/read.php?EncryptedMemberID=MTU4MQ%3D%3D&CampaignID=79&CampaignStatisticsID=45&Demo=0&Email=allanic@123venture.com HTTP/1.1" 200 55 "http://ines.eu/maxdownload/download.dll/open_direct?alias=123VENTURE&user=445093139&share=path_user_temp&fic=temp100646137.html&100646153" "Mozilla/4.0 (compatible; MSIE 7.0; Windows NT 5.1)"
62.172.72.131 - - [06/Mar/2007:09:14:39 +0000] "GET /oempro/read.php?EncryptedMemberID=Mjg5OA%3D%3D&CampaignID=79&CampaignStatisticsID=45&Demo=0&Email=mark.calnan@eu.watsonwyatt.com HTTP/1.1" 200 55 "-" "Mozilla/4.0 (compatible; MSIE 6.0; Windows NT 5.1; SV1; .NET CLR 1.0.3705; .NET CLR 1.1.4322; .NET CLR 2.0.50727)"
204.152.235.217 - - [06/Mar/2007:09:15:31 +0000] "GET /oempro/read.php?EncryptedMemberID=MjkzOA%3D%3D&CampaignID=79&CampaignStatisticsID=45&Demo=0&Email=matthew.mandelbaum@hewitt.com HTTP/1.0" 200 43 "-" "Mozilla/4.0 (compatible; Lotus-Notes/6.0; Windows-NT)"
85.133.32.138 - - [06/Mar/2007:09:15:35 +0000] "GET /oempro/read.php?EncryptedMemberID=MzkxMw%3D%3D&CampaignID=79&CampaignStatisticsID=45&Demo=0&Email=wh@mvision.com HTTP/1.1" 200 55 "-" "Mozilla/4.0 (compatible; MSIE 6.0; Windows NT 5.2; SV1; .NET CLR 1.1.4322; InfoPath.1; .NET CLR 2.0.50727)"
204.152.235.217 - - [06/Mar/2007:09:15:40 +0000] "GET /oempro/read.php?EncryptedMemberID=MjkzOA%3D%3D&CampaignID=79&CampaignStatisticsID=45&Demo=0&Email=matthew.mandelbaum@hewitt.com HTTP/1.0" 200 43 "-" "Mozilla/4.0 (compatible; Lotus-Notes/6.0; Windows-NT)"
62.172.72.131 - - [06/Mar/2007:09:15:42 +0000] "GET /oempro/read.php?EncryptedMemberID=Mjg5OA%3D%3D&CampaignID=79&CampaignStatisticsID=45&Demo=0&Email=mark.calnan@eu.watsonwyatt.com HTTP/1.1" 200 55 "-" "Mozilla/4.0 (compatible; MSIE 6.0; Windows NT 5.1; SV1; .NET CLR 1.0.3705; .NET CLR 1.1.4322; .NET CLR 2.0.50727)"
81.129.156.10 - - [06/Mar/2007:09:15:52 +0000] "GET /oempro/read.php?EncryptedMemberID=MjQ3Mg%3D%3D&CampaignID=79&CampaignStatisticsID=45&Demo=0&Email=isobel@pausco.co.uk HTTP/1.1" 200 55 "-" "Mozilla/4.0 (compatible; MSIE 6.0; Windows NT 5.1; SV1)"
87.194.5.72 - - [06/Mar/2007:09:16:10 +0000] "GET /oempro/read.php?EncryptedMemberID=Mjc4OA%3D%3D&CampaignID=79&CampaignStatisticsID=45&Demo=0&Email=laura@headwaycap.com HTTP/1.1" 200 55 "-" "Mozilla/4.0 (compatible; MSIE 6.0; Windows NT 5.1; SV1; .NET CLR 1.1.4322; InfoPath.1; .NET CLR 2.0.50727)"
87.194.5.72 - - [06/Mar/2007:09:16:21 +0000] "GET /oempro/read.php?EncryptedMemberID=Mjc4OA%3D%3D&CampaignID=79&CampaignStatisticsID=45&Demo=0&Email=laura@headwaycap.com HTTP/1.1" 200 55 "-" "Mozilla/4.0 (compatible; MSIE 6.0; Windows NT 5.1; SV1; .NET CLR 1.1.4322; InfoPath.1; .NET CLR 2.0.50727)"
82.135.30.155 - - [06/Mar/2007:09:16:24 +0000] "GET /oempro/read.php?EncryptedMemberID=MzU4Ng%3D%3D&CampaignID=79&CampaignStatisticsID=45&Demo=0&Email=simon.tang@vcm.de HTTP/1.0" 200 43 "-" "Mozilla/4.0 (compatible; MSIE 6.0; Windows NT 5.1; SV1; .NET CLR 1.1.4322; .NET CLR 2.0.50727)"
210.138.18.62 - - [06/Mar/2007:09:17:15 +0000] "GET /oempro/read.php?EncryptedMemberID=MzcyOA%3D%3D&CampaignID=79&CampaignStatisticsID=45&Demo=0&Email=takasi_kawauti@am.sumitomolife.co.jp HTTP/1.0" 200 43 "-" "Mozilla/4.0 (compatible; MSIE 6.0; Windows NT 5.1; SV1)"
195.46.217.162 - - [06/Mar/2007:09:18:02 +0000] "GET /oempro/read.php?EncryptedMemberID=MTQ4Ng%3D%3D&CampaignID=79&CampaignStatisticsID=45&Demo=0&Email=a.thiolais@lvmh.fr HTTP/1.0" 200 43 "-" "Mozilla/4.0 (compatible; Lotus-Notes/6.0; Windows-NT)"
195.33.121.133 - - [06/Mar/2007:09:18:56 +0000] "GET /oempro/read.php?EncryptedMemberID=MzM3MA%3D%3D&CampaignID=79&CampaignStatisticsID=45&Demo=0&Email=richard.cole@linklaters.com HTTP/1.0" 200 43 "-" "Mozilla/4.0 (compatible; MSIE 6.0; Windows NT 5.2; SV1; .NET CLR 1.1.4322; InfoPath.1)"
217.174.118.3 - - [06/Mar/2007:09:19:40 +0000] "GET /oempro/read.php?EncryptedMemberID=MTYzOA%3D%3D&CampaignID=79&CampaignStatisticsID=45&Demo=0&Email=anna@cdbwebtech.com HTTP/1.1" 200 55 "-" "Mozilla/4.0 (compatible; MSIE 6.0; Windows NT 5.1; SV1)"
217.174.118.3 - - [06/Mar/2007:09:19:53 +0000] "GET /oempro/read.php?EncryptedMemberID=MTYzOA%3D%3D&CampaignID=79&CampaignStatisticsID=45&Demo=0&Email=anna@cdbwebtech.com HTTP/1.1" 200 55 "-" "Mozilla/4.0 (compatible; MSIE 6.0; Windows NT 5.1; SV1)"
217.174.118.3 - - [06/Mar/2007:09:19:53 +0000] "GET /oempro/read.php?EncryptedMemberID=MTYzOA%3D%3D&CampaignID=79&CampaignStatisticsID=45&Demo=0&Email=anna@cdbwebtech.com HTTP/1.1" 200 55 "-" "Mozilla/4.0 (compatible; MSIE 6.0; Windows NT 5.1; SV1)"
212.23.250.19 - - [06/Mar/2007:09:21:42 +0000] "GET /oempro/read.php?EncryptedMemberID=MzM2Mg%3D%3D&CampaignID=79&CampaignStatisticsID=45&Demo=0&Email=rg@irr.ch HTTP/1.1" 200 55 "-" "Mozilla/4.0 (compatible; MSIE 6.0; Windows NT 5.1; SV1)"
62.190.46.162 - - [06/Mar/2007:09:22:16 +0000] "GET /oempro/read.php?EncryptedMemberID=MjU1MA%3D%3D&CampaignID=79&CampaignStatisticsID=45&Demo=0&Email=jeroen.janss@towers.com HTTP/1.0" 200 43 "-" "Mozilla/4.0 (compatible; Lotus-Notes/6.0; Windows-NT)"
82.135.30.155 - - [06/Mar/2007:09:22:20 +0000] "GET /oempro/read.php?EncryptedMemberID=MTU2MA%3D%3D&CampaignID=79&CampaignStatisticsID=45&Demo=0&Email=alesia.dawidowicz@vcm.de HTTP/1.0" 200 43 "-" "Mozilla/4.0 (compatible; MSIE 6.0; Windows NT 5.1; SV1; .NET CLR 1.1.4322)"
81.86.65.21 - - [06/Mar/2007:09:22:23 +0000] "GET /oempro/read.php?EncryptedMemberID=Mzc3Ng%3D%3D&CampaignID=79&CampaignStatisticsID=45&Demo=0&Email=tim.creed@adveq.com HTTP/1.1" 200 55 "-" "Mozilla/4.0 (compatible; MSIE 7.0; Windows NT 5.1; .NET CLR 1.1.4322; InfoPath.1)"
81.86.65.21 - - [06/Mar/2007:09:22:27 +0000] "GET /oempro/read.php?EncryptedMemberID=MzY3Ng%3D%3D&CampaignID=79&CampaignStatisticsID=45&Demo=0&Email=stephen@impetus.org.uk HTTP/1.1" 200 55 "-" "Mozilla/4.0 (compatible; MSIE 7.0; Windows NT 5.1; .NET CLR 1.1.4322; InfoPath.1)"
194.7.114.2 - - [06/Mar/2007:09:22:35 +0000] "GET /oempro/read.php?EncryptedMemberID=MTc3OQ%3D%3D&CampaignID=79&CampaignStatisticsID=45&Demo=0&Email=brigitte.boone@fortisbank.com HTTP/1.1" 200 55 "-" "Mozilla/4.0 (compatible; MSIE 6.0; Windows NT 5.1; .NET CLR 1.1.4322)"
194.7.114.2 - - [06/Mar/2007:09:22:35 +0000] "GET /oempro/read.php?EncryptedMemberID=MTc3OQ%3D%3D&CampaignID=79&CampaignStatisticsID=45&Demo=0&Email=brigitte.boone@fortisbank.com HTTP/1.1" 200 55 "-" "Mozilla/4.0 (compatible; MSIE 6.0; Windows NT 5.1; .NET CLR 1.1.4322)"
194.7.114.2 - - [06/Mar/2007:09:22:38 +0000] "GET /oempro/read.php?EncryptedMemberID=MTc3OQ%3D%3D&CampaignID=79&CampaignStatisticsID=45&Demo=0&Email=brigitte.boone@fortisbank.com HTTP/1.1" 200 55 "-" "Mozilla/4.0 (compatible; MSIE 6.0; Windows NT 5.1; .NET CLR 1.1.4322)"
81.86.65.21 - - [06/Mar/2007:09:22:43 +0000] "GET /oempro/read.php?EncryptedMemberID=Mzc3Ng%3D%3D&CampaignID=79&CampaignStatisticsID=45&Demo=0&Email=tim.creed@adveq.com HTTP/1.1" 200 55 "-" "Mozilla/4.0 (compatible; MSIE 7.0; Windows NT 5.1; .NET CLR 1.1.4322; InfoPath.1)"
85.133.32.138 - - [06/Mar/2007:09:22:43 +0000] "GET /oempro/read.php?EncryptedMemberID=MzkxMw%3D%3D&CampaignID=79&CampaignStatisticsID=45&Demo=0&Email=wh@mvision.com HTTP/1.1" 200 55 "-" "Mozilla/4.0 (compatible; MSIE 7.0; Windows NT 5.1; .NET CLR 1.1.4322; .NET CLR 2.0.50727; .NET CLR 3.0.04506.30; MSOffice 12)"
81.86.65.21 - - [06/Mar/2007:09:22:43 +0000] "GET /oempro/read.php?EncryptedMemberID=MzY3Ng%3D%3D&CampaignID=79&CampaignStatisticsID=45&Demo=0&Email=stephen@impetus.org.uk HTTP/1.1" 200 55 "-" "Mozilla/4.0 (compatible; MSIE 7.0; Windows NT 5.1; .NET CLR 1.1.4322; InfoPath.1)"
81.86.65.21 - - [06/Mar/2007:09:22:46 +0000] "GET /oempro/read.php?EncryptedMemberID=Mzc3Ng%3D%3D&CampaignID=79&CampaignStatisticsID=45&Demo=0&Email=tim.creed@adveq.com HTTP/1.1" 200 55 "-" "Mozilla/4.0 (compatible; MSIE 7.0; Windows NT 5.1; .NET CLR 1.1.4322; InfoPath.1)"
81.86.65.21 - - [06/Mar/2007:09:22:46 +0000] "GET /oempro/read.php?EncryptedMemberID=MzY3Ng%3D%3D&CampaignID=79&CampaignStatisticsID=45&Demo=0&Email=stephen@impetus.org.uk HTTP/1.1" 200 55 "-" "Mozilla/4.0 (compatible; MSIE 7.0; Windows NT 5.1; .NET CLR 1.1.4322; InfoPath.1)"
194.209.42.83 - - [06/Mar/2007:09:22:48 +0000] "GET /oempro/read.php?EncryptedMemberID=MjI1NA%3D%3D&CampaignID=79&CampaignStatisticsID=45&Demo=0&Email=gaia.arnaboldi@adveq.com HTTP/1.1" 200 55 "-" "Mozilla/4.0 (compatible; MSIE 6.0; Windows NT 5.2; SV1; .NET CLR 1.1.4322; InfoPath.1; .NET CLR 2.0.50727)"
82.135.30.155 - - [06/Mar/2007:09:23:40 +0000] "GET /oempro/read.php?EncryptedMemberID=MTU2MA%3D%3D&CampaignID=79&CampaignStatisticsID=45&Demo=0&Email=alesia.dawidowicz@vcm.de HTTP/1.0" 200 43 "-" "Mozilla/4.0 (compatible; MSIE 6.0; Windows NT 5.1; SV1; .NET CLR 1.1.4322)"
213.94.230.101 - - [06/Mar/2007:09:24:06 +0000] "GET /oempro/read.php?EncryptedMemberID=MzQzNw%3D%3D&CampaignID=79&CampaignStatisticsID=45&Demo=0&Email=roconnor@ntma.ie HTTP/1.1" 200 55 "-" "Mozilla/4.0 (compatible; MSIE 6.0; Windows NT 5.0; .NET CLR 1.0.3705; .NET CLR 1.1.4322)"
213.94.230.101 - - [06/Mar/2007:09:24:06 +0000] "GET /oempro/read.php?EncryptedMemberID=MzQzNw%3D%3D&CampaignID=79&CampaignStatisticsID=45&Demo=0&Email=roconnor@ntma.ie HTTP/1.1" 200 55 "-" "Mozilla/4.0 (compatible; MSIE 6.0; Windows NT 5.0; .NET CLR 1.0.3705; .NET CLR 1.1.4322)"
194.7.114.2 - - [06/Mar/2007:09:24:28 +0000] "GET /oempro/read.php?EncryptedMemberID=Mjg4Mg%3D%3D&CampaignID=79&CampaignStatisticsID=45&Demo=0&Email=marc.moonens@fortis.com HTTP/1.1" 200 55 "-" "Mozilla/4.0 (compatible; MSIE 6.0; Windows NT 5.1; .NET CLR 1.1.4322)"
194.7.114.2 - - [06/Mar/2007:09:24:31 +0000] "GET /oempro/read.php?EncryptedMemberID=Mjg4Mg%3D%3D&CampaignID=79&CampaignStatisticsID=45&Demo=0&Email=marc.moonens@fortis.com HTTP/1.1" 200 55 "-" "Mozilla/4.0 (compatible; MSIE 6.0; Windows NT 5.1; .NET CLR 1.1.4322)"
212.59.33.101 - - [06/Mar/2007:09:24:34 +0000] "GET /oempro/read.php?EncryptedMemberID=MzIyOA%3D%3D&CampaignID=79&CampaignStatisticsID=45&Demo=0&Email=peter.hielscher@ampegagerling.de HTTP/1.0" 200 43 "-" "Mozilla/4.0 (compatible; MSIE 6.0; Windows NT 5.0)"
212.59.33.101 - - [06/Mar/2007:09:24:35 +0000] "GET /oempro/read.php?EncryptedMemberID=MzIyOA%3D%3D&CampaignID=79&CampaignStatisticsID=45&Demo=0&Email=peter.hielscher@ampegagerling.de HTTP/1.0" 200 43 "-" "Mozilla/4.0 (compatible; MSIE 6.0; Windows NT 5.0)"
81.86.65.21 - - [06/Mar/2007:09:24:48 +0000] "GET /oempro/read.php?EncryptedMemberID=MzY3Ng%3D%3D&CampaignID=79&CampaignStatisticsID=45&Demo=0&Email=stephen@impetus.org.uk HTTP/1.1" 200 55 "-" "Mozilla/4.0 (compatible; MSIE 7.0; Windows NT 5.1; .NET CLR 1.1.4322; InfoPath.1)"
217.206.23.242 - - [06/Mar/2007:09:24:49 +0000] "GET /oempro/read.php?EncryptedMemberID=MjY1Mw%3D%3D&CampaignID=79&CampaignStatisticsID=45&Demo=0&Email=jpolden@mtifirms.com HTTP/1.1" 200 55 "-" "Mozilla/4.0 (compatible; MSIE 7.0; Windows NT 5.1; .NET CLR 1.1.4322)"
212.203.90.101 - - [06/Mar/2007:09:24:59 +0000] "GET /oempro/read.php?EncryptedMemberID=MzQ2Mw%3D%3D&CampaignID=79&CampaignStatisticsID=45&Demo=0&Email=roy.baumann@partnersgroup.net HTTP/1.1" 200 55 "-" "Mozilla/4.0 (compatible; MSIE 6.0; Windows NT 5.1; SV1)"
194.60.98.5 - - [06/Mar/2007:09:25:05 +0000] "GET /oempro/link.php?URL=aHR0cDovL3d3dy5zb20tY2FwLmNvbS9vZW1wcm8vbGluay5waHA%2FVVJMPWFIUjBjRG92TDNkM2R5NXpiMjB0WTJGd0xtTnZiUzlrWVhSaExtaDBiUT09JmFtcDtOYW1lPSZhbXA7RW5jcnlwdGVkTWVtYmVySUQ9TkRBeU5BPT0mYW1wO0NhbXBhaWduSUQ9NzcmYW1wO0NhbXBhaWduU3RhdGlzdGljc0lEPTQzJmFtcDtEZW1vPTAmYW1wO0VtYWlsPW1hcmllQHNvbS1jYXAuY29t&Name=&EncryptedMemberID=MTk3Ng%3D%3D&CampaignID=79&CampaignStatisticsID=45&Demo=0&Email=danny-van.wijk@unilever.com HTTP/1.0" 302 0 "-" "Mozilla/4.0 (compatible; MSIE 6.0; Windows NT 5.1; SV1; .NET CLR 1.1.4322; .NET CLR 2.0.50727)"
194.60.98.5 - - [06/Mar/2007:09:25:05 +0000] "GET /oempro/link.php?URL=aHR0cDovL3d3dy5zb20tY2FwLmNvbS9kYXRhLmh0bQ==&Name=&EncryptedMemberID=NDAyNA==&CampaignID=77&CampaignStatisticsID=43&Demo=0&Email=marie@som-cap.com HTTP/1.0" 302 0 "-" "Mozilla/4.0 (compatible; MSIE 6.0; Windows NT 5.1; SV1; .NET CLR 1.1.4322; .NET CLR 2.0.50727)"
194.60.98.5 - - [06/Mar/2007:09:25:05 +0000] "GET /data.htm HTTP/1.0" 200 6628 "-" "Mozilla/4.0 (compatible; MSIE 6.0; Windows NT 5.1; SV1; .NET CLR 1.1.4322; .NET CLR 2.0.50727)"
212.9.20.131 - - [06/Mar/2007:09:25:05 +0000] "GET /oempro/read.php?EncryptedMemberID=MTYxOQ%3D%3D&CampaignID=79&CampaignStatisticsID=45&Demo=0&Email=andrew.bennett@standardbank.com HTTP/1.1" 200 55 "-" "Mozilla/4.0 (compatible; MSIE 6.0; Windows NT 5.1; SV1; .NET CLR 1.1.4322; .NET CLR 2.0.50727)"
194.60.98.5 - - [06/Mar/2007:09:25:08 +0000] "GET /styles.css HTTP/1.0" 200 497 "http://www.som-cap.com/data.htm" "Mozilla/4.0 (compatible; MSIE 6.0; Windows NT 5.1; SV1; .NET CLR 1.1.4322; .NET CLR 2.0.50727)"
194.60.98.5 - - [06/Mar/2007:09:25:08 +0000] "GET /images/inbg.jpg HTTP/1.0" 200 32265 "http://www.som-cap.com/data.htm" "Mozilla/4.0 (compatible; MSIE 6.0; Windows NT 5.1; SV1; .NET CLR 1.1.4322; .NET CLR 2.0.50727)"
194.60.98.5 - - [06/Mar/2007:09:25:08 +0000] "GET /images/logo.gif HTTP/1.0" 200 1574 "http://www.som-cap.com/data.htm" "Mozilla/4.0 (compatible; MSIE 6.0; Windows NT 5.1; SV1; .NET CLR 1.1.4322; .NET CLR 2.0.50727)"
194.60.98.5 - - [06/Mar/2007:09:25:13 +0000] "GET /images/Vol%201.%20Oct%202001.pdf HTTP/1.0" 200 105169 "http://www.som-cap.com/data.htm" "Mozilla/4.0 (compatible; MSIE 6.0; Windows NT 5.1; SV1; .NET CLR 1.1.4322; .NET CLR 2.0.50727)"
80.84.166.230 - - [06/Mar/2007:09:25:26 +0000] "GET /oempro/read.php?EncryptedMemberID=MTQ4Mw%3D%3D&CampaignID=79&CampaignStatisticsID=45&Demo=0&Email=a.djanoeff@balmoralcapital.com HTTP/1.1" 200 55 "-" "Mozilla/4.0 (compatible; MSIE 7.0; Windows NT 5.1; .NET CLR 1.1.4322; IEMB3; IEMB3)"
194.71.244.98 - - [06/Mar/2007:09:25:33 +0000] "GET /trackrecord.htm HTTP/1.1" 200 4429 "http://www.som-cap.com/data.htm" "Mozilla/4.0 (compatible; MSIE 6.0; Windows NT 5.1; SV1; .NET CLR 1.1.4322; InfoPath.1)"
194.71.244.98 - - [06/Mar/2007:09:25:33 +0000] "GET /styles.css HTTP/1.1" 304 - "http://www.som-cap.com/trackrecord.htm" "Mozilla/4.0 (compatible; MSIE 6.0; Windows NT 5.1; SV1; .NET CLR 1.1.4322; InfoPath.1)"
194.71.244.98 - - [06/Mar/2007:09:25:33 +0000] "GET /images/inbg.jpg HTTP/1.1" 304 - "http://www.som-cap.com/trackrecord.htm" "Mozilla/4.0 (compatible; MSIE 6.0; Windows NT 5.1; SV1; .NET CLR 1.1.4322; InfoPath.1)"
194.71.244.98 - - [06/Mar/2007:09:25:33 +0000] "GET /images/logo.gif HTTP/1.1" 304 - "http://www.som-cap.com/trackrecord.htm" "Mozilla/4.0 (compatible; MSIE 6.0; Windows NT 5.1; SV1; .NET CLR 1.1.4322; InfoPath.1)"
194.71.244.98 - - [06/Mar/2007:09:25:33 +0000] "GET /images/6pic.gif HTTP/1.1" 200 9094 "http://www.som-cap.com/trackrecord.htm" "Mozilla/4.0 (compatible; MSIE 6.0; Windows NT 5.1; SV1; .NET CLR 1.1.4322; InfoPath.1)"
194.71.244.98 - - [06/Mar/2007:09:25:33 +0000] "GET /images/5pic.gif HTTP/1.1" 200 9274 "http://www.som-cap.com/trackrecord.htm" "Mozilla/4.0 (compatible; MSIE 6.0; Windows NT 5.1; SV1; .NET CLR 1.1.4322; InfoPath.1)"
194.71.244.98 - - [06/Mar/2007:09:25:33 +0000] "GET /images/3pic.gif HTTP/1.1" 200 10964 "http://www.som-cap.com/trackrecord.htm" "Mozilla/4.0 (compatible; MSIE 6.0; Windows NT 5.1; SV1; .NET CLR 1.1.4322; InfoPath.1)"
194.71.244.98 - - [06/Mar/2007:09:25:33 +0000] "GET /images/4pic.gif HTTP/1.1" 200 10003 "http://www.som-cap.com/trackrecord.htm" "Mozilla/4.0 (compatible; MSIE 6.0; Windows NT 5.1; SV1; .NET CLR 1.1.4322; InfoPath.1)"
194.71.244.98 - - [06/Mar/2007:09:25:33 +0000] "GET /images/2pic.gif HTTP/1.1" 200 10701 "http://www.som-cap.com/trackrecord.htm" "Mozilla/4.0 (compatible; MSIE 6.0; Windows NT 5.1; SV1; .NET CLR 1.1.4322; InfoPath.1)"
194.71.244.98 - - [06/Mar/2007:09:25:33 +0000] "GET /images/1pic.gif HTTP/1.1" 200 12857 "http://www.som-cap.com/trackrecord.htm" "Mozilla/4.0 (compatible; MSIE 6.0; Windows NT 5.1; SV1; .NET CLR 1.1.4322; InfoPath.1)"
80.84.166.230 - - [06/Mar/2007:09:25:34 +0000] "GET /oempro/read.php?EncryptedMemberID=MTQ4Mw%3D%3D&CampaignID=79&CampaignStatisticsID=45&Demo=0&Email=a.djanoeff@balmoralcapital.com HTTP/1.1" 200 55 "-" "Mozilla/4.0 (compatible; MSIE 7.0; Windows NT 5.1; .NET CLR 1.1.4322; IEMB3; IEMB3)"
194.71.244.98 - - [06/Mar/2007:09:25:40 +0000] "GET /data.htm HTTP/1.1" 304 - "http://www.som-cap.com/trackrecord.htm" "Mozilla/4.0 (compatible; MSIE 6.0; Windows NT 5.1; SV1; .NET CLR 1.1.4322; InfoPath.1)"
194.71.244.98 - - [06/Mar/2007:09:25:40 +0000] "GET /styles.css HTTP/1.1" 304 - "http://www.som-cap.com/data.htm" "Mozilla/4.0 (compatible; MSIE 6.0; Windows NT 5.1; SV1; .NET CLR 1.1.4322; InfoPath.1)"
194.71.244.98 - - [06/Mar/2007:09:25:40 +0000] "GET /images/inbg.jpg HTTP/1.1" 304 - "http://www.som-cap.com/data.htm" "Mozilla/4.0 (compatible; MSIE 6.0; Windows NT 5.1; SV1; .NET CLR 1.1.4322; InfoPath.1)"
194.71.244.98 - - [06/Mar/2007:09:25:40 +0000] "GET /images/logo.gif HTTP/1.1" 304 - "http://www.som-cap.com/data.htm" "Mozilla/4.0 (compatible; MSIE 6.0; Windows NT 5.1; SV1; .NET CLR 1.1.4322; InfoPath.1)"
80.84.166.230 - - [06/Mar/2007:09:25:45 +0000] "GET /oempro/read.php?EncryptedMemberID=MTQ4Mw%3D%3D&CampaignID=79&CampaignStatisticsID=45&Demo=0&Email=a.djanoeff@balmoralcapital.com HTTP/1.1" 200 55 "-" "Mozilla/4.0 (compatible; MSIE 7.0; Windows NT 5.1; .NET CLR 1.1.4322; IEMB3; IEMB3)"
194.60.98.5 - - [06/Mar/2007:09:25:46 +0000] "GET /favicon.ico HTTP/1.0" 404 645 "-" "Mozilla/4.0 (compatible; MSIE 6.0; Windows NT 5.1; SV1; .NET CLR 1.1.4322; .NET CLR 2.0.50727)"
194.60.98.5 - - [06/Mar/2007:09:25:48 +0000] "GET /background.htm HTTP/1.0" 200 4144 "http://www.som-cap.com/data.htm" "Mozilla/4.0 (compatible; MSIE 6.0; Windows NT 5.1; SV1; .NET CLR 1.1.4322; .NET CLR 2.0.50727)"
194.60.98.5 - - [06/Mar/2007:09:25:49 +0000] "GET /index.htm HTTP/1.0" 200 3426 "http://www.som-cap.com/background.htm" "Mozilla/4.0 (compatible; MSIE 6.0; Windows NT 5.1; SV1; .NET CLR 1.1.4322; .NET CLR 2.0.50727)"
194.60.98.5 - - [06/Mar/2007:09:25:51 +0000] "GET /biography.htm HTTP/1.0" 200 4087 "http://www.som-cap.com/index.htm" "Mozilla/4.0 (compatible; MSIE 6.0; Windows NT 5.1; SV1; .NET CLR 1.1.4322; .NET CLR 2.0.50727)"
81.86.65.21 - - [06/Mar/2007:09:25:51 +0000] "GET /oempro/read.php?EncryptedMemberID=Mzc3Ng%3D%3D&CampaignID=79&CampaignStatisticsID=45&Demo=0&Email=tim.creed@adveq.com HTTP/1.1" 200 55 "-" "Mozilla/4.0 (compatible; MSIE 7.0; Windows NT 5.1; .NET CLR 1.1.4322; InfoPath.1)"
194.60.98.5 - - [06/Mar/2007:09:25:51 +0000] "GET /images/James%20Miller-2.jpg HTTP/1.0" 200 7075 "http://www.som-cap.com/biography.htm" "Mozilla/4.0 (compatible; MSIE 6.0; Windows NT 5.1; SV1; .NET CLR 1.1.4322; .NET CLR 2.0.50727)"
194.60.98.5 - - [06/Mar/2007:09:25:56 +0000] "GET /trackrecord.htm HTTP/1.0" 200 4429 "http://www.som-cap.com/biography.htm" "Mozilla/4.0 (compatible; MSIE 6.0; Windows NT 5.1; SV1; .NET CLR 1.1.4322; .NET CLR 2.0.50727)"
194.60.98.5 - - [06/Mar/2007:09:25:56 +0000] "GET /images/5pic.gif HTTP/1.0" 200 9274 "http://www.som-cap.com/trackrecord.htm" "Mozilla/4.0 (compatible; MSIE 6.0; Windows NT 5.1; SV1; .NET CLR 1.1.4322; .NET CLR 2.0.50727)"
194.60.98.5 - - [06/Mar/2007:09:25:56 +0000] "GET /images/4pic.gif HTTP/1.0" 200 10003 "http://www.som-cap.com/trackrecord.htm" "Mozilla/4.0 (compatible; MSIE 6.0; Windows NT 5.1; SV1; .NET CLR 1.1.4322; .NET CLR 2.0.50727)"
194.60.98.5 - - [06/Mar/2007:09:25:56 +0000] "GET /images/6pic.gif HTTP/1.0" 200 9094 "http://www.som-cap.com/trackrecord.htm" "Mozilla/4.0 (compatible; MSIE 6.0; Windows NT 5.1; SV1; .NET CLR 1.1.4322; .NET CLR 2.0.50727)"
194.60.98.5 - - [06/Mar/2007:09:25:56 +0000] "GET /images/3pic.gif HTTP/1.0" 200 10964 "http://www.som-cap.com/trackrecord.htm" "Mozilla/4.0 (compatible; MSIE 6.0; Windows NT 5.1; SV1; .NET CLR 1.1.4322; .NET CLR 2.0.50727)"
194.60.98.5 - - [06/Mar/2007:09:25:56 +0000] "GET /images/2pic.gif HTTP/1.0" 200 10701 "http://www.som-cap.com/trackrecord.htm" "Mozilla/4.0 (compatible; MSIE 6.0; Windows NT 5.1; SV1; .NET CLR 1.1.4322; .NET CLR 2.0.50727)"
194.60.98.5 - - [06/Mar/2007:09:25:56 +0000] "GET /images/1pic.gif HTTP/1.0" 200 12857 "http://www.som-cap.com/trackrecord.htm" "Mozilla/4.0 (compatible; MSIE 6.0; Windows NT 5.1; SV1; .NET CLR 1.1.4322; .NET CLR 2.0.50727)"
194.60.98.5 - - [06/Mar/2007:09:26:08 +0000] "GET /contact.htm HTTP/1.0" 200 2786 "http://www.som-cap.com/trackrecord.htm" "Mozilla/4.0 (compatible; MSIE 6.0; Windows NT 5.1; SV1; .NET CLR 1.1.4322; .NET CLR 2.0.50727)"
194.6.172.194 - - [06/Mar/2007:09:26:25 +0000] "GET /oempro/read.php?EncryptedMemberID=MzMwMg%3D%3D&CampaignID=79&CampaignStatisticsID=45&Demo=0&Email=pvd@avobone.ch HTTP/1.1" 200 55 "-" "Mozilla/4.0 (compatible; MSIE 7.0; Windows NT 5.1; .NET CLR 1.1.4322)"
194.71.244.98 - - [06/Mar/2007:09:26:41 +0000] "GET /oempro/read.php?EncryptedMemberID=MzEwOA%3D%3D&CampaignID=79&CampaignStatisticsID=45&Demo=0&Email=nicklas.fahlstrom@wassum.com HTTP/1.1" 200 55 "-" "Mozilla/4.0 (compatible; MSIE 6.0; Windows NT 5.1; SV1; .NET CLR 1.1.4322; InfoPath.1)"
194.60.98.5 - - [06/Mar/2007:09:26:43 +0000] "GET /oempro/read.php?EncryptedMemberID=MjQ2Nw%3D%3D&CampaignID=79&CampaignStatisticsID=45&Demo=0&Email=irene.wassenaar@mn-services.nl HTTP/1.0" 200 43 "-" "Mozilla/4.0 (compatible; MSIE 6.0; Windows NT 5.1; SV1; .NET CLR 1.1.4322; .NET CLR 2.0.50727)"
80.84.165.233 - - [06/Mar/2007:09:26:43 +0000] "GET /oempro/read.php?EncryptedMemberID=NDAyNg%3D%3D&CampaignID=79&CampaignStatisticsID=45&Demo=0&Email=rudolf@kinsky.biz HTTP/1.1" 200 55 "-" "Mozilla/4.0 (compatible; MSIE 7.0; Windows NT 5.1; .NET CLR 1.1.4322)"
80.84.165.233 - - [06/Mar/2007:09:26:45 +0000] "GET /oempro/read.php?EncryptedMemberID=NDAyNg%3D%3D&CampaignID=79&CampaignStatisticsID=45&Demo=0&Email=rudolf@kinsky.biz HTTP/1.1" 200 55 "-" "Mozilla/4.0 (compatible; MSIE 7.0; Windows NT 5.1; .NET CLR 1.1.4322)"
80.254.147.20 - - [06/Mar/2007:09:26:57 +0000] "GET /oempro/read.php?EncryptedMemberID=MzE2Nw%3D%3D&CampaignID=79&CampaignStatisticsID=45&Demo=0&Email=paddy@cairnsford.co.uk HTTP/1.0" 200 43 "-" "Mozilla/4.0 (compatible; MSIE 7.0; Windows NT 5.1; .NET CLR 1.0.3705; .NET CLR 1.1.4322)"
82.135.30.155 - - [06/Mar/2007:09:27:28 +0000] "GET /oempro/read.php?EncryptedMemberID=MTU2MA%3D%3D&CampaignID=79&CampaignStatisticsID=45&Demo=0&Email=alesia.dawidowicz@vcm.de HTTP/1.0" 200 43 "-" "Mozilla/4.0 (compatible; MSIE 6.0; Windows NT 5.1; SV1; .NET CLR 1.1.4322)"
194.151.190.228 - - [06/Mar/2007:09:27:37 +0000] "GET /oempro/read.php?EncryptedMemberID=MjQ2Nw%3D%3D&CampaignID=79&CampaignStatisticsID=45&Demo=0&Email=irene.wassenaar@mn-services.nl HTTP/1.1" 200 55 "-" "Mozilla/4.0 (compatible; MSIE 6.0; Windows NT 5.1)"
194.151.190.228 - - [06/Mar/2007:09:27:43 +0000] "GET /oempro/read.php?EncryptedMemberID=MjQ2Nw%3D%3D&CampaignID=79&CampaignStatisticsID=45&Demo=0&Email=irene.wassenaar@mn-services.nl HTTP/1.1" 200 55 "-" "Mozilla/4.0 (compatible; MSIE 6.0; Windows NT 5.1)"
194.151.190.228 - - [06/Mar/2007:09:27:44 +0000] "GET /oempro/read.php?EncryptedMemberID=MjQ2Nw%3D%3D&CampaignID=79&CampaignStatisticsID=45&Demo=0&Email=irene.wassenaar@mn-services.nl HTTP/1.1" 200 55 "-" "Mozilla/4.0 (compatible; MSIE 6.0; Windows NT 5.1)"
82.135.125.30 - - [06/Mar/2007:09:28:16 +0000] "GET /oempro/read.php?EncryptedMemberID=MTU2MA%3D%3D&CampaignID=79&CampaignStatisticsID=45&Demo=0&Email=alesia.dawidowicz@vcm.de HTTP/1.0" 200 43 "-" "Mozilla/4.0 (compatible; MSIE 6.0; Windows NT 5.1; SV1; .NET CLR 1.1.4322)"
82.135.125.30 - - [06/Mar/2007:09:28:16 +0000] "GET /oempro/read.php?EncryptedMemberID=MTU2MA%3D%3D&CampaignID=79&CampaignStatisticsID=45&Demo=0&Email=alesia.dawidowicz@vcm.de HTTP/1.0" 200 43 "-" "Mozilla/4.0 (compatible; MSIE 6.0; Windows NT 5.1; SV1; .NET CLR 1.1.4322)"
194.151.190.228 - - [06/Mar/2007:09:28:49 +0000] "GET /oempro/read.php?EncryptedMemberID=MjQ2Nw%3D%3D&CampaignID=79&CampaignStatisticsID=45&Demo=0&Email=irene.wassenaar@mn-services.nl HTTP/1.1" 200 55 "-" "Mozilla/4.0 (compatible; MSIE 6.0; Windows NT 5.1)"
217.154.0.162 - - [06/Mar/2007:09:29:19 +0000] "GET /oempro/read.php?EncryptedMemberID=MjMyMQ%3D%3D&CampaignID=79&CampaignStatisticsID=45&Demo=0&Email=green@greenparkcapital.com HTTP/1.1" 200 55 "-" "Mozilla/4.0 (compatible; MSIE 7.0; Windows NT 5.1; .NET CLR 1.1.4322)"
80.84.166.230 - - [06/Mar/2007:09:29:37 +0000] "GET /oempro/link.php?URL=aHR0cDovL3d3dy5zb20tY2FwLmNvbS9vZW1wcm8vbGluay5waHA%2FVVJMPWFIUjBjRG92TDNkM2R5NXpiMjB0WTJGd0xtTnZiUzlrWVhSaExtaDBiUT09JmFtcDtOYW1lPSZhbXA7RW5jcnlwdGVkTWVtYmVySUQ9TkRBeU5BPT0mYW1wO0NhbXBhaWduSUQ9NzcmYW1wO0NhbXBhaWduU3RhdGlzdGljc0lEPTQzJmFtcDtEZW1vPTAmYW1wO0VtYWlsPW1hcmllQHNvbS1jYXAuY29t&Name=&EncryptedMemberID=MTQ4Mw%3D%3D&CampaignID=79&CampaignStatisticsID=45&Demo=0&Email=a.djanoeff@balmoralcapital.com HTTP/1.1" 302 5 "-" "Mozilla/4.0 (compatible; MSIE 7.0; Windows NT 5.1; .NET CLR 1.1.4322; IEMB3; IEMB3)"
80.84.166.230 - - [06/Mar/2007:09:29:38 +0000] "GET /oempro/link.php?URL=aHR0cDovL3d3dy5zb20tY2FwLmNvbS9kYXRhLmh0bQ==&Name=&EncryptedMemberID=NDAyNA==&CampaignID=77&CampaignStatisticsID=43&Demo=0&Email=marie@som-cap.com HTTP/1.1" 302 5 "-" "Mozilla/4.0 (compatible; MSIE 7.0; Windows NT 5.1; .NET CLR 1.1.4322; IEMB3; IEMB3)"
80.84.166.230 - - [06/Mar/2007:09:29:55 +0000] "GET /images/Vol%206.%20Sep%202002.pdf HTTP/1.1" 200 97445 "http://www.som-cap.com/data.htm" "Mozilla/4.0 (compatible; MSIE 7.0; Windows NT 5.1; .NET CLR 1.1.4322; IEMB3; IEMB3)"
87.194.5.72 - - [06/Mar/2007:09:30:11 +0000] "GET /oempro/read.php?EncryptedMemberID=MzU0OQ%3D%3D&CampaignID=79&CampaignStatisticsID=45&Demo=0&Email=sebastian@headwaycap.com HTTP/1.1" 200 55 "-" "Mozilla/4.0 (compatible; MSIE 6.0; Windows NT 5.1; SV1; .NET CLR 1.1.4322; InfoPath.1; .NET CLR 2.0.50727)"
80.84.166.230 - - [06/Mar/2007:09:30:15 +0000] "GET /images/05%20H2%20Report.pdf HTTP/1.1" 200 36187 "http://www.som-cap.com/data.htm" "Mozilla/4.0 (compatible; MSIE 7.0; Windows NT 5.1; .NET CLR 1.1.4322; IEMB3; IEMB3)"
80.84.166.230 - - [06/Mar/2007:09:30:15 +0000] "GET /images/Vol%208.%20Jul%202003.pdf HTTP/1.1" 200 98085 "http://www.som-cap.com/data.htm" "Mozilla/4.0 (compatible; MSIE 7.0; Windows NT 5.1; .NET CLR 1.1.4322; IEMB3; IEMB3)"
80.84.166.230 - - [06/Mar/2007:09:30:16 +0000] "GET /images/Private%20Equity%20Data%20Service%20Feb%2007.pdf HTTP/1.1" 200 29186 "http://www.som-cap.com/data.htm" "Mozilla/4.0 (compatible; MSIE 7.0; Windows NT 5.1; .NET CLR 1.1.4322; IEMB3; IEMB3)"
80.84.166.230 - - [06/Mar/2007:09:30:16 +0000] "GET /images/06%20H1%20Report.pdf HTTP/1.1" 200 41233 "http://www.som-cap.com/data.htm" "Mozilla/4.0 (compatible; MSIE 7.0; Windows NT 5.1; .NET CLR 1.1.4322; IEMB3; IEMB3)"
80.84.166.230 - - [06/Mar/2007:09:30:17 +0000] "GET /images/05%20H1%20Report.pdf HTTP/1.1" 200 40647 "http://www.som-cap.com/data.htm" "Mozilla/4.0 (compatible; MSIE 7.0; Windows NT 5.1; .NET CLR 1.1.4322; IEMB3; IEMB3)"
80.84.166.230 - - [06/Mar/2007:09:30:18 +0000] "GET /images/Vol%2010.%20June%2004%20Report.pdf HTTP/1.1" 200 39793 "http://www.som-cap.com/data.htm" "Mozilla/4.0 (compatible; MSIE 7.0; Windows NT 5.1; .NET CLR 1.1.4322; IEMB3; IEMB3)"
80.84.166.230 - - [06/Mar/2007:09:30:18 +0000] "GET /images/Dec%2004%20Report.pdf HTTP/1.1" 200 40053 "http://www.som-cap.com/data.htm" "Mozilla/4.0 (compatible; MSIE 7.0; Windows NT 5.1; .NET CLR 1.1.4322; IEMB3; IEMB3)"
80.84.166.230 - - [06/Mar/2007:09:31:26 +0000] "POST /cgi-bin/123Formmail.pl HTTP/1.1" 302 225 "http://www.som-cap.com/data.htm" "Mozilla/4.0 (compatible; MSIE 7.0; Windows NT 5.1; .NET CLR 1.1.4322; IEMB3; IEMB3)"
80.84.166.230 - - [06/Mar/2007:09:31:26 +0000] "GET /submit.htm HTTP/1.1" 200 2625 "http://www.som-cap.com/data.htm" "Mozilla/4.0 (compatible; MSIE 7.0; Windows NT 5.1; .NET CLR 1.1.4322; IEMB3; IEMB3)"
80.84.166.230 - - [06/Mar/2007:09:31:26 +0000] "GET /images/spacer.gif HTTP/1.1" 200 43 "http://www.som-cap.com/submit.htm" "Mozilla/4.0 (compatible; MSIE 7.0; Windows NT 5.1; .NET CLR 1.1.4322; IEMB3; IEMB3)"
80.84.166.230 - - [06/Mar/2007:09:31:35 +0000] "GET /oempro/read.php?EncryptedMemberID=MTQ4Mw%3D%3D&CampaignID=79&CampaignStatisticsID=45&Demo=0&Email=a.djanoeff@balmoralcapital.com HTTP/1.1" 200 55 "-" "Mozilla/4.0 (compatible; MSIE 7.0; Windows NT 5.1; .NET CLR 1.1.4322; IEMB3; IEMB3)"
80.84.166.230 - - [06/Mar/2007:09:31:40 +0000] "GET /oempro/link.php?URL=aHR0cDovL3d3dy5zb20tY2FwLmNvbS9vZW1wcm8vbGluay5waHA%2FVVJMPWFIUjBjRG92TDNkM2R5NXpiMjB0WTJGd0xtTnZiUzlrWVhSaExtaDBiUT09JmFtcDtOYW1lPSZhbXA7RW5jcnlwdGVkTWVtYmVySUQ9TkRBeU5BPT0mYW1wO0NhbXBhaWduSUQ9NzcmYW1wO0NhbXBhaWduU3RhdGlzdGljc0lEPTQzJmFtcDtEZW1vPTAmYW1wO0VtYWlsPW1hcmllQHNvbS1jYXAuY29t&Name=&EncryptedMemberID=MTQ4Mw%3D%3D&CampaignID=79&CampaignStatisticsID=45&Demo=0&Email=a.djanoeff@balmoralcapital.com HTTP/1.1" 302 5 "-" "Mozilla/4.0 (compatible; MSIE 7.0; Windows NT 5.1; .NET CLR 1.1.4322; IEMB3; IEMB3)"
80.84.166.230 - - [06/Mar/2007:09:31:40 +0000] "GET /oempro/link.php?URL=aHR0cDovL3d3dy5zb20tY2FwLmNvbS9kYXRhLmh0bQ==&Name=&EncryptedMemberID=NDAyNA==&CampaignID=77&CampaignStatisticsID=43&Demo=0&Email=marie@som-cap.com HTTP/1.1" 302 5 "-" "Mozilla/4.0 (compatible; MSIE 7.0; Windows NT 5.1; .NET CLR 1.1.4322; IEMB3; IEMB3)"
80.84.166.230 - - [06/Mar/2007:09:31:43 +0000] "GET /background.htm HTTP/1.1" 200 4144 "http://www.som-cap.com/data.htm" "Mozilla/4.0 (compatible; MSIE 7.0; Windows NT 5.1; .NET CLR 1.1.4322; IEMB3; IEMB3)"
80.84.166.230 - - [06/Mar/2007:09:31:46 +0000] "GET /biography.htm HTTP/1.1" 200 4087 "http://www.som-cap.com/background.htm" "Mozilla/4.0 (compatible; MSIE 7.0; Windows NT 5.1; .NET CLR 1.1.4322; IEMB3; IEMB3)"
80.84.166.230 - - [06/Mar/2007:09:31:46 +0000] "GET /images/James%20Miller-2.jpg HTTP/1.1" 200 7075 "http://www.som-cap.com/biography.htm" "Mozilla/4.0 (compatible; MSIE 7.0; Windows NT 5.1; .NET CLR 1.1.4322; IEMB3; IEMB3)"
85.133.32.138 - - [06/Mar/2007:09:31:59 +0000] "GET /oempro/read.php?EncryptedMemberID=MzkxMw%3D%3D&CampaignID=79&CampaignStatisticsID=45&Demo=0&Email=wh@mvision.com HTTP/1.1" 200 55 "-" "Mozilla/4.0 (compatible; MSIE 6.0; Windows NT 5.2; SV1; .NET CLR 1.1.4322; InfoPath.1; .NET CLR 2.0.50727)"
80.84.166.230 - - [06/Mar/2007:09:32:12 +0000] "GET /trackrecord.htm HTTP/1.1" 200 4429 "http://www.som-cap.com/biography.htm" "Mozilla/4.0 (compatible; MSIE 7.0; Windows NT 5.1; .NET CLR 1.1.4322; IEMB3; IEMB3)"
80.84.166.230 - - [06/Mar/2007:09:32:13 +0000] "GET /images/6pic.gif HTTP/1.1" 200 9094 "http://www.som-cap.com/trackrecord.htm" "Mozilla/4.0 (compatible; MSIE 7.0; Windows NT 5.1; .NET CLR 1.1.4322; IEMB3; IEMB3)"
80.84.166.230 - - [06/Mar/2007:09:32:13 +0000] "GET /images/5pic.gif HTTP/1.1" 200 9274 "http://www.som-cap.com/trackrecord.htm" "Mozilla/4.0 (compatible; MSIE 7.0; Windows NT 5.1; .NET CLR 1.1.4322; IEMB3; IEMB3)"
80.84.166.230 - - [06/Mar/2007:09:32:13 +0000] "GET /images/4pic.gif HTTP/1.1" 200 10003 "http://www.som-cap.com/trackrecord.htm" "Mozilla/4.0 (compatible; MSIE 7.0; Windows NT 5.1; .NET CLR 1.1.4322; IEMB3; IEMB3)"
80.84.166.230 - - [06/Mar/2007:09:32:13 +0000] "GET /images/3pic.gif HTTP/1.1" 200 10964 "http://www.som-cap.com/trackrecord.htm" "Mozilla/4.0 (compatible; MSIE 7.0; Windows NT 5.1; .NET CLR 1.1.4322; IEMB3; IEMB3)"
80.84.166.230 - - [06/Mar/2007:09:32:13 +0000] "GET /images/2pic.gif HTTP/1.1" 200 10701 "http://www.som-cap.com/trackrecord.htm" "Mozilla/4.0 (compatible; MSIE 7.0; Windows NT 5.1; .NET CLR 1.1.4322; IEMB3; IEMB3)"
80.84.166.230 - - [06/Mar/2007:09:32:13 +0000] "GET /images/1pic.gif HTTP/1.1" 200 12857 "http://www.som-cap.com/trackrecord.htm" "Mozilla/4.0 (compatible; MSIE 7.0; Windows NT 5.1; .NET CLR 1.1.4322; IEMB3; IEMB3)"
60.248.193.166 - - [06/Mar/2007:09:32:21 +0000] "GET /oempro/read.php?EncryptedMemberID=MjQ5OA%3D%3D&CampaignID=79&CampaignStatisticsID=45&Demo=0&Email=jameschew@vcfortune.com HTTP/1.1" 200 55 "-" "Mozilla/4.0 (compatible; MSIE 6.0; Windows NT 5.1; SV1)"
60.248.193.166 - - [06/Mar/2007:09:32:29 +0000] "GET /oempro/link.php?URL=aHR0cDovL3d3dy5zb20tY2FwLmNvbS9vZW1wcm8vbGluay5waHA%2FVVJMPWFIUjBjRG92TDNkM2R5NXpiMjB0WTJGd0xtTnZiUzlrWVhSaExtaDBiUT09JmFtcDtOYW1lPSZhbXA7RW5jcnlwdGVkTWVtYmVySUQ9TkRBeU5BPT0mYW1wO0NhbXBhaWduSUQ9NzcmYW1wO0NhbXBhaWduU3RhdGlzdGljc0lEPTQzJmFtcDtEZW1vPTAmYW1wO0VtYWlsPW1hcmllQHNvbS1jYXAuY29t&Name=&EncryptedMemberID=MjQ5OA%3D%3D&CampaignID=79&CampaignStatisticsID=45&Demo=0&Email=jameschew@vcfortune.com HTTP/1.1" 302 5 "-" "Mozilla/4.0 (compatible; MSIE 6.0; Windows NT 5.1; SV1)"
60.248.193.166 - - [06/Mar/2007:09:32:29 +0000] "GET /oempro/link.php?URL=aHR0cDovL3d3dy5zb20tY2FwLmNvbS9kYXRhLmh0bQ==&Name=&EncryptedMemberID=NDAyNA==&CampaignID=77&CampaignStatisticsID=43&Demo=0&Email=marie@som-cap.com HTTP/1.1" 302 5 "-" "Mozilla/4.0 (compatible; MSIE 6.0; Windows NT 5.1; SV1)"
60.248.193.166 - - [06/Mar/2007:09:32:29 +0000] "GET /data.htm HTTP/1.1" 200 6628 "-" "Mozilla/4.0 (compatible; MSIE 6.0; Windows NT 5.1; SV1)"
60.248.193.166 - - [06/Mar/2007:09:32:30 +0000] "GET /images/inbg.jpg HTTP/1.1" 200 32265 "http://www.som-cap.com/data.htm" "Mozilla/4.0 (compatible; MSIE 6.0; Windows NT 5.1; SV1)"
60.248.193.166 - - [06/Mar/2007:09:32:30 +0000] "GET /styles.css HTTP/1.1" 200 497 "http://www.som-cap.com/data.htm" "Mozilla/4.0 (compatible; MSIE 6.0; Windows NT 5.1; SV1)"
60.248.193.166 - - [06/Mar/2007:09:32:30 +0000] "GET /images/logo.gif HTTP/1.1" 200 1574 "http://www.som-cap.com/data.htm" "Mozilla/4.0 (compatible; MSIE 6.0; Windows NT 5.1; SV1)"
60.248.193.166 - - [06/Mar/2007:09:32:31 +0000] "GET /oempro/read.php?EncryptedMemberID=MjQ5OA%3D%3D&CampaignID=79&CampaignStatisticsID=45&Demo=0&Email=jameschew@vcfortune.com HTTP/1.1" 200 55 "-" "Mozilla/4.0 (compatible; MSIE 6.0; Windows NT 5.1; SV1)"
80.84.166.230 - - [06/Mar/2007:09:32:32 +0000] "GET /contact.htm HTTP/1.1" 200 2786 "http://www.som-cap.com/biography.htm" "Mozilla/4.0 (compatible; MSIE 7.0; Windows NT 5.1; .NET CLR 1.1.4322; IEMB3; IEMB3)"
212.124.244.131 - - [06/Mar/2007:09:32:36 +0000] "GET /oempro/read.php?EncryptedMemberID=MTcyMA%3D%3D&CampaignID=79&CampaignStatisticsID=45&Demo=0&Email=benedikt.weiser@linklaters.com HTTP/1.1" 200 55 "-" "Mozilla/4.0 (compatible; MSIE 6.0; Windows NT 5.2; SV1; .NET CLR 1.1.4322; InfoPath.1)"
60.248.193.166 - - [06/Mar/2007:09:32:36 +0000] "GET /oempro/link.php?URL=aHR0cDovL3d3dy5zb20tY2FwLmNvbS9vZW1wcm8vbGluay5waHA%2FVVJMPWFIUjBjRG92TDNkM2R5NXpiMjB0WTJGd0xtTnZiUzlrWVhSaExtaDBiUT09JmFtcDtOYW1lPSZhbXA7RW5jcnlwdGVkTWVtYmVySUQ9TkRBeU5BPT0mYW1wO0NhbXBhaWduSUQ9NzcmYW1wO0NhbXBhaWduU3RhdGlzdGljc0lEPTQzJmFtcDtEZW1vPTAmYW1wO0VtYWlsPW1hcmllQHNvbS1jYXAuY29t&Name=&EncryptedMemberID=MjQ5OA%3D%3D&CampaignID=79&CampaignStatisticsID=45&Demo=0&Email=jameschew@vcfortune.com HTTP/1.1" 302 5 "-" "Mozilla/4.0 (compatible; MSIE 6.0; Windows NT 5.1; SV1)"
60.248.193.166 - - [06/Mar/2007:09:32:36 +0000] "GET /oempro/link.php?URL=aHR0cDovL3d3dy5zb20tY2FwLmNvbS9kYXRhLmh0bQ==&Name=&EncryptedMemberID=NDAyNA==&CampaignID=77&CampaignStatisticsID=43&Demo=0&Email=marie@som-cap.com HTTP/1.1" 302 5 "-" "Mozilla/4.0 (compatible; MSIE 6.0; Windows NT 5.1; SV1)"
60.248.193.166 - - [06/Mar/2007:09:32:44 +0000] "GET /oempro/link.php?URL=aHR0cDovL3d3dy5zb20tY2FwLmNvbS9vZW1wcm8vbGluay5waHA%2FVVJMPWFIUjBjRG92TDNkM2R5NXpiMjB0WTJGd0xtTnZiUzlrWVhSaExtaDBiUT09JmFtcDtOYW1lPSZhbXA7RW5jcnlwdGVkTWVtYmVySUQ9TkRBeU5BPT0mYW1wO0NhbXBhaWduSUQ9NzcmYW1wO0NhbXBhaWduU3RhdGlzdGljc0lEPTQzJmFtcDtEZW1vPTAmYW1wO0VtYWlsPW1hcmllQHNvbS1jYXAuY29t&Name=&EncryptedMemberID=MjQ5OA%3D%3D&CampaignID=79&CampaignStatisticsID=45&Demo=0&Email=jameschew@vcfortune.com HTTP/1.1" 302 5 "-" "Mozilla/4.0 (compatible; MSIE 6.0; Windows NT 5.1; SV1)"
60.248.193.166 - - [06/Mar/2007:09:32:44 +0000] "GET /oempro/link.php?URL=aHR0cDovL3d3dy5zb20tY2FwLmNvbS9kYXRhLmh0bQ==&Name=&EncryptedMemberID=NDAyNA==&CampaignID=77&CampaignStatisticsID=43&Demo=0&Email=marie@som-cap.com HTTP/1.1" 302 5 "-" "Mozilla/4.0 (compatible; MSIE 6.0; Windows NT 5.1; SV1)"
